Jun 25 16:37:53.263770 np0000003620 nova-scheduler[93244]: DEBUG cotyledon.oslo_config_glue [-] oslo_limit.auth_section = None {{(pid=93244) log_opt_values /opt/stack/data/venv/lib/python3.12/site-packages/oslo_config/cfg.py:3253}}
Jun 25 16:37:53.263952 np0000003620 nova-scheduler[93244]: DEBUG cotyledon.oslo_config_glue [-] oslo_limit.auth_type = None {{(pid=93244) log_opt_values /opt/stack/data/venv/lib/python3.12/site-packages/oslo_config/cfg.py:3253}}
Jun 25 16:37:53.263952 np0000003620 nova-scheduler[93244]: DEBUG cotyledon.oslo_config_glue [-] oslo_limit.cafile = None {{(pid=93244) log_opt_values /opt/stack/data/venv/lib/python3.12/site-packages/oslo_config/cfg.py:3253}}
Jun 25 16:37:53.263952 np0000003620 nova-scheduler[93244]: DEBUG cotyledon.oslo_config_glue [-] oslo_limit.certfile = None {{(pid=93244) log_opt_values /opt/stack/data/venv/lib/python3.12/site-packages/oslo_config/cfg.py:3253}}
Jun 25 16:37:53.263952 np0000003620 nova-scheduler[93244]: DEBUG cotyledon.oslo_config_glue [-] oslo_limit.collect_timing = False {{(pid=93244) log_opt_values /opt/stack/data/venv/lib/python3.12/site-packages/oslo_config/cfg.py:3253}}
Jun 25 16:37:53.263952 np0000003620 nova-scheduler[93244]: DEBUG cotyledon.oslo_config_glue [-] oslo_limit.connect_retries = None {{(pid=93244) log_opt_values /opt/stack/data/venv/lib/python3.12/site-packages/oslo_config/cfg.py:3253}}
Jun 25 16:37:53.263952 np0000003620 nova-scheduler[93244]: DEBUG cotyledon.oslo_config_glue [-] oslo_limit.connect_retry_delay = None {{(pid=93244) log_opt_values /opt/stack/data/venv/lib/python3.12/site-packages/oslo_config/cfg.py:3253}}
Jun 25 16:37:53.263952 np0000003620 nova-scheduler[93244]: DEBUG cotyledon.oslo_config_glue [-] oslo_limit.endpoint_id = None {{(pid=93244) log_opt_values /opt/stack/data/venv/lib/python3.12/site-packages/oslo_config/cfg.py:3253}}
Jun 25 16:37:53.263952 np0000003620 nova-scheduler[93244]: DEBUG cotyledon.oslo_config_glue [-] oslo_limit.endpoint_interface = public {{(pid=93244) log_opt_values /opt/stack/data/venv/lib/python3.12/site-packages/oslo_config/cfg.py:3253}}
Jun 25 16:37:53.263952 np0000003620 nova-scheduler[93244]: DEBUG cotyledon.oslo_config_glue [-] oslo_limit.endpoint_override = None {{(pid=93244) log_opt_values /opt/stack/data/venv/lib/python3.12/site-packages/oslo_config/cfg.py:3253}}
Jun 25 16:37:53.264173 np0000003620 nova-scheduler[93244]: DEBUG cotyledon.oslo_config_glue [-] oslo_limit.endpoint_region_name = None {{(pid=93244) log_opt_values /opt/stack/data/venv/lib/python3.12/site-packages/oslo_config/cfg.py:3253}}
Jun 25 16:37:53.264173 np0000003620 nova-scheduler[93244]: DEBUG cotyledon.oslo_config_glue [-] oslo_limit.endpoint_service_name = None {{(pid=93244) log_opt_values /opt/stack/data/venv/lib/python3.12/site-packages/oslo_config/cfg.py:3253}}
Jun 25 16:37:53.264173 np0000003620 nova-scheduler[93244]: DEBUG cotyledon.oslo_config_glue [-] oslo_limit.endpoint_service_type = None {{(pid=93244) log_opt_values /opt/stack/data/venv/lib/python3.12/site-packages/oslo_config/cfg.py:3253}}
Jun 25 16:37:53.264173 np0000003620 nova-scheduler[93244]: DEBUG cotyledon.oslo_config_glue [-] oslo_limit.insecure = False {{(pid=93244) log_opt_values /opt/stack/data/venv/lib/python3.12/site-packages/oslo_config/cfg.py:3253}}
Jun 25 16:37:53.264173 np0000003620 nova-scheduler[93244]: DEBUG cotyledon.oslo_config_glue [-] oslo_limit.keyfile = None {{(pid=93244) log_opt_values /opt/stack/data/venv/lib/python3.12/site-packages/oslo_config/cfg.py:3253}}
Jun 25 16:37:53.264173 np0000003620 nova-scheduler[93244]: DEBUG cotyledon.oslo_config_glue [-] oslo_limit.max_version = None {{(pid=93244) log_opt_values /opt/stack/data/venv/lib/python3.12/site-packages/oslo_config/cfg.py:3253}}
Jun 25 16:37:53.264173 np0000003620 nova-scheduler[93244]: DEBUG cotyledon.oslo_config_glue [-] oslo_limit.min_version = None {{(pid=93244) log_opt_values /opt/stack/data/venv/lib/python3.12/site-packages/oslo_config/cfg.py:3253}}
Jun 25 16:37:53.264173 np0000003620 nova-scheduler[93244]: DEBUG cotyledon.oslo_config_glue [-] oslo_limit.region_name = None {{(pid=93244) log_opt_values /opt/stack/data/venv/lib/python3.12/site-packages/oslo_config/cfg.py:3253}}
Jun 25 16:37:53.264173 np0000003620 nova-scheduler[93244]: DEBUG cotyledon.oslo_config_glue [-] oslo_limit.retriable_status_codes = None {{(pid=93244) log_opt_values /opt/stack/data/venv/lib/python3.12/site-packages/oslo_config/cfg.py:3253}}
Jun 25 16:37:53.264342 np0000003620 nova-scheduler[93244]: DEBUG cotyledon.oslo_config_glue [-] oslo_limit.service_name = None {{(pid=93244) log_opt_values /opt/stack/data/venv/lib/python3.12/site-packages/oslo_config/cfg.py:3253}}
Jun 25 16:37:53.264342 np0000003620 nova-scheduler[93244]: DEBUG cotyledon.oslo_config_glue [-] oslo_limit.service_type = None {{(pid=93244) log_opt_values /opt/stack/data/venv/lib/python3.12/site-packages/oslo_config/cfg.py:3253}}
Jun 25 16:37:53.264342 np0000003620 nova-scheduler[93244]: DEBUG cotyledon.oslo_config_glue [-] oslo_limit.split_loggers = False {{(pid=93244) log_opt_values /opt/stack/data/venv/lib/python3.12/site-packages/oslo_config/cfg.py:3253}}
Jun 25 16:37:53.264342 np0000003620 nova-scheduler[93244]: DEBUG cotyledon.oslo_config_glue [-] oslo_limit.status_code_retries = None {{(pid=93244) log_opt_values /opt/stack/data/venv/lib/python3.12/site-packages/oslo_config/cfg.py:3253}}
Jun 25 16:37:53.264342 np0000003620 nova-scheduler[93244]: DEBUG cotyledon.oslo_config_glue [-] oslo_limit.status_code_retry_delay = None {{(pid=93244) log_opt_values /opt/stack/data/venv/lib/python3.12/site-packages/oslo_config/cfg.py:3253}}
Jun 25 16:37:53.264342 np0000003620 nova-scheduler[93244]: DEBUG cotyledon.oslo_config_glue [-] oslo_limit.timeout = None {{(pid=93244) log_opt_values /opt/stack/data/venv/lib/python3.12/site-packages/oslo_config/cfg.py:3253}}
Jun 25 16:37:53.264342 np0000003620 nova-scheduler[93244]: DEBUG cotyledon.oslo_config_glue [-] oslo_limit.valid_interfaces = None {{(pid=93244) log_opt_values /opt/stack/data/venv/lib/python3.12/site-packages/oslo_config/cfg.py:3253}}
Jun 25 16:37:53.264342 np0000003620 nova-scheduler[93244]: DEBUG cotyledon.oslo_config_glue [-] oslo_limit.version = None {{(pid=93244) log_opt_values /opt/stack/data/venv/lib/python3.12/site-packages/oslo_config/cfg.py:3253}}
Jun 25 16:37:53.264342 np0000003620 nova-scheduler[93244]: DEBUG cotyledon.oslo_config_glue [-] oslo_reports.file_event_handler = None {{(pid=93244) log_opt_values /opt/stack/data/venv/lib/python3.12/site-packages/oslo_config/cfg.py:3253}}
Jun 25 16:37:53.264539 np0000003620 nova-scheduler[93244]: DEBUG cotyledon.oslo_config_glue [-] oslo_reports.file_event_handler_interval = 1 {{(pid=93244) log_opt_values /opt/stack/data/venv/lib/python3.12/site-packages/oslo_config/cfg.py:3253}}
Jun 25 16:37:53.264539 np0000003620 nova-scheduler[93244]: DEBUG cotyledon.oslo_config_glue [-] oslo_reports.log_dir = None {{(pid=93244) log_opt_values /opt/stack/data/venv/lib/python3.12/site-packages/oslo_config/cfg.py:3253}}
Jun 25 16:37:53.264539 np0000003620 nova-scheduler[93244]: DEBUG cotyledon.oslo_config_glue [-] ******************************************************************************** {{(pid=93244) log_opt_values /opt/stack/data/venv/lib/python3.12/site-packages/oslo_config/cfg.py:3260}}
Jun 25 16:37:53.264539 np0000003620 nova-scheduler[93244]: DEBUG cotyledon._service_worker [-] Run service ServiceWrapper(2) [93244] {{(pid=93244) wait_forever /opt/stack/data/venv/lib/python3.12/site-packages/cotyledon/_service_worker.py:218}}
Jun 25 16:37:53.264539 np0000003620 nova-scheduler[93244]: INFO nova.service [-] Starting scheduler node (version 33.1.0)
Jun 25 16:37:53.265272 np0000003620 nova-scheduler[93240]: DEBUG dbcounter [-] [93240] Writer thread running {{(pid=93240) stat_writer /opt/stack/data/venv/lib/python3.12/site-packages/dbcounter.py:102}}
Jun 25 16:37:53.269205 np0000003620 nova-scheduler[93244]: INFO dbcounter [None req-46e59011-29f2-4433-9b42-6b12950f54e8 None None] Registered counter for database nova_cell0
Jun 25 16:37:53.273702 np0000003620 nova-scheduler[93242]: DEBUG oslo_db.sqlalchemy.engines [None req-b386d797-d57a-49f2-b4e6-0d647886dd63 None None] MySQL server mode set to STRICT_TRANS_TABLES,STRICT_ALL_TABLES,NO_ZERO_IN_DATE,NO_ZERO_DATE,ERROR_FOR_DIVISION_BY_ZERO,TRADITIONAL,NO_ENGINE_SUBSTITUTION {{(pid=93242) _check_effective_sql_mode /opt/stack/data/venv/lib/python3.12/site-packages/oslo_db/sqlalchemy/engines.py:325}}
Jun 25 16:37:53.287385 np0000003620 nova-scheduler[93240]: DEBUG nova.service [None req-980cb9f6-a660-4bc6-9c15-2594bcc497b6 None None] Creating RPC server for service: nova-scheduler on topic: scheduler {{(pid=93240) start /opt/stack/nova/nova/service.py:196}}
Jun 25 16:37:53.288152 np0000003620 nova-scheduler[93242]: DEBUG dbcounter [-] [93242] Writer thread running {{(pid=93242) stat_writer /opt/stack/data/venv/lib/python3.12/site-packages/dbcounter.py:102}}
Jun 25 16:37:53.293711 np0000003620 nova-scheduler[93242]: DEBUG nova.service [None req-b386d797-d57a-49f2-b4e6-0d647886dd63 None None] Creating RPC server for service: nova-scheduler on topic: scheduler {{(pid=93242) start /opt/stack/nova/nova/service.py:196}}
Jun 25 16:37:53.320889 np0000003620 nova-scheduler[93244]: DEBUG oslo_db.sqlalchemy.engines [None req-46e59011-29f2-4433-9b42-6b12950f54e8 None None] MySQL server mode set to STRICT_TRANS_TABLES,STRICT_ALL_TABLES,NO_ZERO_IN_DATE,NO_ZERO_DATE,ERROR_FOR_DIVISION_BY_ZERO,TRADITIONAL,NO_ENGINE_SUBSTITUTION {{(pid=93244) _check_effective_sql_mode /opt/stack/data/venv/lib/python3.12/site-packages/oslo_db/sqlalchemy/engines.py:325}}
Jun 25 16:37:53.324751 np0000003620 nova-scheduler[93240]: DEBUG nova.service [None req-980cb9f6-a660-4bc6-9c15-2594bcc497b6 None None] Join ServiceGroup membership for this service scheduler {{(pid=93240) start /opt/stack/nova/nova/service.py:222}}
Jun 25 16:37:53.325002 np0000003620 nova-scheduler[93240]: DEBUG nova.servicegroup.drivers.db [None req-980cb9f6-a660-4bc6-9c15-2594bcc497b6 None None] DB_Driver: join new ServiceGroup member np0000003620 to the scheduler group, service = {{(pid=93240) join /opt/stack/nova/nova/servicegroup/drivers/db.py:44}}
Jun 25 16:37:53.328770 np0000003620 nova-scheduler[93242]: DEBUG nova.service [None req-b386d797-d57a-49f2-b4e6-0d647886dd63 None None] Join ServiceGroup membership for this service scheduler {{(pid=93242) start /opt/stack/nova/nova/service.py:222}}
Jun 25 16:37:53.329045 np0000003620 nova-scheduler[93242]: DEBUG nova.servicegroup.drivers.db [None req-b386d797-d57a-49f2-b4e6-0d647886dd63 None None] DB_Driver: join new ServiceGroup member np0000003620 to the scheduler group, service = {{(pid=93242) join /opt/stack/nova/nova/servicegroup/drivers/db.py:44}}
Jun 25 16:37:53.332573 np0000003620 nova-scheduler[93244]: DEBUG dbcounter [-] [93244] Writer thread running {{(pid=93244) stat_writer /opt/stack/data/venv/lib/python3.12/site-packages/dbcounter.py:102}}
Jun 25 16:37:53.335119 np0000003620 nova-scheduler[93244]: DEBUG nova.service [None req-46e59011-29f2-4433-9b42-6b12950f54e8 None None] Creating RPC server for service: nova-scheduler on topic: scheduler {{(pid=93244) start /opt/stack/nova/nova/service.py:196}}
Jun 25 16:37:53.352916 np0000003620 nova-scheduler[93244]: DEBUG nova.service [None req-46e59011-29f2-4433-9b42-6b12950f54e8 None None] Join ServiceGroup membership for this service scheduler {{(pid=93244) start /opt/stack/nova/nova/service.py:222}}
Jun 25 16:37:53.353369 np0000003620 nova-scheduler[93244]: DEBUG nova.servicegroup.drivers.db [None req-46e59011-29f2-4433-9b42-6b12950f54e8 None None] DB_Driver: join new ServiceGroup member np0000003620 to the scheduler group, service = {{(pid=93244) join /opt/stack/nova/nova/servicegroup/drivers/db.py:44}}
Jun 25 16:37:58.340201 np0000003620 nova-scheduler[93240]: DEBUG oslo.service.backend._threading.loopingcall [-] Fixed interval looping call 'nova.servicegroup.drivers.db.DbDriver._report_state' sleeping for 119.99 seconds {{(pid=93240) _run_loop /opt/stack/data/venv/lib/python3.12/site-packages/oslo_service/backend/_threading/loopingcall.py:125}}
Jun 25 16:37:58.341739 np0000003620 nova-scheduler[93242]: DEBUG oslo.service.backend._threading.loopingcall [-] Fixed interval looping call 'nova.servicegroup.drivers.db.DbDriver._report_state' sleeping for 119.99 seconds {{(pid=93242) _run_loop /opt/stack/data/venv/lib/python3.12/site-packages/oslo_service/backend/_threading/loopingcall.py:125}}
Jun 25 16:37:58.364164 np0000003620 nova-scheduler[93244]: DEBUG oslo.service.backend._threading.loopingcall [-] Fixed interval looping call 'nova.servicegroup.drivers.db.DbDriver._report_state' sleeping for 119.99 seconds {{(pid=93244) _run_loop /opt/stack/data/venv/lib/python3.12/site-packages/oslo_service/backend/_threading/loopingcall.py:125}}
Jun 25 16:38:01.881088 np0000003620 nova-scheduler[92042]: DEBUG dbcounter [-] [92042] Writing DB stats nova_api:SELECT=3 {{(pid=92042) stat_writer /opt/stack/data/venv/lib/python3.12/site-packages/dbcounter.py:115}}
Jun 25 16:38:02.019319 np0000003620 nova-scheduler[92042]: DEBUG dbcounter [-] [92042] Writing DB stats nova_cell0:SELECT=1 {{(pid=92042) stat_writer /opt/stack/data/venv/lib/python3.12/site-packages/dbcounter.py:115}}
Jun 25 16:38:02.023266 np0000003620 nova-scheduler[92042]: DEBUG dbcounter [-] [92042] Writing DB stats nova_cell1:SELECT=1 {{(pid=92042) stat_writer /opt/stack/data/venv/lib/python3.12/site-packages/dbcounter.py:115}}
Jun 25 16:38:06.331426 np0000003620 nova-scheduler[93242]: DEBUG oslo.service.backend._threading.loopingcall [None req-0a8b8781-fa10-482d-9393-7f148ab9dfc5 None None] Dynamic interval looping call 'nova.service.Service.periodic_tasks' sleeping for 60.00 seconds {{(pid=93242) _run_loop /opt/stack/data/venv/lib/python3.12/site-packages/oslo_service/backend/_threading/loopingcall.py:125}}
Jun 25 16:38:07.328325 np0000003620 nova-scheduler[93240]: DEBUG oslo.service.backend._threading.loopingcall [None req-8fb51cc5-2dcf-4343-8dfc-1608df37686c None None] Dynamic interval looping call 'nova.service.Service.periodic_tasks' sleeping for 60.00 seconds {{(pid=93240) _run_loop /opt/stack/data/venv/lib/python3.12/site-packages/oslo_service/backend/_threading/loopingcall.py:125}}
Jun 25 16:38:08.339378 np0000003620 nova-scheduler[93240]: DEBUG dbcounter [-] [93240] Writing DB stats nova_cell0:SELECT=4,nova_cell0:INSERT=1,nova_cell0:UPDATE=1 {{(pid=93240) stat_writer /opt/stack/data/venv/lib/python3.12/site-packages/dbcounter.py:115}}
Jun 25 16:38:08.340195 np0000003620 nova-scheduler[93242]: DEBUG dbcounter [-] [93242] Writing DB stats nova_cell0:SELECT=3,nova_cell0:UPDATE=1 {{(pid=93242) stat_writer /opt/stack/data/venv/lib/python3.12/site-packages/dbcounter.py:115}}
Jun 25 16:38:08.361412 np0000003620 nova-scheduler[93244]: DEBUG dbcounter [-] [93244] Writing DB stats nova_cell0:SELECT=3 {{(pid=93244) stat_writer /opt/stack/data/venv/lib/python3.12/site-packages/dbcounter.py:115}}
Jun 25 16:38:27.355377 np0000003620 nova-scheduler[93244]: DEBUG oslo.service.backend._threading.loopingcall [None req-45ff6f3d-8105-41c0-9c1a-b9422017fbec None None] Dynamic interval looping call 'nova.service.Service.periodic_tasks' sleeping for 60.00 seconds {{(pid=93244) _run_loop /opt/stack/data/venv/lib/python3.12/site-packages/oslo_service/backend/_threading/loopingcall.py:125}}
Jun 25 16:39:06.331873 np0000003620 nova-scheduler[93242]: DEBUG oslo.service.backend._threading.loopingcall [None req-0a8b8781-fa10-482d-9393-7f148ab9dfc5 None None] Dynamic interval looping call 'nova.service.Service.periodic_tasks' sleeping for 60.00 seconds {{(pid=93242) _run_loop /opt/stack/data/venv/lib/python3.12/site-packages/oslo_service/backend/_threading/loopingcall.py:125}}
Jun 25 16:39:07.328943 np0000003620 nova-scheduler[93240]: DEBUG oslo.service.backend._threading.loopingcall [None req-8fb51cc5-2dcf-4343-8dfc-1608df37686c None None] Dynamic interval looping call 'nova.service.Service.periodic_tasks' sleeping for 60.00 seconds {{(pid=93240) _run_loop /opt/stack/data/venv/lib/python3.12/site-packages/oslo_service/backend/_threading/loopingcall.py:125}}
Jun 25 16:39:27.355922 np0000003620 nova-scheduler[93244]: DEBUG oslo.service.backend._threading.loopingcall [None req-45ff6f3d-8105-41c0-9c1a-b9422017fbec None None] Dynamic interval looping call 'nova.service.Service.periodic_tasks' sleeping for 60.00 seconds {{(pid=93244) _run_loop /opt/stack/data/venv/lib/python3.12/site-packages/oslo_service/backend/_threading/loopingcall.py:125}}
Jun 25 16:39:58.337626 np0000003620 nova-scheduler[93240]: DEBUG oslo.service.backend._threading.loopingcall [-] Fixed interval looping call 'nova.servicegroup.drivers.db.DbDriver._report_state' sleeping for 119.99 seconds {{(pid=93240) _run_loop /opt/stack/data/venv/lib/python3.12/site-packages/oslo_service/backend/_threading/loopingcall.py:125}}
Jun 25 16:39:58.338176 np0000003620 nova-scheduler[93242]: DEBUG oslo.service.backend._threading.loopingcall [-] Fixed interval looping call 'nova.servicegroup.drivers.db.DbDriver._report_state' sleeping for 119.99 seconds {{(pid=93242) _run_loop /opt/stack/data/venv/lib/python3.12/site-packages/oslo_service/backend/_threading/loopingcall.py:125}}
Jun 25 16:39:58.361183 np0000003620 nova-scheduler[93244]: DEBUG oslo.service.backend._threading.loopingcall [-] Fixed interval looping call 'nova.servicegroup.drivers.db.DbDriver._report_state' sleeping for 119.99 seconds {{(pid=93244) _run_loop /opt/stack/data/venv/lib/python3.12/site-packages/oslo_service/backend/_threading/loopingcall.py:125}}
Jun 25 16:40:06.332780 np0000003620 nova-scheduler[93242]: DEBUG oslo.service.backend._threading.loopingcall [None req-0a8b8781-fa10-482d-9393-7f148ab9dfc5 None None] Dynamic interval looping call 'nova.service.Service.periodic_tasks' sleeping for 60.00 seconds {{(pid=93242) _run_loop /opt/stack/data/venv/lib/python3.12/site-packages/oslo_service/backend/_threading/loopingcall.py:125}}
Jun 25 16:40:07.329445 np0000003620 nova-scheduler[93240]: DEBUG oslo.service.backend._threading.loopingcall [None req-8fb51cc5-2dcf-4343-8dfc-1608df37686c None None] Dynamic interval looping call 'nova.service.Service.periodic_tasks' sleeping for 60.00 seconds {{(pid=93240) _run_loop /opt/stack/data/venv/lib/python3.12/site-packages/oslo_service/backend/_threading/loopingcall.py:125}}
Jun 25 16:40:08.333702 np0000003620 nova-scheduler[93240]: DEBUG dbcounter [-] [93240] Writing DB stats nova_cell0:SELECT=1,nova_cell0:UPDATE=1 {{(pid=93240) stat_writer /opt/stack/data/venv/lib/python3.12/site-packages/dbcounter.py:115}}
Jun 25 16:40:08.335134 np0000003620 nova-scheduler[93242]: DEBUG dbcounter [-] [93242] Writing DB stats nova_cell0:SELECT=1,nova_cell0:UPDATE=1 {{(pid=93242) stat_writer /opt/stack/data/venv/lib/python3.12/site-packages/dbcounter.py:115}}
Jun 25 16:40:08.357177 np0000003620 nova-scheduler[93244]: DEBUG dbcounter [-] [93244] Writing DB stats nova_cell0:SELECT=1 {{(pid=93244) stat_writer /opt/stack/data/venv/lib/python3.12/site-packages/dbcounter.py:115}}
Jun 25 16:40:27.356389 np0000003620 nova-scheduler[93244]: DEBUG oslo.service.backend._threading.loopingcall [None req-45ff6f3d-8105-41c0-9c1a-b9422017fbec None None] Dynamic interval looping call 'nova.service.Service.periodic_tasks' sleeping for 60.00 seconds {{(pid=93244) _run_loop /opt/stack/data/venv/lib/python3.12/site-packages/oslo_service/backend/_threading/loopingcall.py:125}}
Jun 25 16:40:29.444822 np0000003620 nova-scheduler[93240]: DEBUG nova.scheduler.manager [None req-9d7c1411-3697-48a6-b23d-8c33f7281125 tempest-ServerActionsTestOtherA-1864530503 tempest-ServerActionsTestOtherA-1864530503-project-member] Starting to schedule for instances: ['7e2195ec-509f-4c98-b37f-2242a1a6396f'] {{(pid=93240) select_destinations /opt/stack/nova/nova/scheduler/manager.py:210}}
Jun 25 16:40:29.445922 np0000003620 nova-scheduler[93240]: DEBUG nova.scheduler.request_filter [None req-9d7c1411-3697-48a6-b23d-8c33f7281125 tempest-ServerActionsTestOtherA-1864530503 tempest-ServerActionsTestOtherA-1864530503-project-member] compute_status_filter request filter added forbidden trait COMPUTE_STATUS_DISABLED {{(pid=93240) compute_status_filter /opt/stack/nova/nova/scheduler/request_filter.py:253}}
Jun 25 16:40:29.446116 np0000003620 nova-scheduler[93240]: DEBUG nova.scheduler.request_filter [None req-9d7c1411-3697-48a6-b23d-8c33f7281125 tempest-ServerActionsTestOtherA-1864530503 tempest-ServerActionsTestOtherA-1864530503-project-member] Request filter 'compute_status_filter' took 0.0 seconds {{(pid=93240) wrapper /opt/stack/nova/nova/scheduler/request_filter.py:46}}
Jun 25 16:40:29.446399 np0000003620 nova-scheduler[93240]: DEBUG nova.scheduler.request_filter [None req-9d7c1411-3697-48a6-b23d-8c33f7281125 tempest-ServerActionsTestOtherA-1864530503 tempest-ServerActionsTestOtherA-1864530503-project-member] Request filter 'accelerators_filter' took 0.0 seconds {{(pid=93240) wrapper /opt/stack/nova/nova/scheduler/request_filter.py:46}}
Jun 25 16:40:29.446900 np0000003620 nova-scheduler[93240]: DEBUG nova.scheduler.request_filter [None req-9d7c1411-3697-48a6-b23d-8c33f7281125 tempest-ServerActionsTestOtherA-1864530503 tempest-ServerActionsTestOtherA-1864530503-project-member] Request filter 'packed_virtqueue_filter' took 0.0 seconds {{(pid=93240) wrapper /opt/stack/nova/nova/scheduler/request_filter.py:46}}
Jun 25 16:40:29.447183 np0000003620 nova-scheduler[93240]: DEBUG nova.scheduler.request_filter [None req-9d7c1411-3697-48a6-b23d-8c33f7281125 tempest-ServerActionsTestOtherA-1864530503 tempest-ServerActionsTestOtherA-1864530503-project-member] Request filter 'remote_managed_ports_filter' took 0.0 seconds {{(pid=93240) wrapper /opt/stack/nova/nova/scheduler/request_filter.py:46}}
Jun 25 16:40:29.447338 np0000003620 nova-scheduler[93240]: DEBUG nova.scheduler.request_filter [None req-9d7c1411-3697-48a6-b23d-8c33f7281125 tempest-ServerActionsTestOtherA-1864530503 tempest-ServerActionsTestOtherA-1864530503-project-member] ephemeral_encryption_filter skipped {{(pid=93240) ephemeral_encryption_filter /opt/stack/nova/nova/scheduler/request_filter.py:426}}
Jun 25 16:40:29.447824 np0000003620 nova-scheduler[93240]: DEBUG nova.scheduler.request_filter [None req-9d7c1411-3697-48a6-b23d-8c33f7281125 tempest-ServerActionsTestOtherA-1864530503 tempest-ServerActionsTestOtherA-1864530503-project-member] virtio_sound_filter skipped {{(pid=93240) virtio_sound_filter /opt/stack/nova/nova/scheduler/request_filter.py:460}}
Jun 25 16:40:29.448273 np0000003620 nova-scheduler[93240]: DEBUG nova.scheduler.request_filter [None req-9d7c1411-3697-48a6-b23d-8c33f7281125 tempest-ServerActionsTestOtherA-1864530503 tempest-ServerActionsTestOtherA-1864530503-project-member] tpm_secret_security_filter skipped {{(pid=93240) tpm_secret_security_filter /opt/stack/nova/nova/scheduler/request_filter.py:477}}
Jun 25 16:40:30.107956 np0000003620 nova-scheduler[93240]: INFO nova.utils [None req-9d7c1411-3697-48a6-b23d-8c33f7281125 tempest-ServerActionsTestOtherA-1864530503 tempest-ServerActionsTestOtherA-1864530503-project-member] The cell worker thread pool ForkProcess-1.cell_worker is initialized
Jun 25 16:40:30.108313 np0000003620 nova-scheduler[93240]: DEBUG oslo_concurrency.lockutils [None req-9d7c1411-3697-48a6-b23d-8c33f7281125 tempest-ServerActionsTestOtherA-1864530503 tempest-ServerActionsTestOtherA-1864530503-project-member] Acquiring lock "97760e13-802e-47b5-a3ac-b1c7969b5956" by "nova.context.set_target_cell..get_or_set_cached_cell_and_set_connections" {{(pid=93240) inner /opt/stack/data/venv/lib/python3.12/site-packages/oslo_concurrency/lockutils.py:511}}
Jun 25 16:40:30.108527 np0000003620 nova-scheduler[93240]: DEBUG oslo_concurrency.lockutils [None req-9d7c1411-3697-48a6-b23d-8c33f7281125 tempest-ServerActionsTestOtherA-1864530503 tempest-ServerActionsTestOtherA-1864530503-project-member] Lock "97760e13-802e-47b5-a3ac-b1c7969b5956" acquired by "nova.context.set_target_cell..get_or_set_cached_cell_and_set_connections" :: waited 0.000s {{(pid=93240) inner /opt/stack/data/venv/lib/python3.12/site-packages/oslo_concurrency/lockutils.py:524}}
Jun 25 16:40:30.109776 np0000003620 nova-scheduler[93240]: DEBUG oslo_concurrency.lockutils [None req-9d7c1411-3697-48a6-b23d-8c33f7281125 tempest-ServerActionsTestOtherA-1864530503 tempest-ServerActionsTestOtherA-1864530503-project-member] Lock "97760e13-802e-47b5-a3ac-b1c7969b5956" "released" by "nova.context.set_target_cell..get_or_set_cached_cell_and_set_connections" :: held 0.001s {{(pid=93240) inner /opt/stack/data/venv/lib/python3.12/site-packages/oslo_concurrency/lockutils.py:543}}
Jun 25 16:40:30.111570 np0000003620 nova-scheduler[93240]: INFO dbcounter [None req-9d7c1411-3697-48a6-b23d-8c33f7281125 tempest-ServerActionsTestOtherA-1864530503 tempest-ServerActionsTestOtherA-1864530503-project-member] Registered counter for database nova_cell1
Jun 25 16:40:30.150892 np0000003620 nova-scheduler[93240]: DEBUG oslo_db.sqlalchemy.engines [None req-9d7c1411-3697-48a6-b23d-8c33f7281125 tempest-ServerActionsTestOtherA-1864530503 tempest-ServerActionsTestOtherA-1864530503-project-member] MySQL server mode set to STRICT_TRANS_TABLES,STRICT_ALL_TABLES,NO_ZERO_IN_DATE,NO_ZERO_DATE,ERROR_FOR_DIVISION_BY_ZERO,TRADITIONAL,NO_ENGINE_SUBSTITUTION {{(pid=93240) _check_effective_sql_mode /opt/stack/data/venv/lib/python3.12/site-packages/oslo_db/sqlalchemy/engines.py:325}}
Jun 25 16:40:30.155372 np0000003620 nova-scheduler[93240]: DEBUG dbcounter [-] [93240] Writer thread running {{(pid=93240) stat_writer /opt/stack/data/venv/lib/python3.12/site-packages/dbcounter.py:102}}
Jun 25 16:40:30.170448 np0000003620 nova-scheduler[93240]: DEBUG oslo_db.sqlalchemy.engines [None req-9d7c1411-3697-48a6-b23d-8c33f7281125 tempest-ServerActionsTestOtherA-1864530503 tempest-ServerActionsTestOtherA-1864530503-project-member] Parent process 92042 forked (93240) with an open database connection, which is being discarded and recreated. {{(pid=93240) checkout /opt/stack/data/venv/lib/python3.12/site-packages/oslo_db/sqlalchemy/engines.py:402}}
Jun 25 16:40:30.207076 np0000003620 nova-scheduler[93240]: DEBUG dbcounter [-] [93240] Writer thread running {{(pid=93240) stat_writer /opt/stack/data/venv/lib/python3.12/site-packages/dbcounter.py:102}}
Jun 25 16:40:30.210375 np0000003620 nova-scheduler[93240]: DEBUG oslo_concurrency.lockutils [None req-9d7c1411-3697-48a6-b23d-8c33f7281125 tempest-ServerActionsTestOtherA-1864530503 tempest-ServerActionsTestOtherA-1864530503-project-member] Acquiring lock "97760e13-802e-47b5-a3ac-b1c7969b5956" by "nova.context.set_target_cell..get_or_set_cached_cell_and_set_connections" {{(pid=93240) inner /opt/stack/data/venv/lib/python3.12/site-packages/oslo_concurrency/lockutils.py:511}}
Jun 25 16:40:30.210577 np0000003620 nova-scheduler[93240]: DEBUG oslo_concurrency.lockutils [None req-9d7c1411-3697-48a6-b23d-8c33f7281125 tempest-ServerActionsTestOtherA-1864530503 tempest-ServerActionsTestOtherA-1864530503-project-member] Lock "97760e13-802e-47b5-a3ac-b1c7969b5956" acquired by "nova.context.set_target_cell..get_or_set_cached_cell_and_set_connections" :: waited 0.000s {{(pid=93240) inner /opt/stack/data/venv/lib/python3.12/site-packages/oslo_concurrency/lockutils.py:524}}
Jun 25 16:40:30.210904 np0000003620 nova-scheduler[93240]: DEBUG oslo_concurrency.lockutils [None req-9d7c1411-3697-48a6-b23d-8c33f7281125 tempest-ServerActionsTestOtherA-1864530503 tempest-ServerActionsTestOtherA-1864530503-project-member] Lock "97760e13-802e-47b5-a3ac-b1c7969b5956" "released" by "nova.context.set_target_cell..get_or_set_cached_cell_and_set_connections" :: held 0.000s {{(pid=93240) inner /opt/stack/data/venv/lib/python3.12/site-packages/oslo_concurrency/lockutils.py:543}}
Jun 25 16:40:30.214537 np0000003620 nova-scheduler[93240]: DEBUG oslo_concurrency.lockutils [None req-9d7c1411-3697-48a6-b23d-8c33f7281125 tempest-ServerActionsTestOtherA-1864530503 tempest-ServerActionsTestOtherA-1864530503-project-member] Acquiring lock "('np0000003620', 'np0000003620')" by "nova.scheduler.host_manager.HostState.update.._locked_update" {{(pid=93240) inner /opt/stack/data/venv/lib/python3.12/site-packages/oslo_concurrency/lockutils.py:511}}
Jun 25 16:40:30.214537 np0000003620 nova-scheduler[93240]: DEBUG oslo_concurrency.lockutils [None req-9d7c1411-3697-48a6-b23d-8c33f7281125 tempest-ServerActionsTestOtherA-1864530503 tempest-ServerActionsTestOtherA-1864530503-project-member] Lock "('np0000003620', 'np0000003620')" acquired by "nova.scheduler.host_manager.HostState.update.._locked_update" :: waited 0.000s {{(pid=93240) inner /opt/stack/data/venv/lib/python3.12/site-packages/oslo_concurrency/lockutils.py:524}}
Jun 25 16:40:30.216014 np0000003620 nova-scheduler[93240]: DEBUG nova.scheduler.host_manager [None req-9d7c1411-3697-48a6-b23d-8c33f7281125 tempest-ServerActionsTestOtherA-1864530503 tempest-ServerActionsTestOtherA-1864530503-project-member] Update host state from compute node: ComputeNode(cpu_allocation_ratio=4.0,cpu_info='{"arch": "x86_64", "model": "EPYC-Milan", "vendor": "AMD", "topology": {"cells": 1, "sockets": 16, "cores": 1, "threads": 1}, "maxphysaddr": {"mode": "emulate", "bits": 40}, "features": ["avx", "bmi1", "clflushopt", "syscall", "svm", "tsc", "xsaves", "clwb", "movbe", "amd-ssbd", "pat", "pse36", "lfence-always-serializing", "tsc-scale", "aes", "nrip-save", "skip-l1dfl-vmentry", "cx16", "misalignsse", "clflush", "null-sel-clr-base", "wbnoinvd", "mds-no", "arch-capabilities", "abm", "fxsr_opt", "xsaveopt", "ssse3", "arat", "perfctr_core", "rdctl-no", "spec-ctrl", "vaes", "rdrand", "stibp", "xsavec", "ssbd", "clzero", "rdtscp", "amd-stibp", "mca", "fsgsbase", "sse4.1", "msr", "3dnowprefetch", "v-vmsave-vmload", "pae", "pse", "bmi2", "lahf_lm", "de", "tsc_adjust", "cr8legacy", "pcid", "xsaveerptr", "stibp-always-on", "xsave", "npt", "lm", "pni", "f16c", "tsc-deadline", "invpcid", "fxsr", "topoext", "pge", "xgetbv1", "flushbyasid", "popcnt", "smep", "mmxext", "lbrv", "apic", "x2apic", "fma", "hypervisor", "sse4a", "cmp_legacy", "sse4.2", "cmov", "vgif", "mmx", "umip", "mtrr", "mce", "sse2", "pfthreshold", "cx8", "svme-addr-chk", "erms", "sse", "pschange-mc-no", "osvw", "pclmuldq", "rdseed", "vmcb-clean", "ibpb", "adx", "sep", "amd-psfd", "pause-filter", "fpu", "fsrm", "ibrs", "pdpe1gb", "pku", "gds-no", "smap", "nx", "rdpid", "sha-ni", "vpclmulqdq", "vme", "avx2", "no-nested-data-bp", "virt-ssbd"]}',created_at=2026-06-25T16:38:19Z,current_workload=0,deleted=False,deleted_at=None,disk_allocation_ratio=1.0,disk_available_least=73,free_disk_gb=95,free_ram_mb=62765,host='np0000003620',host_ip=10.4.3.97,hypervisor_hostname='np0000003620',hypervisor_type='QEMU',hypervisor_version=8002002,id=1,local_gb=95,local_gb_used=0,mapped=1,memory_mb=63277,memory_mb_used=512,metrics='[]',numa_topology='{"nova_object.name": "NUMATopology", "nova_object.namespace": "nova", "nova_object.version": "1.2", "nova_object.data": {"cells": [{"nova_object.name": "NUMACell", "nova_object.namespace": "nova", "nova_object.version": "1.5", "nova_object.data": {"id": 0, "cpuset": [0, 1, 2, 3, 4, 5, 6, 7, 8, 9, 10, 11, 12, 13, 14, 15], "pcpuset": [0, 1, 2, 3, 4, 5, 6, 7, 8, 9, 10, 11, 12, 13, 14, 15], "memory": 63277, "cpu_usage": 0, "memory_usage": 0, "pinned_cpus": [], "siblings": [[6], [12], [2], [15], [5], [11], [8], [14], [4], [1], [7], [10], [0], [13], [3], [9]], "mempages": [{"nova_object.name": "NUMAPagesTopology", "nova_object.namespace": "nova", "nova_object.version": "1.1", "nova_object.data": {"size_kb": 4, "total": 16177930, "used": 0, "reserved": 0}, "nova_object.changes": ["used", "total", "reserved", "size_kb"]}, {"nova_object.name": "NUMAPagesTopology", "nova_object.namespace": "nova", "nova_object.version": "1.1", "nova_object.data": {"size_kb": 2048, "total": 41, "used": 0, "reserved": 0}, "nova_object.changes": ["used", "total", "reserved", "size_kb"]}, {"nova_object.name": "NUMAPagesTopology", "nova_object.namespace": "nova", "nova_object.version": "1.1", "nova_object.data": {"size_kb": 1048576, "total": 0, "used": 0, "reserved": 0}, "nova_object.changes": ["used", "total", "reserved", "size_kb"]}], "network_metadata": {"nova_object.name": "NetworkMetadata", "nova_object.namespace": "nova", "nova_object.version": "1.0", "nova_object.data": {"physnets": [], "tunneled": false}, "nova_object.changes": ["tunneled", "physnets"]}, "socket": null}, "nova_object.changes": ["cpu_usage", "siblings", "network_metadata", "pcpuset", "pinned_cpus", "cpuset", "memory", "id", "memory_usage", "socket", "mempages"]}]}, "nova_object.changes": ["cells"]}',pci_device_pools=PciDevicePoolList,ram_allocation_ratio=1.0,running_vms=0,service_id=3,stats={failed_builds='0',uptime=' 16:40:04 up 13 min, 2 users, load average: 1.78, 1.50, 0.84
Jun 25 16:40:30.216014 np0000003620 nova-scheduler[93240]: '},supported_hv_specs=[HVSpec,HVSpec,HVSpec,HVSpec,HVSpec,HVSpec,HVSpec,HVSpec,HVSpec,HVSpec,HVSpec,HVSpec,HVSpec,HVSpec,HVSpec,HVSpec,HVSpec,HVSpec,HVSpec,HVSpec,HVSpec,HVSpec,HVSpec,HVSpec,HVSpec],updated_at=2026-06-25T16:40:06Z,uuid=f6b53ca8-95b4-4006-8fe3-793cdae0f99c,vcpus=16,vcpus_used=0) {{(pid=93240) _locked_update /opt/stack/nova/nova/scheduler/host_manager.py:168}}
Jun 25 16:40:30.216971 np0000003620 nova-scheduler[93240]: DEBUG nova.scheduler.host_manager [None req-9d7c1411-3697-48a6-b23d-8c33f7281125 tempest-ServerActionsTestOtherA-1864530503 tempest-ServerActionsTestOtherA-1864530503-project-member] Update host state with aggregates: [] {{(pid=93240) _locked_update /opt/stack/nova/nova/scheduler/host_manager.py:171}}
Jun 25 16:40:30.217128 np0000003620 nova-scheduler[93240]: DEBUG nova.scheduler.host_manager [None req-9d7c1411-3697-48a6-b23d-8c33f7281125 tempest-ServerActionsTestOtherA-1864530503 tempest-ServerActionsTestOtherA-1864530503-project-member] Update host state with service dict: {'id': 3, 'uuid': 'f6b78992-fe3f-422c-ad2d-d2f0386768ff', 'host': 'np0000003620', 'binary': 'nova-compute', 'topic': 'compute', 'report_count': 2, 'disabled': False, 'disabled_reason': None, 'last_seen_up': datetime.datetime(2026, 6, 25, 16, 40, 28, tzinfo=datetime.timezone.utc), 'forced_down': False, 'version': 72, 'created_at': datetime.datetime(2026, 6, 25, 16, 38, 17, tzinfo=datetime.timezone.utc), 'updated_at': datetime.datetime(2026, 6, 25, 16, 40, 28, tzinfo=datetime.timezone.utc), 'deleted_at': None, 'deleted': False} {{(pid=93240) _locked_update /opt/stack/nova/nova/scheduler/host_manager.py:174}}
Jun 25 16:40:30.217334 np0000003620 nova-scheduler[93240]: DEBUG nova.scheduler.host_manager [None req-9d7c1411-3697-48a6-b23d-8c33f7281125 tempest-ServerActionsTestOtherA-1864530503 tempest-ServerActionsTestOtherA-1864530503-project-member] Update host state with instances: [] {{(pid=93240) _locked_update /opt/stack/nova/nova/scheduler/host_manager.py:177}}
Jun 25 16:40:30.217495 np0000003620 nova-scheduler[93240]: DEBUG oslo_concurrency.lockutils [None req-9d7c1411-3697-48a6-b23d-8c33f7281125 tempest-ServerActionsTestOtherA-1864530503 tempest-ServerActionsTestOtherA-1864530503-project-member] Lock "('np0000003620', 'np0000003620')" "released" by "nova.scheduler.host_manager.HostState.update.._locked_update" :: held 0.003s {{(pid=93240) inner /opt/stack/data/venv/lib/python3.12/site-packages/oslo_concurrency/lockutils.py:543}}
Jun 25 16:40:30.218258 np0000003620 nova-scheduler[93240]: DEBUG nova.filters [None req-9d7c1411-3697-48a6-b23d-8c33f7281125 tempest-ServerActionsTestOtherA-1864530503 tempest-ServerActionsTestOtherA-1864530503-project-member] Starting with 1 host(s) {{(pid=93240) get_filtered_objects /opt/stack/nova/nova/filters.py:70}}
Jun 25 16:40:30.218258 np0000003620 nova-scheduler[93240]: DEBUG nova.filters [None req-9d7c1411-3697-48a6-b23d-8c33f7281125 tempest-ServerActionsTestOtherA-1864530503 tempest-ServerActionsTestOtherA-1864530503-project-member] Filter ComputeFilter returned 1 host(s) {{(pid=93240) get_filtered_objects /opt/stack/nova/nova/filters.py:102}}
Jun 25 16:40:30.218448 np0000003620 nova-scheduler[93240]: DEBUG nova.filters [None req-9d7c1411-3697-48a6-b23d-8c33f7281125 tempest-ServerActionsTestOtherA-1864530503 tempest-ServerActionsTestOtherA-1864530503-project-member] Filter ComputeCapabilitiesFilter returned 1 host(s) {{(pid=93240) get_filtered_objects /opt/stack/nova/nova/filters.py:102}}
Jun 25 16:40:30.218700 np0000003620 nova-scheduler[93240]: DEBUG nova.filters [None req-9d7c1411-3697-48a6-b23d-8c33f7281125 tempest-ServerActionsTestOtherA-1864530503 tempest-ServerActionsTestOtherA-1864530503-project-member] Filter ImagePropertiesFilter returned 1 host(s) {{(pid=93240) get_filtered_objects /opt/stack/nova/nova/filters.py:102}}
Jun 25 16:40:30.218869 np0000003620 nova-scheduler[93240]: DEBUG nova.filters [None req-9d7c1411-3697-48a6-b23d-8c33f7281125 tempest-ServerActionsTestOtherA-1864530503 tempest-ServerActionsTestOtherA-1864530503-project-member] Filter ServerGroupAntiAffinityFilter returned 1 host(s) {{(pid=93240) get_filtered_objects /opt/stack/nova/nova/filters.py:102}}
Jun 25 16:40:30.219032 np0000003620 nova-scheduler[93240]: DEBUG nova.filters [None req-9d7c1411-3697-48a6-b23d-8c33f7281125 tempest-ServerActionsTestOtherA-1864530503 tempest-ServerActionsTestOtherA-1864530503-project-member] Filter ServerGroupAffinityFilter returned 1 host(s) {{(pid=93240) get_filtered_objects /opt/stack/nova/nova/filters.py:102}}
Jun 25 16:40:30.219174 np0000003620 nova-scheduler[93240]: DEBUG nova.filters [None req-9d7c1411-3697-48a6-b23d-8c33f7281125 tempest-ServerActionsTestOtherA-1864530503 tempest-ServerActionsTestOtherA-1864530503-project-member] Filter SameHostFilter returned 1 host(s) {{(pid=93240) get_filtered_objects /opt/stack/nova/nova/filters.py:102}}
Jun 25 16:40:30.219370 np0000003620 nova-scheduler[93240]: DEBUG nova.filters [None req-9d7c1411-3697-48a6-b23d-8c33f7281125 tempest-ServerActionsTestOtherA-1864530503 tempest-ServerActionsTestOtherA-1864530503-project-member] Filter DifferentHostFilter returned 1 host(s) {{(pid=93240) get_filtered_objects /opt/stack/nova/nova/filters.py:102}}
Jun 25 16:40:30.219537 np0000003620 nova-scheduler[93240]: DEBUG nova.scheduler.manager [None req-9d7c1411-3697-48a6-b23d-8c33f7281125 tempest-ServerActionsTestOtherA-1864530503 tempest-ServerActionsTestOtherA-1864530503-project-member] Filtered [(np0000003620, np0000003620) ram: 62765MB disk: 74752MB io_ops: 0 instances: 0, allocation_candidates: 1] {{(pid=93240) _get_sorted_hosts /opt/stack/nova/nova/scheduler/manager.py:743}}
Jun 25 16:40:30.219770 np0000003620 nova-scheduler[93240]: DEBUG nova.scheduler.manager [None req-9d7c1411-3697-48a6-b23d-8c33f7281125 tempest-ServerActionsTestOtherA-1864530503 tempest-ServerActionsTestOtherA-1864530503-project-member] Weighed [WeighedHost [host: (np0000003620, np0000003620) ram: 62765MB disk: 74752MB io_ops: 0 instances: 0, allocation_candidates: 1, weight: 0.0]] {{(pid=93240) _get_sorted_hosts /opt/stack/nova/nova/scheduler/manager.py:765}}
Jun 25 16:40:30.219989 np0000003620 nova-scheduler[93240]: DEBUG nova.scheduler.utils [None req-9d7c1411-3697-48a6-b23d-8c33f7281125 tempest-ServerActionsTestOtherA-1864530503 tempest-ServerActionsTestOtherA-1864530503-project-member] Attempting to claim resources in the placement API for instance 7e2195ec-509f-4c98-b37f-2242a1a6396f {{(pid=93240) claim_resources /opt/stack/nova/nova/scheduler/utils.py:1345}}
Jun 25 16:40:30.418796 np0000003620 nova-scheduler[93240]: DEBUG nova.scheduler.manager [None req-9d7c1411-3697-48a6-b23d-8c33f7281125 tempest-ServerActionsTestOtherA-1864530503 tempest-ServerActionsTestOtherA-1864530503-project-member] [instance: 7e2195ec-509f-4c98-b37f-2242a1a6396f] Selected host: (np0000003620, np0000003620) ram: 62765MB disk: 74752MB io_ops: 0 instances: 0, allocation_candidates: 1 {{(pid=93240) _consume_selected_host /opt/stack/nova/nova/scheduler/manager.py:625}}
Jun 25 16:40:30.419089 np0000003620 nova-scheduler[93240]: DEBUG oslo_concurrency.lockutils [None req-9d7c1411-3697-48a6-b23d-8c33f7281125 tempest-ServerActionsTestOtherA-1864530503 tempest-ServerActionsTestOtherA-1864530503-project-member] Acquiring lock "('np0000003620', 'np0000003620')" by "nova.scheduler.host_manager.HostState.consume_from_request.._locked" {{(pid=93240) inner /opt/stack/data/venv/lib/python3.12/site-packages/oslo_concurrency/lockutils.py:511}}
Jun 25 16:40:30.419262 np0000003620 nova-scheduler[93240]: DEBUG oslo_concurrency.lockutils [None req-9d7c1411-3697-48a6-b23d-8c33f7281125 tempest-ServerActionsTestOtherA-1864530503 tempest-ServerActionsTestOtherA-1864530503-project-member] Lock "('np0000003620', 'np0000003620')" acquired by "nova.scheduler.host_manager.HostState.consume_from_request.._locked" :: waited 0.000s {{(pid=93240) inner /opt/stack/data/venv/lib/python3.12/site-packages/oslo_concurrency/lockutils.py:524}}
Jun 25 16:40:30.419507 np0000003620 nova-scheduler[93240]: DEBUG oslo_concurrency.lockutils [None req-9d7c1411-3697-48a6-b23d-8c33f7281125 tempest-ServerActionsTestOtherA-1864530503 tempest-ServerActionsTestOtherA-1864530503-project-member] Lock "('np0000003620', 'np0000003620')" "released" by "nova.scheduler.host_manager.HostState.consume_from_request.._locked" :: held 0.000s {{(pid=93240) inner /opt/stack/data/venv/lib/python3.12/site-packages/oslo_concurrency/lockutils.py:543}}
Jun 25 16:40:33.176139 np0000003620 nova-scheduler[93242]: DEBUG nova.scheduler.manager [None req-97bf53f9-27e2-43b4-adc4-bf77775aaee0 tempest-ImageDependencyTests-556888684 tempest-ImageDependencyTests-556888684-project-member] Starting to schedule for instances: ['6a640266-ee44-4670-89fa-fbc155ea62d3'] {{(pid=93242) select_destinations /opt/stack/nova/nova/scheduler/manager.py:210}}
Jun 25 16:40:33.176973 np0000003620 nova-scheduler[93242]: DEBUG nova.scheduler.request_filter [None req-97bf53f9-27e2-43b4-adc4-bf77775aaee0 tempest-ImageDependencyTests-556888684 tempest-ImageDependencyTests-556888684-project-member] compute_status_filter request filter added forbidden trait COMPUTE_STATUS_DISABLED {{(pid=93242) compute_status_filter /opt/stack/nova/nova/scheduler/request_filter.py:253}}
Jun 25 16:40:33.177131 np0000003620 nova-scheduler[93242]: DEBUG nova.scheduler.request_filter [None req-97bf53f9-27e2-43b4-adc4-bf77775aaee0 tempest-ImageDependencyTests-556888684 tempest-ImageDependencyTests-556888684-project-member] Request filter 'compute_status_filter' took 0.0 seconds {{(pid=93242) wrapper /opt/stack/nova/nova/scheduler/request_filter.py:46}}
Jun 25 16:40:33.177404 np0000003620 nova-scheduler[93242]: DEBUG nova.scheduler.request_filter [None req-97bf53f9-27e2-43b4-adc4-bf77775aaee0 tempest-ImageDependencyTests-556888684 tempest-ImageDependencyTests-556888684-project-member] Request filter 'accelerators_filter' took 0.0 seconds {{(pid=93242) wrapper /opt/stack/nova/nova/scheduler/request_filter.py:46}}
Jun 25 16:40:33.177670 np0000003620 nova-scheduler[93242]: DEBUG nova.scheduler.request_filter [None req-97bf53f9-27e2-43b4-adc4-bf77775aaee0 tempest-ImageDependencyTests-556888684 tempest-ImageDependencyTests-556888684-project-member] Request filter 'packed_virtqueue_filter' took 0.0 seconds {{(pid=93242) wrapper /opt/stack/nova/nova/scheduler/request_filter.py:46}}
Jun 25 16:40:33.177970 np0000003620 nova-scheduler[93242]: DEBUG nova.scheduler.request_filter [None req-97bf53f9-27e2-43b4-adc4-bf77775aaee0 tempest-ImageDependencyTests-556888684 tempest-ImageDependencyTests-556888684-project-member] Request filter 'remote_managed_ports_filter' took 0.0 seconds {{(pid=93242) wrapper /opt/stack/nova/nova/scheduler/request_filter.py:46}}
Jun 25 16:40:33.178458 np0000003620 nova-scheduler[93242]: DEBUG nova.scheduler.request_filter [None req-97bf53f9-27e2-43b4-adc4-bf77775aaee0 tempest-ImageDependencyTests-556888684 tempest-ImageDependencyTests-556888684-project-member] ephemeral_encryption_filter skipped {{(pid=93242) ephemeral_encryption_filter /opt/stack/nova/nova/scheduler/request_filter.py:426}}
Jun 25 16:40:33.178458 np0000003620 nova-scheduler[93242]: DEBUG nova.scheduler.request_filter [None req-97bf53f9-27e2-43b4-adc4-bf77775aaee0 tempest-ImageDependencyTests-556888684 tempest-ImageDependencyTests-556888684-project-member] virtio_sound_filter skipped {{(pid=93242) virtio_sound_filter /opt/stack/nova/nova/scheduler/request_filter.py:460}}
Jun 25 16:40:33.178458 np0000003620 nova-scheduler[93242]: DEBUG nova.scheduler.request_filter [None req-97bf53f9-27e2-43b4-adc4-bf77775aaee0 tempest-ImageDependencyTests-556888684 tempest-ImageDependencyTests-556888684-project-member] tpm_secret_security_filter skipped {{(pid=93242) tpm_secret_security_filter /opt/stack/nova/nova/scheduler/request_filter.py:477}}
Jun 25 16:40:33.269051 np0000003620 nova-scheduler[93242]: INFO nova.utils [None req-97bf53f9-27e2-43b4-adc4-bf77775aaee0 tempest-ImageDependencyTests-556888684 tempest-ImageDependencyTests-556888684-project-member] The cell worker thread pool ForkProcess-2.cell_worker is initialized
Jun 25 16:40:33.269570 np0000003620 nova-scheduler[93242]: DEBUG oslo_concurrency.lockutils [None req-97bf53f9-27e2-43b4-adc4-bf77775aaee0 tempest-ImageDependencyTests-556888684 tempest-ImageDependencyTests-556888684-project-member] Acquiring lock "97760e13-802e-47b5-a3ac-b1c7969b5956" by "nova.context.set_target_cell..get_or_set_cached_cell_and_set_connections" {{(pid=93242) inner /opt/stack/data/venv/lib/python3.12/site-packages/oslo_concurrency/lockutils.py:511}}
Jun 25 16:40:33.269879 np0000003620 nova-scheduler[93242]: DEBUG oslo_concurrency.lockutils [None req-97bf53f9-27e2-43b4-adc4-bf77775aaee0 tempest-ImageDependencyTests-556888684 tempest-ImageDependencyTests-556888684-project-member] Lock "97760e13-802e-47b5-a3ac-b1c7969b5956" acquired by "nova.context.set_target_cell..get_or_set_cached_cell_and_set_connections" :: waited 0.000s {{(pid=93242) inner /opt/stack/data/venv/lib/python3.12/site-packages/oslo_concurrency/lockutils.py:524}}
Jun 25 16:40:33.271224 np0000003620 nova-scheduler[93242]: DEBUG oslo_concurrency.lockutils [None req-97bf53f9-27e2-43b4-adc4-bf77775aaee0 tempest-ImageDependencyTests-556888684 tempest-ImageDependencyTests-556888684-project-member] Lock "97760e13-802e-47b5-a3ac-b1c7969b5956" "released" by "nova.context.set_target_cell..get_or_set_cached_cell_and_set_connections" :: held 0.001s {{(pid=93242) inner /opt/stack/data/venv/lib/python3.12/site-packages/oslo_concurrency/lockutils.py:543}}
Jun 25 16:40:33.273537 np0000003620 nova-scheduler[93242]: INFO dbcounter [None req-97bf53f9-27e2-43b4-adc4-bf77775aaee0 tempest-ImageDependencyTests-556888684 tempest-ImageDependencyTests-556888684-project-member] Registered counter for database nova_cell1
Jun 25 16:40:33.309147 np0000003620 nova-scheduler[93242]: DEBUG oslo_db.sqlalchemy.engines [None req-97bf53f9-27e2-43b4-adc4-bf77775aaee0 tempest-ImageDependencyTests-556888684 tempest-ImageDependencyTests-556888684-project-member] MySQL server mode set to STRICT_TRANS_TABLES,STRICT_ALL_TABLES,NO_ZERO_IN_DATE,NO_ZERO_DATE,ERROR_FOR_DIVISION_BY_ZERO,TRADITIONAL,NO_ENGINE_SUBSTITUTION {{(pid=93242) _check_effective_sql_mode /opt/stack/data/venv/lib/python3.12/site-packages/oslo_db/sqlalchemy/engines.py:325}}
Jun 25 16:40:33.315464 np0000003620 nova-scheduler[93242]: DEBUG dbcounter [-] [93242] Writer thread running {{(pid=93242) stat_writer /opt/stack/data/venv/lib/python3.12/site-packages/dbcounter.py:102}}
Jun 25 16:40:33.365185 np0000003620 nova-scheduler[93242]: DEBUG dbcounter [-] [93242] Writer thread running {{(pid=93242) stat_writer /opt/stack/data/venv/lib/python3.12/site-packages/dbcounter.py:102}}
Jun 25 16:40:33.368531 np0000003620 nova-scheduler[93242]: DEBUG oslo_concurrency.lockutils [None req-97bf53f9-27e2-43b4-adc4-bf77775aaee0 tempest-ImageDependencyTests-556888684 tempest-ImageDependencyTests-556888684-project-member] Acquiring lock "97760e13-802e-47b5-a3ac-b1c7969b5956" by "nova.context.set_target_cell..get_or_set_cached_cell_and_set_connections" {{(pid=93242) inner /opt/stack/data/venv/lib/python3.12/site-packages/oslo_concurrency/lockutils.py:511}}
Jun 25 16:40:33.368783 np0000003620 nova-scheduler[93242]: DEBUG oslo_concurrency.lockutils [None req-97bf53f9-27e2-43b4-adc4-bf77775aaee0 tempest-ImageDependencyTests-556888684 tempest-ImageDependencyTests-556888684-project-member] Lock "97760e13-802e-47b5-a3ac-b1c7969b5956" acquired by "nova.context.set_target_cell..get_or_set_cached_cell_and_set_connections" :: waited 0.000s {{(pid=93242) inner /opt/stack/data/venv/lib/python3.12/site-packages/oslo_concurrency/lockutils.py:524}}
Jun 25 16:40:33.368960 np0000003620 nova-scheduler[93242]: DEBUG oslo_concurrency.lockutils [None req-97bf53f9-27e2-43b4-adc4-bf77775aaee0 tempest-ImageDependencyTests-556888684 tempest-ImageDependencyTests-556888684-project-member] Lock "97760e13-802e-47b5-a3ac-b1c7969b5956" "released" by "nova.context.set_target_cell..get_or_set_cached_cell_and_set_connections" :: held 0.000s {{(pid=93242) inner /opt/stack/data/venv/lib/python3.12/site-packages/oslo_concurrency/lockutils.py:543}}
Jun 25 16:40:33.372347 np0000003620 nova-scheduler[93242]: DEBUG oslo_concurrency.lockutils [None req-97bf53f9-27e2-43b4-adc4-bf77775aaee0 tempest-ImageDependencyTests-556888684 tempest-ImageDependencyTests-556888684-project-member] Acquiring lock "('np0000003620', 'np0000003620')" by "nova.scheduler.host_manager.HostState.update.._locked_update" {{(pid=93242) inner /opt/stack/data/venv/lib/python3.12/site-packages/oslo_concurrency/lockutils.py:511}}
Jun 25 16:40:33.372347 np0000003620 nova-scheduler[93242]: DEBUG oslo_concurrency.lockutils [None req-97bf53f9-27e2-43b4-adc4-bf77775aaee0 tempest-ImageDependencyTests-556888684 tempest-ImageDependencyTests-556888684-project-member] Lock "('np0000003620', 'np0000003620')" acquired by "nova.scheduler.host_manager.HostState.update.._locked_update" :: waited 0.000s {{(pid=93242) inner /opt/stack/data/venv/lib/python3.12/site-packages/oslo_concurrency/lockutils.py:524}}
