Jul 21 23:14:32.820348 np0000005603 devstack@g-api.service[99850]: DEBUG glance.api.middleware.version_negotiation [None req-93a6a683-3b39-4336-b77c-deb09e11aaf5 tempest-AttachVolumeShelveTestJSON-347022511 tempest-AttachVolumeShelveTestJSON-347022511-project-member] Determining version of request: GET /v2/schemas/image Accept: */* {{(pid=99850) process_request /opt/stack/glance/glance/api/middleware/version_negotiation.py:44}}
Jul 21 23:14:32.820348 np0000005603 devstack@g-api.service[99850]: DEBUG glance.api.middleware.version_negotiation [None req-93a6a683-3b39-4336-b77c-deb09e11aaf5 tempest-AttachVolumeShelveTestJSON-347022511 tempest-AttachVolumeShelveTestJSON-347022511-project-member] Using url versioning {{(pid=99850) process_request /opt/stack/glance/glance/api/middleware/version_negotiation.py:57}}
Jul 21 23:14:32.820348 np0000005603 devstack@g-api.service[99850]: DEBUG glance.api.middleware.version_negotiation [None req-93a6a683-3b39-4336-b77c-deb09e11aaf5 tempest-AttachVolumeShelveTestJSON-347022511 tempest-AttachVolumeShelveTestJSON-347022511-project-member] Matched version: v2 {{(pid=99850) process_request /opt/stack/glance/glance/api/middleware/version_negotiation.py:69}}
Jul 21 23:14:32.820348 np0000005603 devstack@g-api.service[99850]: DEBUG glance.api.middleware.version_negotiation [None req-93a6a683-3b39-4336-b77c-deb09e11aaf5 tempest-AttachVolumeShelveTestJSON-347022511 tempest-AttachVolumeShelveTestJSON-347022511-project-member] new path /v2/schemas/image {{(pid=99850) process_request /opt/stack/glance/glance/api/middleware/version_negotiation.py:70}}
Jul 21 23:14:32.823359 np0000005603 devstack@g-api.service[99850]: [pid: 99850|app: 0|req: 57/170] 127.0.0.1 () {44 vars in 1055 bytes} [Tue Jul 21 23:14:32 2026] GET /v2/schemas/image => generated 6083 bytes in 4 msecs (HTTP/1.1 200) 4 headers in 158 bytes (1 switches on core 0)
Jul 21 23:14:33.256623 np0000005603 devstack@g-api.service[99849]: DEBUG swiftclient [None req-c7f666ad-a05c-482a-bc7d-62bf69b53172 tempest-VolumesActionsTest-613811976 tempest-VolumesActionsTest-613811976-project-member] REQ: curl -i https://10.4.3.143:8080/v1/AUTH_08b75975560e4a7ea542c53f914a0b93/glance -I -H "X-Auth-Token: gAAAAABqX_1Yo2zb..." {{(pid=99849) http_log /opt/stack/data/venv/lib/python3.12/site-packages/swiftclient/client.py:160}}
Jul 21 23:14:33.256743 np0000005603 devstack@g-api.service[99849]: DEBUG swiftclient [None req-c7f666ad-a05c-482a-bc7d-62bf69b53172 tempest-VolumesActionsTest-613811976 tempest-VolumesActionsTest-613811976-project-member] RESP STATUS: 204 No Content {{(pid=99849) http_log /opt/stack/data/venv/lib/python3.12/site-packages/swiftclient/client.py:161}}
Jul 21 23:14:33.256966 np0000005603 devstack@g-api.service[99849]: DEBUG swiftclient [None req-c7f666ad-a05c-482a-bc7d-62bf69b53172 tempest-VolumesActionsTest-613811976 tempest-VolumesActionsTest-613811976-project-member] RESP HEADERS: {'Date': 'Tue, 21 Jul 2026 23:14:33 GMT', 'Server': 'Apache/2.4.58 (Ubuntu)', 'Content-Type': 'text/plain; charset=utf-8', 'X-Container-Object-Count': '3', 'X-Container-Bytes-Used': '64356352', 'X-Timestamp': '1784675424.76092', 'Last-Modified': 'Tue, 21 Jul 2026 23:10:25 GMT', 'Accept-Ranges': 'bytes', 'X-Storage-Policy': 'Policy-0', 'X-Container-Sharding': 'False', 'Vary': 'Accept', 'X-Trans-Id': 'txbb741259c6604deab35c4-006a5ffd58', 'X-Openstack-Request-Id': 'txbb741259c6604deab35c4-006a5ffd58', 'Connection': 'close'} {{(pid=99849) http_log /opt/stack/data/venv/lib/python3.12/site-packages/swiftclient/client.py:162}}
Jul 21 23:14:33.257183 np0000005603 devstack@g-api.service[99849]: DEBUG glance_store._drivers.swift.store [None req-c7f666ad-a05c-482a-bc7d-62bf69b53172 tempest-VolumesActionsTest-613811976 tempest-VolumesActionsTest-613811976-project-member] Adding image object '808809e2-593c-40cb-97da-79f37de00aec' to Swift {{(pid=99849) add /opt/stack/data/venv/lib/python3.12/site-packages/glance_store/_drivers/swift/store.py:970}}
Jul 21 23:14:33.257283 np0000005603 devstack@g-api.service[99849]: DEBUG glance_store._drivers.swift.store [None req-c7f666ad-a05c-482a-bc7d-62bf69b53172 tempest-VolumesActionsTest-613811976 tempest-VolumesActionsTest-613811976-project-member] Cannot determine image size because it is either not provided in the request or chunked-transfer encoding is used. Adding image as a segmented object to Swift. {{(pid=99849) add /opt/stack/data/venv/lib/python3.12/site-packages/glance_store/_drivers/swift/store.py:994}}
Jul 21 23:14:33.266481 np0000005603 devstack@g-api.service[99849]: DEBUG oslo_utils.imageutils.format_inspector [None req-c7f666ad-a05c-482a-bc7d-62bf69b53172 tempest-VolumesActionsTest-613811976 tempest-VolumesActionsTest-613811976-project-member] Format inspector for vmdk does not match, excluding from consideration (Signature KDMV not found: b'\x00\x00\x00\x00') {{(pid=99849) _process_chunk /opt/stack/data/venv/lib/python3.12/site-packages/oslo_utils/imageutils/format_inspector.py:1758}}
Jul 21 23:14:33.266906 np0000005603 devstack@g-api.service[99849]: DEBUG oslo_utils.imageutils.format_inspector [None req-c7f666ad-a05c-482a-bc7d-62bf69b53172 tempest-VolumesActionsTest-613811976 tempest-VolumesActionsTest-613811976-project-member] Format inspector for vhdx does not match, excluding from consideration (Region signature not found at 30000) {{(pid=99849) _process_chunk /opt/stack/data/venv/lib/python3.12/site-packages/oslo_utils/imageutils/format_inspector.py:1758}}
Jul 21 23:14:33.828904 np0000005603 devstack@g-api.service[99851]: DEBUG glance.api.middleware.version_negotiation [None req-db6040ae-92a4-4afb-9b98-65d380c75200 tempest-VolumesActionsTest-613811976 tempest-VolumesActionsTest-613811976-project-member] Determining version of request: GET /v2/images/808809e2-593c-40cb-97da-79f37de00aec Accept: application/json {{(pid=99851) process_request /opt/stack/glance/glance/api/middleware/version_negotiation.py:44}}
Jul 21 23:14:33.829460 np0000005603 devstack@g-api.service[99851]: DEBUG glance.api.middleware.version_negotiation [None req-db6040ae-92a4-4afb-9b98-65d380c75200 tempest-VolumesActionsTest-613811976 tempest-VolumesActionsTest-613811976-project-member] Using url versioning {{(pid=99851) process_request /opt/stack/glance/glance/api/middleware/version_negotiation.py:57}}
Jul 21 23:14:33.829460 np0000005603 devstack@g-api.service[99851]: DEBUG glance.api.middleware.version_negotiation [None req-db6040ae-92a4-4afb-9b98-65d380c75200 tempest-VolumesActionsTest-613811976 tempest-VolumesActionsTest-613811976-project-member] Matched version: v2 {{(pid=99851) process_request /opt/stack/glance/glance/api/middleware/version_negotiation.py:69}}
Jul 21 23:14:33.829460 np0000005603 devstack@g-api.service[99851]: DEBUG glance.api.middleware.version_negotiation [None req-db6040ae-92a4-4afb-9b98-65d380c75200 tempest-VolumesActionsTest-613811976 tempest-VolumesActionsTest-613811976-project-member] new path /v2/images/808809e2-593c-40cb-97da-79f37de00aec {{(pid=99851) process_request /opt/stack/glance/glance/api/middleware/version_negotiation.py:70}}
Jul 21 23:14:33.855310 np0000005603 devstack@g-api.service[99851]: [pid: 99851|app: 0|req: 59/171] 127.0.0.1 () {40 vars in 838 bytes} [Tue Jul 21 23:14:33 2026] GET /v2/images/808809e2-593c-40cb-97da-79f37de00aec => generated 649 bytes in 26 msecs (HTTP/1.1 200) 4 headers in 157 bytes (1 switches on core 0)
Jul 21 23:14:34.867275 np0000005603 devstack@g-api.service[99850]: DEBUG glance.api.middleware.version_negotiation [None req-93a6a683-3b39-4336-b77c-deb09e11aaf5 tempest-AttachVolumeShelveTestJSON-347022511 tempest-AttachVolumeShelveTestJSON-347022511-project-member] Determining version of request: GET /v2/images/808809e2-593c-40cb-97da-79f37de00aec Accept: application/json {{(pid=99850) process_request /opt/stack/glance/glance/api/middleware/version_negotiation.py:44}}
Jul 21 23:14:34.867275 np0000005603 devstack@g-api.service[99850]: DEBUG glance.api.middleware.version_negotiation [None req-93a6a683-3b39-4336-b77c-deb09e11aaf5 tempest-AttachVolumeShelveTestJSON-347022511 tempest-AttachVolumeShelveTestJSON-347022511-project-member] Using url versioning {{(pid=99850) process_request /opt/stack/glance/glance/api/middleware/version_negotiation.py:57}}
Jul 21 23:14:34.867275 np0000005603 devstack@g-api.service[99850]: DEBUG glance.api.middleware.version_negotiation [None req-93a6a683-3b39-4336-b77c-deb09e11aaf5 tempest-AttachVolumeShelveTestJSON-347022511 tempest-AttachVolumeShelveTestJSON-347022511-project-member] Matched version: v2 {{(pid=99850) process_request /opt/stack/glance/glance/api/middleware/version_negotiation.py:69}}
Jul 21 23:14:34.867275 np0000005603 devstack@g-api.service[99850]: DEBUG glance.api.middleware.version_negotiation [None req-93a6a683-3b39-4336-b77c-deb09e11aaf5 tempest-AttachVolumeShelveTestJSON-347022511 tempest-AttachVolumeShelveTestJSON-347022511-project-member] new path /v2/images/808809e2-593c-40cb-97da-79f37de00aec {{(pid=99850) process_request /opt/stack/glance/glance/api/middleware/version_negotiation.py:70}}
Jul 21 23:14:34.888291 np0000005603 devstack@g-api.service[99850]: [pid: 99850|app: 0|req: 58/172] 127.0.0.1 () {40 vars in 838 bytes} [Tue Jul 21 23:14:34 2026] GET /v2/images/808809e2-593c-40cb-97da-79f37de00aec => generated 649 bytes in 23 msecs (HTTP/1.1 200) 4 headers in 157 bytes (1 switches on core 0)
Jul 21 23:14:35.900279 np0000005603 devstack@g-api.service[99851]: DEBUG glance.api.middleware.version_negotiation [None req-c9237834-394f-447c-b241-4c9e7dbc1172 tempest-VolumesActionsTest-613811976 tempest-VolumesActionsTest-613811976-project-member] Determining version of request: GET /v2/images/808809e2-593c-40cb-97da-79f37de00aec Accept: application/json {{(pid=99851) process_request /opt/stack/glance/glance/api/middleware/version_negotiation.py:44}}
Jul 21 23:14:35.900279 np0000005603 devstack@g-api.service[99851]: DEBUG glance.api.middleware.version_negotiation [None req-c9237834-394f-447c-b241-4c9e7dbc1172 tempest-VolumesActionsTest-613811976 tempest-VolumesActionsTest-613811976-project-member] Using url versioning {{(pid=99851) process_request /opt/stack/glance/glance/api/middleware/version_negotiation.py:57}}
Jul 21 23:14:35.900279 np0000005603 devstack@g-api.service[99851]: DEBUG glance.api.middleware.version_negotiation [None req-c9237834-394f-447c-b241-4c9e7dbc1172 tempest-VolumesActionsTest-613811976 tempest-VolumesActionsTest-613811976-project-member] Matched version: v2 {{(pid=99851) process_request /opt/stack/glance/glance/api/middleware/version_negotiation.py:69}}
Jul 21 23:14:35.900791 np0000005603 devstack@g-api.service[99851]: DEBUG glance.api.middleware.version_negotiation [None req-c9237834-394f-447c-b241-4c9e7dbc1172 tempest-VolumesActionsTest-613811976 tempest-VolumesActionsTest-613811976-project-member] new path /v2/images/808809e2-593c-40cb-97da-79f37de00aec {{(pid=99851) process_request /opt/stack/glance/glance/api/middleware/version_negotiation.py:70}}
Jul 21 23:14:35.909943 np0000005603 devstack@g-api.service[99851]: [pid: 99851|app: 0|req: 60/173] 127.0.0.1 () {40 vars in 838 bytes} [Tue Jul 21 23:14:35 2026] GET /v2/images/808809e2-593c-40cb-97da-79f37de00aec => generated 649 bytes in 10 msecs (HTTP/1.1 200) 4 headers in 157 bytes (1 switches on core 0)
Jul 21 23:14:35.939280 np0000005603 devstack@g-api.service[99849]: DEBUG swiftclient [None req-c7f666ad-a05c-482a-bc7d-62bf69b53172 tempest-VolumesActionsTest-613811976 tempest-VolumesActionsTest-613811976-project-member] REQ: curl -i https://10.4.3.143:8080/v1/AUTH_08b75975560e4a7ea542c53f914a0b93/glance/808809e2-593c-40cb-97da-79f37de00aec-00001 -X PUT -H "X-Auth-Token: gAAAAABqX_1Yo2zb..." {{(pid=99849) http_log /opt/stack/data/venv/lib/python3.12/site-packages/swiftclient/client.py:160}}
Jul 21 23:14:35.939280 np0000005603 devstack@g-api.service[99849]: DEBUG swiftclient [None req-c7f666ad-a05c-482a-bc7d-62bf69b53172 tempest-VolumesActionsTest-613811976 tempest-VolumesActionsTest-613811976-project-member] RESP STATUS: 201 Created {{(pid=99849) http_log /opt/stack/data/venv/lib/python3.12/site-packages/swiftclient/client.py:161}}
Jul 21 23:14:35.939280 np0000005603 devstack@g-api.service[99849]: DEBUG swiftclient [None req-c7f666ad-a05c-482a-bc7d-62bf69b53172 tempest-VolumesActionsTest-613811976 tempest-VolumesActionsTest-613811976-project-member] RESP HEADERS: {'Date': 'Tue, 21 Jul 2026 23:14:35 GMT', 'Server': 'Apache/2.4.58 (Ubuntu)', 'Content-Type': 'text/html; charset=UTF-8', 'Content-Length': '0', 'Etag': 'eda9a9889837ac4bc81d6387d92c1bec', 'Last-Modified': 'Tue, 21 Jul 2026 23:14:34 GMT', 'X-Trans-Id': 'tx5a3e0201558d40b9b0c04-006a5ffd59', 'X-Openstack-Request-Id': 'tx5a3e0201558d40b9b0c04-006a5ffd59', 'Connection': 'close'} {{(pid=99849) http_log /opt/stack/data/venv/lib/python3.12/site-packages/swiftclient/client.py:162}}
Jul 21 23:14:35.939280 np0000005603 devstack@g-api.service[99849]: DEBUG glance_store._drivers.swift.store [None req-c7f666ad-a05c-482a-bc7d-62bf69b53172 tempest-VolumesActionsTest-613811976 tempest-VolumesActionsTest-613811976-project-member] Wrote chunk 808809e2-593c-40cb-97da-79f37de00aec-00001 (1/?) of length 204800000 to Swift returning MD5 of content: eda9a9889837ac4bc81d6387d92c1bec {{(pid=99849) add /opt/stack/data/venv/lib/python3.12/site-packages/glance_store/_drivers/swift/store.py:1059}}
Jul 21 23:14:36.921163 np0000005603 devstack@g-api.service[99850]: DEBUG glance.api.middleware.version_negotiation [None req-bc19b791-2c15-4faf-842e-779a5b6f95f0 tempest-VolumesActionsTest-613811976 tempest-VolumesActionsTest-613811976-project-member] Determining version of request: GET /v2/images/808809e2-593c-40cb-97da-79f37de00aec Accept: application/json {{(pid=99850) process_request /opt/stack/glance/glance/api/middleware/version_negotiation.py:44}}
Jul 21 23:14:36.921163 np0000005603 devstack@g-api.service[99850]: DEBUG glance.api.middleware.version_negotiation [None req-bc19b791-2c15-4faf-842e-779a5b6f95f0 tempest-VolumesActionsTest-613811976 tempest-VolumesActionsTest-613811976-project-member] Using url versioning {{(pid=99850) process_request /opt/stack/glance/glance/api/middleware/version_negotiation.py:57}}
Jul 21 23:14:36.921163 np0000005603 devstack@g-api.service[99850]: DEBUG glance.api.middleware.version_negotiation [None req-bc19b791-2c15-4faf-842e-779a5b6f95f0 tempest-VolumesActionsTest-613811976 tempest-VolumesActionsTest-613811976-project-member] Matched version: v2 {{(pid=99850) process_request /opt/stack/glance/glance/api/middleware/version_negotiation.py:69}}
Jul 21 23:14:36.921692 np0000005603 devstack@g-api.service[99850]: DEBUG glance.api.middleware.version_negotiation [None req-bc19b791-2c15-4faf-842e-779a5b6f95f0 tempest-VolumesActionsTest-613811976 tempest-VolumesActionsTest-613811976-project-member] new path /v2/images/808809e2-593c-40cb-97da-79f37de00aec {{(pid=99850) process_request /opt/stack/glance/glance/api/middleware/version_negotiation.py:70}}
Jul 21 23:14:36.932150 np0000005603 devstack@g-api.service[99850]: [pid: 99850|app: 0|req: 59/174] 127.0.0.1 () {40 vars in 838 bytes} [Tue Jul 21 23:14:36 2026] GET /v2/images/808809e2-593c-40cb-97da-79f37de00aec => generated 649 bytes in 11 msecs (HTTP/1.1 200) 4 headers in 157 bytes (1 switches on core 0)
Jul 21 23:14:37.945168 np0000005603 devstack@g-api.service[99851]: DEBUG glance.api.middleware.version_negotiation [None req-ac79cd64-df32-4864-b87a-5aff64ec2eca tempest-VolumesActionsTest-613811976 tempest-VolumesActionsTest-613811976-project-member] Determining version of request: GET /v2/images/808809e2-593c-40cb-97da-79f37de00aec Accept: application/json {{(pid=99851) process_request /opt/stack/glance/glance/api/middleware/version_negotiation.py:44}}
Jul 21 23:14:37.945537 np0000005603 devstack@g-api.service[99851]: DEBUG glance.api.middleware.version_negotiation [None req-ac79cd64-df32-4864-b87a-5aff64ec2eca tempest-VolumesActionsTest-613811976 tempest-VolumesActionsTest-613811976-project-member] Using url versioning {{(pid=99851) process_request /opt/stack/glance/glance/api/middleware/version_negotiation.py:57}}
Jul 21 23:14:37.945537 np0000005603 devstack@g-api.service[99851]: DEBUG glance.api.middleware.version_negotiation [None req-ac79cd64-df32-4864-b87a-5aff64ec2eca tempest-VolumesActionsTest-613811976 tempest-VolumesActionsTest-613811976-project-member] Matched version: v2 {{(pid=99851) process_request /opt/stack/glance/glance/api/middleware/version_negotiation.py:69}}
Jul 21 23:14:37.945587 np0000005603 devstack@g-api.service[99851]: DEBUG glance.api.middleware.version_negotiation [None req-ac79cd64-df32-4864-b87a-5aff64ec2eca tempest-VolumesActionsTest-613811976 tempest-VolumesActionsTest-613811976-project-member] new path /v2/images/808809e2-593c-40cb-97da-79f37de00aec {{(pid=99851) process_request /opt/stack/glance/glance/api/middleware/version_negotiation.py:70}}
Jul 21 23:14:37.966294 np0000005603 devstack@g-api.service[99851]: [pid: 99851|app: 0|req: 61/175] 127.0.0.1 () {40 vars in 838 bytes} [Tue Jul 21 23:14:37 2026] GET /v2/images/808809e2-593c-40cb-97da-79f37de00aec => generated 649 bytes in 21 msecs (HTTP/1.1 200) 4 headers in 157 bytes (1 switches on core 0)
Jul 21 23:14:38.500422 np0000005603 devstack@g-api.service[99849]: DEBUG swiftclient [None req-c7f666ad-a05c-482a-bc7d-62bf69b53172 tempest-VolumesActionsTest-613811976 tempest-VolumesActionsTest-613811976-project-member] REQ: curl -i https://10.4.3.143:8080/v1/AUTH_08b75975560e4a7ea542c53f914a0b93/glance/808809e2-593c-40cb-97da-79f37de00aec-00002 -X PUT -H "X-Auth-Token: gAAAAABqX_1Yo2zb..." {{(pid=99849) http_log /opt/stack/data/venv/lib/python3.12/site-packages/swiftclient/client.py:160}}
Jul 21 23:14:38.500422 np0000005603 devstack@g-api.service[99849]: DEBUG swiftclient [None req-c7f666ad-a05c-482a-bc7d-62bf69b53172 tempest-VolumesActionsTest-613811976 tempest-VolumesActionsTest-613811976-project-member] RESP STATUS: 201 Created {{(pid=99849) http_log /opt/stack/data/venv/lib/python3.12/site-packages/swiftclient/client.py:161}}
Jul 21 23:14:38.500422 np0000005603 devstack@g-api.service[99849]: DEBUG swiftclient [None req-c7f666ad-a05c-482a-bc7d-62bf69b53172 tempest-VolumesActionsTest-613811976 tempest-VolumesActionsTest-613811976-project-member] RESP HEADERS: {'Date': 'Tue, 21 Jul 2026 23:14:38 GMT', 'Server': 'Apache/2.4.58 (Ubuntu)', 'Content-Type': 'text/html; charset=UTF-8', 'Content-Length': '0', 'Etag': 'eda9a9889837ac4bc81d6387d92c1bec', 'Last-Modified': 'Tue, 21 Jul 2026 23:14:36 GMT', 'X-Trans-Id': 'txa9a6fa1ca73b414a8ea6c-006a5ffd5b', 'X-Openstack-Request-Id': 'txa9a6fa1ca73b414a8ea6c-006a5ffd5b', 'Connection': 'close'} {{(pid=99849) http_log /opt/stack/data/venv/lib/python3.12/site-packages/swiftclient/client.py:162}}
Jul 21 23:14:38.500422 np0000005603 devstack@g-api.service[99849]: DEBUG glance_store._drivers.swift.store [None req-c7f666ad-a05c-482a-bc7d-62bf69b53172 tempest-VolumesActionsTest-613811976 tempest-VolumesActionsTest-613811976-project-member] Wrote chunk 808809e2-593c-40cb-97da-79f37de00aec-00002 (2/?) of length 204800000 to Swift returning MD5 of content: eda9a9889837ac4bc81d6387d92c1bec {{(pid=99849) add /opt/stack/data/venv/lib/python3.12/site-packages/glance_store/_drivers/swift/store.py:1059}}
Jul 21 23:14:38.982883 np0000005603 devstack@g-api.service[99850]: DEBUG glance.api.middleware.version_negotiation [None req-c8c96e70-47c4-4377-a133-1297fa0a5c3a tempest-VolumesActionsTest-613811976 tempest-VolumesActionsTest-613811976-project-member] Determining version of request: GET /v2/images/808809e2-593c-40cb-97da-79f37de00aec Accept: application/json {{(pid=99850) process_request /opt/stack/glance/glance/api/middleware/version_negotiation.py:44}}
Jul 21 23:14:38.983398 np0000005603 devstack@g-api.service[99850]: DEBUG glance.api.middleware.version_negotiation [None req-c8c96e70-47c4-4377-a133-1297fa0a5c3a tempest-VolumesActionsTest-613811976 tempest-VolumesActionsTest-613811976-project-member] Using url versioning {{(pid=99850) process_request /opt/stack/glance/glance/api/middleware/version_negotiation.py:57}}
Jul 21 23:14:38.983398 np0000005603 devstack@g-api.service[99850]: DEBUG glance.api.middleware.version_negotiation [None req-c8c96e70-47c4-4377-a133-1297fa0a5c3a tempest-VolumesActionsTest-613811976 tempest-VolumesActionsTest-613811976-project-member] Matched version: v2 {{(pid=99850) process_request /opt/stack/glance/glance/api/middleware/version_negotiation.py:69}}
Jul 21 23:14:38.983398 np0000005603 devstack@g-api.service[99850]: DEBUG glance.api.middleware.version_negotiation [None req-c8c96e70-47c4-4377-a133-1297fa0a5c3a tempest-VolumesActionsTest-613811976 tempest-VolumesActionsTest-613811976-project-member] new path /v2/images/808809e2-593c-40cb-97da-79f37de00aec {{(pid=99850) process_request /opt/stack/glance/glance/api/middleware/version_negotiation.py:70}}
Jul 21 23:14:39.002142 np0000005603 devstack@g-api.service[99850]: [pid: 99850|app: 0|req: 60/176] 127.0.0.1 () {40 vars in 838 bytes} [Tue Jul 21 23:14:38 2026] GET /v2/images/808809e2-593c-40cb-97da-79f37de00aec => generated 649 bytes in 19 msecs (HTTP/1.1 200) 4 headers in 157 bytes (1 switches on core 0)
Jul 21 23:14:40.016151 np0000005603 devstack@g-api.service[99851]: DEBUG glance.api.middleware.version_negotiation [None req-c1bb1106-b81a-441f-9e25-da01aff32538 tempest-VolumesActionsTest-613811976 tempest-VolumesActionsTest-613811976-project-member] Determining version of request: GET /v2/images/808809e2-593c-40cb-97da-79f37de00aec Accept: application/json {{(pid=99851) process_request /opt/stack/glance/glance/api/middleware/version_negotiation.py:44}}
Jul 21 23:14:40.017759 np0000005603 devstack@g-api.service[99851]: DEBUG glance.api.middleware.version_negotiation [None req-c1bb1106-b81a-441f-9e25-da01aff32538 tempest-VolumesActionsTest-613811976 tempest-VolumesActionsTest-613811976-project-member] Using url versioning {{(pid=99851) process_request /opt/stack/glance/glance/api/middleware/version_negotiation.py:57}}
Jul 21 23:14:40.017759 np0000005603 devstack@g-api.service[99851]: DEBUG glance.api.middleware.version_negotiation [None req-c1bb1106-b81a-441f-9e25-da01aff32538 tempest-VolumesActionsTest-613811976 tempest-VolumesActionsTest-613811976-project-member] Matched version: v2 {{(pid=99851) process_request /opt/stack/glance/glance/api/middleware/version_negotiation.py:69}}
Jul 21 23:14:40.017926 np0000005603 devstack@g-api.service[99851]: DEBUG glance.api.middleware.version_negotiation [None req-c1bb1106-b81a-441f-9e25-da01aff32538 tempest-VolumesActionsTest-613811976 tempest-VolumesActionsTest-613811976-project-member] new path /v2/images/808809e2-593c-40cb-97da-79f37de00aec {{(pid=99851) process_request /opt/stack/glance/glance/api/middleware/version_negotiation.py:70}}
Jul 21 23:14:40.032389 np0000005603 devstack@g-api.service[99851]: [pid: 99851|app: 0|req: 62/177] 127.0.0.1 () {40 vars in 838 bytes} [Tue Jul 21 23:14:40 2026] GET /v2/images/808809e2-593c-40cb-97da-79f37de00aec => generated 649 bytes in 17 msecs (HTTP/1.1 200) 4 headers in 157 bytes (1 switches on core 0)
Jul 21 23:14:41.045235 np0000005603 devstack@g-api.service[99850]: DEBUG glance.api.middleware.version_negotiation [None req-bd5b519b-c23b-46e6-ae75-83cf4b5af61d tempest-VolumesActionsTest-613811976 tempest-VolumesActionsTest-613811976-project-member] Determining version of request: GET /v2/images/808809e2-593c-40cb-97da-79f37de00aec Accept: application/json {{(pid=99850) process_request /opt/stack/glance/glance/api/middleware/version_negotiation.py:44}}
Jul 21 23:14:41.045748 np0000005603 devstack@g-api.service[99850]: DEBUG glance.api.middleware.version_negotiation [None req-bd5b519b-c23b-46e6-ae75-83cf4b5af61d tempest-VolumesActionsTest-613811976 tempest-VolumesActionsTest-613811976-project-member] Using url versioning {{(pid=99850) process_request /opt/stack/glance/glance/api/middleware/version_negotiation.py:57}}
Jul 21 23:14:41.045748 np0000005603 devstack@g-api.service[99850]: DEBUG glance.api.middleware.version_negotiation [None req-bd5b519b-c23b-46e6-ae75-83cf4b5af61d tempest-VolumesActionsTest-613811976 tempest-VolumesActionsTest-613811976-project-member] Matched version: v2 {{(pid=99850) process_request /opt/stack/glance/glance/api/middleware/version_negotiation.py:69}}
Jul 21 23:14:41.045748 np0000005603 devstack@g-api.service[99850]: DEBUG glance.api.middleware.version_negotiation [None req-bd5b519b-c23b-46e6-ae75-83cf4b5af61d tempest-VolumesActionsTest-613811976 tempest-VolumesActionsTest-613811976-project-member] new path /v2/images/808809e2-593c-40cb-97da-79f37de00aec {{(pid=99850) process_request /opt/stack/glance/glance/api/middleware/version_negotiation.py:70}}
Jul 21 23:14:41.063014 np0000005603 devstack@g-api.service[99850]: [pid: 99850|app: 0|req: 61/178] 127.0.0.1 () {40 vars in 838 bytes} [Tue Jul 21 23:14:41 2026] GET /v2/images/808809e2-593c-40cb-97da-79f37de00aec => generated 649 bytes in 18 msecs (HTTP/1.1 200) 4 headers in 157 bytes (1 switches on core 0)
Jul 21 23:14:41.132349 np0000005603 devstack@g-api.service[99849]: DEBUG swiftclient [None req-c7f666ad-a05c-482a-bc7d-62bf69b53172 tempest-VolumesActionsTest-613811976 tempest-VolumesActionsTest-613811976-project-member] REQ: curl -i https://10.4.3.143:8080/v1/AUTH_08b75975560e4a7ea542c53f914a0b93/glance/808809e2-593c-40cb-97da-79f37de00aec-00003 -X PUT -H "X-Auth-Token: gAAAAABqX_1Yo2zb..." {{(pid=99849) http_log /opt/stack/data/venv/lib/python3.12/site-packages/swiftclient/client.py:160}}
Jul 21 23:14:41.132708 np0000005603 devstack@g-api.service[99849]: DEBUG swiftclient [None req-c7f666ad-a05c-482a-bc7d-62bf69b53172 tempest-VolumesActionsTest-613811976 tempest-VolumesActionsTest-613811976-project-member] RESP STATUS: 201 Created {{(pid=99849) http_log /opt/stack/data/venv/lib/python3.12/site-packages/swiftclient/client.py:161}}
Jul 21 23:14:41.132708 np0000005603 devstack@g-api.service[99849]: DEBUG swiftclient [None req-c7f666ad-a05c-482a-bc7d-62bf69b53172 tempest-VolumesActionsTest-613811976 tempest-VolumesActionsTest-613811976-project-member] RESP HEADERS: {'Date': 'Tue, 21 Jul 2026 23:14:41 GMT', 'Server': 'Apache/2.4.58 (Ubuntu)', 'Content-Type': 'text/html; charset=UTF-8', 'Content-Length': '0', 'Etag': 'eda9a9889837ac4bc81d6387d92c1bec', 'Last-Modified': 'Tue, 21 Jul 2026 23:14:39 GMT', 'X-Trans-Id': 'txfdf98814849a484aa6162-006a5ffd5e', 'X-Openstack-Request-Id': 'txfdf98814849a484aa6162-006a5ffd5e', 'Connection': 'close'} {{(pid=99849) http_log /opt/stack/data/venv/lib/python3.12/site-packages/swiftclient/client.py:162}}
Jul 21 23:14:41.132831 np0000005603 devstack@g-api.service[99849]: DEBUG glance_store._drivers.swift.store [None req-c7f666ad-a05c-482a-bc7d-62bf69b53172 tempest-VolumesActionsTest-613811976 tempest-VolumesActionsTest-613811976-project-member] Wrote chunk 808809e2-593c-40cb-97da-79f37de00aec-00003 (3/?) of length 204800000 to Swift returning MD5 of content: eda9a9889837ac4bc81d6387d92c1bec {{(pid=99849) add /opt/stack/data/venv/lib/python3.12/site-packages/glance_store/_drivers/swift/store.py:1059}}
Jul 21 23:14:42.074650 np0000005603 devstack@g-api.service[99851]: DEBUG glance.api.middleware.version_negotiation [None req-bf935fce-4804-44d4-849b-4ddc31d61286 tempest-VolumesActionsTest-613811976 tempest-VolumesActionsTest-613811976-project-member] Determining version of request: GET /v2/images/808809e2-593c-40cb-97da-79f37de00aec Accept: application/json {{(pid=99851) process_request /opt/stack/glance/glance/api/middleware/version_negotiation.py:44}}
Jul 21 23:14:42.075397 np0000005603 devstack@g-api.service[99851]: DEBUG glance.api.middleware.version_negotiation [None req-bf935fce-4804-44d4-849b-4ddc31d61286 tempest-VolumesActionsTest-613811976 tempest-VolumesActionsTest-613811976-project-member] Using url versioning {{(pid=99851) process_request /opt/stack/glance/glance/api/middleware/version_negotiation.py:57}}
Jul 21 23:14:42.075397 np0000005603 devstack@g-api.service[99851]: DEBUG glance.api.middleware.version_negotiation [None req-bf935fce-4804-44d4-849b-4ddc31d61286 tempest-VolumesActionsTest-613811976 tempest-VolumesActionsTest-613811976-project-member] Matched version: v2 {{(pid=99851) process_request /opt/stack/glance/glance/api/middleware/version_negotiation.py:69}}
Jul 21 23:14:42.075397 np0000005603 devstack@g-api.service[99851]: DEBUG glance.api.middleware.version_negotiation [None req-bf935fce-4804-44d4-849b-4ddc31d61286 tempest-VolumesActionsTest-613811976 tempest-VolumesActionsTest-613811976-project-member] new path /v2/images/808809e2-593c-40cb-97da-79f37de00aec {{(pid=99851) process_request /opt/stack/glance/glance/api/middleware/version_negotiation.py:70}}
Jul 21 23:14:42.092503 np0000005603 devstack@g-api.service[99851]: [pid: 99851|app: 0|req: 63/179] 127.0.0.1 () {40 vars in 838 bytes} [Tue Jul 21 23:14:42 2026] GET /v2/images/808809e2-593c-40cb-97da-79f37de00aec => generated 649 bytes in 17 msecs (HTTP/1.1 200) 4 headers in 157 bytes (1 switches on core 0)
Jul 21 23:14:42.720960 np0000005603 devstack@g-api.service[99849]: DEBUG dbcounter [-] [99849] Writing DB stats glance:SELECT=14,glance:INSERT=1,glance:UPDATE=1 {{(pid=99849) stat_writer /opt/stack/data/venv/lib/python3.12/site-packages/dbcounter.py:115}}
Jul 21 23:14:43.105188 np0000005603 devstack@g-api.service[99850]: DEBUG glance.api.middleware.version_negotiation [None req-4f317fe5-8104-4354-bd7c-3ffae2dbd579 tempest-VolumesActionsTest-613811976 tempest-VolumesActionsTest-613811976-project-member] Determining version of request: GET /v2/images/808809e2-593c-40cb-97da-79f37de00aec Accept: application/json {{(pid=99850) process_request /opt/stack/glance/glance/api/middleware/version_negotiation.py:44}}
Jul 21 23:14:43.105856 np0000005603 devstack@g-api.service[99850]: DEBUG glance.api.middleware.version_negotiation [None req-4f317fe5-8104-4354-bd7c-3ffae2dbd579 tempest-VolumesActionsTest-613811976 tempest-VolumesActionsTest-613811976-project-member] Using url versioning {{(pid=99850) process_request /opt/stack/glance/glance/api/middleware/version_negotiation.py:57}}
Jul 21 23:14:43.105856 np0000005603 devstack@g-api.service[99850]: DEBUG glance.api.middleware.version_negotiation [None req-4f317fe5-8104-4354-bd7c-3ffae2dbd579 tempest-VolumesActionsTest-613811976 tempest-VolumesActionsTest-613811976-project-member] Matched version: v2 {{(pid=99850) process_request /opt/stack/glance/glance/api/middleware/version_negotiation.py:69}}
Jul 21 23:14:43.105856 np0000005603 devstack@g-api.service[99850]: DEBUG glance.api.middleware.version_negotiation [None req-4f317fe5-8104-4354-bd7c-3ffae2dbd579 tempest-VolumesActionsTest-613811976 tempest-VolumesActionsTest-613811976-project-member] new path /v2/images/808809e2-593c-40cb-97da-79f37de00aec {{(pid=99850) process_request /opt/stack/glance/glance/api/middleware/version_negotiation.py:70}}
Jul 21 23:14:43.120624 np0000005603 devstack@g-api.service[99850]: [pid: 99850|app: 0|req: 62/180] 127.0.0.1 () {40 vars in 838 bytes} [Tue Jul 21 23:14:43 2026] GET /v2/images/808809e2-593c-40cb-97da-79f37de00aec => generated 649 bytes in 15 msecs (HTTP/1.1 200) 4 headers in 157 bytes (1 switches on core 0)
Jul 21 23:14:43.706152 np0000005603 devstack@g-api.service[99849]: DEBUG swiftclient [None req-c7f666ad-a05c-482a-bc7d-62bf69b53172 tempest-VolumesActionsTest-613811976 tempest-VolumesActionsTest-613811976-project-member] REQ: curl -i https://10.4.3.143:8080/v1/AUTH_08b75975560e4a7ea542c53f914a0b93/glance/808809e2-593c-40cb-97da-79f37de00aec-00004 -X PUT -H "X-Auth-Token: gAAAAABqX_1Yo2zb..." {{(pid=99849) http_log /opt/stack/data/venv/lib/python3.12/site-packages/swiftclient/client.py:160}}
Jul 21 23:14:43.706373 np0000005603 devstack@g-api.service[99849]: DEBUG swiftclient [None req-c7f666ad-a05c-482a-bc7d-62bf69b53172 tempest-VolumesActionsTest-613811976 tempest-VolumesActionsTest-613811976-project-member] RESP STATUS: 201 Created {{(pid=99849) http_log /opt/stack/data/venv/lib/python3.12/site-packages/swiftclient/client.py:161}}
Jul 21 23:14:43.707364 np0000005603 devstack@g-api.service[99849]: DEBUG swiftclient [None req-c7f666ad-a05c-482a-bc7d-62bf69b53172 tempest-VolumesActionsTest-613811976 tempest-VolumesActionsTest-613811976-project-member] RESP HEADERS: {'Date': 'Tue, 21 Jul 2026 23:14:43 GMT', 'Server': 'Apache/2.4.58 (Ubuntu)', 'Content-Type': 'text/html; charset=UTF-8', 'Content-Length': '0', 'Etag': 'eda9a9889837ac4bc81d6387d92c1bec', 'Last-Modified': 'Tue, 21 Jul 2026 23:14:42 GMT', 'X-Trans-Id': 'tx5960220fa911431ebff8d-006a5ffd61', 'X-Openstack-Request-Id': 'tx5960220fa911431ebff8d-006a5ffd61', 'Connection': 'close'} {{(pid=99849) http_log /opt/stack/data/venv/lib/python3.12/site-packages/swiftclient/client.py:162}}
Jul 21 23:14:43.707364 np0000005603 devstack@g-api.service[99849]: DEBUG glance_store._drivers.swift.store [None req-c7f666ad-a05c-482a-bc7d-62bf69b53172 tempest-VolumesActionsTest-613811976 tempest-VolumesActionsTest-613811976-project-member] Wrote chunk 808809e2-593c-40cb-97da-79f37de00aec-00004 (4/?) of length 204800000 to Swift returning MD5 of content: eda9a9889837ac4bc81d6387d92c1bec {{(pid=99849) add /opt/stack/data/venv/lib/python3.12/site-packages/glance_store/_drivers/swift/store.py:1059}}
Jul 21 23:14:44.132242 np0000005603 devstack@g-api.service[99851]: DEBUG glance.api.middleware.version_negotiation [None req-4676a0d0-f71f-49ac-b37d-54635e2d07e5 tempest-VolumesActionsTest-613811976 tempest-VolumesActionsTest-613811976-project-member] Determining version of request: GET /v2/images/808809e2-593c-40cb-97da-79f37de00aec Accept: application/json {{(pid=99851) process_request /opt/stack/glance/glance/api/middleware/version_negotiation.py:44}}
Jul 21 23:14:44.134078 np0000005603 devstack@g-api.service[99851]: DEBUG glance.api.middleware.version_negotiation [None req-4676a0d0-f71f-49ac-b37d-54635e2d07e5 tempest-VolumesActionsTest-613811976 tempest-VolumesActionsTest-613811976-project-member] Using url versioning {{(pid=99851) process_request /opt/stack/glance/glance/api/middleware/version_negotiation.py:57}}
Jul 21 23:14:44.134078 np0000005603 devstack@g-api.service[99851]: DEBUG glance.api.middleware.version_negotiation [None req-4676a0d0-f71f-49ac-b37d-54635e2d07e5 tempest-VolumesActionsTest-613811976 tempest-VolumesActionsTest-613811976-project-member] Matched version: v2 {{(pid=99851) process_request /opt/stack/glance/glance/api/middleware/version_negotiation.py:69}}
Jul 21 23:14:44.134078 np0000005603 devstack@g-api.service[99851]: DEBUG glance.api.middleware.version_negotiation [None req-4676a0d0-f71f-49ac-b37d-54635e2d07e5 tempest-VolumesActionsTest-613811976 tempest-VolumesActionsTest-613811976-project-member] new path /v2/images/808809e2-593c-40cb-97da-79f37de00aec {{(pid=99851) process_request /opt/stack/glance/glance/api/middleware/version_negotiation.py:70}}
Jul 21 23:14:44.160100 np0000005603 devstack@g-api.service[99851]: [pid: 99851|app: 0|req: 64/181] 127.0.0.1 () {40 vars in 838 bytes} [Tue Jul 21 23:14:44 2026] GET /v2/images/808809e2-593c-40cb-97da-79f37de00aec => generated 649 bytes in 28 msecs (HTTP/1.1 200) 4 headers in 157 bytes (1 switches on core 0)
Jul 21 23:14:45.170819 np0000005603 devstack@g-api.service[99850]: DEBUG glance.api.middleware.version_negotiation [None req-fc441faa-6a36-43e7-90a6-aa936b4eadd0 tempest-VolumesActionsTest-613811976 tempest-VolumesActionsTest-613811976-project-member] Determining version of request: GET /v2/images/808809e2-593c-40cb-97da-79f37de00aec Accept: application/json {{(pid=99850) process_request /opt/stack/glance/glance/api/middleware/version_negotiation.py:44}}
Jul 21 23:14:45.170819 np0000005603 devstack@g-api.service[99850]: DEBUG glance.api.middleware.version_negotiation [None req-fc441faa-6a36-43e7-90a6-aa936b4eadd0 tempest-VolumesActionsTest-613811976 tempest-VolumesActionsTest-613811976-project-member] Using url versioning {{(pid=99850) process_request /opt/stack/glance/glance/api/middleware/version_negotiation.py:57}}
Jul 21 23:14:45.170819 np0000005603 devstack@g-api.service[99850]: DEBUG glance.api.middleware.version_negotiation [None req-fc441faa-6a36-43e7-90a6-aa936b4eadd0 tempest-VolumesActionsTest-613811976 tempest-VolumesActionsTest-613811976-project-member] Matched version: v2 {{(pid=99850) process_request /opt/stack/glance/glance/api/middleware/version_negotiation.py:69}}
Jul 21 23:14:45.170819 np0000005603 devstack@g-api.service[99850]: DEBUG glance.api.middleware.version_negotiation [None req-fc441faa-6a36-43e7-90a6-aa936b4eadd0 tempest-VolumesActionsTest-613811976 tempest-VolumesActionsTest-613811976-project-member] new path /v2/images/808809e2-593c-40cb-97da-79f37de00aec {{(pid=99850) process_request /opt/stack/glance/glance/api/middleware/version_negotiation.py:70}}
Jul 21 23:14:45.185208 np0000005603 devstack@g-api.service[99850]: [pid: 99850|app: 0|req: 63/182] 127.0.0.1 () {40 vars in 838 bytes} [Tue Jul 21 23:14:45 2026] GET /v2/images/808809e2-593c-40cb-97da-79f37de00aec => generated 649 bytes in 15 msecs (HTTP/1.1 200) 4 headers in 157 bytes (1 switches on core 0)
Jul 21 23:14:46.198873 np0000005603 devstack@g-api.service[99851]: DEBUG glance.api.middleware.version_negotiation [None req-59bca99a-30ef-41fa-9087-ff120ba415e8 tempest-VolumesActionsTest-613811976 tempest-VolumesActionsTest-613811976-project-member] Determining version of request: GET /v2/images/808809e2-593c-40cb-97da-79f37de00aec Accept: application/json {{(pid=99851) process_request /opt/stack/glance/glance/api/middleware/version_negotiation.py:44}}
Jul 21 23:14:46.199189 np0000005603 devstack@g-api.service[99851]: DEBUG glance.api.middleware.version_negotiation [None req-59bca99a-30ef-41fa-9087-ff120ba415e8 tempest-VolumesActionsTest-613811976 tempest-VolumesActionsTest-613811976-project-member] Using url versioning {{(pid=99851) process_request /opt/stack/glance/glance/api/middleware/version_negotiation.py:57}}
Jul 21 23:14:46.199189 np0000005603 devstack@g-api.service[99851]: DEBUG glance.api.middleware.version_negotiation [None req-59bca99a-30ef-41fa-9087-ff120ba415e8 tempest-VolumesActionsTest-613811976 tempest-VolumesActionsTest-613811976-project-member] Matched version: v2 {{(pid=99851) process_request /opt/stack/glance/glance/api/middleware/version_negotiation.py:69}}
Jul 21 23:14:46.199326 np0000005603 devstack@g-api.service[99851]: DEBUG glance.api.middleware.version_negotiation [None req-59bca99a-30ef-41fa-9087-ff120ba415e8 tempest-VolumesActionsTest-613811976 tempest-VolumesActionsTest-613811976-project-member] new path /v2/images/808809e2-593c-40cb-97da-79f37de00aec {{(pid=99851) process_request /opt/stack/glance/glance/api/middleware/version_negotiation.py:70}}
Jul 21 23:14:46.229966 np0000005603 devstack@g-api.service[99851]: [pid: 99851|app: 0|req: 65/183] 127.0.0.1 () {40 vars in 838 bytes} [Tue Jul 21 23:14:46 2026] GET /v2/images/808809e2-593c-40cb-97da-79f37de00aec => generated 649 bytes in 30 msecs (HTTP/1.1 200) 4 headers in 157 bytes (1 switches on core 0)
Jul 21 23:14:46.304390 np0000005603 devstack@g-api.service[99849]: DEBUG swiftclient [None req-c7f666ad-a05c-482a-bc7d-62bf69b53172 tempest-VolumesActionsTest-613811976 tempest-VolumesActionsTest-613811976-project-member] REQ: curl -i https://10.4.3.143:8080/v1/AUTH_08b75975560e4a7ea542c53f914a0b93/glance/808809e2-593c-40cb-97da-79f37de00aec-00005 -X PUT -H "X-Auth-Token: gAAAAABqX_1Yo2zb..." {{(pid=99849) http_log /opt/stack/data/venv/lib/python3.12/site-packages/swiftclient/client.py:160}}
Jul 21 23:14:46.304390 np0000005603 devstack@g-api.service[99849]: DEBUG swiftclient [None req-c7f666ad-a05c-482a-bc7d-62bf69b53172 tempest-VolumesActionsTest-613811976 tempest-VolumesActionsTest-613811976-project-member] RESP STATUS: 201 Created {{(pid=99849) http_log /opt/stack/data/venv/lib/python3.12/site-packages/swiftclient/client.py:161}}
Jul 21 23:14:46.304390 np0000005603 devstack@g-api.service[99849]: DEBUG swiftclient [None req-c7f666ad-a05c-482a-bc7d-62bf69b53172 tempest-VolumesActionsTest-613811976 tempest-VolumesActionsTest-613811976-project-member] RESP HEADERS: {'Date': 'Tue, 21 Jul 2026 23:14:46 GMT', 'Server': 'Apache/2.4.58 (Ubuntu)', 'Content-Type': 'text/html; charset=UTF-8', 'Content-Length': '0', 'Etag': 'eda9a9889837ac4bc81d6387d92c1bec', 'Last-Modified': 'Tue, 21 Jul 2026 23:14:44 GMT', 'X-Trans-Id': 'tx68a0f17e65274cd48830b-006a5ffd63', 'X-Openstack-Request-Id': 'tx68a0f17e65274cd48830b-006a5ffd63', 'Connection': 'close'} {{(pid=99849) http_log /opt/stack/data/venv/lib/python3.12/site-packages/swiftclient/client.py:162}}
Jul 21 23:14:46.304390 np0000005603 devstack@g-api.service[99849]: DEBUG glance_store._drivers.swift.store [None req-c7f666ad-a05c-482a-bc7d-62bf69b53172 tempest-VolumesActionsTest-613811976 tempest-VolumesActionsTest-613811976-project-member] Wrote chunk 808809e2-593c-40cb-97da-79f37de00aec-00005 (5/?) of length 204800000 to Swift returning MD5 of content: eda9a9889837ac4bc81d6387d92c1bec {{(pid=99849) add /opt/stack/data/venv/lib/python3.12/site-packages/glance_store/_drivers/swift/store.py:1059}}
Jul 21 23:14:46.841090 np0000005603 devstack@g-api.service[99849]: DEBUG swiftclient [None req-c7f666ad-a05c-482a-bc7d-62bf69b53172 tempest-VolumesActionsTest-613811976 tempest-VolumesActionsTest-613811976-project-member] REQ: curl -i https://10.4.3.143:8080/v1/AUTH_08b75975560e4a7ea542c53f914a0b93/glance/808809e2-593c-40cb-97da-79f37de00aec-00006 -X PUT -H "X-Auth-Token: gAAAAABqX_1Yo2zb..." {{(pid=99849) http_log /opt/stack/data/venv/lib/python3.12/site-packages/swiftclient/client.py:160}}
Jul 21 23:14:46.841220 np0000005603 devstack@g-api.service[99849]: DEBUG swiftclient [None req-c7f666ad-a05c-482a-bc7d-62bf69b53172 tempest-VolumesActionsTest-613811976 tempest-VolumesActionsTest-613811976-project-member] RESP STATUS: 201 Created {{(pid=99849) http_log /opt/stack/data/venv/lib/python3.12/site-packages/swiftclient/client.py:161}}
Jul 21 23:14:46.841371 np0000005603 devstack@g-api.service[99849]: DEBUG swiftclient [None req-c7f666ad-a05c-482a-bc7d-62bf69b53172 tempest-VolumesActionsTest-613811976 tempest-VolumesActionsTest-613811976-project-member] RESP HEADERS: {'Date': 'Tue, 21 Jul 2026 23:14:46 GMT', 'Server': 'Apache/2.4.58 (Ubuntu)', 'Content-Type': 'text/html; charset=UTF-8', 'Content-Length': '0', 'Etag': '708761f3b8777ec77058e63da08eeeb6', 'Last-Modified': 'Tue, 21 Jul 2026 23:14:47 GMT', 'X-Trans-Id': 'txd78263fd7a744bf3b9183-006a5ffd66', 'X-Openstack-Request-Id': 'txd78263fd7a744bf3b9183-006a5ffd66', 'Connection': 'close'} {{(pid=99849) http_log /opt/stack/data/venv/lib/python3.12/site-packages/swiftclient/client.py:162}}
Jul 21 23:14:46.841519 np0000005603 devstack@g-api.service[99849]: DEBUG glance_store._drivers.swift.store [None req-c7f666ad-a05c-482a-bc7d-62bf69b53172 tempest-VolumesActionsTest-613811976 tempest-VolumesActionsTest-613811976-project-member] Wrote chunk 808809e2-593c-40cb-97da-79f37de00aec-00006 (6/?) of length 49741824 to Swift returning MD5 of content: 708761f3b8777ec77058e63da08eeeb6 {{(pid=99849) add /opt/stack/data/venv/lib/python3.12/site-packages/glance_store/_drivers/swift/store.py:1059}}
Jul 21 23:14:46.841866 np0000005603 devstack@g-api.service[99849]: DEBUG glance_store._drivers.swift.store [None req-c7f666ad-a05c-482a-bc7d-62bf69b53172 tempest-VolumesActionsTest-613811976 tempest-VolumesActionsTest-613811976-project-member] Not writing zero-length chunk. {{(pid=99849) add /opt/stack/data/venv/lib/python3.12/site-packages/glance_store/_drivers/swift/store.py:1028}}
Jul 21 23:14:46.868536 np0000005603 devstack@g-api.service[99849]: DEBUG swiftclient [None req-c7f666ad-a05c-482a-bc7d-62bf69b53172 tempest-VolumesActionsTest-613811976 tempest-VolumesActionsTest-613811976-project-member] REQ: curl -i https://10.4.3.143:8080/v1/AUTH_08b75975560e4a7ea542c53f914a0b93/glance/808809e2-593c-40cb-97da-79f37de00aec -X PUT -H "X-Object-Manifest: glance/808809e2-593c-40cb-97da-79f37de00aec-" -H "X-Auth-Token: gAAAAABqX_1Yo2zb..." -H "Content-Length: 0" {{(pid=99849) http_log /opt/stack/data/venv/lib/python3.12/site-packages/swiftclient/client.py:160}}
Jul 21 23:14:46.868849 np0000005603 devstack@g-api.service[99849]: DEBUG swiftclient [None req-c7f666ad-a05c-482a-bc7d-62bf69b53172 tempest-VolumesActionsTest-613811976 tempest-VolumesActionsTest-613811976-project-member] RESP STATUS: 201 Created {{(pid=99849) http_log /opt/stack/data/venv/lib/python3.12/site-packages/swiftclient/client.py:161}}
Jul 21 23:14:46.868849 np0000005603 devstack@g-api.service[99849]: DEBUG swiftclient [None req-c7f666ad-a05c-482a-bc7d-62bf69b53172 tempest-VolumesActionsTest-613811976 tempest-VolumesActionsTest-613811976-project-member] RESP HEADERS: {'Date': 'Tue, 21 Jul 2026 23:14:46 GMT', 'Server': 'Apache/2.4.58 (Ubuntu)', 'Content-Type': 'text/html; charset=UTF-8', 'Content-Length': '0', 'Etag': 'd41d8cd98f00b204e9800998ecf8427e', 'Last-Modified': 'Tue, 21 Jul 2026 23:14:47 GMT', 'X-Trans-Id': 'tx6d357527cb854f2397b68-006a5ffd66', 'X-Openstack-Request-Id': 'tx6d357527cb854f2397b68-006a5ffd66', 'Connection': 'close'} {{(pid=99849) http_log /opt/stack/data/venv/lib/python3.12/site-packages/swiftclient/client.py:162}}
Jul 21 23:14:46.869816 np0000005603 devstack@g-api.service[99849]: INFO glance.location [None req-c7f666ad-a05c-482a-bc7d-62bf69b53172 tempest-VolumesActionsTest-613811976 tempest-VolumesActionsTest-613811976-project-member] Image format matched and virtual size computed: 1073741824
Jul 21 23:14:46.906027 np0000005603 devstack@g-api.service[99849]: DEBUG glance_store.backend [None req-c7f666ad-a05c-482a-bc7d-62bf69b53172 tempest-VolumesActionsTest-613811976 tempest-VolumesActionsTest-613811976-project-member] Attempting to import store swift {{(pid=99849) _load_store /opt/stack/data/venv/lib/python3.12/site-packages/glance_store/backend.py:215}}
Jul 21 23:14:46.907716 np0000005603 devstack@g-api.service[99849]: DEBUG glance_store.capabilities [None req-c7f666ad-a05c-482a-bc7d-62bf69b53172 tempest-VolumesActionsTest-613811976 tempest-VolumesActionsTest-613811976-project-member] Store glance_store._drivers.swift.store.SingleTenantStore doesn't support updating dynamic storage capabilities. Please overwrite 'update_capabilities' method of the store to implement updating logics if needed. {{(pid=99849) update_capabilities /opt/stack/data/venv/lib/python3.12/site-packages/glance_store/capabilities.py:91}}
Jul 21 23:14:46.907830 np0000005603 devstack@g-api.service[99849]: DEBUG glance_store.driver [None req-c7f666ad-a05c-482a-bc7d-62bf69b53172 tempest-VolumesActionsTest-613811976 tempest-VolumesActionsTest-613811976-project-member] Late loading location class glance_store._drivers.swift.store.StoreLocation {{(pid=99849) get_store_location_class /opt/stack/data/venv/lib/python3.12/site-packages/glance_store/driver.py:134}}
Jul 21 23:14:46.907953 np0000005603 devstack@g-api.service[99849]: DEBUG glance_store.location [None req-c7f666ad-a05c-482a-bc7d-62bf69b53172 tempest-VolumesActionsTest-613811976 tempest-VolumesActionsTest-613811976-project-member] Registering scheme swift+https with {'store': , 'location_class': , 'store_entry': 'swift'} {{(pid=99849) register_scheme_map /opt/stack/data/venv/lib/python3.12/site-packages/glance_store/location.py:146}}
Jul 21 23:14:46.908051 np0000005603 devstack@g-api.service[99849]: DEBUG glance_store.location [None req-c7f666ad-a05c-482a-bc7d-62bf69b53172 tempest-VolumesActionsTest-613811976 tempest-VolumesActionsTest-613811976-project-member] Registering scheme swift+https with {'store': , 'location_class': , 'store_entry': 'swift'} {{(pid=99849) register_scheme_map /opt/stack/data/venv/lib/python3.12/site-packages/glance_store/location.py:146}}
Jul 21 23:14:46.908152 np0000005603 devstack@g-api.service[99849]: DEBUG glance_store.location [None req-c7f666ad-a05c-482a-bc7d-62bf69b53172 tempest-VolumesActionsTest-613811976 tempest-VolumesActionsTest-613811976-project-member] Registering scheme swift with {'store': , 'location_class': , 'store_entry': 'swift'} {{(pid=99849) register_scheme_map /opt/stack/data/venv/lib/python3.12/site-packages/glance_store/location.py:146}}
Jul 21 23:14:46.908240 np0000005603 devstack@g-api.service[99849]: DEBUG glance_store.location [None req-c7f666ad-a05c-482a-bc7d-62bf69b53172 tempest-VolumesActionsTest-613811976 tempest-VolumesActionsTest-613811976-project-member] Registering scheme swift+https with {'store': , 'location_class': , 'store_entry': 'swift'} {{(pid=99849) register_scheme_map /opt/stack/data/venv/lib/python3.12/site-packages/glance_store/location.py:146}}
Jul 21 23:14:46.908365 np0000005603 devstack@g-api.service[99849]: DEBUG glance_store.location [None req-c7f666ad-a05c-482a-bc7d-62bf69b53172 tempest-VolumesActionsTest-613811976 tempest-VolumesActionsTest-613811976-project-member] Registering scheme swift with {'store': , 'location_class': , 'store_entry': 'swift'} {{(pid=99849) register_scheme_map /opt/stack/data/venv/lib/python3.12/site-packages/glance_store/location.py:146}}
Jul 21 23:14:46.908453 np0000005603 devstack@g-api.service[99849]: DEBUG glance_store.location [None req-c7f666ad-a05c-482a-bc7d-62bf69b53172 tempest-VolumesActionsTest-613811976 tempest-VolumesActionsTest-613811976-project-member] Registering scheme swift+http with {'store': , 'location_class': , 'store_entry': 'swift'} {{(pid=99849) register_scheme_map /opt/stack/data/venv/lib/python3.12/site-packages/glance_store/location.py:146}}
Jul 21 23:14:46.908545 np0000005603 devstack@g-api.service[99849]: DEBUG glance_store.location [None req-c7f666ad-a05c-482a-bc7d-62bf69b53172 tempest-VolumesActionsTest-613811976 tempest-VolumesActionsTest-613811976-project-member] Registering scheme swift+https with {'store': , 'location_class': , 'store_entry': 'swift'} {{(pid=99849) register_scheme_map /opt/stack/data/venv/lib/python3.12/site-packages/glance_store/location.py:146}}
