Jul 21 23:10:17.205643 np0000005603 devstack@g-api.service[99850]: DEBUG glance_store.driver [-] Late loading location class glance_store._drivers.swift.store.StoreLocation {{(pid=99850) get_store_location_class /opt/stack/data/venv/lib/python3.12/site-packages/glance_store/driver.py:134}}
Jul 21 23:10:17.205732 np0000005603 devstack@g-api.service[99850]: DEBUG glance_store.location [-] Registering scheme swift+https with {'store': , 'location_class': , 'store_entry': 'swift'} {{(pid=99850) register_scheme_map /opt/stack/data/venv/lib/python3.12/site-packages/glance_store/location.py:146}}
Jul 21 23:10:17.205804 np0000005603 devstack@g-api.service[99850]: DEBUG glance_store.location [-] Registering scheme swift+https with {'store': , 'location_class': , 'store_entry': 'swift'} {{(pid=99850) register_scheme_map /opt/stack/data/venv/lib/python3.12/site-packages/glance_store/location.py:146}}
Jul 21 23:10:17.205887 np0000005603 devstack@g-api.service[99850]: DEBUG glance_store.location [-] Registering scheme swift with {'store': , 'location_class': , 'store_entry': 'swift'} {{(pid=99850) register_scheme_map /opt/stack/data/venv/lib/python3.12/site-packages/glance_store/location.py:146}}
Jul 21 23:10:17.205953 np0000005603 devstack@g-api.service[99850]: DEBUG glance_store.location [-] Registering scheme swift+https with {'store': , 'location_class': , 'store_entry': 'swift'} {{(pid=99850) register_scheme_map /opt/stack/data/venv/lib/python3.12/site-packages/glance_store/location.py:146}}
Jul 21 23:10:17.206029 np0000005603 devstack@g-api.service[99850]: DEBUG glance_store.location [-] Registering scheme swift with {'store': , 'location_class': , 'store_entry': 'swift'} {{(pid=99850) register_scheme_map /opt/stack/data/venv/lib/python3.12/site-packages/glance_store/location.py:146}}
Jul 21 23:10:17.206109 np0000005603 devstack@g-api.service[99850]: DEBUG glance_store.location [-] Registering scheme swift+http with {'store': , 'location_class': , 'store_entry': 'swift'} {{(pid=99850) register_scheme_map /opt/stack/data/venv/lib/python3.12/site-packages/glance_store/location.py:146}}
Jul 21 23:10:17.206162 np0000005603 devstack@g-api.service[99849]: DEBUG glance_store.capabilities [-] Store glance_store._drivers.swift.store.SingleTenantStore doesn't support updating dynamic storage capabilities. Please overwrite 'update_capabilities' method of the store to implement updating logics if needed. {{(pid=99849) update_capabilities /opt/stack/data/venv/lib/python3.12/site-packages/glance_store/capabilities.py:91}}
Jul 21 23:10:17.206205 np0000005603 devstack@g-api.service[99850]: DEBUG glance_store.location [-] Registering scheme swift+https with {'store': , 'location_class': , 'store_entry': 'swift'} {{(pid=99850) register_scheme_map /opt/stack/data/venv/lib/python3.12/site-packages/glance_store/location.py:146}}
Jul 21 23:10:17.206286 np0000005603 devstack@g-api.service[99849]: DEBUG glance_store.driver [-] Late loading location class glance_store._drivers.swift.store.StoreLocation {{(pid=99849) get_store_location_class /opt/stack/data/venv/lib/python3.12/site-packages/glance_store/driver.py:134}}
Jul 21 23:10:17.206346 np0000005603 devstack@g-api.service[99850]: DEBUG glance_store.location [-] Registering scheme swift with {'store': , 'location_class': , 'store_entry': 'swift'} {{(pid=99850) register_scheme_map /opt/stack/data/venv/lib/python3.12/site-packages/glance_store/location.py:146}}
Jul 21 23:10:17.206346 np0000005603 devstack@g-api.service[99850]: DEBUG glance_store.location [-] Registering scheme swift+http with {'store': , 'location_class': , 'store_entry': 'swift'} {{(pid=99850) register_scheme_map /opt/stack/data/venv/lib/python3.12/site-packages/glance_store/location.py:146}}
Jul 21 23:10:17.206427 np0000005603 devstack@g-api.service[99849]: DEBUG glance_store.location [-] Registering scheme swift+https with {'store': , 'location_class': , 'store_entry': 'swift'} {{(pid=99849) register_scheme_map /opt/stack/data/venv/lib/python3.12/site-packages/glance_store/location.py:146}}
Jul 21 23:10:17.206472 np0000005603 devstack@g-api.service[99850]: DEBUG glance_store.location [-] Registering scheme swift+config with {'store': , 'location_class': , 'store_entry': 'swift'} {{(pid=99850) register_scheme_map /opt/stack/data/venv/lib/python3.12/site-packages/glance_store/location.py:146}}
Jul 21 23:10:17.206516 np0000005603 devstack@g-api.service[99849]: DEBUG glance_store.location [-] Registering scheme swift+https with {'store': , 'location_class': , 'store_entry': 'swift'} {{(pid=99849) register_scheme_map /opt/stack/data/venv/lib/python3.12/site-packages/glance_store/location.py:146}}
Jul 21 23:10:17.206516 np0000005603 devstack@g-api.service[99849]: DEBUG glance_store.location [-] Registering scheme swift with {'store': , 'location_class': , 'store_entry': 'swift'} {{(pid=99849) register_scheme_map /opt/stack/data/venv/lib/python3.12/site-packages/glance_store/location.py:146}}
Jul 21 23:10:17.206596 np0000005603 devstack@g-api.service[99849]: DEBUG glance_store.location [-] Registering scheme swift+https with {'store': , 'location_class': , 'store_entry': 'swift'} {{(pid=99849) register_scheme_map /opt/stack/data/venv/lib/python3.12/site-packages/glance_store/location.py:146}}
Jul 21 23:10:17.206639 np0000005603 devstack@g-api.service[99849]: DEBUG glance_store.location [-] Registering scheme swift with {'store': , 'location_class': , 'store_entry': 'swift'} {{(pid=99849) register_scheme_map /opt/stack/data/venv/lib/python3.12/site-packages/glance_store/location.py:146}}
Jul 21 23:10:17.206684 np0000005603 devstack@g-api.service[99850]: DEBUG glance.sqlite_migration [-] SQLite caching database not located, skipping migration {{(pid=99850) get_db_path /opt/stack/glance/glance/sqlite_migration.py:68}}
Jul 21 23:10:17.206726 np0000005603 devstack@g-api.service[99849]: DEBUG glance_store.location [-] Registering scheme swift+http with {'store': , 'location_class': , 'store_entry': 'swift'} {{(pid=99849) register_scheme_map /opt/stack/data/venv/lib/python3.12/site-packages/glance_store/location.py:146}}
Jul 21 23:10:17.207207 np0000005603 devstack@g-api.service[99849]: DEBUG glance_store.location [-] Registering scheme swift+https with {'store': , 'location_class': , 'store_entry': 'swift'} {{(pid=99849) register_scheme_map /opt/stack/data/venv/lib/python3.12/site-packages/glance_store/location.py:146}}
Jul 21 23:10:17.207207 np0000005603 devstack@g-api.service[99849]: DEBUG glance_store.location [-] Registering scheme swift with {'store': , 'location_class': , 'store_entry': 'swift'} {{(pid=99849) register_scheme_map /opt/stack/data/venv/lib/python3.12/site-packages/glance_store/location.py:146}}
Jul 21 23:10:17.207309 np0000005603 devstack@g-api.service[99850]: WARNING glance.common.wsgi_app [-] Import methods are enabled but staging directory /tmp/staging/ does not exist; Imports will fail!
Jul 21 23:10:17.207380 np0000005603 devstack@g-api.service[99849]: DEBUG glance_store.location [-] Registering scheme swift+http with {'store': , 'location_class': , 'store_entry': 'swift'} {{(pid=99849) register_scheme_map /opt/stack/data/venv/lib/python3.12/site-packages/glance_store/location.py:146}}
Jul 21 23:10:17.207380 np0000005603 devstack@g-api.service[99849]: DEBUG glance_store.location [-] Registering scheme swift+config with {'store': , 'location_class': , 'store_entry': 'swift'} {{(pid=99849) register_scheme_map /opt/stack/data/venv/lib/python3.12/site-packages/glance_store/location.py:146}}
Jul 21 23:10:17.207380 np0000005603 devstack@g-api.service[99849]: DEBUG glance.sqlite_migration [-] SQLite caching database not located, skipping migration {{(pid=99849) get_db_path /opt/stack/glance/glance/sqlite_migration.py:68}}
Jul 21 23:10:17.207625 np0000005603 devstack@g-api.service[99849]: WARNING glance.common.wsgi_app [-] Import methods are enabled but staging directory /tmp/staging/ does not exist; Imports will fail!
Jul 21 23:10:17.340774 np0000005603 devstack@g-api.service[99851]: DEBUG glance.common.config [None req-743409fc-ff1c-48ff-a7d1-447f6a83575b None None] Loading glance-api-keystone+cachemanagement from /etc/glance/glance-api-paste.ini {{(pid=99851) load_paste_app /opt/stack/glance/glance/common/config.py:765}}
Jul 21 23:10:17.342080 np0000005603 devstack@g-api.service[99849]: DEBUG glance.common.config [None req-955ee8cb-28fb-4442-b8ae-8df76df59bf3 None None] Loading glance-api-keystone+cachemanagement from /etc/glance/glance-api-paste.ini {{(pid=99849) load_paste_app /opt/stack/glance/glance/common/config.py:765}}
Jul 21 23:10:17.372296 np0000005603 devstack@g-api.service[99850]: DEBUG glance.common.config [None req-85a41b03-7f0c-49b3-9d25-cd5dbf2238b2 None None] Loading glance-api-keystone+cachemanagement from /etc/glance/glance-api-paste.ini {{(pid=99850) load_paste_app /opt/stack/glance/glance/common/config.py:765}}
Jul 21 23:10:17.955800 np0000005603 devstack@g-api.service[99851]: INFO glance.image_cache [None req-743409fc-ff1c-48ff-a7d1-447f6a83575b None None] Image cache loaded driver 'centralized_db'.
Jul 21 23:10:17.956515 np0000005603 devstack@g-api.service[99850]: INFO glance.image_cache [None req-85a41b03-7f0c-49b3-9d25-cd5dbf2238b2 None None] Image cache loaded driver 'centralized_db'.
Jul 21 23:10:17.980908 np0000005603 devstack@g-api.service[99849]: INFO glance.image_cache [None req-955ee8cb-28fb-4442-b8ae-8df76df59bf3 None None] Image cache loaded driver 'centralized_db'.
Jul 21 23:10:18.001817 np0000005603 devstack@g-api.service[99851]: INFO dbcounter [None req-743409fc-ff1c-48ff-a7d1-447f6a83575b None None] Registered counter for database glance
Jul 21 23:10:18.007028 np0000005603 devstack@g-api.service[99850]: INFO dbcounter [None req-85a41b03-7f0c-49b3-9d25-cd5dbf2238b2 None None] Registered counter for database glance
Jul 21 23:10:18.025526 np0000005603 devstack@g-api.service[99849]: INFO dbcounter [None req-955ee8cb-28fb-4442-b8ae-8df76df59bf3 None None] Registered counter for database glance
Jul 21 23:10:18.039412 np0000005603 devstack@g-api.service[99851]: DEBUG oslo_db.sqlalchemy.engines [None req-743409fc-ff1c-48ff-a7d1-447f6a83575b None None] MySQL server mode set to STRICT_TRANS_TABLES,STRICT_ALL_TABLES,NO_ZERO_IN_DATE,NO_ZERO_DATE,ERROR_FOR_DIVISION_BY_ZERO,TRADITIONAL,NO_ENGINE_SUBSTITUTION {{(pid=99851) _check_effective_sql_mode /opt/stack/data/venv/lib/python3.12/site-packages/oslo_db/sqlalchemy/engines.py:325}}
Jul 21 23:10:18.043038 np0000005603 devstack@g-api.service[99850]: DEBUG oslo_db.sqlalchemy.engines [None req-85a41b03-7f0c-49b3-9d25-cd5dbf2238b2 None None] MySQL server mode set to STRICT_TRANS_TABLES,STRICT_ALL_TABLES,NO_ZERO_IN_DATE,NO_ZERO_DATE,ERROR_FOR_DIVISION_BY_ZERO,TRADITIONAL,NO_ENGINE_SUBSTITUTION {{(pid=99850) _check_effective_sql_mode /opt/stack/data/venv/lib/python3.12/site-packages/oslo_db/sqlalchemy/engines.py:325}}
Jul 21 23:10:18.060055 np0000005603 devstack@g-api.service[99851]: DEBUG dbcounter [-] [99851] Writer thread running {{(pid=99851) stat_writer /opt/stack/data/venv/lib/python3.12/site-packages/dbcounter.py:102}}
Jul 21 23:10:18.062982 np0000005603 devstack@g-api.service[99849]: DEBUG oslo_db.sqlalchemy.engines [None req-955ee8cb-28fb-4442-b8ae-8df76df59bf3 None None] MySQL server mode set to STRICT_TRANS_TABLES,STRICT_ALL_TABLES,NO_ZERO_IN_DATE,NO_ZERO_DATE,ERROR_FOR_DIVISION_BY_ZERO,TRADITIONAL,NO_ENGINE_SUBSTITUTION {{(pid=99849) _check_effective_sql_mode /opt/stack/data/venv/lib/python3.12/site-packages/oslo_db/sqlalchemy/engines.py:325}}
Jul 21 23:10:18.063882 np0000005603 devstack@g-api.service[99850]: DEBUG dbcounter [-] [99850] Writer thread running {{(pid=99850) stat_writer /opt/stack/data/venv/lib/python3.12/site-packages/dbcounter.py:102}}
Jul 21 23:10:18.066151 np0000005603 devstack@g-api.service[99850]: DEBUG glance.image_cache.drivers.centralized_db [None req-85a41b03-7f0c-49b3-9d25-cd5dbf2238b2 None None] Node reference is already recorded, ignoring it {{(pid=99850) configure /opt/stack/glance/glance/image_cache/drivers/centralized_db.py:71}}
Jul 21 23:10:18.074983 np0000005603 devstack@g-api.service[99850]: INFO glance.image_cache [None req-85a41b03-7f0c-49b3-9d25-cd5dbf2238b2 None None] Image cache loaded driver 'centralized_db'.
Jul 21 23:10:18.083017 np0000005603 devstack@g-api.service[99849]: DEBUG dbcounter [-] [99849] Writer thread running {{(pid=99849) stat_writer /opt/stack/data/venv/lib/python3.12/site-packages/dbcounter.py:102}}
Jul 21 23:10:18.085619 np0000005603 devstack@g-api.service[99849]: DEBUG glance.image_cache.drivers.centralized_db [None req-955ee8cb-28fb-4442-b8ae-8df76df59bf3 None None] Node reference is already recorded, ignoring it {{(pid=99849) configure /opt/stack/glance/glance/image_cache/drivers/centralized_db.py:71}}
Jul 21 23:10:18.159525 np0000005603 devstack@g-api.service[99851]: INFO glance.image_cache [None req-743409fc-ff1c-48ff-a7d1-447f6a83575b None None] Image cache loaded driver 'centralized_db'.
Jul 21 23:10:18.166511 np0000005603 devstack@g-api.service[99851]: DEBUG glance.image_cache.drivers.centralized_db [None req-743409fc-ff1c-48ff-a7d1-447f6a83575b None None] Node reference is already recorded, ignoring it {{(pid=99851) configure /opt/stack/glance/glance/image_cache/drivers/centralized_db.py:71}}
Jul 21 23:10:18.171725 np0000005603 devstack@g-api.service[99850]: DEBUG glance.image_cache.drivers.centralized_db [None req-85a41b03-7f0c-49b3-9d25-cd5dbf2238b2 None None] Node reference is already recorded, ignoring it {{(pid=99850) configure /opt/stack/glance/glance/image_cache/drivers/centralized_db.py:71}}
Jul 21 23:10:18.171834 np0000005603 devstack@g-api.service[99851]: DEBUG glance.api.v2.cached_images [None req-743409fc-ff1c-48ff-a7d1-447f6a83575b None None] Started cache worker thread {{(pid=99851) __init__ /opt/stack/glance/glance/api/v2/cached_images.py:71}}
Jul 21 23:10:18.172603 np0000005603 devstack@g-api.service[99851]: INFO glance.image_cache [None req-743409fc-ff1c-48ff-a7d1-447f6a83575b None None] Image cache loaded driver 'centralized_db'.
Jul 21 23:10:18.176926 np0000005603 devstack@g-api.service[99850]: DEBUG glance.api.v2.cached_images [None req-85a41b03-7f0c-49b3-9d25-cd5dbf2238b2 None None] Started cache worker thread {{(pid=99850) __init__ /opt/stack/glance/glance/api/v2/cached_images.py:71}}
Jul 21 23:10:18.177834 np0000005603 devstack@g-api.service[99850]: INFO glance.image_cache [None req-85a41b03-7f0c-49b3-9d25-cd5dbf2238b2 None None] Image cache loaded driver 'centralized_db'.
Jul 21 23:10:18.179087 np0000005603 devstack@g-api.service[99851]: DEBUG glance.image_cache.drivers.centralized_db [None req-743409fc-ff1c-48ff-a7d1-447f6a83575b None None] Node reference is already recorded, ignoring it {{(pid=99851) configure /opt/stack/glance/glance/image_cache/drivers/centralized_db.py:71}}
Jul 21 23:10:18.179856 np0000005603 devstack@g-api.service[99849]: INFO glance.image_cache [None req-955ee8cb-28fb-4442-b8ae-8df76df59bf3 None None] Image cache loaded driver 'centralized_db'.
Jul 21 23:10:18.183867 np0000005603 devstack@g-api.service[99851]: INFO glance.api.middleware.cache_manage [None req-743409fc-ff1c-48ff-a7d1-447f6a83575b None None] Initialized image cache management middleware
Jul 21 23:10:18.184008 np0000005603 devstack@g-api.service[99851]: INFO glance.image_cache [None req-743409fc-ff1c-48ff-a7d1-447f6a83575b None None] Image cache loaded driver 'centralized_db'.
Jul 21 23:10:18.184531 np0000005603 devstack@g-api.service[99850]: DEBUG glance.image_cache.drivers.centralized_db [None req-85a41b03-7f0c-49b3-9d25-cd5dbf2238b2 None None] Node reference is already recorded, ignoring it {{(pid=99850) configure /opt/stack/glance/glance/image_cache/drivers/centralized_db.py:71}}
Jul 21 23:10:18.186460 np0000005603 devstack@g-api.service[99849]: DEBUG glance.image_cache.drivers.centralized_db [None req-955ee8cb-28fb-4442-b8ae-8df76df59bf3 None None] Node reference is already recorded, ignoring it {{(pid=99849) configure /opt/stack/glance/glance/image_cache/drivers/centralized_db.py:71}}
Jul 21 23:10:18.189889 np0000005603 devstack@g-api.service[99851]: DEBUG glance.image_cache.drivers.centralized_db [None req-743409fc-ff1c-48ff-a7d1-447f6a83575b None None] Node reference is already recorded, ignoring it {{(pid=99851) configure /opt/stack/glance/glance/image_cache/drivers/centralized_db.py:71}}
Jul 21 23:10:18.190093 np0000005603 devstack@g-api.service[99850]: INFO glance.api.middleware.cache_manage [None req-85a41b03-7f0c-49b3-9d25-cd5dbf2238b2 None None] Initialized image cache management middleware
Jul 21 23:10:18.190232 np0000005603 devstack@g-api.service[99850]: INFO glance.image_cache [None req-85a41b03-7f0c-49b3-9d25-cd5dbf2238b2 None None] Image cache loaded driver 'centralized_db'.
Jul 21 23:10:18.191087 np0000005603 devstack@g-api.service[99849]: DEBUG glance.api.v2.cached_images [None req-955ee8cb-28fb-4442-b8ae-8df76df59bf3 None None] Started cache worker thread {{(pid=99849) __init__ /opt/stack/glance/glance/api/v2/cached_images.py:71}}
Jul 21 23:10:18.191864 np0000005603 devstack@g-api.service[99849]: INFO glance.image_cache [None req-955ee8cb-28fb-4442-b8ae-8df76df59bf3 None None] Image cache loaded driver 'centralized_db'.
Jul 21 23:10:18.194060 np0000005603 devstack@g-api.service[99851]: INFO glance.api.middleware.cache [None req-743409fc-ff1c-48ff-a7d1-447f6a83575b None None] Initialized image cache middleware
Jul 21 23:10:18.196001 np0000005603 devstack@g-api.service[99850]: DEBUG glance.image_cache.drivers.centralized_db [None req-85a41b03-7f0c-49b3-9d25-cd5dbf2238b2 None None] Node reference is already recorded, ignoring it {{(pid=99850) configure /opt/stack/glance/glance/image_cache/drivers/centralized_db.py:71}}
Jul 21 23:10:18.198140 np0000005603 devstack@g-api.service[99849]: DEBUG glance.image_cache.drivers.centralized_db [None req-955ee8cb-28fb-4442-b8ae-8df76df59bf3 None None] Node reference is already recorded, ignoring it {{(pid=99849) configure /opt/stack/glance/glance/image_cache/drivers/centralized_db.py:71}}
Jul 21 23:10:18.199653 np0000005603 devstack@g-api.service[99850]: INFO glance.api.middleware.cache [None req-85a41b03-7f0c-49b3-9d25-cd5dbf2238b2 None None] Initialized image cache middleware
Jul 21 23:10:18.202564 np0000005603 devstack@g-api.service[99849]: INFO glance.api.middleware.cache_manage [None req-955ee8cb-28fb-4442-b8ae-8df76df59bf3 None None] Initialized image cache management middleware
Jul 21 23:10:18.202696 np0000005603 devstack@g-api.service[99849]: INFO glance.image_cache [None req-955ee8cb-28fb-4442-b8ae-8df76df59bf3 None None] Image cache loaded driver 'centralized_db'.
Jul 21 23:10:18.204146 np0000005603 devstack@g-api.service[99851]: DEBUG glance.common.config [None req-743409fc-ff1c-48ff-a7d1-447f6a83575b None None] ******************************************************************************** {{(pid=99851) log_opt_values /opt/stack/data/venv/lib/python3.12/site-packages/oslo_config/cfg.py:3226}}
Jul 21 23:10:18.204229 np0000005603 devstack@g-api.service[99851]: DEBUG glance.common.config [None req-743409fc-ff1c-48ff-a7d1-447f6a83575b None None] Configuration options gathered from: {{(pid=99851) log_opt_values /opt/stack/data/venv/lib/python3.12/site-packages/oslo_config/cfg.py:3227}}
Jul 21 23:10:18.204554 np0000005603 devstack@g-api.service[99851]: DEBUG glance.common.config [None req-743409fc-ff1c-48ff-a7d1-447f6a83575b None None] command line args: [] {{(pid=99851) log_opt_values /opt/stack/data/venv/lib/python3.12/site-packages/oslo_config/cfg.py:3228}}
Jul 21 23:10:18.204714 np0000005603 devstack@g-api.service[99851]: DEBUG glance.common.config [None req-743409fc-ff1c-48ff-a7d1-447f6a83575b None None] config files: ['/etc/glance/glance-image-import.conf', '/etc/glance/glance-api.conf'] {{(pid=99851) log_opt_values /opt/stack/data/venv/lib/python3.12/site-packages/oslo_config/cfg.py:3229}}
Jul 21 23:10:18.204773 np0000005603 devstack@g-api.service[99851]: DEBUG glance.common.config [None req-743409fc-ff1c-48ff-a7d1-447f6a83575b None None] ================================================================================ {{(pid=99851) log_opt_values /opt/stack/data/venv/lib/python3.12/site-packages/oslo_config/cfg.py:3234}}
Jul 21 23:10:18.204897 np0000005603 devstack@g-api.service[99851]: DEBUG glance.common.config [None req-743409fc-ff1c-48ff-a7d1-447f6a83575b None None] allow_anonymous_access = False {{(pid=99851) log_opt_values /opt/stack/data/venv/lib/python3.12/site-packages/oslo_config/cfg.py:3242}}
Jul 21 23:10:18.204998 np0000005603 devstack@g-api.service[99851]: DEBUG glance.common.config [None req-743409fc-ff1c-48ff-a7d1-447f6a83575b None None] api_limit_max = 1000 {{(pid=99851) log_opt_values /opt/stack/data/venv/lib/python3.12/site-packages/oslo_config/cfg.py:3242}}
Jul 21 23:10:18.205116 np0000005603 devstack@g-api.service[99851]: DEBUG glance.common.config [None req-743409fc-ff1c-48ff-a7d1-447f6a83575b None None] config_dir = [] {{(pid=99851) log_opt_values /opt/stack/data/venv/lib/python3.12/site-packages/oslo_config/cfg.py:3242}}
Jul 21 23:10:18.205207 np0000005603 devstack@g-api.service[99851]: DEBUG glance.common.config [None req-743409fc-ff1c-48ff-a7d1-447f6a83575b None None] config_file = ['/etc/glance/glance-image-import.conf', '/etc/glance/glance-api.conf'] {{(pid=99851) log_opt_values /opt/stack/data/venv/lib/python3.12/site-packages/oslo_config/cfg.py:3242}}
Jul 21 23:10:18.205319 np0000005603 devstack@g-api.service[99851]: DEBUG glance.common.config [None req-743409fc-ff1c-48ff-a7d1-447f6a83575b None None] config_source = [] {{(pid=99851) log_opt_values /opt/stack/data/venv/lib/python3.12/site-packages/oslo_config/cfg.py:3242}}
Jul 21 23:10:18.205435 np0000005603 devstack@g-api.service[99851]: DEBUG glance.common.config [None req-743409fc-ff1c-48ff-a7d1-447f6a83575b None None] control_exchange = glance {{(pid=99851) log_opt_values /opt/stack/data/venv/lib/python3.12/site-packages/oslo_config/cfg.py:3242}}
Jul 21 23:10:18.205502 np0000005603 devstack@g-api.service[99851]: DEBUG glance.common.config [None req-743409fc-ff1c-48ff-a7d1-447f6a83575b None None] debug = True {{(pid=99851) log_opt_values /opt/stack/data/venv/lib/python3.12/site-packages/oslo_config/cfg.py:3242}}
Jul 21 23:10:18.205661 np0000005603 devstack@g-api.service[99851]: DEBUG glance.common.config [None req-743409fc-ff1c-48ff-a7d1-447f6a83575b None None] default_log_levels = ['amqp=WARN', 'boto=WARN', 'sqlalchemy=WARN', 'suds=INFO', 'oslo.messaging=INFO', 'oslo_messaging=INFO', 'iso8601=WARN', 'requests.packages.urllib3.connectionpool=WARN', 'urllib3.connectionpool=WARN', 'websocket=WARN', 'requests.packages.urllib3.util.retry=WARN', 'urllib3.util.retry=WARN', 'keystonemiddleware=WARN', 'routes.middleware=WARN', 'stevedore=WARN', 'taskflow=WARN', 'keystoneauth=WARN', 'oslo.cache=INFO', 'oslo_policy=INFO', 'dogpile.core.dogpile=INFO'] {{(pid=99851) log_opt_values /opt/stack/data/venv/lib/python3.12/site-packages/oslo_config/cfg.py:3242}}
Jul 21 23:10:18.205768 np0000005603 devstack@g-api.service[99851]: DEBUG glance.common.config [None req-743409fc-ff1c-48ff-a7d1-447f6a83575b None None] default_publisher_id = image.localhost {{(pid=99851) log_opt_values /opt/stack/data/venv/lib/python3.12/site-packages/oslo_config/cfg.py:3242}}
Jul 21 23:10:18.205855 np0000005603 devstack@g-api.service[99851]: DEBUG glance.common.config [None req-743409fc-ff1c-48ff-a7d1-447f6a83575b None None] delayed_delete = False {{(pid=99851) log_opt_values /opt/stack/data/venv/lib/python3.12/site-packages/oslo_config/cfg.py:3242}}
Jul 21 23:10:18.205950 np0000005603 devstack@g-api.service[99851]: DEBUG glance.common.config [None req-743409fc-ff1c-48ff-a7d1-447f6a83575b None None] digest_algorithm = sha256 {{(pid=99851) log_opt_values /opt/stack/data/venv/lib/python3.12/site-packages/oslo_config/cfg.py:3242}}
Jul 21 23:10:18.206038 np0000005603 devstack@g-api.service[99851]: DEBUG glance.common.config [None req-743409fc-ff1c-48ff-a7d1-447f6a83575b None None] disabled_notifications = [] {{(pid=99851) log_opt_values /opt/stack/data/venv/lib/python3.12/site-packages/oslo_config/cfg.py:3242}}
Jul 21 23:10:18.206121 np0000005603 devstack@g-api.service[99851]: DEBUG glance.common.config [None req-743409fc-ff1c-48ff-a7d1-447f6a83575b None None] do_secure_hash = True {{(pid=99851) log_opt_values /opt/stack/data/venv/lib/python3.12/site-packages/oslo_config/cfg.py:3242}}
Jul 21 23:10:18.206207 np0000005603 devstack@g-api.service[99851]: DEBUG glance.common.config [None req-743409fc-ff1c-48ff-a7d1-447f6a83575b None None] enabled_backends = None {{(pid=99851) log_opt_values /opt/stack/data/venv/lib/python3.12/site-packages/oslo_config/cfg.py:3242}}
Jul 21 23:10:18.206352 np0000005603 devstack@g-api.service[99851]: DEBUG glance.common.config [None req-743409fc-ff1c-48ff-a7d1-447f6a83575b None None] enabled_import_methods = ['glance-direct', 'web-download', 'copy-image'] {{(pid=99851) log_opt_values /opt/stack/data/venv/lib/python3.12/site-packages/oslo_config/cfg.py:3242}}
Jul 21 23:10:18.206447 np0000005603 devstack@g-api.service[99851]: DEBUG glance.common.config [None req-743409fc-ff1c-48ff-a7d1-447f6a83575b None None] fatal_deprecations = False {{(pid=99851) log_opt_values /opt/stack/data/venv/lib/python3.12/site-packages/oslo_config/cfg.py:3242}}
Jul 21 23:10:18.206538 np0000005603 devstack@g-api.service[99851]: DEBUG glance.common.config [None req-743409fc-ff1c-48ff-a7d1-447f6a83575b None None] hashing_algorithm = sha512 {{(pid=99851) log_opt_values /opt/stack/data/venv/lib/python3.12/site-packages/oslo_config/cfg.py:3242}}
Jul 21 23:10:18.206626 np0000005603 devstack@g-api.service[99851]: DEBUG glance.common.config [None req-743409fc-ff1c-48ff-a7d1-447f6a83575b None None] http_retries = 3 {{(pid=99851) log_opt_values /opt/stack/data/venv/lib/python3.12/site-packages/oslo_config/cfg.py:3242}}
Jul 21 23:10:18.206718 np0000005603 devstack@g-api.service[99851]: DEBUG glance.common.config [None req-743409fc-ff1c-48ff-a7d1-447f6a83575b None None] image_cache_dir = /opt/stack/data/glance/cache/ {{(pid=99851) log_opt_values /opt/stack/data/venv/lib/python3.12/site-packages/oslo_config/cfg.py:3242}}
Jul 21 23:10:18.206833 np0000005603 devstack@g-api.service[99851]: DEBUG glance.common.config [None req-743409fc-ff1c-48ff-a7d1-447f6a83575b None None] image_cache_driver = centralized_db {{(pid=99851) log_opt_values /opt/stack/data/venv/lib/python3.12/site-packages/oslo_config/cfg.py:3242}}
Jul 21 23:10:18.206938 np0000005603 devstack@g-api.service[99851]: DEBUG glance.common.config [None req-743409fc-ff1c-48ff-a7d1-447f6a83575b None None] image_cache_max_size = 10737418240 {{(pid=99851) log_opt_values /opt/stack/data/venv/lib/python3.12/site-packages/oslo_config/cfg.py:3242}}
Jul 21 23:10:18.207058 np0000005603 devstack@g-api.service[99851]: DEBUG glance.common.config [None req-743409fc-ff1c-48ff-a7d1-447f6a83575b None None] image_cache_sqlite_db = cache.db {{(pid=99851) log_opt_values /opt/stack/data/venv/lib/python3.12/site-packages/oslo_config/cfg.py:3242}}
Jul 21 23:10:18.207167 np0000005603 devstack@g-api.service[99851]: DEBUG glance.common.config [None req-743409fc-ff1c-48ff-a7d1-447f6a83575b None None] image_cache_stall_time = 86400 {{(pid=99851) log_opt_values /opt/stack/data/venv/lib/python3.12/site-packages/oslo_config/cfg.py:3242}}
Jul 21 23:10:18.207300 np0000005603 devstack@g-api.service[99851]: DEBUG glance.common.config [None req-743409fc-ff1c-48ff-a7d1-447f6a83575b None None] image_location_quota = 10 {{(pid=99851) log_opt_values /opt/stack/data/venv/lib/python3.12/site-packages/oslo_config/cfg.py:3242}}
Jul 21 23:10:18.207432 np0000005603 devstack@g-api.service[99851]: DEBUG glance.common.config [None req-743409fc-ff1c-48ff-a7d1-447f6a83575b None None] image_member_quota = 128 {{(pid=99851) log_opt_values /opt/stack/data/venv/lib/python3.12/site-packages/oslo_config/cfg.py:3242}}
Jul 21 23:10:18.207548 np0000005603 devstack@g-api.service[99851]: DEBUG glance.common.config [None req-743409fc-ff1c-48ff-a7d1-447f6a83575b None None] image_property_quota = 128 {{(pid=99851) log_opt_values /opt/stack/data/venv/lib/python3.12/site-packages/oslo_config/cfg.py:3242}}
Jul 21 23:10:18.207697 np0000005603 devstack@g-api.service[99851]: DEBUG glance.common.config [None req-743409fc-ff1c-48ff-a7d1-447f6a83575b None None] image_size_cap = 1099511627776 {{(pid=99851) log_opt_values /opt/stack/data/venv/lib/python3.12/site-packages/oslo_config/cfg.py:3242}}
Jul 21 23:10:18.207810 np0000005603 devstack@g-api.service[99851]: DEBUG glance.common.config [None req-743409fc-ff1c-48ff-a7d1-447f6a83575b None None] image_tag_quota = 128 {{(pid=99851) log_opt_values /opt/stack/data/venv/lib/python3.12/site-packages/oslo_config/cfg.py:3242}}
Jul 21 23:10:18.207904 np0000005603 devstack@g-api.service[99851]: DEBUG glance.common.config [None req-743409fc-ff1c-48ff-a7d1-447f6a83575b None None] instance_format = [instance: %(uuid)s] {{(pid=99851) log_opt_values /opt/stack/data/venv/lib/python3.12/site-packages/oslo_config/cfg.py:3242}}
Jul 21 23:10:18.207992 np0000005603 devstack@g-api.service[99851]: DEBUG glance.common.config [None req-743409fc-ff1c-48ff-a7d1-447f6a83575b None None] instance_uuid_format = [instance: %(uuid)s] {{(pid=99851) log_opt_values /opt/stack/data/venv/lib/python3.12/site-packages/oslo_config/cfg.py:3242}}
Jul 21 23:10:18.208081 np0000005603 devstack@g-api.service[99851]: DEBUG glance.common.config [None req-743409fc-ff1c-48ff-a7d1-447f6a83575b None None] limit_param_default = 25 {{(pid=99851) log_opt_values /opt/stack/data/venv/lib/python3.12/site-packages/oslo_config/cfg.py:3242}}
Jul 21 23:10:18.208174 np0000005603 devstack@g-api.service[99851]: DEBUG glance.common.config [None req-743409fc-ff1c-48ff-a7d1-447f6a83575b None None] log_color = False {{(pid=99851) log_opt_values /opt/stack/data/venv/lib/python3.12/site-packages/oslo_config/cfg.py:3242}}
Jul 21 23:10:18.208284 np0000005603 devstack@g-api.service[99851]: DEBUG glance.common.config [None req-743409fc-ff1c-48ff-a7d1-447f6a83575b None None] log_config_append = None {{(pid=99851) log_opt_values /opt/stack/data/venv/lib/python3.12/site-packages/oslo_config/cfg.py:3242}}
Jul 21 23:10:18.208387 np0000005603 devstack@g-api.service[99849]: DEBUG glance.image_cache.drivers.centralized_db [None req-955ee8cb-28fb-4442-b8ae-8df76df59bf3 None None] Node reference is already recorded, ignoring it {{(pid=99849) configure /opt/stack/glance/glance/image_cache/drivers/centralized_db.py:71}}
Jul 21 23:10:18.208433 np0000005603 devstack@g-api.service[99851]: DEBUG glance.common.config [None req-743409fc-ff1c-48ff-a7d1-447f6a83575b None None] log_date_format = %Y-%m-%d %H:%M:%S {{(pid=99851) log_opt_values /opt/stack/data/venv/lib/python3.12/site-packages/oslo_config/cfg.py:3242}}
Jul 21 23:10:18.208480 np0000005603 devstack@g-api.service[99851]: DEBUG glance.common.config [None req-743409fc-ff1c-48ff-a7d1-447f6a83575b None None] log_dir = None {{(pid=99851) log_opt_values /opt/stack/data/venv/lib/python3.12/site-packages/oslo_config/cfg.py:3242}}
Jul 21 23:10:18.208563 np0000005603 devstack@g-api.service[99851]: DEBUG glance.common.config [None req-743409fc-ff1c-48ff-a7d1-447f6a83575b None None] log_file = None {{(pid=99851) log_opt_values /opt/stack/data/venv/lib/python3.12/site-packages/oslo_config/cfg.py:3242}}
Jul 21 23:10:18.208653 np0000005603 devstack@g-api.service[99851]: DEBUG glance.common.config [None req-743409fc-ff1c-48ff-a7d1-447f6a83575b None None] log_rotate_interval = 1 {{(pid=99851) log_opt_values /opt/stack/data/venv/lib/python3.12/site-packages/oslo_config/cfg.py:3242}}
Jul 21 23:10:18.208741 np0000005603 devstack@g-api.service[99851]: DEBUG glance.common.config [None req-743409fc-ff1c-48ff-a7d1-447f6a83575b None None] log_rotate_interval_type = days {{(pid=99851) log_opt_values /opt/stack/data/venv/lib/python3.12/site-packages/oslo_config/cfg.py:3242}}
Jul 21 23:10:18.208830 np0000005603 devstack@g-api.service[99851]: DEBUG glance.common.config [None req-743409fc-ff1c-48ff-a7d1-447f6a83575b None None] log_rotation_type = none {{(pid=99851) log_opt_values /opt/stack/data/venv/lib/python3.12/site-packages/oslo_config/cfg.py:3242}}
Jul 21 23:10:18.208893 np0000005603 devstack@g-api.service[99851]: DEBUG glance.common.config [None req-743409fc-ff1c-48ff-a7d1-447f6a83575b None None] logging_context_format_string = %(color)s%(levelname)s %(name)s [%(global_request_id)s %(request_id)s %(project_name)s %(user_name)s%(color)s] %(instance)s%(color)s%(message)s {{(pid=99851) log_opt_values /opt/stack/data/venv/lib/python3.12/site-packages/oslo_config/cfg.py:3242}}
Jul 21 23:10:18.208951 np0000005603 devstack@g-api.service[99851]: DEBUG glance.common.config [None req-743409fc-ff1c-48ff-a7d1-447f6a83575b None None] logging_debug_format_suffix = {{(pid=%(process)d) %(funcName)s %(pathname)s:%(lineno)d}} {{(pid=99851) log_opt_values /opt/stack/data/venv/lib/python3.12/site-packages/oslo_config/cfg.py:3242}}
Jul 21 23:10:18.209049 np0000005603 devstack@g-api.service[99851]: DEBUG glance.common.config [None req-743409fc-ff1c-48ff-a7d1-447f6a83575b None None] logging_default_format_string = %(color)s%(levelname)s %(name)s [-%(color)s] %(instance)s%(color)s%(message)s {{(pid=99851) log_opt_values /opt/stack/data/venv/lib/python3.12/site-packages/oslo_config/cfg.py:3242}}
Jul 21 23:10:18.209137 np0000005603 devstack@g-api.service[99851]: DEBUG glance.common.config [None req-743409fc-ff1c-48ff-a7d1-447f6a83575b None None] logging_exception_prefix = ERROR %(name)s %(instance)s {{(pid=99851) log_opt_values /opt/stack/data/venv/lib/python3.12/site-packages/oslo_config/cfg.py:3242}}
Jul 21 23:10:18.209194 np0000005603 devstack@g-api.service[99851]: DEBUG glance.common.config [None req-743409fc-ff1c-48ff-a7d1-447f6a83575b None None] logging_user_identity_format = %(user)s %(project)s %(domain)s %(system_scope)s %(user_domain)s %(project_domain)s {{(pid=99851) log_opt_values /opt/stack/data/venv/lib/python3.12/site-packages/oslo_config/cfg.py:3242}}
Jul 21 23:10:18.209300 np0000005603 devstack@g-api.service[99851]: DEBUG glance.common.config [None req-743409fc-ff1c-48ff-a7d1-447f6a83575b None None] max_logfile_count = 30 {{(pid=99851) log_opt_values /opt/stack/data/venv/lib/python3.12/site-packages/oslo_config/cfg.py:3242}}
Jul 21 23:10:18.209395 np0000005603 devstack@g-api.service[99851]: DEBUG glance.common.config [None req-743409fc-ff1c-48ff-a7d1-447f6a83575b None None] max_logfile_size_mb = 200 {{(pid=99851) log_opt_values /opt/stack/data/venv/lib/python3.12/site-packages/oslo_config/cfg.py:3242}}
Jul 21 23:10:18.209478 np0000005603 devstack@g-api.service[99851]: DEBUG glance.common.config [None req-743409fc-ff1c-48ff-a7d1-447f6a83575b None None] max_request_id_length = 64 {{(pid=99851) log_opt_values /opt/stack/data/venv/lib/python3.12/site-packages/oslo_config/cfg.py:3242}}
Jul 21 23:10:18.209559 np0000005603 devstack@g-api.service[99851]: DEBUG glance.common.config [None req-743409fc-ff1c-48ff-a7d1-447f6a83575b None None] metadata_encryption_key = **** {{(pid=99851) log_opt_values /opt/stack/data/venv/lib/python3.12/site-packages/oslo_config/cfg.py:3242}}
Jul 21 23:10:18.209647 np0000005603 devstack@g-api.service[99851]: DEBUG glance.common.config [None req-743409fc-ff1c-48ff-a7d1-447f6a83575b None None] node_staging_uri = file:///tmp/staging/ {{(pid=99851) log_opt_values /opt/stack/data/venv/lib/python3.12/site-packages/oslo_config/cfg.py:3242}}
Jul 21 23:10:18.209732 np0000005603 devstack@g-api.service[99851]: DEBUG glance.common.config [None req-743409fc-ff1c-48ff-a7d1-447f6a83575b None None] property_protection_file = None {{(pid=99851) log_opt_values /opt/stack/data/venv/lib/python3.12/site-packages/oslo_config/cfg.py:3242}}
Jul 21 23:10:18.209816 np0000005603 devstack@g-api.service[99851]: DEBUG glance.common.config [None req-743409fc-ff1c-48ff-a7d1-447f6a83575b None None] property_protection_rule_format = roles {{(pid=99851) log_opt_values /opt/stack/data/venv/lib/python3.12/site-packages/oslo_config/cfg.py:3242}}
Jul 21 23:10:18.209904 np0000005603 devstack@g-api.service[99851]: DEBUG glance.common.config [None req-743409fc-ff1c-48ff-a7d1-447f6a83575b None None] public_endpoint = https://10.4.3.143/image {{(pid=99851) log_opt_values /opt/stack/data/venv/lib/python3.12/site-packages/oslo_config/cfg.py:3242}}
Jul 21 23:10:18.209987 np0000005603 devstack@g-api.service[99851]: DEBUG glance.common.config [None req-743409fc-ff1c-48ff-a7d1-447f6a83575b None None] publish_errors = False {{(pid=99851) log_opt_values /opt/stack/data/venv/lib/python3.12/site-packages/oslo_config/cfg.py:3242}}
Jul 21 23:10:18.210071 np0000005603 devstack@g-api.service[99851]: DEBUG glance.common.config [None req-743409fc-ff1c-48ff-a7d1-447f6a83575b None None] pydev_worker_debug_host = None {{(pid=99851) log_opt_values /opt/stack/data/venv/lib/python3.12/site-packages/oslo_config/cfg.py:3242}}
Jul 21 23:10:18.210159 np0000005603 devstack@g-api.service[99851]: DEBUG glance.common.config [None req-743409fc-ff1c-48ff-a7d1-447f6a83575b None None] pydev_worker_debug_port = 5678 {{(pid=99851) log_opt_values /opt/stack/data/venv/lib/python3.12/site-packages/oslo_config/cfg.py:3242}}
Jul 21 23:10:18.210243 np0000005603 devstack@g-api.service[99851]: DEBUG glance.common.config [None req-743409fc-ff1c-48ff-a7d1-447f6a83575b None None] rate_limit_burst = 0 {{(pid=99851) log_opt_values /opt/stack/data/venv/lib/python3.12/site-packages/oslo_config/cfg.py:3242}}
Jul 21 23:10:18.210361 np0000005603 devstack@g-api.service[99851]: DEBUG glance.common.config [None req-743409fc-ff1c-48ff-a7d1-447f6a83575b None None] rate_limit_except_level = CRITICAL {{(pid=99851) log_opt_values /opt/stack/data/venv/lib/python3.12/site-packages/oslo_config/cfg.py:3242}}
Jul 21 23:10:18.210446 np0000005603 devstack@g-api.service[99851]: DEBUG glance.common.config [None req-743409fc-ff1c-48ff-a7d1-447f6a83575b None None] rate_limit_interval = 0 {{(pid=99851) log_opt_values /opt/stack/data/venv/lib/python3.12/site-packages/oslo_config/cfg.py:3242}}
Jul 21 23:10:18.210530 np0000005603 devstack@g-api.service[99851]: DEBUG glance.common.config [None req-743409fc-ff1c-48ff-a7d1-447f6a83575b None None] scrub_pool_size = 1 {{(pid=99851) log_opt_values /opt/stack/data/venv/lib/python3.12/site-packages/oslo_config/cfg.py:3242}}
Jul 21 23:10:18.210613 np0000005603 devstack@g-api.service[99851]: DEBUG glance.common.config [None req-743409fc-ff1c-48ff-a7d1-447f6a83575b None None] scrub_time = 0 {{(pid=99851) log_opt_values /opt/stack/data/venv/lib/python3.12/site-packages/oslo_config/cfg.py:3242}}
Jul 21 23:10:18.210691 np0000005603 devstack@g-api.service[99851]: DEBUG glance.common.config [None req-743409fc-ff1c-48ff-a7d1-447f6a83575b None None] shell_completion = None {{(pid=99851) log_opt_values /opt/stack/data/venv/lib/python3.12/site-packages/oslo_config/cfg.py:3242}}
Jul 21 23:10:18.210787 np0000005603 devstack@g-api.service[99851]: DEBUG glance.common.config [None req-743409fc-ff1c-48ff-a7d1-447f6a83575b None None] show_image_direct_url = False {{(pid=99851) log_opt_values /opt/stack/data/venv/lib/python3.12/site-packages/oslo_config/cfg.py:3242}}
Jul 21 23:10:18.210972 np0000005603 devstack@g-api.service[99851]: WARNING oslo_config.cfg [None req-743409fc-ff1c-48ff-a7d1-447f6a83575b None None] Deprecated: Option "show_multiple_locations" from group "DEFAULT" is deprecated for removal (Use of this option, deprecated since Newton, is a security risk and will be removed once we figure out a way to satisfy those use cases that currently require it. An earlier announcement that the same functionality can be achieved with greater granularity by using policies is incorrect. You cannot work around this option via policy configuration at the present time, though that is the direction we believe the fix will take. Please keep an eye on the Glance release notes to stay up to date on progress in addressing this issue.). Its value may be silently ignored in the future.
Jul 21 23:10:18.211072 np0000005603 devstack@g-api.service[99851]: DEBUG glance.common.config [None req-743409fc-ff1c-48ff-a7d1-447f6a83575b None None] show_multiple_locations = False {{(pid=99851) log_opt_values /opt/stack/data/venv/lib/python3.12/site-packages/oslo_config/cfg.py:3242}}
Jul 21 23:10:18.211160 np0000005603 devstack@g-api.service[99851]: DEBUG glance.common.config [None req-743409fc-ff1c-48ff-a7d1-447f6a83575b None None] syslog_log_facility = LOG_USER {{(pid=99851) log_opt_values /opt/stack/data/venv/lib/python3.12/site-packages/oslo_config/cfg.py:3242}}
Jul 21 23:10:18.211263 np0000005603 devstack@g-api.service[99851]: DEBUG glance.common.config [None req-743409fc-ff1c-48ff-a7d1-447f6a83575b None None] transport_url = **** {{(pid=99851) log_opt_values /opt/stack/data/venv/lib/python3.12/site-packages/oslo_config/cfg.py:3242}}
Jul 21 23:10:18.211364 np0000005603 devstack@g-api.service[99851]: DEBUG glance.common.config [None req-743409fc-ff1c-48ff-a7d1-447f6a83575b None None] use_journal = False {{(pid=99851) log_opt_values /opt/stack/data/venv/lib/python3.12/site-packages/oslo_config/cfg.py:3242}}
Jul 21 23:10:18.211448 np0000005603 devstack@g-api.service[99851]: DEBUG glance.common.config [None req-743409fc-ff1c-48ff-a7d1-447f6a83575b None None] use_json = False {{(pid=99851) log_opt_values /opt/stack/data/venv/lib/python3.12/site-packages/oslo_config/cfg.py:3242}}
Jul 21 23:10:18.211538 np0000005603 devstack@g-api.service[99851]: DEBUG glance.common.config [None req-743409fc-ff1c-48ff-a7d1-447f6a83575b None None] use_keystone_limits = True {{(pid=99851) log_opt_values /opt/stack/data/venv/lib/python3.12/site-packages/oslo_config/cfg.py:3242}}
Jul 21 23:10:18.211621 np0000005603 devstack@g-api.service[99851]: DEBUG glance.common.config [None req-743409fc-ff1c-48ff-a7d1-447f6a83575b None None] use_stderr = False {{(pid=99851) log_opt_values /opt/stack/data/venv/lib/python3.12/site-packages/oslo_config/cfg.py:3242}}
Jul 21 23:10:18.211710 np0000005603 devstack@g-api.service[99851]: DEBUG glance.common.config [None req-743409fc-ff1c-48ff-a7d1-447f6a83575b None None] use_syslog = False {{(pid=99851) log_opt_values /opt/stack/data/venv/lib/python3.12/site-packages/oslo_config/cfg.py:3242}}
Jul 21 23:10:18.211797 np0000005603 devstack@g-api.service[99851]: DEBUG glance.common.config [None req-743409fc-ff1c-48ff-a7d1-447f6a83575b None None] user_storage_quota = 0 {{(pid=99851) log_opt_values /opt/stack/data/venv/lib/python3.12/site-packages/oslo_config/cfg.py:3242}}
Jul 21 23:10:18.211884 np0000005603 devstack@g-api.service[99851]: DEBUG glance.common.config [None req-743409fc-ff1c-48ff-a7d1-447f6a83575b None None] worker_self_reference_url = http://127.0.0.1:60999 {{(pid=99851) log_opt_values /opt/stack/data/venv/lib/python3.12/site-packages/oslo_config/cfg.py:3242}}
Jul 21 23:10:18.211981 np0000005603 devstack@g-api.service[99851]: DEBUG glance.common.config [None req-743409fc-ff1c-48ff-a7d1-447f6a83575b None None] oslo_concurrency.disable_process_locking = False {{(pid=99851) log_opt_values /opt/stack/data/venv/lib/python3.12/site-packages/oslo_config/cfg.py:3253}}
Jul 21 23:10:18.212074 np0000005603 devstack@g-api.service[99851]: DEBUG glance.common.config [None req-743409fc-ff1c-48ff-a7d1-447f6a83575b None None] oslo_concurrency.lock_path = /opt/stack/data/glance/locks {{(pid=99851) log_opt_values /opt/stack/data/venv/lib/python3.12/site-packages/oslo_config/cfg.py:3253}}
Jul 21 23:10:18.212166 np0000005603 devstack@g-api.service[99851]: DEBUG glance.common.config [None req-743409fc-ff1c-48ff-a7d1-447f6a83575b None None] oslo_middleware.enable_proxy_headers_parsing = False {{(pid=99851) log_opt_values /opt/stack/data/venv/lib/python3.12/site-packages/oslo_config/cfg.py:3253}}
Jul 21 23:10:18.212268 np0000005603 devstack@g-api.service[99851]: DEBUG glance.common.config [None req-743409fc-ff1c-48ff-a7d1-447f6a83575b None None] oslo_middleware.http_basic_auth_user_file = /etc/htpasswd {{(pid=99851) log_opt_values /opt/stack/data/venv/lib/python3.12/site-packages/oslo_config/cfg.py:3253}}
Jul 21 23:10:18.212423 np0000005603 devstack@g-api.service[99851]: DEBUG glance.common.config [None req-743409fc-ff1c-48ff-a7d1-447f6a83575b None None] paste_deploy.config_file = None {{(pid=99851) log_opt_values /opt/stack/data/venv/lib/python3.12/site-packages/oslo_config/cfg.py:3253}}
Jul 21 23:10:18.212559 np0000005603 devstack@g-api.service[99851]: DEBUG glance.common.config [None req-743409fc-ff1c-48ff-a7d1-447f6a83575b None None] paste_deploy.flavor = keystone+cachemanagement {{(pid=99851) log_opt_values /opt/stack/data/venv/lib/python3.12/site-packages/oslo_config/cfg.py:3253}}
Jul 21 23:10:18.212690 np0000005603 devstack@g-api.service[99851]: DEBUG glance.common.config [None req-743409fc-ff1c-48ff-a7d1-447f6a83575b None None] image_format.container_formats = ['ami', 'ari', 'aki', 'bare', 'ovf', 'ova', 'docker', 'compressed'] {{(pid=99851) log_opt_values /opt/stack/data/venv/lib/python3.12/site-packages/oslo_config/cfg.py:3253}}
Jul 21 23:10:18.212740 np0000005603 devstack@g-api.service[99849]: INFO glance.api.middleware.cache [None req-955ee8cb-28fb-4442-b8ae-8df76df59bf3 None None] Initialized image cache middleware
Jul 21 23:10:18.212817 np0000005603 devstack@g-api.service[99851]: DEBUG glance.common.config [None req-743409fc-ff1c-48ff-a7d1-447f6a83575b None None] image_format.disk_formats = ['ami', 'ari', 'aki', 'vhd', 'vhdx', 'vmdk', 'raw', 'qcow2', 'vdi', 'iso', 'ploop'] {{(pid=99851) log_opt_values /opt/stack/data/venv/lib/python3.12/site-packages/oslo_config/cfg.py:3253}}
Jul 21 23:10:18.212908 np0000005603 devstack@g-api.service[99851]: DEBUG glance.common.config [None req-743409fc-ff1c-48ff-a7d1-447f6a83575b None None] image_format.gpt_safety_checks_nonfatal = [] {{(pid=99851) log_opt_values /opt/stack/data/venv/lib/python3.12/site-packages/oslo_config/cfg.py:3253}}
Jul 21 23:10:18.213028 np0000005603 devstack@g-api.service[99851]: DEBUG glance.common.config [None req-743409fc-ff1c-48ff-a7d1-447f6a83575b None None] image_format.require_image_format_match = True {{(pid=99851) log_opt_values /opt/stack/data/venv/lib/python3.12/site-packages/oslo_config/cfg.py:3253}}
Jul 21 23:10:18.213138 np0000005603 devstack@g-api.service[99851]: DEBUG glance.common.config [None req-743409fc-ff1c-48ff-a7d1-447f6a83575b None None] image_format.vmdk_allowed_types = ['streamOptimized', 'monolithicSparse'] {{(pid=99851) log_opt_values /opt/stack/data/venv/lib/python3.12/site-packages/oslo_config/cfg.py:3253}}
Jul 21 23:10:18.213259 np0000005603 devstack@g-api.service[99851]: DEBUG glance.common.config [None req-743409fc-ff1c-48ff-a7d1-447f6a83575b None None] task.task_executor = taskflow {{(pid=99851) log_opt_values /opt/stack/data/venv/lib/python3.12/site-packages/oslo_config/cfg.py:3253}}
Jul 21 23:10:18.213390 np0000005603 devstack@g-api.service[99851]: DEBUG glance.common.config [None req-743409fc-ff1c-48ff-a7d1-447f6a83575b None None] task.task_time_to_live = 48 {{(pid=99851) log_opt_values /opt/stack/data/venv/lib/python3.12/site-packages/oslo_config/cfg.py:3253}}
Jul 21 23:10:18.213478 np0000005603 devstack@g-api.service[99851]: DEBUG glance.common.config [None req-743409fc-ff1c-48ff-a7d1-447f6a83575b None None] task.work_dir = None {{(pid=99851) log_opt_values /opt/stack/data/venv/lib/python3.12/site-packages/oslo_config/cfg.py:3253}}
Jul 21 23:10:18.213601 np0000005603 devstack@g-api.service[99851]: DEBUG glance.common.config [None req-743409fc-ff1c-48ff-a7d1-447f6a83575b None None] wsgi.python_interpreter = /opt/stack/data/venv/bin/python3 {{(pid=99851) log_opt_values /opt/stack/data/venv/lib/python3.12/site-packages/oslo_config/cfg.py:3253}}
Jul 21 23:10:18.213695 np0000005603 devstack@g-api.service[99851]: DEBUG glance.common.config [None req-743409fc-ff1c-48ff-a7d1-447f6a83575b None None] wsgi.task_pool_threads = 16 {{(pid=99851) log_opt_values /opt/stack/data/venv/lib/python3.12/site-packages/oslo_config/cfg.py:3253}}
Jul 21 23:10:18.213789 np0000005603 devstack@g-api.service[99851]: DEBUG glance.common.config [None req-743409fc-ff1c-48ff-a7d1-447f6a83575b None None] import_filtering_opts.allowed_hosts = [] {{(pid=99851) log_opt_values /opt/stack/data/venv/lib/python3.12/site-packages/oslo_config/cfg.py:3253}}
Jul 21 23:10:18.213881 np0000005603 devstack@g-api.service[99851]: DEBUG glance.common.config [None req-743409fc-ff1c-48ff-a7d1-447f6a83575b None None] import_filtering_opts.allowed_ports = [80, 443] {{(pid=99851) log_opt_values /opt/stack/data/venv/lib/python3.12/site-packages/oslo_config/cfg.py:3253}}
Jul 21 23:10:18.213978 np0000005603 devstack@g-api.service[99851]: DEBUG glance.common.config [None req-743409fc-ff1c-48ff-a7d1-447f6a83575b None None] import_filtering_opts.allowed_schemes = ['http', 'https'] {{(pid=99851) log_opt_values /opt/stack/data/venv/lib/python3.12/site-packages/oslo_config/cfg.py:3253}}
Jul 21 23:10:18.214069 np0000005603 devstack@g-api.service[99851]: DEBUG glance.common.config [None req-743409fc-ff1c-48ff-a7d1-447f6a83575b None None] import_filtering_opts.disallowed_hosts = [] {{(pid=99851) log_opt_values /opt/stack/data/venv/lib/python3.12/site-packages/oslo_config/cfg.py:3253}}
Jul 21 23:10:18.214151 np0000005603 devstack@g-api.service[99851]: DEBUG glance.common.config [None req-743409fc-ff1c-48ff-a7d1-447f6a83575b None None] import_filtering_opts.disallowed_ports = [] {{(pid=99851) log_opt_values /opt/stack/data/venv/lib/python3.12/site-packages/oslo_config/cfg.py:3253}}
Jul 21 23:10:18.214238 np0000005603 devstack@g-api.service[99851]: DEBUG glance.common.config [None req-743409fc-ff1c-48ff-a7d1-447f6a83575b None None] import_filtering_opts.disallowed_schemes = [] {{(pid=99851) log_opt_values /opt/stack/data/venv/lib/python3.12/site-packages/oslo_config/cfg.py:3253}}
