Jul 21 23:09:55.356629 np0000005603 nova-scheduler[93530]: DEBUG cotyledon.oslo_config_glue [-] oslo_messaging_rabbit.rabbit_quorum_delivery_limit = 0 {{(pid=93530) log_opt_values /opt/stack/data/venv/lib/python3.12/site-packages/oslo_config/cfg.py:3253}}
Jul 21 23:09:55.356629 np0000005603 nova-scheduler[93530]: DEBUG cotyledon.oslo_config_glue [-] oslo_messaging_rabbit.rabbit_quorum_max_memory_bytes = 0 {{(pid=93530) log_opt_values /opt/stack/data/venv/lib/python3.12/site-packages/oslo_config/cfg.py:3253}}
Jul 21 23:09:55.356629 np0000005603 nova-scheduler[93530]: DEBUG cotyledon.oslo_config_glue [-] oslo_messaging_rabbit.rabbit_quorum_max_memory_length = 0 {{(pid=93530) log_opt_values /opt/stack/data/venv/lib/python3.12/site-packages/oslo_config/cfg.py:3253}}
Jul 21 23:09:55.356895 np0000005603 nova-scheduler[93530]: DEBUG cotyledon.oslo_config_glue [-] oslo_messaging_rabbit.rabbit_quorum_queue = False {{(pid=93530) log_opt_values /opt/stack/data/venv/lib/python3.12/site-packages/oslo_config/cfg.py:3253}}
Jul 21 23:09:55.356895 np0000005603 nova-scheduler[93530]: DEBUG cotyledon.oslo_config_glue [-] oslo_messaging_rabbit.rabbit_retry_backoff = 2 {{(pid=93530) log_opt_values /opt/stack/data/venv/lib/python3.12/site-packages/oslo_config/cfg.py:3253}}
Jul 21 23:09:55.356895 np0000005603 nova-scheduler[93530]: DEBUG cotyledon.oslo_config_glue [-] oslo_messaging_rabbit.rabbit_retry_interval = 1 {{(pid=93530) log_opt_values /opt/stack/data/venv/lib/python3.12/site-packages/oslo_config/cfg.py:3253}}
Jul 21 23:09:55.356895 np0000005603 nova-scheduler[93530]: DEBUG cotyledon.oslo_config_glue [-] oslo_messaging_rabbit.rabbit_stream_fanout = False {{(pid=93530) log_opt_values /opt/stack/data/venv/lib/python3.12/site-packages/oslo_config/cfg.py:3253}}
Jul 21 23:09:55.356895 np0000005603 nova-scheduler[93530]: DEBUG cotyledon.oslo_config_glue [-] oslo_messaging_rabbit.rabbit_transient_queues_ttl = 1800 {{(pid=93530) log_opt_values /opt/stack/data/venv/lib/python3.12/site-packages/oslo_config/cfg.py:3253}}
Jul 21 23:09:55.356895 np0000005603 nova-scheduler[93530]: DEBUG cotyledon.oslo_config_glue [-] oslo_messaging_rabbit.rabbit_transient_quorum_queue = False {{(pid=93530) log_opt_values /opt/stack/data/venv/lib/python3.12/site-packages/oslo_config/cfg.py:3253}}
Jul 21 23:09:55.356895 np0000005603 nova-scheduler[93530]: DEBUG cotyledon.oslo_config_glue [-] oslo_messaging_rabbit.rpc_conn_pool_size = 30 {{(pid=93530) log_opt_values /opt/stack/data/venv/lib/python3.12/site-packages/oslo_config/cfg.py:3253}}
Jul 21 23:09:55.356895 np0000005603 nova-scheduler[93530]: DEBUG cotyledon.oslo_config_glue [-] oslo_messaging_rabbit.ssl = False {{(pid=93530) log_opt_values /opt/stack/data/venv/lib/python3.12/site-packages/oslo_config/cfg.py:3253}}
Jul 21 23:09:55.356895 np0000005603 nova-scheduler[93530]: DEBUG cotyledon.oslo_config_glue [-] oslo_messaging_rabbit.ssl_ca_file = {{(pid=93530) log_opt_values /opt/stack/data/venv/lib/python3.12/site-packages/oslo_config/cfg.py:3253}}
Jul 21 23:09:55.357203 np0000005603 nova-scheduler[93530]: DEBUG cotyledon.oslo_config_glue [-] oslo_messaging_rabbit.ssl_cert_file = {{(pid=93530) log_opt_values /opt/stack/data/venv/lib/python3.12/site-packages/oslo_config/cfg.py:3253}}
Jul 21 23:09:55.357203 np0000005603 nova-scheduler[93530]: DEBUG cotyledon.oslo_config_glue [-] oslo_messaging_rabbit.ssl_enforce_fips_mode = False {{(pid=93530) log_opt_values /opt/stack/data/venv/lib/python3.12/site-packages/oslo_config/cfg.py:3253}}
Jul 21 23:09:55.357203 np0000005603 nova-scheduler[93530]: DEBUG cotyledon.oslo_config_glue [-] oslo_messaging_rabbit.ssl_enforce_hostname_verification = True {{(pid=93530) log_opt_values /opt/stack/data/venv/lib/python3.12/site-packages/oslo_config/cfg.py:3253}}
Jul 21 23:09:55.357203 np0000005603 nova-scheduler[93530]: DEBUG cotyledon.oslo_config_glue [-] oslo_messaging_rabbit.ssl_key_file = {{(pid=93530) log_opt_values /opt/stack/data/venv/lib/python3.12/site-packages/oslo_config/cfg.py:3253}}
Jul 21 23:09:55.357203 np0000005603 nova-scheduler[93530]: DEBUG cotyledon.oslo_config_glue [-] oslo_messaging_rabbit.ssl_version = {{(pid=93530) log_opt_values /opt/stack/data/venv/lib/python3.12/site-packages/oslo_config/cfg.py:3253}}
Jul 21 23:09:55.357203 np0000005603 nova-scheduler[93530]: DEBUG cotyledon.oslo_config_glue [-] oslo_messaging_rabbit.use_queue_manager = False {{(pid=93530) log_opt_values /opt/stack/data/venv/lib/python3.12/site-packages/oslo_config/cfg.py:3253}}
Jul 21 23:09:55.357203 np0000005603 nova-scheduler[93530]: DEBUG cotyledon.oslo_config_glue [-] oslo_messaging_notifications.driver = ['messagingv2'] {{(pid=93530) log_opt_values /opt/stack/data/venv/lib/python3.12/site-packages/oslo_config/cfg.py:3253}}
Jul 21 23:09:55.357203 np0000005603 nova-scheduler[93530]: DEBUG cotyledon.oslo_config_glue [-] oslo_messaging_notifications.retry = -1 {{(pid=93530) log_opt_values /opt/stack/data/venv/lib/python3.12/site-packages/oslo_config/cfg.py:3253}}
Jul 21 23:09:55.357203 np0000005603 nova-scheduler[93530]: DEBUG cotyledon.oslo_config_glue [-] oslo_messaging_notifications.topics = ['notifications'] {{(pid=93530) log_opt_values /opt/stack/data/venv/lib/python3.12/site-packages/oslo_config/cfg.py:3253}}
Jul 21 23:09:55.357539 np0000005603 nova-scheduler[93530]: DEBUG cotyledon.oslo_config_glue [-] oslo_messaging_notifications.transport_url = **** {{(pid=93530) log_opt_values /opt/stack/data/venv/lib/python3.12/site-packages/oslo_config/cfg.py:3253}}
Jul 21 23:09:55.357539 np0000005603 nova-scheduler[93530]: DEBUG cotyledon.oslo_config_glue [-] oslo_limit.auth_section = None {{(pid=93530) log_opt_values /opt/stack/data/venv/lib/python3.12/site-packages/oslo_config/cfg.py:3253}}
Jul 21 23:09:55.357539 np0000005603 nova-scheduler[93530]: DEBUG cotyledon.oslo_config_glue [-] oslo_limit.auth_type = None {{(pid=93530) log_opt_values /opt/stack/data/venv/lib/python3.12/site-packages/oslo_config/cfg.py:3253}}
Jul 21 23:09:55.357539 np0000005603 nova-scheduler[93530]: DEBUG cotyledon.oslo_config_glue [-] oslo_limit.cafile = None {{(pid=93530) log_opt_values /opt/stack/data/venv/lib/python3.12/site-packages/oslo_config/cfg.py:3253}}
Jul 21 23:09:55.357539 np0000005603 nova-scheduler[93530]: DEBUG cotyledon.oslo_config_glue [-] oslo_limit.certfile = None {{(pid=93530) log_opt_values /opt/stack/data/venv/lib/python3.12/site-packages/oslo_config/cfg.py:3253}}
Jul 21 23:09:55.357539 np0000005603 nova-scheduler[93530]: DEBUG cotyledon.oslo_config_glue [-] oslo_limit.collect_timing = False {{(pid=93530) log_opt_values /opt/stack/data/venv/lib/python3.12/site-packages/oslo_config/cfg.py:3253}}
Jul 21 23:09:55.357539 np0000005603 nova-scheduler[93530]: DEBUG cotyledon.oslo_config_glue [-] oslo_limit.connect_retries = None {{(pid=93530) log_opt_values /opt/stack/data/venv/lib/python3.12/site-packages/oslo_config/cfg.py:3253}}
Jul 21 23:09:55.357539 np0000005603 nova-scheduler[93530]: DEBUG cotyledon.oslo_config_glue [-] oslo_limit.connect_retry_delay = None {{(pid=93530) log_opt_values /opt/stack/data/venv/lib/python3.12/site-packages/oslo_config/cfg.py:3253}}
Jul 21 23:09:55.357539 np0000005603 nova-scheduler[93530]: DEBUG cotyledon.oslo_config_glue [-] oslo_limit.endpoint_id = None {{(pid=93530) log_opt_values /opt/stack/data/venv/lib/python3.12/site-packages/oslo_config/cfg.py:3253}}
Jul 21 23:09:55.357842 np0000005603 nova-scheduler[93530]: DEBUG cotyledon.oslo_config_glue [-] oslo_limit.endpoint_interface = public {{(pid=93530) log_opt_values /opt/stack/data/venv/lib/python3.12/site-packages/oslo_config/cfg.py:3253}}
Jul 21 23:09:55.357842 np0000005603 nova-scheduler[93530]: DEBUG cotyledon.oslo_config_glue [-] oslo_limit.endpoint_override = None {{(pid=93530) log_opt_values /opt/stack/data/venv/lib/python3.12/site-packages/oslo_config/cfg.py:3253}}
Jul 21 23:09:55.357842 np0000005603 nova-scheduler[93530]: DEBUG cotyledon.oslo_config_glue [-] oslo_limit.endpoint_region_name = None {{(pid=93530) log_opt_values /opt/stack/data/venv/lib/python3.12/site-packages/oslo_config/cfg.py:3253}}
Jul 21 23:09:55.357842 np0000005603 nova-scheduler[93530]: DEBUG cotyledon.oslo_config_glue [-] oslo_limit.endpoint_service_name = None {{(pid=93530) log_opt_values /opt/stack/data/venv/lib/python3.12/site-packages/oslo_config/cfg.py:3253}}
Jul 21 23:09:55.357842 np0000005603 nova-scheduler[93530]: DEBUG cotyledon.oslo_config_glue [-] oslo_limit.endpoint_service_type = None {{(pid=93530) log_opt_values /opt/stack/data/venv/lib/python3.12/site-packages/oslo_config/cfg.py:3253}}
Jul 21 23:09:55.357842 np0000005603 nova-scheduler[93530]: DEBUG cotyledon.oslo_config_glue [-] oslo_limit.insecure = False {{(pid=93530) log_opt_values /opt/stack/data/venv/lib/python3.12/site-packages/oslo_config/cfg.py:3253}}
Jul 21 23:09:55.357842 np0000005603 nova-scheduler[93530]: DEBUG cotyledon.oslo_config_glue [-] oslo_limit.keyfile = None {{(pid=93530) log_opt_values /opt/stack/data/venv/lib/python3.12/site-packages/oslo_config/cfg.py:3253}}
Jul 21 23:09:55.357842 np0000005603 nova-scheduler[93530]: DEBUG cotyledon.oslo_config_glue [-] oslo_limit.max_version = None {{(pid=93530) log_opt_values /opt/stack/data/venv/lib/python3.12/site-packages/oslo_config/cfg.py:3253}}
Jul 21 23:09:55.357842 np0000005603 nova-scheduler[93530]: DEBUG cotyledon.oslo_config_glue [-] oslo_limit.min_version = None {{(pid=93530) log_opt_values /opt/stack/data/venv/lib/python3.12/site-packages/oslo_config/cfg.py:3253}}
Jul 21 23:09:55.358119 np0000005603 nova-scheduler[93530]: DEBUG cotyledon.oslo_config_glue [-] oslo_limit.region_name = None {{(pid=93530) log_opt_values /opt/stack/data/venv/lib/python3.12/site-packages/oslo_config/cfg.py:3253}}
Jul 21 23:09:55.358119 np0000005603 nova-scheduler[93530]: DEBUG cotyledon.oslo_config_glue [-] oslo_limit.retriable_status_codes = None {{(pid=93530) log_opt_values /opt/stack/data/venv/lib/python3.12/site-packages/oslo_config/cfg.py:3253}}
Jul 21 23:09:55.358119 np0000005603 nova-scheduler[93530]: DEBUG cotyledon.oslo_config_glue [-] oslo_limit.service_name = None {{(pid=93530) log_opt_values /opt/stack/data/venv/lib/python3.12/site-packages/oslo_config/cfg.py:3253}}
Jul 21 23:09:55.358119 np0000005603 nova-scheduler[93530]: DEBUG cotyledon.oslo_config_glue [-] oslo_limit.service_type = None {{(pid=93530) log_opt_values /opt/stack/data/venv/lib/python3.12/site-packages/oslo_config/cfg.py:3253}}
Jul 21 23:09:55.358119 np0000005603 nova-scheduler[93530]: DEBUG cotyledon.oslo_config_glue [-] oslo_limit.split_loggers = False {{(pid=93530) log_opt_values /opt/stack/data/venv/lib/python3.12/site-packages/oslo_config/cfg.py:3253}}
Jul 21 23:09:55.358119 np0000005603 nova-scheduler[93530]: DEBUG cotyledon.oslo_config_glue [-] oslo_limit.status_code_retries = None {{(pid=93530) log_opt_values /opt/stack/data/venv/lib/python3.12/site-packages/oslo_config/cfg.py:3253}}
Jul 21 23:09:55.358119 np0000005603 nova-scheduler[93530]: DEBUG cotyledon.oslo_config_glue [-] oslo_limit.status_code_retry_delay = None {{(pid=93530) log_opt_values /opt/stack/data/venv/lib/python3.12/site-packages/oslo_config/cfg.py:3253}}
Jul 21 23:09:55.358119 np0000005603 nova-scheduler[93530]: DEBUG cotyledon.oslo_config_glue [-] oslo_limit.timeout = None {{(pid=93530) log_opt_values /opt/stack/data/venv/lib/python3.12/site-packages/oslo_config/cfg.py:3253}}
Jul 21 23:09:55.358119 np0000005603 nova-scheduler[93530]: DEBUG cotyledon.oslo_config_glue [-] oslo_limit.valid_interfaces = None {{(pid=93530) log_opt_values /opt/stack/data/venv/lib/python3.12/site-packages/oslo_config/cfg.py:3253}}
Jul 21 23:09:55.358417 np0000005603 nova-scheduler[93530]: DEBUG cotyledon.oslo_config_glue [-] oslo_limit.version = None {{(pid=93530) log_opt_values /opt/stack/data/venv/lib/python3.12/site-packages/oslo_config/cfg.py:3253}}
Jul 21 23:09:55.358417 np0000005603 nova-scheduler[93530]: DEBUG cotyledon.oslo_config_glue [-] oslo_reports.file_event_handler = None {{(pid=93530) log_opt_values /opt/stack/data/venv/lib/python3.12/site-packages/oslo_config/cfg.py:3253}}
Jul 21 23:09:55.358417 np0000005603 nova-scheduler[93530]: DEBUG cotyledon.oslo_config_glue [-] oslo_reports.file_event_handler_interval = 1 {{(pid=93530) log_opt_values /opt/stack/data/venv/lib/python3.12/site-packages/oslo_config/cfg.py:3253}}
Jul 21 23:09:55.358417 np0000005603 nova-scheduler[93530]: DEBUG cotyledon.oslo_config_glue [-] oslo_reports.log_dir = None {{(pid=93530) log_opt_values /opt/stack/data/venv/lib/python3.12/site-packages/oslo_config/cfg.py:3253}}
Jul 21 23:09:55.358417 np0000005603 nova-scheduler[93530]: DEBUG cotyledon.oslo_config_glue [-] ******************************************************************************** {{(pid=93530) log_opt_values /opt/stack/data/venv/lib/python3.12/site-packages/oslo_config/cfg.py:3260}}
Jul 21 23:09:55.358417 np0000005603 nova-scheduler[93530]: DEBUG cotyledon._service_worker [-] Run service ServiceWrapper(2) [93530] {{(pid=93530) wait_forever /opt/stack/data/venv/lib/python3.12/site-packages/cotyledon/_service_worker.py:218}}
Jul 21 23:09:55.358417 np0000005603 nova-scheduler[93530]: INFO nova.service [-] Starting scheduler node (version 33.1.0)
Jul 21 23:09:55.358417 np0000005603 nova-scheduler[93530]: INFO dbcounter [None req-90228f6a-44f7-421d-8850-726f5d81b46d None None] Registered counter for database nova_cell0
Jul 21 23:09:55.358628 np0000005603 nova-scheduler[93526]: DEBUG oslo_db.sqlalchemy.engines [None req-8e0f3a8f-e237-4c21-a390-9fdf11bfbfb5 None None] MySQL server mode set to STRICT_TRANS_TABLES,STRICT_ALL_TABLES,NO_ZERO_IN_DATE,NO_ZERO_DATE,ERROR_FOR_DIVISION_BY_ZERO,TRADITIONAL,NO_ENGINE_SUBSTITUTION {{(pid=93526) _check_effective_sql_mode /opt/stack/data/venv/lib/python3.12/site-packages/oslo_db/sqlalchemy/engines.py:325}}
Jul 21 23:09:55.361064 np0000005603 nova-scheduler[93528]: DEBUG oslo_db.sqlalchemy.engines [None req-5c6868c1-84e3-46e1-82cd-140f0a3d699e None None] MySQL server mode set to STRICT_TRANS_TABLES,STRICT_ALL_TABLES,NO_ZERO_IN_DATE,NO_ZERO_DATE,ERROR_FOR_DIVISION_BY_ZERO,TRADITIONAL,NO_ENGINE_SUBSTITUTION {{(pid=93528) _check_effective_sql_mode /opt/stack/data/venv/lib/python3.12/site-packages/oslo_db/sqlalchemy/engines.py:325}}
Jul 21 23:09:55.368236 np0000005603 nova-scheduler[93526]: DEBUG dbcounter [-] [93526] Writer thread running {{(pid=93526) stat_writer /opt/stack/data/venv/lib/python3.12/site-packages/dbcounter.py:102}}
Jul 21 23:09:55.371130 np0000005603 nova-scheduler[93528]: DEBUG dbcounter [-] [93528] Writer thread running {{(pid=93528) stat_writer /opt/stack/data/venv/lib/python3.12/site-packages/dbcounter.py:102}}
Jul 21 23:09:55.371532 np0000005603 nova-scheduler[93530]: DEBUG oslo_db.sqlalchemy.engines [None req-90228f6a-44f7-421d-8850-726f5d81b46d None None] MySQL server mode set to STRICT_TRANS_TABLES,STRICT_ALL_TABLES,NO_ZERO_IN_DATE,NO_ZERO_DATE,ERROR_FOR_DIVISION_BY_ZERO,TRADITIONAL,NO_ENGINE_SUBSTITUTION {{(pid=93530) _check_effective_sql_mode /opt/stack/data/venv/lib/python3.12/site-packages/oslo_db/sqlalchemy/engines.py:325}}
Jul 21 23:09:55.382312 np0000005603 nova-scheduler[93526]: DEBUG nova.service [None req-8e0f3a8f-e237-4c21-a390-9fdf11bfbfb5 None None] Creating RPC server for service: nova-scheduler on topic: scheduler {{(pid=93526) start /opt/stack/nova/nova/service.py:196}}
Jul 21 23:09:55.382437 np0000005603 nova-scheduler[93530]: DEBUG dbcounter [-] [93530] Writer thread running {{(pid=93530) stat_writer /opt/stack/data/venv/lib/python3.12/site-packages/dbcounter.py:102}}
Jul 21 23:09:55.385664 np0000005603 nova-scheduler[93530]: DEBUG nova.service [None req-90228f6a-44f7-421d-8850-726f5d81b46d None None] Creating RPC server for service: nova-scheduler on topic: scheduler {{(pid=93530) start /opt/stack/nova/nova/service.py:196}}
Jul 21 23:09:55.387851 np0000005603 nova-scheduler[93528]: DEBUG nova.service [None req-5c6868c1-84e3-46e1-82cd-140f0a3d699e None None] Creating RPC server for service: nova-scheduler on topic: scheduler {{(pid=93528) start /opt/stack/nova/nova/service.py:196}}
Jul 21 23:09:55.408081 np0000005603 nova-scheduler[93526]: DEBUG nova.service [None req-8e0f3a8f-e237-4c21-a390-9fdf11bfbfb5 None None] Join ServiceGroup membership for this service scheduler {{(pid=93526) start /opt/stack/nova/nova/service.py:222}}
Jul 21 23:09:55.408332 np0000005603 nova-scheduler[93526]: DEBUG nova.servicegroup.drivers.db [None req-8e0f3a8f-e237-4c21-a390-9fdf11bfbfb5 None None] DB_Driver: join new ServiceGroup member np0000005603 to the scheduler group, service = {{(pid=93526) join /opt/stack/nova/nova/servicegroup/drivers/db.py:44}}
Jul 21 23:09:55.410066 np0000005603 nova-scheduler[93530]: DEBUG nova.service [None req-90228f6a-44f7-421d-8850-726f5d81b46d None None] Join ServiceGroup membership for this service scheduler {{(pid=93530) start /opt/stack/nova/nova/service.py:222}}
Jul 21 23:09:55.410353 np0000005603 nova-scheduler[93530]: DEBUG nova.servicegroup.drivers.db [None req-90228f6a-44f7-421d-8850-726f5d81b46d None None] DB_Driver: join new ServiceGroup member np0000005603 to the scheduler group, service = {{(pid=93530) join /opt/stack/nova/nova/servicegroup/drivers/db.py:44}}
Jul 21 23:09:55.413685 np0000005603 nova-scheduler[93528]: DEBUG nova.service [None req-5c6868c1-84e3-46e1-82cd-140f0a3d699e None None] Join ServiceGroup membership for this service scheduler {{(pid=93528) start /opt/stack/nova/nova/service.py:222}}
Jul 21 23:09:55.413929 np0000005603 nova-scheduler[93528]: DEBUG nova.servicegroup.drivers.db [None req-5c6868c1-84e3-46e1-82cd-140f0a3d699e None None] DB_Driver: join new ServiceGroup member np0000005603 to the scheduler group, service = {{(pid=93528) join /opt/stack/nova/nova/servicegroup/drivers/db.py:44}}
Jul 21 23:10:00.423796 np0000005603 nova-scheduler[93526]: DEBUG oslo.service.backend._threading.loopingcall [-] Fixed interval looping call 'nova.servicegroup.drivers.db.DbDriver._report_state' sleeping for 119.99 seconds {{(pid=93526) _run_loop /opt/stack/data/venv/lib/python3.12/site-packages/oslo_service/backend/_threading/loopingcall.py:125}}
Jul 21 23:10:00.424494 np0000005603 nova-scheduler[93530]: DEBUG oslo.service.backend._threading.loopingcall [-] Fixed interval looping call 'nova.servicegroup.drivers.db.DbDriver._report_state' sleeping for 119.99 seconds {{(pid=93530) _run_loop /opt/stack/data/venv/lib/python3.12/site-packages/oslo_service/backend/_threading/loopingcall.py:125}}
Jul 21 23:10:00.426044 np0000005603 nova-scheduler[93528]: DEBUG oslo.service.backend._threading.loopingcall [-] Fixed interval looping call 'nova.servicegroup.drivers.db.DbDriver._report_state' sleeping for 119.99 seconds {{(pid=93528) _run_loop /opt/stack/data/venv/lib/python3.12/site-packages/oslo_service/backend/_threading/loopingcall.py:125}}
Jul 21 23:10:03.976290 np0000005603 nova-scheduler[92316]: DEBUG dbcounter [-] [92316] Writing DB stats nova_api:SELECT=3 {{(pid=92316) stat_writer /opt/stack/data/venv/lib/python3.12/site-packages/dbcounter.py:115}}
Jul 21 23:10:04.103381 np0000005603 nova-scheduler[92316]: DEBUG dbcounter [-] [92316] Writing DB stats nova_cell0:SELECT=1 {{(pid=92316) stat_writer /opt/stack/data/venv/lib/python3.12/site-packages/dbcounter.py:115}}
Jul 21 23:10:04.109368 np0000005603 nova-scheduler[92316]: DEBUG dbcounter [-] [92316] Writing DB stats nova_cell1:SELECT=1 {{(pid=92316) stat_writer /opt/stack/data/venv/lib/python3.12/site-packages/dbcounter.py:115}}
Jul 21 23:10:10.417006 np0000005603 nova-scheduler[93526]: DEBUG dbcounter [-] [93526] Writing DB stats nova_cell0:SELECT=4,nova_cell0:INSERT=1,nova_cell0:UPDATE=1 {{(pid=93526) stat_writer /opt/stack/data/venv/lib/python3.12/site-packages/dbcounter.py:115}}
Jul 21 23:10:10.423132 np0000005603 nova-scheduler[93530]: DEBUG dbcounter [-] [93530] Writing DB stats nova_cell0:SELECT=3,nova_cell0:UPDATE=1 {{(pid=93530) stat_writer /opt/stack/data/venv/lib/python3.12/site-packages/dbcounter.py:115}}
Jul 21 23:10:10.425482 np0000005603 nova-scheduler[93528]: DEBUG dbcounter [-] [93528] Writing DB stats nova_cell0:SELECT=5,nova_cell0:INSERT=1,nova_cell0:UPDATE=1 {{(pid=93528) stat_writer /opt/stack/data/venv/lib/python3.12/site-packages/dbcounter.py:115}}
Jul 21 23:10:23.413198 np0000005603 nova-scheduler[93530]: DEBUG oslo.service.backend._threading.loopingcall [None req-ac1b47e6-5f30-42d4-a252-4c1ea9b76aef None None] Dynamic interval looping call 'nova.service.Service.periodic_tasks' sleeping for 60.00 seconds {{(pid=93530) _run_loop /opt/stack/data/venv/lib/python3.12/site-packages/oslo_service/backend/_threading/loopingcall.py:125}}
Jul 21 23:10:34.410458 np0000005603 nova-scheduler[93526]: DEBUG oslo.service.backend._threading.loopingcall [None req-5e8912ed-155e-4ed7-b732-2d89147dc8b6 None None] Dynamic interval looping call 'nova.service.Service.periodic_tasks' sleeping for 60.00 seconds {{(pid=93526) _run_loop /opt/stack/data/venv/lib/python3.12/site-packages/oslo_service/backend/_threading/loopingcall.py:125}}
Jul 21 23:10:45.416342 np0000005603 nova-scheduler[93528]: DEBUG oslo.service.backend._threading.loopingcall [None req-389447cb-df11-4463-b2e2-f8eb4630486c None None] Dynamic interval looping call 'nova.service.Service.periodic_tasks' sleeping for 60.00 seconds {{(pid=93528) _run_loop /opt/stack/data/venv/lib/python3.12/site-packages/oslo_service/backend/_threading/loopingcall.py:125}}
Jul 21 23:11:23.413485 np0000005603 nova-scheduler[93530]: DEBUG oslo.service.backend._threading.loopingcall [None req-ac1b47e6-5f30-42d4-a252-4c1ea9b76aef None None] Dynamic interval looping call 'nova.service.Service.periodic_tasks' sleeping for 60.00 seconds {{(pid=93530) _run_loop /opt/stack/data/venv/lib/python3.12/site-packages/oslo_service/backend/_threading/loopingcall.py:125}}
Jul 21 23:11:34.410934 np0000005603 nova-scheduler[93526]: DEBUG oslo.service.backend._threading.loopingcall [None req-5e8912ed-155e-4ed7-b732-2d89147dc8b6 None None] Dynamic interval looping call 'nova.service.Service.periodic_tasks' sleeping for 60.00 seconds {{(pid=93526) _run_loop /opt/stack/data/venv/lib/python3.12/site-packages/oslo_service/backend/_threading/loopingcall.py:125}}
Jul 21 23:11:45.416838 np0000005603 nova-scheduler[93528]: DEBUG oslo.service.backend._threading.loopingcall [None req-389447cb-df11-4463-b2e2-f8eb4630486c None None] Dynamic interval looping call 'nova.service.Service.periodic_tasks' sleeping for 60.00 seconds {{(pid=93528) _run_loop /opt/stack/data/venv/lib/python3.12/site-packages/oslo_service/backend/_threading/loopingcall.py:125}}
Jul 21 23:12:00.421139 np0000005603 nova-scheduler[93526]: DEBUG oslo.service.backend._threading.loopingcall [-] Fixed interval looping call 'nova.servicegroup.drivers.db.DbDriver._report_state' sleeping for 119.99 seconds {{(pid=93526) _run_loop /opt/stack/data/venv/lib/python3.12/site-packages/oslo_service/backend/_threading/loopingcall.py:125}}
Jul 21 23:12:00.421587 np0000005603 nova-scheduler[93530]: DEBUG oslo.service.backend._threading.loopingcall [-] Fixed interval looping call 'nova.servicegroup.drivers.db.DbDriver._report_state' sleeping for 119.99 seconds {{(pid=93530) _run_loop /opt/stack/data/venv/lib/python3.12/site-packages/oslo_service/backend/_threading/loopingcall.py:125}}
Jul 21 23:12:00.423936 np0000005603 nova-scheduler[93528]: DEBUG oslo.service.backend._threading.loopingcall [-] Fixed interval looping call 'nova.servicegroup.drivers.db.DbDriver._report_state' sleeping for 119.99 seconds {{(pid=93528) _run_loop /opt/stack/data/venv/lib/python3.12/site-packages/oslo_service/backend/_threading/loopingcall.py:125}}
Jul 21 23:12:10.417693 np0000005603 nova-scheduler[93526]: DEBUG dbcounter [-] [93526] Writing DB stats nova_cell0:SELECT=1,nova_cell0:UPDATE=1 {{(pid=93526) stat_writer /opt/stack/data/venv/lib/python3.12/site-packages/dbcounter.py:115}}
Jul 21 23:12:10.421352 np0000005603 nova-scheduler[93530]: DEBUG dbcounter [-] [93530] Writing DB stats nova_cell0:SELECT=1,nova_cell0:UPDATE=1 {{(pid=93530) stat_writer /opt/stack/data/venv/lib/python3.12/site-packages/dbcounter.py:115}}
Jul 21 23:12:10.422743 np0000005603 nova-scheduler[93528]: DEBUG dbcounter [-] [93528] Writing DB stats nova_cell0:SELECT=1 {{(pid=93528) stat_writer /opt/stack/data/venv/lib/python3.12/site-packages/dbcounter.py:115}}
Jul 21 23:12:23.413956 np0000005603 nova-scheduler[93530]: DEBUG oslo.service.backend._threading.loopingcall [None req-ac1b47e6-5f30-42d4-a252-4c1ea9b76aef None None] Dynamic interval looping call 'nova.service.Service.periodic_tasks' sleeping for 60.00 seconds {{(pid=93530) _run_loop /opt/stack/data/venv/lib/python3.12/site-packages/oslo_service/backend/_threading/loopingcall.py:125}}
Jul 21 23:12:24.421588 np0000005603 nova-scheduler[93526]: DEBUG nova.scheduler.manager [None req-6d3e38ee-de64-4e98-bb38-b93f24f0af81 tempest-DeleteServersTestJSON-1425765000 tempest-DeleteServersTestJSON-1425765000-project-member] Starting to schedule for instances: ['830a2193-13c8-4587-be0e-ad44f15f6cf6'] {{(pid=93526) select_destinations /opt/stack/nova/nova/scheduler/manager.py:209}}
Jul 21 23:12:24.422501 np0000005603 nova-scheduler[93526]: DEBUG nova.scheduler.request_filter [None req-6d3e38ee-de64-4e98-bb38-b93f24f0af81 tempest-DeleteServersTestJSON-1425765000 tempest-DeleteServersTestJSON-1425765000-project-member] compute_status_filter request filter added forbidden trait COMPUTE_STATUS_DISABLED {{(pid=93526) compute_status_filter /opt/stack/nova/nova/scheduler/request_filter.py:253}}
Jul 21 23:12:24.422639 np0000005603 nova-scheduler[93526]: DEBUG nova.scheduler.request_filter [None req-6d3e38ee-de64-4e98-bb38-b93f24f0af81 tempest-DeleteServersTestJSON-1425765000 tempest-DeleteServersTestJSON-1425765000-project-member] Request filter 'compute_status_filter' took 0.0 seconds {{(pid=93526) wrapper /opt/stack/nova/nova/scheduler/request_filter.py:46}}
Jul 21 23:12:24.422838 np0000005603 nova-scheduler[93526]: DEBUG nova.scheduler.request_filter [None req-6d3e38ee-de64-4e98-bb38-b93f24f0af81 tempest-DeleteServersTestJSON-1425765000 tempest-DeleteServersTestJSON-1425765000-project-member] Request filter 'accelerators_filter' took 0.0 seconds {{(pid=93526) wrapper /opt/stack/nova/nova/scheduler/request_filter.py:46}}
Jul 21 23:12:24.423091 np0000005603 nova-scheduler[93526]: DEBUG nova.scheduler.request_filter [None req-6d3e38ee-de64-4e98-bb38-b93f24f0af81 tempest-DeleteServersTestJSON-1425765000 tempest-DeleteServersTestJSON-1425765000-project-member] Request filter 'packed_virtqueue_filter' took 0.0 seconds {{(pid=93526) wrapper /opt/stack/nova/nova/scheduler/request_filter.py:46}}
Jul 21 23:12:24.423457 np0000005603 nova-scheduler[93526]: DEBUG nova.scheduler.request_filter [None req-6d3e38ee-de64-4e98-bb38-b93f24f0af81 tempest-DeleteServersTestJSON-1425765000 tempest-DeleteServersTestJSON-1425765000-project-member] Request filter 'remote_managed_ports_filter' took 0.0 seconds {{(pid=93526) wrapper /opt/stack/nova/nova/scheduler/request_filter.py:46}}
Jul 21 23:12:24.423781 np0000005603 nova-scheduler[93526]: DEBUG nova.scheduler.request_filter [None req-6d3e38ee-de64-4e98-bb38-b93f24f0af81 tempest-DeleteServersTestJSON-1425765000 tempest-DeleteServersTestJSON-1425765000-project-member] ephemeral_encryption_filter skipped {{(pid=93526) ephemeral_encryption_filter /opt/stack/nova/nova/scheduler/request_filter.py:426}}
Jul 21 23:12:24.424009 np0000005603 nova-scheduler[93526]: DEBUG nova.scheduler.request_filter [None req-6d3e38ee-de64-4e98-bb38-b93f24f0af81 tempest-DeleteServersTestJSON-1425765000 tempest-DeleteServersTestJSON-1425765000-project-member] virtio_sound_filter skipped {{(pid=93526) virtio_sound_filter /opt/stack/nova/nova/scheduler/request_filter.py:460}}
Jul 21 23:12:24.424127 np0000005603 nova-scheduler[93526]: DEBUG nova.scheduler.request_filter [None req-6d3e38ee-de64-4e98-bb38-b93f24f0af81 tempest-DeleteServersTestJSON-1425765000 tempest-DeleteServersTestJSON-1425765000-project-member] tpm_secret_security_filter skipped {{(pid=93526) tpm_secret_security_filter /opt/stack/nova/nova/scheduler/request_filter.py:477}}
Jul 21 23:12:24.982632 np0000005603 nova-scheduler[93526]: INFO nova.utils [None req-6d3e38ee-de64-4e98-bb38-b93f24f0af81 tempest-DeleteServersTestJSON-1425765000 tempest-DeleteServersTestJSON-1425765000-project-member] The cell worker thread pool ForkProcess-1.cell_worker is initialized
Jul 21 23:12:24.983080 np0000005603 nova-scheduler[93526]: DEBUG oslo_concurrency.lockutils [None req-6d3e38ee-de64-4e98-bb38-b93f24f0af81 tempest-DeleteServersTestJSON-1425765000 tempest-DeleteServersTestJSON-1425765000-project-member] Acquiring lock "e6428e20-2fad-486b-b22f-90f1f73a02f3" by "nova.context.set_target_cell..get_or_set_cached_cell_and_set_connections" {{(pid=93526) inner /opt/stack/data/venv/lib/python3.12/site-packages/oslo_concurrency/lockutils.py:512}}
Jul 21 23:12:24.983442 np0000005603 nova-scheduler[93526]: DEBUG oslo_concurrency.lockutils [None req-6d3e38ee-de64-4e98-bb38-b93f24f0af81 tempest-DeleteServersTestJSON-1425765000 tempest-DeleteServersTestJSON-1425765000-project-member] Lock "e6428e20-2fad-486b-b22f-90f1f73a02f3" acquired by "nova.context.set_target_cell..get_or_set_cached_cell_and_set_connections" :: waited 0.000s {{(pid=93526) inner /opt/stack/data/venv/lib/python3.12/site-packages/oslo_concurrency/lockutils.py:525}}
Jul 21 23:12:24.985224 np0000005603 nova-scheduler[93526]: DEBUG oslo_concurrency.lockutils [None req-6d3e38ee-de64-4e98-bb38-b93f24f0af81 tempest-DeleteServersTestJSON-1425765000 tempest-DeleteServersTestJSON-1425765000-project-member] Lock "e6428e20-2fad-486b-b22f-90f1f73a02f3" "released" by "nova.context.set_target_cell..get_or_set_cached_cell_and_set_connections" :: held 0.002s {{(pid=93526) inner /opt/stack/data/venv/lib/python3.12/site-packages/oslo_concurrency/lockutils.py:544}}
Jul 21 23:12:24.987029 np0000005603 nova-scheduler[93526]: INFO dbcounter [None req-6d3e38ee-de64-4e98-bb38-b93f24f0af81 tempest-DeleteServersTestJSON-1425765000 tempest-DeleteServersTestJSON-1425765000-project-member] Registered counter for database nova_cell1
Jul 21 23:12:25.022674 np0000005603 nova-scheduler[93526]: DEBUG oslo_db.sqlalchemy.engines [None req-6d3e38ee-de64-4e98-bb38-b93f24f0af81 tempest-DeleteServersTestJSON-1425765000 tempest-DeleteServersTestJSON-1425765000-project-member] MySQL server mode set to STRICT_TRANS_TABLES,STRICT_ALL_TABLES,NO_ZERO_IN_DATE,NO_ZERO_DATE,ERROR_FOR_DIVISION_BY_ZERO,TRADITIONAL,NO_ENGINE_SUBSTITUTION {{(pid=93526) _check_effective_sql_mode /opt/stack/data/venv/lib/python3.12/site-packages/oslo_db/sqlalchemy/engines.py:325}}
Jul 21 23:12:25.029001 np0000005603 nova-scheduler[93526]: DEBUG dbcounter [-] [93526] Writer thread running {{(pid=93526) stat_writer /opt/stack/data/venv/lib/python3.12/site-packages/dbcounter.py:102}}
Jul 21 23:12:25.040561 np0000005603 nova-scheduler[93526]: DEBUG oslo_db.sqlalchemy.engines [None req-6d3e38ee-de64-4e98-bb38-b93f24f0af81 tempest-DeleteServersTestJSON-1425765000 tempest-DeleteServersTestJSON-1425765000-project-member] Parent process 92316 forked (93526) with an open database connection, which is being discarded and recreated. {{(pid=93526) checkout /opt/stack/data/venv/lib/python3.12/site-packages/oslo_db/sqlalchemy/engines.py:402}}
Jul 21 23:12:25.087912 np0000005603 nova-scheduler[93526]: DEBUG dbcounter [-] [93526] Writer thread running {{(pid=93526) stat_writer /opt/stack/data/venv/lib/python3.12/site-packages/dbcounter.py:102}}
Jul 21 23:12:25.091107 np0000005603 nova-scheduler[93526]: DEBUG oslo_concurrency.lockutils [None req-6d3e38ee-de64-4e98-bb38-b93f24f0af81 tempest-DeleteServersTestJSON-1425765000 tempest-DeleteServersTestJSON-1425765000-project-member] Acquiring lock "e6428e20-2fad-486b-b22f-90f1f73a02f3" by "nova.context.set_target_cell..get_or_set_cached_cell_and_set_connections" {{(pid=93526) inner /opt/stack/data/venv/lib/python3.12/site-packages/oslo_concurrency/lockutils.py:512}}
Jul 21 23:12:25.091329 np0000005603 nova-scheduler[93526]: DEBUG oslo_concurrency.lockutils [None req-6d3e38ee-de64-4e98-bb38-b93f24f0af81 tempest-DeleteServersTestJSON-1425765000 tempest-DeleteServersTestJSON-1425765000-project-member] Lock "e6428e20-2fad-486b-b22f-90f1f73a02f3" acquired by "nova.context.set_target_cell..get_or_set_cached_cell_and_set_connections" :: waited 0.000s {{(pid=93526) inner /opt/stack/data/venv/lib/python3.12/site-packages/oslo_concurrency/lockutils.py:525}}
Jul 21 23:12:25.091492 np0000005603 nova-scheduler[93526]: DEBUG oslo_concurrency.lockutils [None req-6d3e38ee-de64-4e98-bb38-b93f24f0af81 tempest-DeleteServersTestJSON-1425765000 tempest-DeleteServersTestJSON-1425765000-project-member] Lock "e6428e20-2fad-486b-b22f-90f1f73a02f3" "released" by "nova.context.set_target_cell..get_or_set_cached_cell_and_set_connections" :: held 0.000s {{(pid=93526) inner /opt/stack/data/venv/lib/python3.12/site-packages/oslo_concurrency/lockutils.py:544}}
Jul 21 23:12:25.095724 np0000005603 nova-scheduler[93526]: DEBUG oslo_concurrency.lockutils [None req-6d3e38ee-de64-4e98-bb38-b93f24f0af81 tempest-DeleteServersTestJSON-1425765000 tempest-DeleteServersTestJSON-1425765000-project-member] Acquiring lock "np0000005603-np0000005603" by "nova.scheduler.host_manager.HostState.update.._locked_update" {{(pid=93526) inner /opt/stack/data/venv/lib/python3.12/site-packages/oslo_concurrency/lockutils.py:512}}
Jul 21 23:12:25.096012 np0000005603 nova-scheduler[93526]: DEBUG oslo_concurrency.lockutils [None req-6d3e38ee-de64-4e98-bb38-b93f24f0af81 tempest-DeleteServersTestJSON-1425765000 tempest-DeleteServersTestJSON-1425765000-project-member] Lock "np0000005603-np0000005603" acquired by "nova.scheduler.host_manager.HostState.update.._locked_update" :: waited 0.000s {{(pid=93526) inner /opt/stack/data/venv/lib/python3.12/site-packages/oslo_concurrency/lockutils.py:525}}
Jul 21 23:12:25.097466 np0000005603 nova-scheduler[93526]: DEBUG nova.scheduler.host_manager [None req-6d3e38ee-de64-4e98-bb38-b93f24f0af81 tempest-DeleteServersTestJSON-1425765000 tempest-DeleteServersTestJSON-1425765000-project-member] Update host state from compute node: ComputeNode(cpu_allocation_ratio=4.0,cpu_info='{"arch": "x86_64", "model": "EPYC-Milan", "vendor": "AMD", "topology": {"cells": 1, "sockets": 16, "cores": 1, "threads": 1}, "maxphysaddr": {"mode": "emulate", "bits": 40}, "features": ["syscall", "v-vmsave-vmload", "adx", "lahf_lm", "mmxext", "svme-addr-chk", "sha-ni", "mce", "mtrr", "gds-no", "spec-ctrl", "lfence-always-serializing", "3dnowprefetch", "amd-ssbd", "cx16", "pause-filter", "pschange-mc-no", "clflushopt", "nrip-save", "perfctr_core", "pae", "arch-capabilities", "osvw", "pclmuldq", "vaes", "hypervisor", "nx", "amd-stibp", "aes", "cx8", "no-nested-data-bp", "pku", "pse", "bmi1", "vpclmulqdq", "erms", "pni", "ibpb", "pdpe1gb", "smep", "topoext", "bmi2", "rdtscp", "fsrm", "null-sel-clr-base", "fma", "rdrand", "tsc_adjust", "pcid", "sep", "sse4.1", "tsc", "pat", "fxsr", "movbe", "virt-ssbd", "skip-l1dfl-vmentry", "sse4a", "clzero", "lm", "vgif", "mca", "wbnoinvd", "avx2", "x2apic", "rdpid", "ssbd", "stibp-always-on", "de", "sse", "pfthreshold", "tsc-scale", "rdctl-no", "sse4.2", "ssse3", "mmx", "flushbyasid", "amd-psfd", "arat", "xsavec", "cr8legacy", "fxsr_opt", "vmcb-clean", "sse2", "f16c", "invpcid", "fsgsbase", "pse36", "xsave", "mds-no", "tsc-deadline", "abm", "ibrs", "misalignsse", "msr", "clwb", "npt", "xsaves", "cmp_legacy", "svm", "fpu", "umip", "vme", "apic", "xsaveerptr", "stibp", "cmov", "rdseed", "pge", "lbrv", "clflush", "avx", "xsaveopt", "smap", "popcnt", "xgetbv1"]}',created_at=2026-07-21T23:10:17Z,current_workload=0,deleted=False,deleted_at=None,disk_allocation_ratio=1.0,disk_available_least=73,free_disk_gb=95,free_ram_mb=62765,host='np0000005603',host_ip=10.4.3.143,hypervisor_hostname='np0000005603',hypervisor_type='QEMU',hypervisor_version=8002002,id=1,local_gb=95,local_gb_used=0,mapped=1,memory_mb=63277,memory_mb_used=512,metrics='[]',numa_topology='{"nova_object.name": "NUMATopology", "nova_object.namespace": "nova", "nova_object.version": "1.2", "nova_object.data": {"cells": [{"nova_object.name": "NUMACell", "nova_object.namespace": "nova", "nova_object.version": "1.5", "nova_object.data": {"id": 0, "cpuset": [0, 1, 2, 3, 4, 5, 6, 7, 8, 9, 10, 11, 12, 13, 14, 15], "pcpuset": [0, 1, 2, 3, 4, 5, 6, 7, 8, 9, 10, 11, 12, 13, 14, 15], "memory": 63277, "cpu_usage": 0, "memory_usage": 0, "pinned_cpus": [], "siblings": [[6], [12], [2], [15], [5], [11], [8], [14], [4], [1], [7], [10], [0], [13], [3], [9]], "mempages": [{"nova_object.name": "NUMAPagesTopology", "nova_object.namespace": "nova", "nova_object.version": "1.1", "nova_object.data": {"size_kb": 4, "total": 16177929, "used": 0, "reserved": 0}, "nova_object.changes": ["reserved", "used", "total", "size_kb"]}, {"nova_object.name": "NUMAPagesTopology", "nova_object.namespace": "nova", "nova_object.version": "1.1", "nova_object.data": {"size_kb": 2048, "total": 41, "used": 0, "reserved": 0}, "nova_object.changes": ["reserved", "used", "total", "size_kb"]}, {"nova_object.name": "NUMAPagesTopology", "nova_object.namespace": "nova", "nova_object.version": "1.1", "nova_object.data": {"size_kb": 1048576, "total": 0, "used": 0, "reserved": 0}, "nova_object.changes": ["reserved", "used", "total", "size_kb"]}], "network_metadata": {"nova_object.name": "NetworkMetadata", "nova_object.namespace": "nova", "nova_object.version": "1.0", "nova_object.data": {"physnets": [], "tunneled": false}, "nova_object.changes": ["tunneled", "physnets"]}, "socket": null}, "nova_object.changes": ["pinned_cpus", "network_metadata", "socket", "pcpuset", "mempages", "memory_usage", "siblings", "cpuset", "memory", "cpu_usage", "id"]}]}, "nova_object.changes": ["cells"]}',pci_device_pools=PciDevicePoolList,ram_allocation_ratio=1.0,running_vms=0,service_id=3,stats={failed_builds='0',uptime=' 23:12:03 up 13 min, 2 users, load average: 1.10, 1.36, 0.79
Jul 21 23:12:25.097466 np0000005603 nova-scheduler[93526]: '},supported_hv_specs=[HVSpec,HVSpec,HVSpec,HVSpec,HVSpec,HVSpec,HVSpec,HVSpec,HVSpec,HVSpec,HVSpec,HVSpec,HVSpec,HVSpec,HVSpec,HVSpec,HVSpec,HVSpec,HVSpec,HVSpec,HVSpec,HVSpec,HVSpec,HVSpec,HVSpec],updated_at=2026-07-21T23:12:04Z,uuid=e3ff98da-4307-4b99-80ba-5c87a31d4fe1,vcpus=16,vcpus_used=0) {{(pid=93526) _locked_update /opt/stack/nova/nova/scheduler/host_manager.py:168}}
Jul 21 23:12:25.098232 np0000005603 nova-scheduler[93526]: DEBUG nova.scheduler.host_manager [None req-6d3e38ee-de64-4e98-bb38-b93f24f0af81 tempest-DeleteServersTestJSON-1425765000 tempest-DeleteServersTestJSON-1425765000-project-member] Update host state with aggregates: [] {{(pid=93526) _locked_update /opt/stack/nova/nova/scheduler/host_manager.py:171}}
Jul 21 23:12:25.098406 np0000005603 nova-scheduler[93526]: DEBUG nova.scheduler.host_manager [None req-6d3e38ee-de64-4e98-bb38-b93f24f0af81 tempest-DeleteServersTestJSON-1425765000 tempest-DeleteServersTestJSON-1425765000-project-member] Update host state with service dict: {'id': 3, 'uuid': 'ec7cd930-02f6-4b70-ace2-0cd6dc5494a4', 'host': 'np0000005603', 'binary': 'nova-compute', 'topic': 'compute', 'report_count': 2, 'disabled': False, 'disabled_reason': None, 'last_seen_up': datetime.datetime(2026, 7, 21, 23, 12, 23, tzinfo=datetime.timezone.utc), 'forced_down': False, 'version': 72, 'created_at': datetime.datetime(2026, 7, 21, 23, 10, 16, tzinfo=datetime.timezone.utc), 'updated_at': datetime.datetime(2026, 7, 21, 23, 12, 23, tzinfo=datetime.timezone.utc), 'deleted_at': None, 'deleted': False} {{(pid=93526) _locked_update /opt/stack/nova/nova/scheduler/host_manager.py:174}}
Jul 21 23:12:25.099082 np0000005603 nova-scheduler[93526]: DEBUG nova.scheduler.host_manager [None req-6d3e38ee-de64-4e98-bb38-b93f24f0af81 tempest-DeleteServersTestJSON-1425765000 tempest-DeleteServersTestJSON-1425765000-project-member] Update host state with instances: [] {{(pid=93526) _locked_update /opt/stack/nova/nova/scheduler/host_manager.py:177}}
Jul 21 23:12:25.099082 np0000005603 nova-scheduler[93526]: DEBUG oslo_concurrency.lockutils [None req-6d3e38ee-de64-4e98-bb38-b93f24f0af81 tempest-DeleteServersTestJSON-1425765000 tempest-DeleteServersTestJSON-1425765000-project-member] Lock "np0000005603-np0000005603" "released" by "nova.scheduler.host_manager.HostState.update.._locked_update" :: held 0.003s {{(pid=93526) inner /opt/stack/data/venv/lib/python3.12/site-packages/oslo_concurrency/lockutils.py:544}}
Jul 21 23:12:25.099295 np0000005603 nova-scheduler[93526]: DEBUG nova.filters [None req-6d3e38ee-de64-4e98-bb38-b93f24f0af81 tempest-DeleteServersTestJSON-1425765000 tempest-DeleteServersTestJSON-1425765000-project-member] Starting with 1 host(s) {{(pid=93526) get_filtered_objects /opt/stack/nova/nova/filters.py:70}}
Jul 21 23:12:25.099542 np0000005603 nova-scheduler[93526]: DEBUG nova.filters [None req-6d3e38ee-de64-4e98-bb38-b93f24f0af81 tempest-DeleteServersTestJSON-1425765000 tempest-DeleteServersTestJSON-1425765000-project-member] Filter ComputeFilter returned 1 host(s) {{(pid=93526) get_filtered_objects /opt/stack/nova/nova/filters.py:102}}
Jul 21 23:12:25.099731 np0000005603 nova-scheduler[93526]: DEBUG nova.filters [None req-6d3e38ee-de64-4e98-bb38-b93f24f0af81 tempest-DeleteServersTestJSON-1425765000 tempest-DeleteServersTestJSON-1425765000-project-member] Filter ComputeCapabilitiesFilter returned 1 host(s) {{(pid=93526) get_filtered_objects /opt/stack/nova/nova/filters.py:102}}
Jul 21 23:12:25.099972 np0000005603 nova-scheduler[93526]: DEBUG nova.filters [None req-6d3e38ee-de64-4e98-bb38-b93f24f0af81 tempest-DeleteServersTestJSON-1425765000 tempest-DeleteServersTestJSON-1425765000-project-member] Filter ImagePropertiesFilter returned 1 host(s) {{(pid=93526) get_filtered_objects /opt/stack/nova/nova/filters.py:102}}
Jul 21 23:12:25.100131 np0000005603 nova-scheduler[93526]: DEBUG nova.filters [None req-6d3e38ee-de64-4e98-bb38-b93f24f0af81 tempest-DeleteServersTestJSON-1425765000 tempest-DeleteServersTestJSON-1425765000-project-member] Filter ServerGroupAntiAffinityFilter returned 1 host(s) {{(pid=93526) get_filtered_objects /opt/stack/nova/nova/filters.py:102}}
Jul 21 23:12:25.100309 np0000005603 nova-scheduler[93526]: DEBUG nova.filters [None req-6d3e38ee-de64-4e98-bb38-b93f24f0af81 tempest-DeleteServersTestJSON-1425765000 tempest-DeleteServersTestJSON-1425765000-project-member] Filter ServerGroupAffinityFilter returned 1 host(s) {{(pid=93526) get_filtered_objects /opt/stack/nova/nova/filters.py:102}}
Jul 21 23:12:25.100566 np0000005603 nova-scheduler[93526]: DEBUG nova.filters [None req-6d3e38ee-de64-4e98-bb38-b93f24f0af81 tempest-DeleteServersTestJSON-1425765000 tempest-DeleteServersTestJSON-1425765000-project-member] Filter SameHostFilter returned 1 host(s) {{(pid=93526) get_filtered_objects /opt/stack/nova/nova/filters.py:102}}
Jul 21 23:12:25.100647 np0000005603 nova-scheduler[93526]: DEBUG nova.filters [None req-6d3e38ee-de64-4e98-bb38-b93f24f0af81 tempest-DeleteServersTestJSON-1425765000 tempest-DeleteServersTestJSON-1425765000-project-member] Filter DifferentHostFilter returned 1 host(s) {{(pid=93526) get_filtered_objects /opt/stack/nova/nova/filters.py:102}}
Jul 21 23:12:25.100820 np0000005603 nova-scheduler[93526]: DEBUG nova.scheduler.manager [None req-6d3e38ee-de64-4e98-bb38-b93f24f0af81 tempest-DeleteServersTestJSON-1425765000 tempest-DeleteServersTestJSON-1425765000-project-member] Filtered [(np0000005603, np0000005603) ram: 62765MB disk: 74752MB io_ops: 0 instances: 0, allocation_candidates: 1] {{(pid=93526) _get_sorted_hosts /opt/stack/nova/nova/scheduler/manager.py:742}}
Jul 21 23:12:25.101079 np0000005603 nova-scheduler[93526]: DEBUG nova.scheduler.manager [None req-6d3e38ee-de64-4e98-bb38-b93f24f0af81 tempest-DeleteServersTestJSON-1425765000 tempest-DeleteServersTestJSON-1425765000-project-member] Weighed [WeighedHost [host: (np0000005603, np0000005603) ram: 62765MB disk: 74752MB io_ops: 0 instances: 0, allocation_candidates: 1, weight: 0.0]] {{(pid=93526) _get_sorted_hosts /opt/stack/nova/nova/scheduler/manager.py:764}}
Jul 21 23:12:25.101339 np0000005603 nova-scheduler[93526]: DEBUG nova.scheduler.utils [None req-6d3e38ee-de64-4e98-bb38-b93f24f0af81 tempest-DeleteServersTestJSON-1425765000 tempest-DeleteServersTestJSON-1425765000-project-member] Attempting to claim resources in the placement API for instance 830a2193-13c8-4587-be0e-ad44f15f6cf6 {{(pid=93526) claim_resources /opt/stack/nova/nova/scheduler/utils.py:1345}}
Jul 21 23:12:25.268823 np0000005603 nova-scheduler[93526]: DEBUG nova.scheduler.manager [None req-6d3e38ee-de64-4e98-bb38-b93f24f0af81 tempest-DeleteServersTestJSON-1425765000 tempest-DeleteServersTestJSON-1425765000-project-member] [instance: 830a2193-13c8-4587-be0e-ad44f15f6cf6] Selected host: (np0000005603, np0000005603) ram: 62765MB disk: 74752MB io_ops: 0 instances: 0, allocation_candidates: 1 {{(pid=93526) _consume_selected_host /opt/stack/nova/nova/scheduler/manager.py:624}}
Jul 21 23:12:25.269094 np0000005603 nova-scheduler[93526]: DEBUG oslo_concurrency.lockutils [None req-6d3e38ee-de64-4e98-bb38-b93f24f0af81 tempest-DeleteServersTestJSON-1425765000 tempest-DeleteServersTestJSON-1425765000-project-member] Acquiring lock "np0000005603-np0000005603" by "nova.scheduler.host_manager.HostState.consume_from_request.._locked" {{(pid=93526) inner /opt/stack/data/venv/lib/python3.12/site-packages/oslo_concurrency/lockutils.py:512}}
Jul 21 23:12:25.269263 np0000005603 nova-scheduler[93526]: DEBUG oslo_concurrency.lockutils [None req-6d3e38ee-de64-4e98-bb38-b93f24f0af81 tempest-DeleteServersTestJSON-1425765000 tempest-DeleteServersTestJSON-1425765000-project-member] Lock "np0000005603-np0000005603" acquired by "nova.scheduler.host_manager.HostState.consume_from_request.._locked" :: waited 0.000s {{(pid=93526) inner /opt/stack/data/venv/lib/python3.12/site-packages/oslo_concurrency/lockutils.py:525}}
Jul 21 23:12:25.269437 np0000005603 nova-scheduler[93526]: DEBUG oslo_concurrency.lockutils [None req-6d3e38ee-de64-4e98-bb38-b93f24f0af81 tempest-DeleteServersTestJSON-1425765000 tempest-DeleteServersTestJSON-1425765000-project-member] Lock "np0000005603-np0000005603" "released" by "nova.scheduler.host_manager.HostState.consume_from_request.._locked" :: held 0.000s {{(pid=93526) inner /opt/stack/data/venv/lib/python3.12/site-packages/oslo_concurrency/lockutils.py:544}}
Jul 21 23:12:28.593465 np0000005603 nova-scheduler[93530]: DEBUG nova.scheduler.manager [None req-24f9e758-6d63-4583-a5c0-cbccf579f45a tempest-ServerActionsTestOtherB-1377575166 tempest-ServerActionsTestOtherB-1377575166-project-member] Starting to schedule for instances: ['da4db67d-f520-4052-9cc6-3deac9196c05'] {{(pid=93530) select_destinations /opt/stack/nova/nova/scheduler/manager.py:209}}
Jul 21 23:12:28.593992 np0000005603 nova-scheduler[93530]: DEBUG nova.scheduler.request_filter [None req-24f9e758-6d63-4583-a5c0-cbccf579f45a tempest-ServerActionsTestOtherB-1377575166 tempest-ServerActionsTestOtherB-1377575166-project-member] compute_status_filter request filter added forbidden trait COMPUTE_STATUS_DISABLED {{(pid=93530) compute_status_filter /opt/stack/nova/nova/scheduler/request_filter.py:253}}
Jul 21 23:12:28.594162 np0000005603 nova-scheduler[93530]: DEBUG nova.scheduler.request_filter [None req-24f9e758-6d63-4583-a5c0-cbccf579f45a tempest-ServerActionsTestOtherB-1377575166 tempest-ServerActionsTestOtherB-1377575166-project-member] Request filter 'compute_status_filter' took 0.0 seconds {{(pid=93530) wrapper /opt/stack/nova/nova/scheduler/request_filter.py:46}}
Jul 21 23:12:28.594773 np0000005603 nova-scheduler[93530]: DEBUG nova.scheduler.request_filter [None req-24f9e758-6d63-4583-a5c0-cbccf579f45a tempest-ServerActionsTestOtherB-1377575166 tempest-ServerActionsTestOtherB-1377575166-project-member] Request filter 'accelerators_filter' took 0.0 seconds {{(pid=93530) wrapper /opt/stack/nova/nova/scheduler/request_filter.py:46}}
Jul 21 23:12:28.594972 np0000005603 nova-scheduler[93530]: DEBUG nova.scheduler.request_filter [None req-24f9e758-6d63-4583-a5c0-cbccf579f45a tempest-ServerActionsTestOtherB-1377575166 tempest-ServerActionsTestOtherB-1377575166-project-member] Request filter 'packed_virtqueue_filter' took 0.0 seconds {{(pid=93530) wrapper /opt/stack/nova/nova/scheduler/request_filter.py:46}}
Jul 21 23:12:28.595328 np0000005603 nova-scheduler[93530]: DEBUG nova.scheduler.request_filter [None req-24f9e758-6d63-4583-a5c0-cbccf579f45a tempest-ServerActionsTestOtherB-1377575166 tempest-ServerActionsTestOtherB-1377575166-project-member] Request filter 'remote_managed_ports_filter' took 0.0 seconds {{(pid=93530) wrapper /opt/stack/nova/nova/scheduler/request_filter.py:46}}
Jul 21 23:12:28.595530 np0000005603 nova-scheduler[93530]: DEBUG nova.scheduler.request_filter [None req-24f9e758-6d63-4583-a5c0-cbccf579f45a tempest-ServerActionsTestOtherB-1377575166 tempest-ServerActionsTestOtherB-1377575166-project-member] ephemeral_encryption_filter skipped {{(pid=93530) ephemeral_encryption_filter /opt/stack/nova/nova/scheduler/request_filter.py:426}}
Jul 21 23:12:28.595688 np0000005603 nova-scheduler[93530]: DEBUG nova.scheduler.request_filter [None req-24f9e758-6d63-4583-a5c0-cbccf579f45a tempest-ServerActionsTestOtherB-1377575166 tempest-ServerActionsTestOtherB-1377575166-project-member] virtio_sound_filter skipped {{(pid=93530) virtio_sound_filter /opt/stack/nova/nova/scheduler/request_filter.py:460}}
Jul 21 23:12:28.595809 np0000005603 nova-scheduler[93530]: DEBUG nova.scheduler.request_filter [None req-24f9e758-6d63-4583-a5c0-cbccf579f45a tempest-ServerActionsTestOtherB-1377575166 tempest-ServerActionsTestOtherB-1377575166-project-member] tpm_secret_security_filter skipped {{(pid=93530) tpm_secret_security_filter /opt/stack/nova/nova/scheduler/request_filter.py:477}}
