Jul 21 23:10:00.872470 np0000005603 nova-conductor[95920]: DEBUG cotyledon.oslo_config_glue [-] oslo_messaging_rabbit.rabbit_quorum_max_memory_bytes = 0 {{(pid=95920) log_opt_values /opt/stack/data/venv/lib/python3.12/site-packages/oslo_config/cfg.py:3253}}
Jul 21 23:10:00.872470 np0000005603 nova-conductor[95920]: DEBUG cotyledon.oslo_config_glue [-] oslo_messaging_rabbit.rabbit_quorum_max_memory_length = 0 {{(pid=95920) log_opt_values /opt/stack/data/venv/lib/python3.12/site-packages/oslo_config/cfg.py:3253}}
Jul 21 23:10:00.872636 np0000005603 nova-conductor[95920]: DEBUG cotyledon.oslo_config_glue [-] oslo_messaging_rabbit.rabbit_quorum_queue = False {{(pid=95920) log_opt_values /opt/stack/data/venv/lib/python3.12/site-packages/oslo_config/cfg.py:3253}}
Jul 21 23:10:00.872636 np0000005603 nova-conductor[95920]: DEBUG cotyledon.oslo_config_glue [-] oslo_messaging_rabbit.rabbit_retry_backoff = 2 {{(pid=95920) log_opt_values /opt/stack/data/venv/lib/python3.12/site-packages/oslo_config/cfg.py:3253}}
Jul 21 23:10:00.872636 np0000005603 nova-conductor[95920]: DEBUG cotyledon.oslo_config_glue [-] oslo_messaging_rabbit.rabbit_retry_interval = 1 {{(pid=95920) log_opt_values /opt/stack/data/venv/lib/python3.12/site-packages/oslo_config/cfg.py:3253}}
Jul 21 23:10:00.872636 np0000005603 nova-conductor[95920]: DEBUG cotyledon.oslo_config_glue [-] oslo_messaging_rabbit.rabbit_stream_fanout = False {{(pid=95920) log_opt_values /opt/stack/data/venv/lib/python3.12/site-packages/oslo_config/cfg.py:3253}}
Jul 21 23:10:00.872636 np0000005603 nova-conductor[95920]: DEBUG cotyledon.oslo_config_glue [-] oslo_messaging_rabbit.rabbit_transient_queues_ttl = 1800 {{(pid=95920) log_opt_values /opt/stack/data/venv/lib/python3.12/site-packages/oslo_config/cfg.py:3253}}
Jul 21 23:10:00.872636 np0000005603 nova-conductor[95920]: DEBUG cotyledon.oslo_config_glue [-] oslo_messaging_rabbit.rabbit_transient_quorum_queue = False {{(pid=95920) log_opt_values /opt/stack/data/venv/lib/python3.12/site-packages/oslo_config/cfg.py:3253}}
Jul 21 23:10:00.872636 np0000005603 nova-conductor[95920]: DEBUG cotyledon.oslo_config_glue [-] oslo_messaging_rabbit.rpc_conn_pool_size = 30 {{(pid=95920) log_opt_values /opt/stack/data/venv/lib/python3.12/site-packages/oslo_config/cfg.py:3253}}
Jul 21 23:10:00.872636 np0000005603 nova-conductor[95920]: DEBUG cotyledon.oslo_config_glue [-] oslo_messaging_rabbit.ssl = False {{(pid=95920) log_opt_values /opt/stack/data/venv/lib/python3.12/site-packages/oslo_config/cfg.py:3253}}
Jul 21 23:10:00.872636 np0000005603 nova-conductor[95920]: DEBUG cotyledon.oslo_config_glue [-] oslo_messaging_rabbit.ssl_ca_file = {{(pid=95920) log_opt_values /opt/stack/data/venv/lib/python3.12/site-packages/oslo_config/cfg.py:3253}}
Jul 21 23:10:00.872822 np0000005603 nova-conductor[95920]: DEBUG cotyledon.oslo_config_glue [-] oslo_messaging_rabbit.ssl_cert_file = {{(pid=95920) log_opt_values /opt/stack/data/venv/lib/python3.12/site-packages/oslo_config/cfg.py:3253}}
Jul 21 23:10:00.872822 np0000005603 nova-conductor[95920]: DEBUG cotyledon.oslo_config_glue [-] oslo_messaging_rabbit.ssl_enforce_fips_mode = False {{(pid=95920) log_opt_values /opt/stack/data/venv/lib/python3.12/site-packages/oslo_config/cfg.py:3253}}
Jul 21 23:10:00.872822 np0000005603 nova-conductor[95920]: DEBUG cotyledon.oslo_config_glue [-] oslo_messaging_rabbit.ssl_enforce_hostname_verification = True {{(pid=95920) log_opt_values /opt/stack/data/venv/lib/python3.12/site-packages/oslo_config/cfg.py:3253}}
Jul 21 23:10:00.872822 np0000005603 nova-conductor[95920]: DEBUG cotyledon.oslo_config_glue [-] oslo_messaging_rabbit.ssl_key_file = {{(pid=95920) log_opt_values /opt/stack/data/venv/lib/python3.12/site-packages/oslo_config/cfg.py:3253}}
Jul 21 23:10:00.872822 np0000005603 nova-conductor[95920]: DEBUG cotyledon.oslo_config_glue [-] oslo_messaging_rabbit.ssl_version = {{(pid=95920) log_opt_values /opt/stack/data/venv/lib/python3.12/site-packages/oslo_config/cfg.py:3253}}
Jul 21 23:10:00.872822 np0000005603 nova-conductor[95920]: DEBUG cotyledon.oslo_config_glue [-] oslo_messaging_rabbit.use_queue_manager = False {{(pid=95920) log_opt_values /opt/stack/data/venv/lib/python3.12/site-packages/oslo_config/cfg.py:3253}}
Jul 21 23:10:00.872934 np0000005603 nova-conductor[95904]: INFO nova.service [-] Starting conductor node (version 33.1.0)
Jul 21 23:10:00.872956 np0000005603 nova-conductor[95920]: DEBUG cotyledon.oslo_config_glue [-] oslo_messaging_notifications.driver = ['messagingv2'] {{(pid=95920) log_opt_values /opt/stack/data/venv/lib/python3.12/site-packages/oslo_config/cfg.py:3253}}
Jul 21 23:10:00.872956 np0000005603 nova-conductor[95920]: DEBUG cotyledon.oslo_config_glue [-] oslo_messaging_notifications.retry = -1 {{(pid=95920) log_opt_values /opt/stack/data/venv/lib/python3.12/site-packages/oslo_config/cfg.py:3253}}
Jul 21 23:10:00.872956 np0000005603 nova-conductor[95920]: DEBUG cotyledon.oslo_config_glue [-] oslo_messaging_notifications.topics = ['notifications'] {{(pid=95920) log_opt_values /opt/stack/data/venv/lib/python3.12/site-packages/oslo_config/cfg.py:3253}}
Jul 21 23:10:00.872956 np0000005603 nova-conductor[95920]: DEBUG cotyledon.oslo_config_glue [-] oslo_messaging_notifications.transport_url = **** {{(pid=95920) log_opt_values /opt/stack/data/venv/lib/python3.12/site-packages/oslo_config/cfg.py:3253}}
Jul 21 23:10:00.872956 np0000005603 nova-conductor[95920]: DEBUG cotyledon.oslo_config_glue [-] oslo_limit.auth_section = None {{(pid=95920) log_opt_values /opt/stack/data/venv/lib/python3.12/site-packages/oslo_config/cfg.py:3253}}
Jul 21 23:10:00.872956 np0000005603 nova-conductor[95920]: DEBUG cotyledon.oslo_config_glue [-] oslo_limit.auth_type = None {{(pid=95920) log_opt_values /opt/stack/data/venv/lib/python3.12/site-packages/oslo_config/cfg.py:3253}}
Jul 21 23:10:00.872956 np0000005603 nova-conductor[95920]: DEBUG cotyledon.oslo_config_glue [-] oslo_limit.cafile = None {{(pid=95920) log_opt_values /opt/stack/data/venv/lib/python3.12/site-packages/oslo_config/cfg.py:3253}}
Jul 21 23:10:00.872956 np0000005603 nova-conductor[95920]: DEBUG cotyledon.oslo_config_glue [-] oslo_limit.certfile = None {{(pid=95920) log_opt_values /opt/stack/data/venv/lib/python3.12/site-packages/oslo_config/cfg.py:3253}}
Jul 21 23:10:00.872956 np0000005603 nova-conductor[95920]: DEBUG cotyledon.oslo_config_glue [-] oslo_limit.collect_timing = False {{(pid=95920) log_opt_values /opt/stack/data/venv/lib/python3.12/site-packages/oslo_config/cfg.py:3253}}
Jul 21 23:10:00.873126 np0000005603 nova-conductor[95920]: DEBUG cotyledon.oslo_config_glue [-] oslo_limit.connect_retries = None {{(pid=95920) log_opt_values /opt/stack/data/venv/lib/python3.12/site-packages/oslo_config/cfg.py:3253}}
Jul 21 23:10:00.873126 np0000005603 nova-conductor[95920]: DEBUG cotyledon.oslo_config_glue [-] oslo_limit.connect_retry_delay = None {{(pid=95920) log_opt_values /opt/stack/data/venv/lib/python3.12/site-packages/oslo_config/cfg.py:3253}}
Jul 21 23:10:00.873126 np0000005603 nova-conductor[95920]: DEBUG cotyledon.oslo_config_glue [-] oslo_limit.endpoint_id = None {{(pid=95920) log_opt_values /opt/stack/data/venv/lib/python3.12/site-packages/oslo_config/cfg.py:3253}}
Jul 21 23:10:00.873126 np0000005603 nova-conductor[95920]: DEBUG cotyledon.oslo_config_glue [-] oslo_limit.endpoint_interface = public {{(pid=95920) log_opt_values /opt/stack/data/venv/lib/python3.12/site-packages/oslo_config/cfg.py:3253}}
Jul 21 23:10:00.873126 np0000005603 nova-conductor[95920]: DEBUG cotyledon.oslo_config_glue [-] oslo_limit.endpoint_override = None {{(pid=95920) log_opt_values /opt/stack/data/venv/lib/python3.12/site-packages/oslo_config/cfg.py:3253}}
Jul 21 23:10:00.873126 np0000005603 nova-conductor[95920]: DEBUG cotyledon.oslo_config_glue [-] oslo_limit.endpoint_region_name = None {{(pid=95920) log_opt_values /opt/stack/data/venv/lib/python3.12/site-packages/oslo_config/cfg.py:3253}}
Jul 21 23:10:00.873126 np0000005603 nova-conductor[95920]: DEBUG cotyledon.oslo_config_glue [-] oslo_limit.endpoint_service_name = None {{(pid=95920) log_opt_values /opt/stack/data/venv/lib/python3.12/site-packages/oslo_config/cfg.py:3253}}
Jul 21 23:10:00.873126 np0000005603 nova-conductor[95920]: DEBUG cotyledon.oslo_config_glue [-] oslo_limit.endpoint_service_type = None {{(pid=95920) log_opt_values /opt/stack/data/venv/lib/python3.12/site-packages/oslo_config/cfg.py:3253}}
Jul 21 23:10:00.873126 np0000005603 nova-conductor[95920]: DEBUG cotyledon.oslo_config_glue [-] oslo_limit.insecure = False {{(pid=95920) log_opt_values /opt/stack/data/venv/lib/python3.12/site-packages/oslo_config/cfg.py:3253}}
Jul 21 23:10:00.873359 np0000005603 nova-conductor[95920]: DEBUG cotyledon.oslo_config_glue [-] oslo_limit.keyfile = None {{(pid=95920) log_opt_values /opt/stack/data/venv/lib/python3.12/site-packages/oslo_config/cfg.py:3253}}
Jul 21 23:10:00.873359 np0000005603 nova-conductor[95920]: DEBUG cotyledon.oslo_config_glue [-] oslo_limit.max_version = None {{(pid=95920) log_opt_values /opt/stack/data/venv/lib/python3.12/site-packages/oslo_config/cfg.py:3253}}
Jul 21 23:10:00.873359 np0000005603 nova-conductor[95920]: DEBUG cotyledon.oslo_config_glue [-] oslo_limit.min_version = None {{(pid=95920) log_opt_values /opt/stack/data/venv/lib/python3.12/site-packages/oslo_config/cfg.py:3253}}
Jul 21 23:10:00.873359 np0000005603 nova-conductor[95920]: DEBUG cotyledon.oslo_config_glue [-] oslo_limit.region_name = None {{(pid=95920) log_opt_values /opt/stack/data/venv/lib/python3.12/site-packages/oslo_config/cfg.py:3253}}
Jul 21 23:10:00.873359 np0000005603 nova-conductor[95920]: DEBUG cotyledon.oslo_config_glue [-] oslo_limit.retriable_status_codes = None {{(pid=95920) log_opt_values /opt/stack/data/venv/lib/python3.12/site-packages/oslo_config/cfg.py:3253}}
Jul 21 23:10:00.873359 np0000005603 nova-conductor[95920]: DEBUG cotyledon.oslo_config_glue [-] oslo_limit.service_name = None {{(pid=95920) log_opt_values /opt/stack/data/venv/lib/python3.12/site-packages/oslo_config/cfg.py:3253}}
Jul 21 23:10:00.873359 np0000005603 nova-conductor[95920]: DEBUG cotyledon.oslo_config_glue [-] oslo_limit.service_type = None {{(pid=95920) log_opt_values /opt/stack/data/venv/lib/python3.12/site-packages/oslo_config/cfg.py:3253}}
Jul 21 23:10:00.873359 np0000005603 nova-conductor[95920]: DEBUG cotyledon.oslo_config_glue [-] oslo_limit.split_loggers = False {{(pid=95920) log_opt_values /opt/stack/data/venv/lib/python3.12/site-packages/oslo_config/cfg.py:3253}}
Jul 21 23:10:00.873359 np0000005603 nova-conductor[95920]: DEBUG cotyledon.oslo_config_glue [-] oslo_limit.status_code_retries = None {{(pid=95920) log_opt_values /opt/stack/data/venv/lib/python3.12/site-packages/oslo_config/cfg.py:3253}}
Jul 21 23:10:00.873546 np0000005603 nova-conductor[95920]: DEBUG cotyledon.oslo_config_glue [-] oslo_limit.status_code_retry_delay = None {{(pid=95920) log_opt_values /opt/stack/data/venv/lib/python3.12/site-packages/oslo_config/cfg.py:3253}}
Jul 21 23:10:00.873546 np0000005603 nova-conductor[95920]: DEBUG cotyledon.oslo_config_glue [-] oslo_limit.timeout = None {{(pid=95920) log_opt_values /opt/stack/data/venv/lib/python3.12/site-packages/oslo_config/cfg.py:3253}}
Jul 21 23:10:00.873546 np0000005603 nova-conductor[95920]: DEBUG cotyledon.oslo_config_glue [-] oslo_limit.valid_interfaces = None {{(pid=95920) log_opt_values /opt/stack/data/venv/lib/python3.12/site-packages/oslo_config/cfg.py:3253}}
Jul 21 23:10:00.873546 np0000005603 nova-conductor[95920]: DEBUG cotyledon.oslo_config_glue [-] oslo_limit.version = None {{(pid=95920) log_opt_values /opt/stack/data/venv/lib/python3.12/site-packages/oslo_config/cfg.py:3253}}
Jul 21 23:10:00.873546 np0000005603 nova-conductor[95920]: DEBUG cotyledon.oslo_config_glue [-] oslo_reports.file_event_handler = None {{(pid=95920) log_opt_values /opt/stack/data/venv/lib/python3.12/site-packages/oslo_config/cfg.py:3253}}
Jul 21 23:10:00.873546 np0000005603 nova-conductor[95920]: DEBUG cotyledon.oslo_config_glue [-] oslo_reports.file_event_handler_interval = 1 {{(pid=95920) log_opt_values /opt/stack/data/venv/lib/python3.12/site-packages/oslo_config/cfg.py:3253}}
Jul 21 23:10:00.873546 np0000005603 nova-conductor[95920]: DEBUG cotyledon.oslo_config_glue [-] oslo_reports.log_dir = None {{(pid=95920) log_opt_values /opt/stack/data/venv/lib/python3.12/site-packages/oslo_config/cfg.py:3253}}
Jul 21 23:10:00.873546 np0000005603 nova-conductor[95920]: DEBUG cotyledon.oslo_config_glue [-] ******************************************************************************** {{(pid=95920) log_opt_values /opt/stack/data/venv/lib/python3.12/site-packages/oslo_config/cfg.py:3260}}
Jul 21 23:10:00.873546 np0000005603 nova-conductor[95920]: DEBUG cotyledon._service_worker [-] Run service ServiceWrapper(2) [95920] {{(pid=95920) wait_forever /opt/stack/data/venv/lib/python3.12/site-packages/cotyledon/_service_worker.py:218}}
Jul 21 23:10:00.873956 np0000005603 nova-conductor[95920]: INFO nova.service [-] Starting conductor node (version 33.1.0)
Jul 21 23:10:00.874032 np0000005603 nova-conductor[95904]: INFO dbcounter [None req-d7cd87a9-49ba-441e-8ce3-3f0d59b6f027 None None] Registered counter for database nova_cell0
Jul 21 23:10:00.874060 np0000005603 nova-conductor[95920]: INFO dbcounter [None req-5a120802-b6c2-407f-af84-d9df40794c6e None None] Registered counter for database nova_cell0
Jul 21 23:10:00.884803 np0000005603 nova-conductor[95914]: DEBUG oslo_db.sqlalchemy.engines [None req-18770f48-81d4-4788-b714-3f207caa2484 None None] MySQL server mode set to STRICT_TRANS_TABLES,STRICT_ALL_TABLES,NO_ZERO_IN_DATE,NO_ZERO_DATE,ERROR_FOR_DIVISION_BY_ZERO,TRADITIONAL,NO_ENGINE_SUBSTITUTION {{(pid=95914) _check_effective_sql_mode /opt/stack/data/venv/lib/python3.12/site-packages/oslo_db/sqlalchemy/engines.py:325}}
Jul 21 23:10:00.889558 np0000005603 nova-conductor[95904]: DEBUG oslo_db.sqlalchemy.engines [None req-d7cd87a9-49ba-441e-8ce3-3f0d59b6f027 None None] MySQL server mode set to STRICT_TRANS_TABLES,STRICT_ALL_TABLES,NO_ZERO_IN_DATE,NO_ZERO_DATE,ERROR_FOR_DIVISION_BY_ZERO,TRADITIONAL,NO_ENGINE_SUBSTITUTION {{(pid=95904) _check_effective_sql_mode /opt/stack/data/venv/lib/python3.12/site-packages/oslo_db/sqlalchemy/engines.py:325}}
Jul 21 23:10:00.893945 np0000005603 nova-conductor[95920]: DEBUG oslo_db.sqlalchemy.engines [None req-5a120802-b6c2-407f-af84-d9df40794c6e None None] MySQL server mode set to STRICT_TRANS_TABLES,STRICT_ALL_TABLES,NO_ZERO_IN_DATE,NO_ZERO_DATE,ERROR_FOR_DIVISION_BY_ZERO,TRADITIONAL,NO_ENGINE_SUBSTITUTION {{(pid=95920) _check_effective_sql_mode /opt/stack/data/venv/lib/python3.12/site-packages/oslo_db/sqlalchemy/engines.py:325}}
Jul 21 23:10:00.894747 np0000005603 nova-conductor[95914]: DEBUG dbcounter [-] [95914] Writer thread running {{(pid=95914) stat_writer /opt/stack/data/venv/lib/python3.12/site-packages/dbcounter.py:102}}
Jul 21 23:10:00.899461 np0000005603 nova-conductor[95904]: DEBUG dbcounter [-] [95904] Writer thread running {{(pid=95904) stat_writer /opt/stack/data/venv/lib/python3.12/site-packages/dbcounter.py:102}}
Jul 21 23:10:00.903616 np0000005603 nova-conductor[95920]: DEBUG dbcounter [-] [95920] Writer thread running {{(pid=95920) stat_writer /opt/stack/data/venv/lib/python3.12/site-packages/dbcounter.py:102}}
Jul 21 23:10:00.907995 np0000005603 nova-conductor[95914]: DEBUG nova.service [None req-18770f48-81d4-4788-b714-3f207caa2484 None None] Creating RPC server for service: nova-conductor on topic: conductor {{(pid=95914) start /opt/stack/nova/nova/service.py:196}}
Jul 21 23:10:00.913914 np0000005603 nova-conductor[95904]: DEBUG nova.service [None req-d7cd87a9-49ba-441e-8ce3-3f0d59b6f027 None None] Creating RPC server for service: nova-conductor on topic: conductor {{(pid=95904) start /opt/stack/nova/nova/service.py:196}}
Jul 21 23:10:00.918496 np0000005603 nova-conductor[95920]: DEBUG nova.service [None req-5a120802-b6c2-407f-af84-d9df40794c6e None None] Creating RPC server for service: nova-conductor on topic: conductor {{(pid=95920) start /opt/stack/nova/nova/service.py:196}}
Jul 21 23:10:00.930520 np0000005603 nova-conductor[95904]: DEBUG nova.service [None req-d7cd87a9-49ba-441e-8ce3-3f0d59b6f027 None None] Join ServiceGroup membership for this service conductor {{(pid=95904) start /opt/stack/nova/nova/service.py:222}}
Jul 21 23:10:00.930689 np0000005603 nova-conductor[95904]: DEBUG nova.servicegroup.drivers.db [None req-d7cd87a9-49ba-441e-8ce3-3f0d59b6f027 None None] DB_Driver: join new ServiceGroup member np0000005603 to the conductor group, service = {{(pid=95904) join /opt/stack/nova/nova/servicegroup/drivers/db.py:44}}
Jul 21 23:10:00.932575 np0000005603 nova-conductor[95914]: DEBUG nova.service [None req-18770f48-81d4-4788-b714-3f207caa2484 None None] Join ServiceGroup membership for this service conductor {{(pid=95914) start /opt/stack/nova/nova/service.py:222}}
Jul 21 23:10:00.932764 np0000005603 nova-conductor[95914]: DEBUG nova.servicegroup.drivers.db [None req-18770f48-81d4-4788-b714-3f207caa2484 None None] DB_Driver: join new ServiceGroup member np0000005603 to the conductor group, service = {{(pid=95914) join /opt/stack/nova/nova/servicegroup/drivers/db.py:44}}
Jul 21 23:10:00.938097 np0000005603 nova-conductor[95920]: DEBUG nova.service [None req-5a120802-b6c2-407f-af84-d9df40794c6e None None] Join ServiceGroup membership for this service conductor {{(pid=95920) start /opt/stack/nova/nova/service.py:222}}
Jul 21 23:10:00.938305 np0000005603 nova-conductor[95920]: DEBUG nova.servicegroup.drivers.db [None req-5a120802-b6c2-407f-af84-d9df40794c6e None None] DB_Driver: join new ServiceGroup member np0000005603 to the conductor group, service = {{(pid=95920) join /opt/stack/nova/nova/servicegroup/drivers/db.py:44}}
Jul 21 23:10:05.947277 np0000005603 nova-conductor[95904]: DEBUG oslo.service.backend._threading.loopingcall [-] Fixed interval looping call 'nova.servicegroup.drivers.db.DbDriver._report_state' sleeping for 119.99 seconds {{(pid=95904) _run_loop /opt/stack/data/venv/lib/python3.12/site-packages/oslo_service/backend/_threading/loopingcall.py:125}}
Jul 21 23:10:05.947755 np0000005603 nova-conductor[95914]: DEBUG oslo.service.backend._threading.loopingcall [-] Fixed interval looping call 'nova.servicegroup.drivers.db.DbDriver._report_state' sleeping for 119.99 seconds {{(pid=95914) _run_loop /opt/stack/data/venv/lib/python3.12/site-packages/oslo_service/backend/_threading/loopingcall.py:125}}
Jul 21 23:10:05.947981 np0000005603 nova-conductor[95920]: DEBUG oslo.service.backend._threading.loopingcall [-] Fixed interval looping call 'nova.servicegroup.drivers.db.DbDriver._report_state' sleeping for 119.99 seconds {{(pid=95920) _run_loop /opt/stack/data/venv/lib/python3.12/site-packages/oslo_service/backend/_threading/loopingcall.py:125}}
Jul 21 23:10:09.523193 np0000005603 nova-conductor[94458]: DEBUG dbcounter [-] [94458] Writing DB stats nova_api:SELECT=1 {{(pid=94458) stat_writer /opt/stack/data/venv/lib/python3.12/site-packages/dbcounter.py:115}}
Jul 21 23:10:09.651108 np0000005603 nova-conductor[94458]: DEBUG dbcounter [-] [94458] Writing DB stats nova_cell0:SELECT=1 {{(pid=94458) stat_writer /opt/stack/data/venv/lib/python3.12/site-packages/dbcounter.py:115}}
Jul 21 23:10:09.656056 np0000005603 nova-conductor[94458]: DEBUG dbcounter [-] [94458] Writing DB stats nova_cell1:SELECT=1 {{(pid=94458) stat_writer /opt/stack/data/venv/lib/python3.12/site-packages/dbcounter.py:115}}
Jul 21 23:10:15.942876 np0000005603 nova-conductor[95904]: DEBUG dbcounter [-] [95904] Writing DB stats nova_cell0:SELECT=5,nova_cell0:INSERT=1,nova_cell0:UPDATE=1 {{(pid=95904) stat_writer /opt/stack/data/venv/lib/python3.12/site-packages/dbcounter.py:115}}
Jul 21 23:10:15.943388 np0000005603 nova-conductor[95914]: DEBUG dbcounter [-] [95914] Writing DB stats nova_cell0:SELECT=4,nova_cell0:INSERT=1,nova_cell0:UPDATE=1 {{(pid=95914) stat_writer /opt/stack/data/venv/lib/python3.12/site-packages/dbcounter.py:115}}
Jul 21 23:10:15.948275 np0000005603 nova-conductor[95920]: DEBUG dbcounter [-] [95920] Writing DB stats nova_cell0:SELECT=4,nova_cell0:INSERT=1,nova_cell0:UPDATE=1 {{(pid=95920) stat_writer /opt/stack/data/venv/lib/python3.12/site-packages/dbcounter.py:115}}
Jul 21 23:10:22.940086 np0000005603 nova-conductor[95920]: DEBUG oslo.service.backend._threading.loopingcall [None req-8030aaab-5836-4414-bf70-a4727c8da7a1 None None] Dynamic interval looping call 'nova.service.Service.periodic_tasks' sleeping for 60.00 seconds {{(pid=95920) _run_loop /opt/stack/data/venv/lib/python3.12/site-packages/oslo_service/backend/_threading/loopingcall.py:125}}
Jul 21 23:10:25.932596 np0000005603 nova-conductor[95904]: DEBUG oslo.service.backend._threading.loopingcall [None req-5a13bd16-1bc1-4ba0-943c-642a5308eb68 None None] Dynamic interval looping call 'nova.service.Service.periodic_tasks' sleeping for 60.00 seconds {{(pid=95904) _run_loop /opt/stack/data/venv/lib/python3.12/site-packages/oslo_service/backend/_threading/loopingcall.py:125}}
Jul 21 23:10:25.934381 np0000005603 nova-conductor[95914]: DEBUG oslo.service.backend._threading.loopingcall [None req-24f7555b-9226-40ee-9e13-e0050493de2c None None] Dynamic interval looping call 'nova.service.Service.periodic_tasks' sleeping for 60.00 seconds {{(pid=95914) _run_loop /opt/stack/data/venv/lib/python3.12/site-packages/oslo_service/backend/_threading/loopingcall.py:125}}
Jul 21 23:11:22.940575 np0000005603 nova-conductor[95920]: DEBUG oslo.service.backend._threading.loopingcall [None req-8030aaab-5836-4414-bf70-a4727c8da7a1 None None] Dynamic interval looping call 'nova.service.Service.periodic_tasks' sleeping for 60.00 seconds {{(pid=95920) _run_loop /opt/stack/data/venv/lib/python3.12/site-packages/oslo_service/backend/_threading/loopingcall.py:125}}
Jul 21 23:11:25.932995 np0000005603 nova-conductor[95904]: DEBUG oslo.service.backend._threading.loopingcall [None req-5a13bd16-1bc1-4ba0-943c-642a5308eb68 None None] Dynamic interval looping call 'nova.service.Service.periodic_tasks' sleeping for 60.00 seconds {{(pid=95904) _run_loop /opt/stack/data/venv/lib/python3.12/site-packages/oslo_service/backend/_threading/loopingcall.py:125}}
Jul 21 23:11:25.934838 np0000005603 nova-conductor[95914]: DEBUG oslo.service.backend._threading.loopingcall [None req-24f7555b-9226-40ee-9e13-e0050493de2c None None] Dynamic interval looping call 'nova.service.Service.periodic_tasks' sleeping for 60.00 seconds {{(pid=95914) _run_loop /opt/stack/data/venv/lib/python3.12/site-packages/oslo_service/backend/_threading/loopingcall.py:125}}
Jul 21 23:12:05.941469 np0000005603 nova-conductor[95904]: DEBUG oslo.service.backend._threading.loopingcall [-] Fixed interval looping call 'nova.servicegroup.drivers.db.DbDriver._report_state' sleeping for 119.99 seconds {{(pid=95904) _run_loop /opt/stack/data/venv/lib/python3.12/site-packages/oslo_service/backend/_threading/loopingcall.py:125}}
Jul 21 23:12:05.943438 np0000005603 nova-conductor[95920]: DEBUG oslo.service.backend._threading.loopingcall [-] Fixed interval looping call 'nova.servicegroup.drivers.db.DbDriver._report_state' sleeping for 120.00 seconds {{(pid=95920) _run_loop /opt/stack/data/venv/lib/python3.12/site-packages/oslo_service/backend/_threading/loopingcall.py:125}}
Jul 21 23:12:05.943707 np0000005603 nova-conductor[95914]: DEBUG oslo.service.backend._threading.loopingcall [-] Fixed interval looping call 'nova.servicegroup.drivers.db.DbDriver._report_state' sleeping for 119.99 seconds {{(pid=95914) _run_loop /opt/stack/data/venv/lib/python3.12/site-packages/oslo_service/backend/_threading/loopingcall.py:125}}
Jul 21 23:12:15.937835 np0000005603 nova-conductor[95904]: DEBUG dbcounter [-] [95904] Writing DB stats nova_cell0:SELECT=1,nova_cell0:UPDATE=1 {{(pid=95904) stat_writer /opt/stack/data/venv/lib/python3.12/site-packages/dbcounter.py:115}}
Jul 21 23:12:15.941339 np0000005603 nova-conductor[95914]: DEBUG dbcounter [-] [95914] Writing DB stats nova_cell0:SELECT=1,nova_cell0:UPDATE=1 {{(pid=95914) stat_writer /opt/stack/data/venv/lib/python3.12/site-packages/dbcounter.py:115}}
Jul 21 23:12:15.942399 np0000005603 nova-conductor[95920]: DEBUG dbcounter [-] [95920] Writing DB stats nova_cell0:SELECT=1,nova_cell0:UPDATE=1 {{(pid=95920) stat_writer /opt/stack/data/venv/lib/python3.12/site-packages/dbcounter.py:115}}
Jul 21 23:12:22.941048 np0000005603 nova-conductor[95920]: DEBUG oslo.service.backend._threading.loopingcall [None req-8030aaab-5836-4414-bf70-a4727c8da7a1 None None] Dynamic interval looping call 'nova.service.Service.periodic_tasks' sleeping for 60.00 seconds {{(pid=95920) _run_loop /opt/stack/data/venv/lib/python3.12/site-packages/oslo_service/backend/_threading/loopingcall.py:125}}
Jul 21 23:12:24.345940 np0000005603 nova-conductor[95904]: DEBUG oslo_db.sqlalchemy.engines [None req-6d3e38ee-de64-4e98-bb38-b93f24f0af81 tempest-DeleteServersTestJSON-1425765000 tempest-DeleteServersTestJSON-1425765000-project-member] Parent process 94458 forked (95904) with an open database connection, which is being discarded and recreated. {{(pid=95904) checkout /opt/stack/data/venv/lib/python3.12/site-packages/oslo_db/sqlalchemy/engines.py:402}}
Jul 21 23:12:24.391677 np0000005603 nova-conductor[95904]: DEBUG dbcounter [-] [95904] Writer thread running {{(pid=95904) stat_writer /opt/stack/data/venv/lib/python3.12/site-packages/dbcounter.py:102}}
Jul 21 23:12:25.280928 np0000005603 nova-conductor[95904]: DEBUG nova.conductor.manager [None req-6d3e38ee-de64-4e98-bb38-b93f24f0af81 tempest-DeleteServersTestJSON-1425765000 tempest-DeleteServersTestJSON-1425765000-project-member] Took 0.89 seconds to select destinations for 1 instance(s). {{(pid=95904) _schedule_instances /opt/stack/nova/nova/conductor/manager.py:968}}
Jul 21 23:12:25.307878 np0000005603 nova-conductor[95904]: DEBUG oslo_concurrency.lockutils [None req-6d3e38ee-de64-4e98-bb38-b93f24f0af81 tempest-DeleteServersTestJSON-1425765000 tempest-DeleteServersTestJSON-1425765000-project-member] Acquiring lock "e6428e20-2fad-486b-b22f-90f1f73a02f3" by "nova.context.set_target_cell..get_or_set_cached_cell_and_set_connections" {{(pid=95904) inner /opt/stack/data/venv/lib/python3.12/site-packages/oslo_concurrency/lockutils.py:512}}
Jul 21 23:12:25.308147 np0000005603 nova-conductor[95904]: DEBUG oslo_concurrency.lockutils [None req-6d3e38ee-de64-4e98-bb38-b93f24f0af81 tempest-DeleteServersTestJSON-1425765000 tempest-DeleteServersTestJSON-1425765000-project-member] Lock "e6428e20-2fad-486b-b22f-90f1f73a02f3" acquired by "nova.context.set_target_cell..get_or_set_cached_cell_and_set_connections" :: waited 0.000s {{(pid=95904) inner /opt/stack/data/venv/lib/python3.12/site-packages/oslo_concurrency/lockutils.py:525}}
Jul 21 23:12:25.309983 np0000005603 nova-conductor[95904]: DEBUG oslo_concurrency.lockutils [None req-6d3e38ee-de64-4e98-bb38-b93f24f0af81 tempest-DeleteServersTestJSON-1425765000 tempest-DeleteServersTestJSON-1425765000-project-member] Lock "e6428e20-2fad-486b-b22f-90f1f73a02f3" "released" by "nova.context.set_target_cell..get_or_set_cached_cell_and_set_connections" :: held 0.002s {{(pid=95904) inner /opt/stack/data/venv/lib/python3.12/site-packages/oslo_concurrency/lockutils.py:544}}
Jul 21 23:12:25.312425 np0000005603 nova-conductor[95904]: INFO dbcounter [None req-6d3e38ee-de64-4e98-bb38-b93f24f0af81 tempest-DeleteServersTestJSON-1425765000 tempest-DeleteServersTestJSON-1425765000-project-member] Registered counter for database nova_cell1
Jul 21 23:12:25.349014 np0000005603 nova-conductor[95904]: DEBUG oslo_db.sqlalchemy.engines [None req-6d3e38ee-de64-4e98-bb38-b93f24f0af81 tempest-DeleteServersTestJSON-1425765000 tempest-DeleteServersTestJSON-1425765000-project-member] MySQL server mode set to STRICT_TRANS_TABLES,STRICT_ALL_TABLES,NO_ZERO_IN_DATE,NO_ZERO_DATE,ERROR_FOR_DIVISION_BY_ZERO,TRADITIONAL,NO_ENGINE_SUBSTITUTION {{(pid=95904) _check_effective_sql_mode /opt/stack/data/venv/lib/python3.12/site-packages/oslo_db/sqlalchemy/engines.py:325}}
Jul 21 23:12:25.355502 np0000005603 nova-conductor[95904]: DEBUG dbcounter [-] [95904] Writer thread running {{(pid=95904) stat_writer /opt/stack/data/venv/lib/python3.12/site-packages/dbcounter.py:102}}
Jul 21 23:12:25.417919 np0000005603 nova-conductor[95904]: INFO nova.utils [None req-6d3e38ee-de64-4e98-bb38-b93f24f0af81 tempest-DeleteServersTestJSON-1425765000 tempest-DeleteServersTestJSON-1425765000-project-member] The cell worker thread pool ForkProcess-1.cell_worker is initialized
Jul 21 23:12:25.417919 np0000005603 nova-conductor[95904]: DEBUG oslo_concurrency.lockutils [None req-6d3e38ee-de64-4e98-bb38-b93f24f0af81 tempest-DeleteServersTestJSON-1425765000 tempest-DeleteServersTestJSON-1425765000-project-member] Acquiring lock "00000000-0000-0000-0000-000000000000" by "nova.context.set_target_cell..get_or_set_cached_cell_and_set_connections" {{(pid=95904) inner /opt/stack/data/venv/lib/python3.12/site-packages/oslo_concurrency/lockutils.py:512}}
Jul 21 23:12:25.418081 np0000005603 nova-conductor[95904]: DEBUG oslo_concurrency.lockutils [None req-6d3e38ee-de64-4e98-bb38-b93f24f0af81 tempest-DeleteServersTestJSON-1425765000 tempest-DeleteServersTestJSON-1425765000-project-member] Lock "00000000-0000-0000-0000-000000000000" acquired by "nova.context.set_target_cell..get_or_set_cached_cell_and_set_connections" :: waited 0.000s {{(pid=95904) inner /opt/stack/data/venv/lib/python3.12/site-packages/oslo_concurrency/lockutils.py:525}}
Jul 21 23:12:25.418333 np0000005603 nova-conductor[95904]: DEBUG oslo_concurrency.lockutils [None req-6d3e38ee-de64-4e98-bb38-b93f24f0af81 tempest-DeleteServersTestJSON-1425765000 tempest-DeleteServersTestJSON-1425765000-project-member] Lock "00000000-0000-0000-0000-000000000000" "released" by "nova.context.set_target_cell..get_or_set_cached_cell_and_set_connections" :: held 0.000s {{(pid=95904) inner /opt/stack/data/venv/lib/python3.12/site-packages/oslo_concurrency/lockutils.py:544}}
Jul 21 23:12:25.418906 np0000005603 nova-conductor[95904]: DEBUG oslo_concurrency.lockutils [None req-6d3e38ee-de64-4e98-bb38-b93f24f0af81 tempest-DeleteServersTestJSON-1425765000 tempest-DeleteServersTestJSON-1425765000-project-member] Acquiring lock "e6428e20-2fad-486b-b22f-90f1f73a02f3" by "nova.context.set_target_cell..get_or_set_cached_cell_and_set_connections" {{(pid=95904) inner /opt/stack/data/venv/lib/python3.12/site-packages/oslo_concurrency/lockutils.py:512}}
Jul 21 23:12:25.423864 np0000005603 nova-conductor[95904]: INFO dbcounter [None req-6d3e38ee-de64-4e98-bb38-b93f24f0af81 tempest-DeleteServersTestJSON-1425765000 tempest-DeleteServersTestJSON-1425765000-project-member] Registered counter for database nova_cell0
Jul 21 23:12:25.425432 np0000005603 nova-conductor[95904]: DEBUG oslo_concurrency.lockutils [None req-6d3e38ee-de64-4e98-bb38-b93f24f0af81 tempest-DeleteServersTestJSON-1425765000 tempest-DeleteServersTestJSON-1425765000-project-member] Lock "e6428e20-2fad-486b-b22f-90f1f73a02f3" acquired by "nova.context.set_target_cell..get_or_set_cached_cell_and_set_connections" :: waited 0.001s {{(pid=95904) inner /opt/stack/data/venv/lib/python3.12/site-packages/oslo_concurrency/lockutils.py:525}}
Jul 21 23:12:25.425432 np0000005603 nova-conductor[95904]: DEBUG oslo_concurrency.lockutils [None req-6d3e38ee-de64-4e98-bb38-b93f24f0af81 tempest-DeleteServersTestJSON-1425765000 tempest-DeleteServersTestJSON-1425765000-project-member] Lock "e6428e20-2fad-486b-b22f-90f1f73a02f3" "released" by "nova.context.set_target_cell..get_or_set_cached_cell_and_set_connections" :: held 0.005s {{(pid=95904) inner /opt/stack/data/venv/lib/python3.12/site-packages/oslo_concurrency/lockutils.py:544}}
Jul 21 23:12:25.456071 np0000005603 nova-conductor[95904]: DEBUG oslo_db.sqlalchemy.engines [None req-6d3e38ee-de64-4e98-bb38-b93f24f0af81 tempest-DeleteServersTestJSON-1425765000 tempest-DeleteServersTestJSON-1425765000-project-member] MySQL server mode set to STRICT_TRANS_TABLES,STRICT_ALL_TABLES,NO_ZERO_IN_DATE,NO_ZERO_DATE,ERROR_FOR_DIVISION_BY_ZERO,TRADITIONAL,NO_ENGINE_SUBSTITUTION {{(pid=95904) _check_effective_sql_mode /opt/stack/data/venv/lib/python3.12/site-packages/oslo_db/sqlalchemy/engines.py:325}}
Jul 21 23:12:25.461762 np0000005603 nova-conductor[95904]: DEBUG dbcounter [-] [95904] Writer thread running {{(pid=95904) stat_writer /opt/stack/data/venv/lib/python3.12/site-packages/dbcounter.py:102}}
Jul 21 23:12:25.475156 np0000005603 nova-conductor[95904]: DEBUG nova.quota [None req-6d3e38ee-de64-4e98-bb38-b93f24f0af81 tempest-DeleteServersTestJSON-1425765000 tempest-DeleteServersTestJSON-1425765000-project-member] Getting quotas for project 7162c3055e1e424ba63dc150d849e7e2. Resources: {'instances', 'cores', 'ram'} {{(pid=95904) _get_quotas /opt/stack/nova/nova/quota.py:389}}
Jul 21 23:12:25.480589 np0000005603 nova-conductor[95904]: DEBUG nova.quota [None req-6d3e38ee-de64-4e98-bb38-b93f24f0af81 tempest-DeleteServersTestJSON-1425765000 tempest-DeleteServersTestJSON-1425765000-project-member] Getting quotas for user 8fbd151580c24a199f3471542324c1c0 and project 7162c3055e1e424ba63dc150d849e7e2. Resources: {'instances', 'cores', 'ram'} {{(pid=95904) _get_quotas /opt/stack/nova/nova/quota.py:379}}
Jul 21 23:12:25.488343 np0000005603 nova-conductor[95904]: DEBUG nova.conductor.manager [None req-6d3e38ee-de64-4e98-bb38-b93f24f0af81 tempest-DeleteServersTestJSON-1425765000 tempest-DeleteServersTestJSON-1425765000-project-member] [instance: 830a2193-13c8-4587-be0e-ad44f15f6cf6] Selected host: np0000005603; Selected node: np0000005603; Alternates: [] {{(pid=95904) schedule_and_build_instances /opt/stack/nova/nova/conductor/manager.py:1784}}
Jul 21 23:12:25.488343 np0000005603 nova-conductor[95904]: DEBUG oslo_concurrency.lockutils [None req-6d3e38ee-de64-4e98-bb38-b93f24f0af81 tempest-DeleteServersTestJSON-1425765000 tempest-DeleteServersTestJSON-1425765000-project-member] Acquiring lock "e6428e20-2fad-486b-b22f-90f1f73a02f3" by "nova.context.set_target_cell..get_or_set_cached_cell_and_set_connections" {{(pid=95904) inner /opt/stack/data/venv/lib/python3.12/site-packages/oslo_concurrency/lockutils.py:512}}
Jul 21 23:12:25.488343 np0000005603 nova-conductor[95904]: DEBUG oslo_concurrency.lockutils [None req-6d3e38ee-de64-4e98-bb38-b93f24f0af81 tempest-DeleteServersTestJSON-1425765000 tempest-DeleteServersTestJSON-1425765000-project-member] Lock "e6428e20-2fad-486b-b22f-90f1f73a02f3" acquired by "nova.context.set_target_cell..get_or_set_cached_cell_and_set_connections" :: waited 0.000s {{(pid=95904) inner /opt/stack/data/venv/lib/python3.12/site-packages/oslo_concurrency/lockutils.py:525}}
Jul 21 23:12:25.488343 np0000005603 nova-conductor[95904]: DEBUG oslo_concurrency.lockutils [None req-6d3e38ee-de64-4e98-bb38-b93f24f0af81 tempest-DeleteServersTestJSON-1425765000 tempest-DeleteServersTestJSON-1425765000-project-member] Lock "e6428e20-2fad-486b-b22f-90f1f73a02f3" "released" by "nova.context.set_target_cell..get_or_set_cached_cell_and_set_connections" :: held 0.000s {{(pid=95904) inner /opt/stack/data/venv/lib/python3.12/site-packages/oslo_concurrency/lockutils.py:544}}
Jul 21 23:12:25.495176 np0000005603 nova-conductor[95904]: DEBUG nova.conductor.manager [None req-6d3e38ee-de64-4e98-bb38-b93f24f0af81 tempest-DeleteServersTestJSON-1425765000 tempest-DeleteServersTestJSON-1425765000-project-member] [instance: 830a2193-13c8-4587-be0e-ad44f15f6cf6] block_device_mapping [BlockDeviceMapping(attachment_id=,boot_index=0,connection_info=None,created_at=,delete_on_termination=True,deleted=,deleted_at=,destination_type='local',device_name=None,device_type='disk',disk_bus=None,encrypted=False,encryption_format=None,encryption_options=None,encryption_secret_uuid=None,guest_format=None,id=,image_id='2631efb4-ec58-445a-b67c-1a3f2633b9c6',instance=,instance_uuid=,no_device=False,snapshot_id=None,source_type='image',tag=None,updated_at=,uuid=,volume_id=None,volume_size=None,volume_type=None)] {{(pid=95904) _create_block_device_mapping /opt/stack/nova/nova/conductor/manager.py:1529}}
Jul 21 23:12:25.496953 np0000005603 nova-conductor[95904]: DEBUG oslo_concurrency.lockutils [None req-6d3e38ee-de64-4e98-bb38-b93f24f0af81 tempest-DeleteServersTestJSON-1425765000 tempest-DeleteServersTestJSON-1425765000-project-member] Acquiring lock "e6428e20-2fad-486b-b22f-90f1f73a02f3" by "nova.context.set_target_cell..get_or_set_cached_cell_and_set_connections" {{(pid=95904) inner /opt/stack/data/venv/lib/python3.12/site-packages/oslo_concurrency/lockutils.py:512}}
Jul 21 23:12:25.497113 np0000005603 nova-conductor[95904]: DEBUG oslo_concurrency.lockutils [None req-6d3e38ee-de64-4e98-bb38-b93f24f0af81 tempest-DeleteServersTestJSON-1425765000 tempest-DeleteServersTestJSON-1425765000-project-member] Lock "e6428e20-2fad-486b-b22f-90f1f73a02f3" acquired by "nova.context.set_target_cell..get_or_set_cached_cell_and_set_connections" :: waited 0.000s {{(pid=95904) inner /opt/stack/data/venv/lib/python3.12/site-packages/oslo_concurrency/lockutils.py:525}}
Jul 21 23:12:25.497177 np0000005603 nova-conductor[95904]: DEBUG oslo_concurrency.lockutils [None req-6d3e38ee-de64-4e98-bb38-b93f24f0af81 tempest-DeleteServersTestJSON-1425765000 tempest-DeleteServersTestJSON-1425765000-project-member] Lock "e6428e20-2fad-486b-b22f-90f1f73a02f3" "released" by "nova.context.set_target_cell..get_or_set_cached_cell_and_set_connections" :: held 0.000s {{(pid=95904) inner /opt/stack/data/venv/lib/python3.12/site-packages/oslo_concurrency/lockutils.py:544}}
Jul 21 23:12:25.531926 np0000005603 nova-conductor[95904]: DEBUG oslo_concurrency.lockutils [None req-6d3e38ee-de64-4e98-bb38-b93f24f0af81 tempest-DeleteServersTestJSON-1425765000 tempest-DeleteServersTestJSON-1425765000-project-member] Acquiring lock "e6428e20-2fad-486b-b22f-90f1f73a02f3" by "nova.context.set_target_cell..get_or_set_cached_cell_and_set_connections" {{(pid=95904) inner /opt/stack/data/venv/lib/python3.12/site-packages/oslo_concurrency/lockutils.py:512}}
Jul 21 23:12:25.532082 np0000005603 nova-conductor[95904]: DEBUG oslo_concurrency.lockutils [None req-6d3e38ee-de64-4e98-bb38-b93f24f0af81 tempest-DeleteServersTestJSON-1425765000 tempest-DeleteServersTestJSON-1425765000-project-member] Lock "e6428e20-2fad-486b-b22f-90f1f73a02f3" acquired by "nova.context.set_target_cell..get_or_set_cached_cell_and_set_connections" :: waited 0.000s {{(pid=95904) inner /opt/stack/data/venv/lib/python3.12/site-packages/oslo_concurrency/lockutils.py:525}}
Jul 21 23:12:25.532193 np0000005603 nova-conductor[95904]: DEBUG oslo_concurrency.lockutils [None req-6d3e38ee-de64-4e98-bb38-b93f24f0af81 tempest-DeleteServersTestJSON-1425765000 tempest-DeleteServersTestJSON-1425765000-project-member] Lock "e6428e20-2fad-486b-b22f-90f1f73a02f3" "released" by "nova.context.set_target_cell..get_or_set_cached_cell_and_set_connections" :: held 0.000s {{(pid=95904) inner /opt/stack/data/venv/lib/python3.12/site-packages/oslo_concurrency/lockutils.py:544}}
Jul 21 23:12:25.532423 np0000005603 nova-conductor[95904]: DEBUG oslo_concurrency.lockutils [None req-6d3e38ee-de64-4e98-bb38-b93f24f0af81 tempest-DeleteServersTestJSON-1425765000 tempest-DeleteServersTestJSON-1425765000-project-member] Acquiring lock "compute-rpcapi-router" {{(pid=95904) lock /opt/stack/data/venv/lib/python3.12/site-packages/oslo_concurrency/lockutils.py:396}}
Jul 21 23:12:25.532534 np0000005603 nova-conductor[95904]: DEBUG oslo_concurrency.lockutils [None req-6d3e38ee-de64-4e98-bb38-b93f24f0af81 tempest-DeleteServersTestJSON-1425765000 tempest-DeleteServersTestJSON-1425765000-project-member] Acquired lock "compute-rpcapi-router" {{(pid=95904) lock /opt/stack/data/venv/lib/python3.12/site-packages/oslo_concurrency/lockutils.py:399}}
Jul 21 23:12:25.532851 np0000005603 nova-conductor[95904]: DEBUG oslo_concurrency.lockutils [None req-722b91f2-0dde-4736-9306-84277a76db4f None None] Acquiring lock "00000000-0000-0000-0000-000000000000" by "nova.context.set_target_cell..get_or_set_cached_cell_and_set_connections" {{(pid=95904) inner /opt/stack/data/venv/lib/python3.12/site-packages/oslo_concurrency/lockutils.py:512}}
Jul 21 23:12:25.532958 np0000005603 nova-conductor[95904]: DEBUG oslo_concurrency.lockutils [None req-722b91f2-0dde-4736-9306-84277a76db4f None None] Lock "00000000-0000-0000-0000-000000000000" acquired by "nova.context.set_target_cell..get_or_set_cached_cell_and_set_connections" :: waited 0.000s {{(pid=95904) inner /opt/stack/data/venv/lib/python3.12/site-packages/oslo_concurrency/lockutils.py:525}}
Jul 21 23:12:25.533056 np0000005603 nova-conductor[95904]: DEBUG oslo_concurrency.lockutils [None req-722b91f2-0dde-4736-9306-84277a76db4f None None] Lock "00000000-0000-0000-0000-000000000000" "released" by "nova.context.set_target_cell..get_or_set_cached_cell_and_set_connections" :: held 0.000s {{(pid=95904) inner /opt/stack/data/venv/lib/python3.12/site-packages/oslo_concurrency/lockutils.py:544}}
Jul 21 23:12:25.534706 np0000005603 nova-conductor[95904]: DEBUG oslo_concurrency.lockutils [None req-722b91f2-0dde-4736-9306-84277a76db4f None None] Acquiring lock "e6428e20-2fad-486b-b22f-90f1f73a02f3" by "nova.context.set_target_cell..get_or_set_cached_cell_and_set_connections" {{(pid=95904) inner /opt/stack/data/venv/lib/python3.12/site-packages/oslo_concurrency/lockutils.py:512}}
Jul 21 23:12:25.534706 np0000005603 nova-conductor[95904]: DEBUG oslo_concurrency.lockutils [None req-722b91f2-0dde-4736-9306-84277a76db4f None None] Lock "e6428e20-2fad-486b-b22f-90f1f73a02f3" acquired by "nova.context.set_target_cell..get_or_set_cached_cell_and_set_connections" :: waited 0.000s {{(pid=95904) inner /opt/stack/data/venv/lib/python3.12/site-packages/oslo_concurrency/lockutils.py:525}}
Jul 21 23:12:25.534706 np0000005603 nova-conductor[95904]: DEBUG oslo_concurrency.lockutils [None req-722b91f2-0dde-4736-9306-84277a76db4f None None] Lock "e6428e20-2fad-486b-b22f-90f1f73a02f3" "released" by "nova.context.set_target_cell..get_or_set_cached_cell_and_set_connections" :: held 0.000s {{(pid=95904) inner /opt/stack/data/venv/lib/python3.12/site-packages/oslo_concurrency/lockutils.py:544}}
Jul 21 23:12:25.540641 np0000005603 nova-conductor[95904]: INFO nova.compute.rpcapi [None req-722b91f2-0dde-4736-9306-84277a76db4f None None] Automatically selected compute RPC version 6.5 from minimum service version 72
Jul 21 23:12:25.541017 np0000005603 nova-conductor[95904]: DEBUG oslo_concurrency.lockutils [None req-722b91f2-0dde-4736-9306-84277a76db4f None None] Releasing lock "compute-rpcapi-router" {{(pid=95904) lock /opt/stack/data/venv/lib/python3.12/site-packages/oslo_concurrency/lockutils.py:419}}
Jul 21 23:12:25.933625 np0000005603 nova-conductor[95904]: DEBUG oslo.service.backend._threading.loopingcall [None req-5a13bd16-1bc1-4ba0-943c-642a5308eb68 None None] Dynamic interval looping call 'nova.service.Service.periodic_tasks' sleeping for 60.00 seconds {{(pid=95904) _run_loop /opt/stack/data/venv/lib/python3.12/site-packages/oslo_service/backend/_threading/loopingcall.py:125}}
Jul 21 23:12:25.936283 np0000005603 nova-conductor[95914]: DEBUG oslo.service.backend._threading.loopingcall [None req-24f7555b-9226-40ee-9e13-e0050493de2c None None] Dynamic interval looping call 'nova.service.Service.periodic_tasks' sleeping for 60.00 seconds {{(pid=95914) _run_loop /opt/stack/data/venv/lib/python3.12/site-packages/oslo_service/backend/_threading/loopingcall.py:125}}
Jul 21 23:12:28.559819 np0000005603 nova-conductor[95914]: DEBUG dbcounter [-] [95914] Writer thread running {{(pid=95914) stat_writer /opt/stack/data/venv/lib/python3.12/site-packages/dbcounter.py:102}}
Jul 21 23:12:28.588149 np0000005603 nova-conductor[95920]: DEBUG dbcounter [-] [95920] Writer thread running {{(pid=95920) stat_writer /opt/stack/data/venv/lib/python3.12/site-packages/dbcounter.py:102}}
Jul 21 23:12:29.005279 np0000005603 nova-conductor[95914]: DEBUG nova.conductor.manager [None req-24f9e758-6d63-4583-a5c0-cbccf579f45a tempest-ServerActionsTestOtherB-1377575166 tempest-ServerActionsTestOtherB-1377575166-project-member] Took 0.44 seconds to select destinations for 1 instance(s). {{(pid=95914) _schedule_instances /opt/stack/nova/nova/conductor/manager.py:968}}
Jul 21 23:12:29.027283 np0000005603 nova-conductor[95920]: DEBUG nova.conductor.manager [None req-9a346532-21b3-4a32-9876-1f7d07060af9 tempest-AttachVolumeShelveTestJSON-347022511 tempest-AttachVolumeShelveTestJSON-347022511-project-member] Took 0.43 seconds to select destinations for 1 instance(s). {{(pid=95920) _schedule_instances /opt/stack/nova/nova/conductor/manager.py:968}}
Jul 21 23:12:29.033929 np0000005603 nova-conductor[95914]: DEBUG oslo_concurrency.lockutils [None req-24f9e758-6d63-4583-a5c0-cbccf579f45a tempest-ServerActionsTestOtherB-1377575166 tempest-ServerActionsTestOtherB-1377575166-project-member] Acquiring lock "e6428e20-2fad-486b-b22f-90f1f73a02f3" by "nova.context.set_target_cell..get_or_set_cached_cell_and_set_connections" {{(pid=95914) inner /opt/stack/data/venv/lib/python3.12/site-packages/oslo_concurrency/lockutils.py:512}}
Jul 21 23:12:29.034429 np0000005603 nova-conductor[95914]: DEBUG oslo_concurrency.lockutils [None req-24f9e758-6d63-4583-a5c0-cbccf579f45a tempest-ServerActionsTestOtherB-1377575166 tempest-ServerActionsTestOtherB-1377575166-project-member] Lock "e6428e20-2fad-486b-b22f-90f1f73a02f3" acquired by "nova.context.set_target_cell..get_or_set_cached_cell_and_set_connections" :: waited 0.001s {{(pid=95914) inner /opt/stack/data/venv/lib/python3.12/site-packages/oslo_concurrency/lockutils.py:525}}
Jul 21 23:12:29.036447 np0000005603 nova-conductor[95914]: DEBUG oslo_concurrency.lockutils [None req-24f9e758-6d63-4583-a5c0-cbccf579f45a tempest-ServerActionsTestOtherB-1377575166 tempest-ServerActionsTestOtherB-1377575166-project-member] Lock "e6428e20-2fad-486b-b22f-90f1f73a02f3" "released" by "nova.context.set_target_cell..get_or_set_cached_cell_and_set_connections" :: held 0.002s {{(pid=95914) inner /opt/stack/data/venv/lib/python3.12/site-packages/oslo_concurrency/lockutils.py:544}}
Jul 21 23:12:29.038992 np0000005603 nova-conductor[95914]: INFO dbcounter [None req-24f9e758-6d63-4583-a5c0-cbccf579f45a tempest-ServerActionsTestOtherB-1377575166 tempest-ServerActionsTestOtherB-1377575166-project-member] Registered counter for database nova_cell1
Jul 21 23:12:29.051326 np0000005603 nova-conductor[95920]: DEBUG oslo_concurrency.lockutils [None req-9a346532-21b3-4a32-9876-1f7d07060af9 tempest-AttachVolumeShelveTestJSON-347022511 tempest-AttachVolumeShelveTestJSON-347022511-project-member] Acquiring lock "e6428e20-2fad-486b-b22f-90f1f73a02f3" by "nova.context.set_target_cell..get_or_set_cached_cell_and_set_connections" {{(pid=95920) inner /opt/stack/data/venv/lib/python3.12/site-packages/oslo_concurrency/lockutils.py:512}}
Jul 21 23:12:29.052674 np0000005603 nova-conductor[95920]: DEBUG oslo_concurrency.lockutils [None req-9a346532-21b3-4a32-9876-1f7d07060af9 tempest-AttachVolumeShelveTestJSON-347022511 tempest-AttachVolumeShelveTestJSON-347022511-project-member] Lock "e6428e20-2fad-486b-b22f-90f1f73a02f3" acquired by "nova.context.set_target_cell..get_or_set_cached_cell_and_set_connections" :: waited 0.000s {{(pid=95920) inner /opt/stack/data/venv/lib/python3.12/site-packages/oslo_concurrency/lockutils.py:525}}
Jul 21 23:12:29.055032 np0000005603 nova-conductor[95920]: DEBUG oslo_concurrency.lockutils [None req-9a346532-21b3-4a32-9876-1f7d07060af9 tempest-AttachVolumeShelveTestJSON-347022511 tempest-AttachVolumeShelveTestJSON-347022511-project-member] Lock "e6428e20-2fad-486b-b22f-90f1f73a02f3" "released" by "nova.context.set_target_cell..get_or_set_cached_cell_and_set_connections" :: held 0.003s {{(pid=95920) inner /opt/stack/data/venv/lib/python3.12/site-packages/oslo_concurrency/lockutils.py:544}}
Jul 21 23:12:29.057936 np0000005603 nova-conductor[95920]: INFO dbcounter [None req-9a346532-21b3-4a32-9876-1f7d07060af9 tempest-AttachVolumeShelveTestJSON-347022511 tempest-AttachVolumeShelveTestJSON-347022511-project-member] Registered counter for database nova_cell1
Jul 21 23:12:29.089576 np0000005603 nova-conductor[95914]: DEBUG oslo_db.sqlalchemy.engines [None req-24f9e758-6d63-4583-a5c0-cbccf579f45a tempest-ServerActionsTestOtherB-1377575166 tempest-ServerActionsTestOtherB-1377575166-project-member] MySQL server mode set to STRICT_TRANS_TABLES,STRICT_ALL_TABLES,NO_ZERO_IN_DATE,NO_ZERO_DATE,ERROR_FOR_DIVISION_BY_ZERO,TRADITIONAL,NO_ENGINE_SUBSTITUTION {{(pid=95914) _check_effective_sql_mode /opt/stack/data/venv/lib/python3.12/site-packages/oslo_db/sqlalchemy/engines.py:325}}
Jul 21 23:12:29.096552 np0000005603 nova-conductor[95914]: DEBUG dbcounter [-] [95914] Writer thread running {{(pid=95914) stat_writer /opt/stack/data/venv/lib/python3.12/site-packages/dbcounter.py:102}}
Jul 21 23:12:29.109607 np0000005603 nova-conductor[95920]: DEBUG oslo_db.sqlalchemy.engines [None req-9a346532-21b3-4a32-9876-1f7d07060af9 tempest-AttachVolumeShelveTestJSON-347022511 tempest-AttachVolumeShelveTestJSON-347022511-project-member] MySQL server mode set to STRICT_TRANS_TABLES,STRICT_ALL_TABLES,NO_ZERO_IN_DATE,NO_ZERO_DATE,ERROR_FOR_DIVISION_BY_ZERO,TRADITIONAL,NO_ENGINE_SUBSTITUTION {{(pid=95920) _check_effective_sql_mode /opt/stack/data/venv/lib/python3.12/site-packages/oslo_db/sqlalchemy/engines.py:325}}
Jul 21 23:12:29.115864 np0000005603 nova-conductor[95920]: DEBUG dbcounter [-] [95920] Writer thread running {{(pid=95920) stat_writer /opt/stack/data/venv/lib/python3.12/site-packages/dbcounter.py:102}}
Jul 21 23:12:29.154458 np0000005603 nova-conductor[95914]: INFO nova.utils [None req-24f9e758-6d63-4583-a5c0-cbccf579f45a tempest-ServerActionsTestOtherB-1377575166 tempest-ServerActionsTestOtherB-1377575166-project-member] The cell worker thread pool ForkProcess-2.cell_worker is initialized
