Jun 24 18:15:11.461487 np0000003566 nova-scheduler[93286]: DEBUG cotyledon.oslo_config_glue [-] oslo_limit.certfile = None {{(pid=93286) log_opt_values /opt/stack/data/venv/lib/python3.12/site-packages/oslo_config/cfg.py:3253}}
Jun 24 18:15:11.461487 np0000003566 nova-scheduler[93286]: DEBUG cotyledon.oslo_config_glue [-] oslo_limit.collect_timing = False {{(pid=93286) log_opt_values /opt/stack/data/venv/lib/python3.12/site-packages/oslo_config/cfg.py:3253}}
Jun 24 18:15:11.461487 np0000003566 nova-scheduler[93286]: DEBUG cotyledon.oslo_config_glue [-] oslo_limit.connect_retries = None {{(pid=93286) log_opt_values /opt/stack/data/venv/lib/python3.12/site-packages/oslo_config/cfg.py:3253}}
Jun 24 18:15:11.461487 np0000003566 nova-scheduler[93286]: DEBUG cotyledon.oslo_config_glue [-] oslo_limit.connect_retry_delay = None {{(pid=93286) log_opt_values /opt/stack/data/venv/lib/python3.12/site-packages/oslo_config/cfg.py:3253}}
Jun 24 18:15:11.461654 np0000003566 nova-scheduler[93286]: DEBUG cotyledon.oslo_config_glue [-] oslo_limit.endpoint_id = None {{(pid=93286) log_opt_values /opt/stack/data/venv/lib/python3.12/site-packages/oslo_config/cfg.py:3253}}
Jun 24 18:15:11.461654 np0000003566 nova-scheduler[93286]: DEBUG cotyledon.oslo_config_glue [-] oslo_limit.endpoint_interface = public {{(pid=93286) log_opt_values /opt/stack/data/venv/lib/python3.12/site-packages/oslo_config/cfg.py:3253}}
Jun 24 18:15:11.461654 np0000003566 nova-scheduler[93286]: DEBUG cotyledon.oslo_config_glue [-] oslo_limit.endpoint_override = None {{(pid=93286) log_opt_values /opt/stack/data/venv/lib/python3.12/site-packages/oslo_config/cfg.py:3253}}
Jun 24 18:15:11.461654 np0000003566 nova-scheduler[93286]: DEBUG cotyledon.oslo_config_glue [-] oslo_limit.endpoint_region_name = None {{(pid=93286) log_opt_values /opt/stack/data/venv/lib/python3.12/site-packages/oslo_config/cfg.py:3253}}
Jun 24 18:15:11.461654 np0000003566 nova-scheduler[93286]: DEBUG cotyledon.oslo_config_glue [-] oslo_limit.endpoint_service_name = None {{(pid=93286) log_opt_values /opt/stack/data/venv/lib/python3.12/site-packages/oslo_config/cfg.py:3253}}
Jun 24 18:15:11.461654 np0000003566 nova-scheduler[93286]: DEBUG cotyledon.oslo_config_glue [-] oslo_limit.endpoint_service_type = None {{(pid=93286) log_opt_values /opt/stack/data/venv/lib/python3.12/site-packages/oslo_config/cfg.py:3253}}
Jun 24 18:15:11.461654 np0000003566 nova-scheduler[93286]: DEBUG cotyledon.oslo_config_glue [-] oslo_limit.insecure = False {{(pid=93286) log_opt_values /opt/stack/data/venv/lib/python3.12/site-packages/oslo_config/cfg.py:3253}}
Jun 24 18:15:11.461654 np0000003566 nova-scheduler[93286]: DEBUG cotyledon.oslo_config_glue [-] oslo_limit.keyfile = None {{(pid=93286) log_opt_values /opt/stack/data/venv/lib/python3.12/site-packages/oslo_config/cfg.py:3253}}
Jun 24 18:15:11.461654 np0000003566 nova-scheduler[93286]: DEBUG cotyledon.oslo_config_glue [-] oslo_limit.max_version = None {{(pid=93286) log_opt_values /opt/stack/data/venv/lib/python3.12/site-packages/oslo_config/cfg.py:3253}}
Jun 24 18:15:11.461817 np0000003566 nova-scheduler[93286]: DEBUG cotyledon.oslo_config_glue [-] oslo_limit.min_version = None {{(pid=93286) log_opt_values /opt/stack/data/venv/lib/python3.12/site-packages/oslo_config/cfg.py:3253}}
Jun 24 18:15:11.461817 np0000003566 nova-scheduler[93286]: DEBUG cotyledon.oslo_config_glue [-] oslo_limit.region_name = None {{(pid=93286) log_opt_values /opt/stack/data/venv/lib/python3.12/site-packages/oslo_config/cfg.py:3253}}
Jun 24 18:15:11.461817 np0000003566 nova-scheduler[93286]: DEBUG cotyledon.oslo_config_glue [-] oslo_limit.retriable_status_codes = None {{(pid=93286) log_opt_values /opt/stack/data/venv/lib/python3.12/site-packages/oslo_config/cfg.py:3253}}
Jun 24 18:15:11.461817 np0000003566 nova-scheduler[93286]: DEBUG cotyledon.oslo_config_glue [-] oslo_limit.service_name = None {{(pid=93286) log_opt_values /opt/stack/data/venv/lib/python3.12/site-packages/oslo_config/cfg.py:3253}}
Jun 24 18:15:11.461817 np0000003566 nova-scheduler[93286]: DEBUG cotyledon.oslo_config_glue [-] oslo_limit.service_type = None {{(pid=93286) log_opt_values /opt/stack/data/venv/lib/python3.12/site-packages/oslo_config/cfg.py:3253}}
Jun 24 18:15:11.461817 np0000003566 nova-scheduler[93286]: DEBUG cotyledon.oslo_config_glue [-] oslo_limit.split_loggers = False {{(pid=93286) log_opt_values /opt/stack/data/venv/lib/python3.12/site-packages/oslo_config/cfg.py:3253}}
Jun 24 18:15:11.461817 np0000003566 nova-scheduler[93286]: DEBUG cotyledon.oslo_config_glue [-] oslo_limit.status_code_retries = None {{(pid=93286) log_opt_values /opt/stack/data/venv/lib/python3.12/site-packages/oslo_config/cfg.py:3253}}
Jun 24 18:15:11.461817 np0000003566 nova-scheduler[93286]: DEBUG cotyledon.oslo_config_glue [-] oslo_limit.status_code_retry_delay = None {{(pid=93286) log_opt_values /opt/stack/data/venv/lib/python3.12/site-packages/oslo_config/cfg.py:3253}}
Jun 24 18:15:11.461817 np0000003566 nova-scheduler[93286]: DEBUG cotyledon.oslo_config_glue [-] oslo_limit.timeout = None {{(pid=93286) log_opt_values /opt/stack/data/venv/lib/python3.12/site-packages/oslo_config/cfg.py:3253}}
Jun 24 18:15:11.462014 np0000003566 nova-scheduler[93286]: DEBUG cotyledon.oslo_config_glue [-] oslo_limit.valid_interfaces = None {{(pid=93286) log_opt_values /opt/stack/data/venv/lib/python3.12/site-packages/oslo_config/cfg.py:3253}}
Jun 24 18:15:11.462014 np0000003566 nova-scheduler[93286]: DEBUG cotyledon.oslo_config_glue [-] oslo_limit.version = None {{(pid=93286) log_opt_values /opt/stack/data/venv/lib/python3.12/site-packages/oslo_config/cfg.py:3253}}
Jun 24 18:15:11.462014 np0000003566 nova-scheduler[93286]: DEBUG cotyledon.oslo_config_glue [-] oslo_reports.file_event_handler = None {{(pid=93286) log_opt_values /opt/stack/data/venv/lib/python3.12/site-packages/oslo_config/cfg.py:3253}}
Jun 24 18:15:11.462014 np0000003566 nova-scheduler[93286]: DEBUG cotyledon.oslo_config_glue [-] oslo_reports.file_event_handler_interval = 1 {{(pid=93286) log_opt_values /opt/stack/data/venv/lib/python3.12/site-packages/oslo_config/cfg.py:3253}}
Jun 24 18:15:11.462014 np0000003566 nova-scheduler[93286]: DEBUG cotyledon.oslo_config_glue [-] oslo_reports.log_dir = None {{(pid=93286) log_opt_values /opt/stack/data/venv/lib/python3.12/site-packages/oslo_config/cfg.py:3253}}
Jun 24 18:15:11.462014 np0000003566 nova-scheduler[93286]: DEBUG cotyledon.oslo_config_glue [-] ******************************************************************************** {{(pid=93286) log_opt_values /opt/stack/data/venv/lib/python3.12/site-packages/oslo_config/cfg.py:3260}}
Jun 24 18:15:11.462014 np0000003566 nova-scheduler[93286]: DEBUG cotyledon._service_worker [-] Run service ServiceWrapper(2) [93286] {{(pid=93286) wait_forever /opt/stack/data/venv/lib/python3.12/site-packages/cotyledon/_service_worker.py:218}}
Jun 24 18:15:11.462280 np0000003566 nova-scheduler[93284]: INFO dbcounter [None req-46f7a3b2-23a2-45e9-a90a-bb6107e9aff8 None None] Registered counter for database nova_cell0
Jun 24 18:15:11.462316 np0000003566 nova-scheduler[93286]: INFO nova.service [-] Starting scheduler node (version 33.1.0)
Jun 24 18:15:11.462316 np0000003566 nova-scheduler[93286]: INFO dbcounter [None req-7e713a15-d8b7-4286-8c6a-499dd9e9185d None None] Registered counter for database nova_cell0
Jun 24 18:15:11.471514 np0000003566 nova-scheduler[93282]: DEBUG oslo_db.sqlalchemy.engines [None req-99e421cd-c4af-461e-a358-63d81d2eec09 None None] MySQL server mode set to STRICT_TRANS_TABLES,STRICT_ALL_TABLES,NO_ZERO_IN_DATE,NO_ZERO_DATE,ERROR_FOR_DIVISION_BY_ZERO,TRADITIONAL,NO_ENGINE_SUBSTITUTION {{(pid=93282) _check_effective_sql_mode /opt/stack/data/venv/lib/python3.12/site-packages/oslo_db/sqlalchemy/engines.py:325}}
Jun 24 18:15:11.483665 np0000003566 nova-scheduler[93282]: DEBUG dbcounter [-] [93282] Writer thread running {{(pid=93282) stat_writer /opt/stack/data/venv/lib/python3.12/site-packages/dbcounter.py:102}}
Jun 24 18:15:11.497520 np0000003566 nova-scheduler[93284]: DEBUG oslo_db.sqlalchemy.engines [None req-46f7a3b2-23a2-45e9-a90a-bb6107e9aff8 None None] MySQL server mode set to STRICT_TRANS_TABLES,STRICT_ALL_TABLES,NO_ZERO_IN_DATE,NO_ZERO_DATE,ERROR_FOR_DIVISION_BY_ZERO,TRADITIONAL,NO_ENGINE_SUBSTITUTION {{(pid=93284) _check_effective_sql_mode /opt/stack/data/venv/lib/python3.12/site-packages/oslo_db/sqlalchemy/engines.py:325}}
Jun 24 18:15:11.502017 np0000003566 nova-scheduler[93286]: DEBUG oslo_db.sqlalchemy.engines [None req-7e713a15-d8b7-4286-8c6a-499dd9e9185d None None] MySQL server mode set to STRICT_TRANS_TABLES,STRICT_ALL_TABLES,NO_ZERO_IN_DATE,NO_ZERO_DATE,ERROR_FOR_DIVISION_BY_ZERO,TRADITIONAL,NO_ENGINE_SUBSTITUTION {{(pid=93286) _check_effective_sql_mode /opt/stack/data/venv/lib/python3.12/site-packages/oslo_db/sqlalchemy/engines.py:325}}
Jun 24 18:15:11.503842 np0000003566 nova-scheduler[93282]: DEBUG nova.service [None req-99e421cd-c4af-461e-a358-63d81d2eec09 None None] Creating RPC server for service: nova-scheduler on topic: scheduler {{(pid=93282) start /opt/stack/nova/nova/service.py:196}}
Jun 24 18:15:11.509423 np0000003566 nova-scheduler[93284]: DEBUG dbcounter [-] [93284] Writer thread running {{(pid=93284) stat_writer /opt/stack/data/venv/lib/python3.12/site-packages/dbcounter.py:102}}
Jun 24 18:15:11.513221 np0000003566 nova-scheduler[93286]: DEBUG dbcounter [-] [93286] Writer thread running {{(pid=93286) stat_writer /opt/stack/data/venv/lib/python3.12/site-packages/dbcounter.py:102}}
Jun 24 18:15:11.513797 np0000003566 nova-scheduler[93284]: DEBUG nova.service [None req-46f7a3b2-23a2-45e9-a90a-bb6107e9aff8 None None] Creating RPC server for service: nova-scheduler on topic: scheduler {{(pid=93284) start /opt/stack/nova/nova/service.py:196}}
Jun 24 18:15:11.515970 np0000003566 nova-scheduler[93286]: DEBUG nova.service [None req-7e713a15-d8b7-4286-8c6a-499dd9e9185d None None] Creating RPC server for service: nova-scheduler on topic: scheduler {{(pid=93286) start /opt/stack/nova/nova/service.py:196}}
Jun 24 18:15:11.535029 np0000003566 nova-scheduler[93282]: DEBUG nova.service [None req-99e421cd-c4af-461e-a358-63d81d2eec09 None None] Join ServiceGroup membership for this service scheduler {{(pid=93282) start /opt/stack/nova/nova/service.py:222}}
Jun 24 18:15:11.535280 np0000003566 nova-scheduler[93282]: DEBUG nova.servicegroup.drivers.db [None req-99e421cd-c4af-461e-a358-63d81d2eec09 None None] DB_Driver: join new ServiceGroup member np0000003566 to the scheduler group, service = {{(pid=93282) join /opt/stack/nova/nova/servicegroup/drivers/db.py:44}}
Jun 24 18:15:11.535562 np0000003566 nova-scheduler[93286]: DEBUG nova.service [None req-7e713a15-d8b7-4286-8c6a-499dd9e9185d None None] Join ServiceGroup membership for this service scheduler {{(pid=93286) start /opt/stack/nova/nova/service.py:222}}
Jun 24 18:15:11.535620 np0000003566 nova-scheduler[93284]: DEBUG nova.service [None req-46f7a3b2-23a2-45e9-a90a-bb6107e9aff8 None None] Join ServiceGroup membership for this service scheduler {{(pid=93284) start /opt/stack/nova/nova/service.py:222}}
Jun 24 18:15:11.535789 np0000003566 nova-scheduler[93286]: DEBUG nova.servicegroup.drivers.db [None req-7e713a15-d8b7-4286-8c6a-499dd9e9185d None None] DB_Driver: join new ServiceGroup member np0000003566 to the scheduler group, service = {{(pid=93286) join /opt/stack/nova/nova/servicegroup/drivers/db.py:44}}
Jun 24 18:15:11.535893 np0000003566 nova-scheduler[93284]: DEBUG nova.servicegroup.drivers.db [None req-46f7a3b2-23a2-45e9-a90a-bb6107e9aff8 None None] DB_Driver: join new ServiceGroup member np0000003566 to the scheduler group, service = {{(pid=93284) join /opt/stack/nova/nova/servicegroup/drivers/db.py:44}}
Jun 24 18:15:16.556268 np0000003566 nova-scheduler[93282]: DEBUG oslo.service.backend._threading.loopingcall [-] Fixed interval looping call 'nova.servicegroup.drivers.db.DbDriver._report_state' sleeping for 119.98 seconds {{(pid=93282) _run_loop /opt/stack/data/venv/lib/python3.12/site-packages/oslo_service/backend/_threading/loopingcall.py:125}}
Jun 24 18:15:16.559317 np0000003566 nova-scheduler[93286]: DEBUG oslo.service.backend._threading.loopingcall [-] Fixed interval looping call 'nova.servicegroup.drivers.db.DbDriver._report_state' sleeping for 119.98 seconds {{(pid=93286) _run_loop /opt/stack/data/venv/lib/python3.12/site-packages/oslo_service/backend/_threading/loopingcall.py:125}}
Jun 24 18:15:16.560249 np0000003566 nova-scheduler[93284]: DEBUG oslo.service.backend._threading.loopingcall [-] Fixed interval looping call 'nova.servicegroup.drivers.db.DbDriver._report_state' sleeping for 119.98 seconds {{(pid=93284) _run_loop /opt/stack/data/venv/lib/python3.12/site-packages/oslo_service/backend/_threading/loopingcall.py:125}}
Jun 24 18:15:17.539176 np0000003566 nova-scheduler[93284]: DEBUG oslo.service.backend._threading.loopingcall [None req-581bf3ea-6179-4411-b65d-0609bd1d7298 None None] Dynamic interval looping call 'nova.service.Service.periodic_tasks' sleeping for 60.00 seconds {{(pid=93284) _run_loop /opt/stack/data/venv/lib/python3.12/site-packages/oslo_service/backend/_threading/loopingcall.py:125}}
Jun 24 18:15:18.538371 np0000003566 nova-scheduler[93286]: DEBUG oslo.service.backend._threading.loopingcall [None req-7da76bc5-4dfc-4a62-953a-50c75ec72295 None None] Dynamic interval looping call 'nova.service.Service.periodic_tasks' sleeping for 60.00 seconds {{(pid=93286) _run_loop /opt/stack/data/venv/lib/python3.12/site-packages/oslo_service/backend/_threading/loopingcall.py:125}}
Jun 24 18:15:20.068692 np0000003566 nova-scheduler[92002]: DEBUG dbcounter [-] [92002] Writing DB stats nova_api:SELECT=3 {{(pid=92002) stat_writer /opt/stack/data/venv/lib/python3.12/site-packages/dbcounter.py:115}}
Jun 24 18:15:20.216413 np0000003566 nova-scheduler[92002]: DEBUG dbcounter [-] [92002] Writing DB stats nova_cell0:SELECT=1 {{(pid=92002) stat_writer /opt/stack/data/venv/lib/python3.12/site-packages/dbcounter.py:115}}
Jun 24 18:15:20.217351 np0000003566 nova-scheduler[92002]: DEBUG dbcounter [-] [92002] Writing DB stats nova_cell1:SELECT=1 {{(pid=92002) stat_writer /opt/stack/data/venv/lib/python3.12/site-packages/dbcounter.py:115}}
Jun 24 18:15:24.537467 np0000003566 nova-scheduler[93282]: DEBUG oslo.service.backend._threading.loopingcall [None req-6dca8904-0cc8-4184-8745-4132259e2099 None None] Dynamic interval looping call 'nova.service.Service.periodic_tasks' sleeping for 60.00 seconds {{(pid=93282) _run_loop /opt/stack/data/venv/lib/python3.12/site-packages/oslo_service/backend/_threading/loopingcall.py:125}}
Jun 24 18:15:26.548142 np0000003566 nova-scheduler[93282]: DEBUG dbcounter [-] [93282] Writing DB stats nova_cell0:SELECT=4,nova_cell0:INSERT=1,nova_cell0:UPDATE=1 {{(pid=93282) stat_writer /opt/stack/data/venv/lib/python3.12/site-packages/dbcounter.py:115}}
Jun 24 18:15:26.556021 np0000003566 nova-scheduler[93286]: DEBUG dbcounter [-] [93286] Writing DB stats nova_cell0:SELECT=3,nova_cell0:UPDATE=1 {{(pid=93286) stat_writer /opt/stack/data/venv/lib/python3.12/site-packages/dbcounter.py:115}}
Jun 24 18:15:26.557379 np0000003566 nova-scheduler[93284]: DEBUG dbcounter [-] [93284] Writing DB stats nova_cell0:SELECT=3,nova_cell0:UPDATE=1 {{(pid=93284) stat_writer /opt/stack/data/venv/lib/python3.12/site-packages/dbcounter.py:115}}
Jun 24 18:16:17.539686 np0000003566 nova-scheduler[93284]: DEBUG oslo.service.backend._threading.loopingcall [None req-581bf3ea-6179-4411-b65d-0609bd1d7298 None None] Dynamic interval looping call 'nova.service.Service.periodic_tasks' sleeping for 60.00 seconds {{(pid=93284) _run_loop /opt/stack/data/venv/lib/python3.12/site-packages/oslo_service/backend/_threading/loopingcall.py:125}}
Jun 24 18:16:18.538854 np0000003566 nova-scheduler[93286]: DEBUG oslo.service.backend._threading.loopingcall [None req-7da76bc5-4dfc-4a62-953a-50c75ec72295 None None] Dynamic interval looping call 'nova.service.Service.periodic_tasks' sleeping for 60.00 seconds {{(pid=93286) _run_loop /opt/stack/data/venv/lib/python3.12/site-packages/oslo_service/backend/_threading/loopingcall.py:125}}
Jun 24 18:16:24.537942 np0000003566 nova-scheduler[93282]: DEBUG oslo.service.backend._threading.loopingcall [None req-6dca8904-0cc8-4184-8745-4132259e2099 None None] Dynamic interval looping call 'nova.service.Service.periodic_tasks' sleeping for 60.00 seconds {{(pid=93282) _run_loop /opt/stack/data/venv/lib/python3.12/site-packages/oslo_service/backend/_threading/loopingcall.py:125}}
Jun 24 18:17:16.543571 np0000003566 nova-scheduler[93282]: DEBUG oslo.service.backend._threading.loopingcall [-] Fixed interval looping call 'nova.servicegroup.drivers.db.DbDriver._report_state' sleeping for 119.99 seconds {{(pid=93282) _run_loop /opt/stack/data/venv/lib/python3.12/site-packages/oslo_service/backend/_threading/loopingcall.py:125}}
Jun 24 18:17:16.544097 np0000003566 nova-scheduler[93286]: DEBUG oslo.service.backend._threading.loopingcall [-] Fixed interval looping call 'nova.servicegroup.drivers.db.DbDriver._report_state' sleeping for 120.00 seconds {{(pid=93286) _run_loop /opt/stack/data/venv/lib/python3.12/site-packages/oslo_service/backend/_threading/loopingcall.py:125}}
Jun 24 18:17:16.544358 np0000003566 nova-scheduler[93284]: DEBUG oslo.service.backend._threading.loopingcall [-] Fixed interval looping call 'nova.servicegroup.drivers.db.DbDriver._report_state' sleeping for 120.00 seconds {{(pid=93284) _run_loop /opt/stack/data/venv/lib/python3.12/site-packages/oslo_service/backend/_threading/loopingcall.py:125}}
Jun 24 18:17:17.540154 np0000003566 nova-scheduler[93284]: DEBUG oslo.service.backend._threading.loopingcall [None req-581bf3ea-6179-4411-b65d-0609bd1d7298 None None] Dynamic interval looping call 'nova.service.Service.periodic_tasks' sleeping for 60.00 seconds {{(pid=93284) _run_loop /opt/stack/data/venv/lib/python3.12/site-packages/oslo_service/backend/_threading/loopingcall.py:125}}
Jun 24 18:17:18.539320 np0000003566 nova-scheduler[93286]: DEBUG oslo.service.backend._threading.loopingcall [None req-7da76bc5-4dfc-4a62-953a-50c75ec72295 None None] Dynamic interval looping call 'nova.service.Service.periodic_tasks' sleeping for 60.00 seconds {{(pid=93286) _run_loop /opt/stack/data/venv/lib/python3.12/site-packages/oslo_service/backend/_threading/loopingcall.py:125}}
Jun 24 18:17:24.538387 np0000003566 nova-scheduler[93282]: DEBUG oslo.service.backend._threading.loopingcall [None req-6dca8904-0cc8-4184-8745-4132259e2099 None None] Dynamic interval looping call 'nova.service.Service.periodic_tasks' sleeping for 60.00 seconds {{(pid=93282) _run_loop /opt/stack/data/venv/lib/python3.12/site-packages/oslo_service/backend/_threading/loopingcall.py:125}}
Jun 24 18:17:26.540095 np0000003566 nova-scheduler[93282]: DEBUG dbcounter [-] [93282] Writing DB stats nova_cell0:SELECT=1,nova_cell0:UPDATE=1 {{(pid=93282) stat_writer /opt/stack/data/venv/lib/python3.12/site-packages/dbcounter.py:115}}
Jun 24 18:17:26.542195 np0000003566 nova-scheduler[93286]: DEBUG dbcounter [-] [93286] Writing DB stats nova_cell0:SELECT=1,nova_cell0:UPDATE=1 {{(pid=93286) stat_writer /opt/stack/data/venv/lib/python3.12/site-packages/dbcounter.py:115}}
Jun 24 18:17:26.543444 np0000003566 nova-scheduler[93284]: DEBUG dbcounter [-] [93284] Writing DB stats nova_cell0:SELECT=1,nova_cell0:UPDATE=1 {{(pid=93284) stat_writer /opt/stack/data/venv/lib/python3.12/site-packages/dbcounter.py:115}}
Jun 24 18:17:54.603437 np0000003566 nova-scheduler[93282]: DEBUG nova.scheduler.manager [None req-4c0c4935-0fdf-4329-8cea-7b441b9e31c6 tempest-ServersNegativeTestJSON-1781638893 tempest-ServersNegativeTestJSON-1781638893-project-member] Starting to schedule for instances: ['52171cd3-e56f-476f-98ec-e993d5e2de63'] {{(pid=93282) select_destinations /opt/stack/nova/nova/scheduler/manager.py:210}}
Jun 24 18:17:54.604105 np0000003566 nova-scheduler[93282]: DEBUG nova.scheduler.request_filter [None req-4c0c4935-0fdf-4329-8cea-7b441b9e31c6 tempest-ServersNegativeTestJSON-1781638893 tempest-ServersNegativeTestJSON-1781638893-project-member] compute_status_filter request filter added forbidden trait COMPUTE_STATUS_DISABLED {{(pid=93282) compute_status_filter /opt/stack/nova/nova/scheduler/request_filter.py:253}}
Jun 24 18:17:54.604305 np0000003566 nova-scheduler[93282]: DEBUG nova.scheduler.request_filter [None req-4c0c4935-0fdf-4329-8cea-7b441b9e31c6 tempest-ServersNegativeTestJSON-1781638893 tempest-ServersNegativeTestJSON-1781638893-project-member] Request filter 'compute_status_filter' took 0.0 seconds {{(pid=93282) wrapper /opt/stack/nova/nova/scheduler/request_filter.py:46}}
Jun 24 18:17:54.604583 np0000003566 nova-scheduler[93282]: DEBUG nova.scheduler.request_filter [None req-4c0c4935-0fdf-4329-8cea-7b441b9e31c6 tempest-ServersNegativeTestJSON-1781638893 tempest-ServersNegativeTestJSON-1781638893-project-member] Request filter 'accelerators_filter' took 0.0 seconds {{(pid=93282) wrapper /opt/stack/nova/nova/scheduler/request_filter.py:46}}
Jun 24 18:17:54.604892 np0000003566 nova-scheduler[93282]: DEBUG nova.scheduler.request_filter [None req-4c0c4935-0fdf-4329-8cea-7b441b9e31c6 tempest-ServersNegativeTestJSON-1781638893 tempest-ServersNegativeTestJSON-1781638893-project-member] Request filter 'packed_virtqueue_filter' took 0.0 seconds {{(pid=93282) wrapper /opt/stack/nova/nova/scheduler/request_filter.py:46}}
Jun 24 18:17:54.605265 np0000003566 nova-scheduler[93282]: DEBUG nova.scheduler.request_filter [None req-4c0c4935-0fdf-4329-8cea-7b441b9e31c6 tempest-ServersNegativeTestJSON-1781638893 tempest-ServersNegativeTestJSON-1781638893-project-member] Request filter 'remote_managed_ports_filter' took 0.0 seconds {{(pid=93282) wrapper /opt/stack/nova/nova/scheduler/request_filter.py:46}}
Jun 24 18:17:54.605466 np0000003566 nova-scheduler[93282]: DEBUG nova.scheduler.request_filter [None req-4c0c4935-0fdf-4329-8cea-7b441b9e31c6 tempest-ServersNegativeTestJSON-1781638893 tempest-ServersNegativeTestJSON-1781638893-project-member] ephemeral_encryption_filter skipped {{(pid=93282) ephemeral_encryption_filter /opt/stack/nova/nova/scheduler/request_filter.py:426}}
Jun 24 18:17:54.605665 np0000003566 nova-scheduler[93282]: DEBUG nova.scheduler.request_filter [None req-4c0c4935-0fdf-4329-8cea-7b441b9e31c6 tempest-ServersNegativeTestJSON-1781638893 tempest-ServersNegativeTestJSON-1781638893-project-member] virtio_sound_filter skipped {{(pid=93282) virtio_sound_filter /opt/stack/nova/nova/scheduler/request_filter.py:460}}
Jun 24 18:17:54.605833 np0000003566 nova-scheduler[93282]: DEBUG nova.scheduler.request_filter [None req-4c0c4935-0fdf-4329-8cea-7b441b9e31c6 tempest-ServersNegativeTestJSON-1781638893 tempest-ServersNegativeTestJSON-1781638893-project-member] tpm_secret_security_filter skipped {{(pid=93282) tpm_secret_security_filter /opt/stack/nova/nova/scheduler/request_filter.py:477}}
Jun 24 18:17:55.093847 np0000003566 nova-scheduler[93282]: INFO nova.utils [None req-4c0c4935-0fdf-4329-8cea-7b441b9e31c6 tempest-ServersNegativeTestJSON-1781638893 tempest-ServersNegativeTestJSON-1781638893-project-member] The cell worker thread pool ForkProcess-1.cell_worker is initialized
Jun 24 18:17:55.094246 np0000003566 nova-scheduler[93282]: DEBUG oslo_concurrency.lockutils [None req-4c0c4935-0fdf-4329-8cea-7b441b9e31c6 tempest-ServersNegativeTestJSON-1781638893 tempest-ServersNegativeTestJSON-1781638893-project-member] Acquiring lock "f344e965-1af5-46b9-9b05-6c24e59aaa0e" by "nova.context.set_target_cell..get_or_set_cached_cell_and_set_connections" {{(pid=93282) inner /opt/stack/data/venv/lib/python3.12/site-packages/oslo_concurrency/lockutils.py:511}}
Jun 24 18:17:55.094441 np0000003566 nova-scheduler[93282]: DEBUG oslo_concurrency.lockutils [None req-4c0c4935-0fdf-4329-8cea-7b441b9e31c6 tempest-ServersNegativeTestJSON-1781638893 tempest-ServersNegativeTestJSON-1781638893-project-member] Lock "f344e965-1af5-46b9-9b05-6c24e59aaa0e" acquired by "nova.context.set_target_cell..get_or_set_cached_cell_and_set_connections" :: waited 0.000s {{(pid=93282) inner /opt/stack/data/venv/lib/python3.12/site-packages/oslo_concurrency/lockutils.py:524}}
Jun 24 18:17:55.095667 np0000003566 nova-scheduler[93282]: DEBUG oslo_concurrency.lockutils [None req-4c0c4935-0fdf-4329-8cea-7b441b9e31c6 tempest-ServersNegativeTestJSON-1781638893 tempest-ServersNegativeTestJSON-1781638893-project-member] Lock "f344e965-1af5-46b9-9b05-6c24e59aaa0e" "released" by "nova.context.set_target_cell..get_or_set_cached_cell_and_set_connections" :: held 0.001s {{(pid=93282) inner /opt/stack/data/venv/lib/python3.12/site-packages/oslo_concurrency/lockutils.py:543}}
Jun 24 18:17:55.097725 np0000003566 nova-scheduler[93282]: INFO dbcounter [None req-4c0c4935-0fdf-4329-8cea-7b441b9e31c6 tempest-ServersNegativeTestJSON-1781638893 tempest-ServersNegativeTestJSON-1781638893-project-member] Registered counter for database nova_cell1
Jun 24 18:17:55.130986 np0000003566 nova-scheduler[93282]: DEBUG oslo_db.sqlalchemy.engines [None req-4c0c4935-0fdf-4329-8cea-7b441b9e31c6 tempest-ServersNegativeTestJSON-1781638893 tempest-ServersNegativeTestJSON-1781638893-project-member] MySQL server mode set to STRICT_TRANS_TABLES,STRICT_ALL_TABLES,NO_ZERO_IN_DATE,NO_ZERO_DATE,ERROR_FOR_DIVISION_BY_ZERO,TRADITIONAL,NO_ENGINE_SUBSTITUTION {{(pid=93282) _check_effective_sql_mode /opt/stack/data/venv/lib/python3.12/site-packages/oslo_db/sqlalchemy/engines.py:325}}
Jun 24 18:17:55.136142 np0000003566 nova-scheduler[93282]: DEBUG dbcounter [-] [93282] Writer thread running {{(pid=93282) stat_writer /opt/stack/data/venv/lib/python3.12/site-packages/dbcounter.py:102}}
Jun 24 18:17:55.152391 np0000003566 nova-scheduler[93282]: DEBUG oslo_db.sqlalchemy.engines [None req-4c0c4935-0fdf-4329-8cea-7b441b9e31c6 tempest-ServersNegativeTestJSON-1781638893 tempest-ServersNegativeTestJSON-1781638893-project-member] Parent process 92002 forked (93282) with an open database connection, which is being discarded and recreated. {{(pid=93282) checkout /opt/stack/data/venv/lib/python3.12/site-packages/oslo_db/sqlalchemy/engines.py:402}}
Jun 24 18:17:55.188027 np0000003566 nova-scheduler[93282]: DEBUG dbcounter [-] [93282] Writer thread running {{(pid=93282) stat_writer /opt/stack/data/venv/lib/python3.12/site-packages/dbcounter.py:102}}
Jun 24 18:17:55.190792 np0000003566 nova-scheduler[93282]: DEBUG oslo_concurrency.lockutils [None req-4c0c4935-0fdf-4329-8cea-7b441b9e31c6 tempest-ServersNegativeTestJSON-1781638893 tempest-ServersNegativeTestJSON-1781638893-project-member] Acquiring lock "f344e965-1af5-46b9-9b05-6c24e59aaa0e" by "nova.context.set_target_cell..get_or_set_cached_cell_and_set_connections" {{(pid=93282) inner /opt/stack/data/venv/lib/python3.12/site-packages/oslo_concurrency/lockutils.py:511}}
Jun 24 18:17:55.191006 np0000003566 nova-scheduler[93282]: DEBUG oslo_concurrency.lockutils [None req-4c0c4935-0fdf-4329-8cea-7b441b9e31c6 tempest-ServersNegativeTestJSON-1781638893 tempest-ServersNegativeTestJSON-1781638893-project-member] Lock "f344e965-1af5-46b9-9b05-6c24e59aaa0e" acquired by "nova.context.set_target_cell..get_or_set_cached_cell_and_set_connections" :: waited 0.000s {{(pid=93282) inner /opt/stack/data/venv/lib/python3.12/site-packages/oslo_concurrency/lockutils.py:524}}
Jun 24 18:17:55.191181 np0000003566 nova-scheduler[93282]: DEBUG oslo_concurrency.lockutils [None req-4c0c4935-0fdf-4329-8cea-7b441b9e31c6 tempest-ServersNegativeTestJSON-1781638893 tempest-ServersNegativeTestJSON-1781638893-project-member] Lock "f344e965-1af5-46b9-9b05-6c24e59aaa0e" "released" by "nova.context.set_target_cell..get_or_set_cached_cell_and_set_connections" :: held 0.000s {{(pid=93282) inner /opt/stack/data/venv/lib/python3.12/site-packages/oslo_concurrency/lockutils.py:543}}
Jun 24 18:17:55.194396 np0000003566 nova-scheduler[93282]: DEBUG oslo_concurrency.lockutils [None req-4c0c4935-0fdf-4329-8cea-7b441b9e31c6 tempest-ServersNegativeTestJSON-1781638893 tempest-ServersNegativeTestJSON-1781638893-project-member] Acquiring lock "('np0000003566', 'np0000003566')" by "nova.scheduler.host_manager.HostState.update.._locked_update" {{(pid=93282) inner /opt/stack/data/venv/lib/python3.12/site-packages/oslo_concurrency/lockutils.py:511}}
Jun 24 18:17:55.194585 np0000003566 nova-scheduler[93282]: DEBUG oslo_concurrency.lockutils [None req-4c0c4935-0fdf-4329-8cea-7b441b9e31c6 tempest-ServersNegativeTestJSON-1781638893 tempest-ServersNegativeTestJSON-1781638893-project-member] Lock "('np0000003566', 'np0000003566')" acquired by "nova.scheduler.host_manager.HostState.update.._locked_update" :: waited 0.000s {{(pid=93282) inner /opt/stack/data/venv/lib/python3.12/site-packages/oslo_concurrency/lockutils.py:524}}
Jun 24 18:17:55.195937 np0000003566 nova-scheduler[93282]: DEBUG nova.scheduler.host_manager [None req-4c0c4935-0fdf-4329-8cea-7b441b9e31c6 tempest-ServersNegativeTestJSON-1781638893 tempest-ServersNegativeTestJSON-1781638893-project-member] Update host state from compute node: ComputeNode(cpu_allocation_ratio=4.0,cpu_info='{"arch": "x86_64", "model": "EPYC-Milan", "vendor": "AMD", "topology": {"cells": 1, "sockets": 16, "cores": 1, "threads": 1}, "maxphysaddr": {"mode": "emulate", "bits": 40}, "features": ["hypervisor", "tsc-scale", "ssse3", "pse", "ibpb", "pku", "cr8legacy", "pcid", "v-vmsave-vmload", "popcnt", "null-sel-clr-base", "vaes", "pause-filter", "pat", "apic", "perfctr_core", "xsaves", "rdctl-no", "flushbyasid", "sep", "rdtscp", "vme", "tsc-deadline", "pschange-mc-no", "arch-capabilities", "tsc_adjust", "fsgsbase", "pge", "spec-ctrl", "svm", "virt-ssbd", "pae", "osvw", "wbnoinvd", "syscall", "mtrr", "misalignsse", "pfthreshold", "clflush", "stibp-always-on", "pclmuldq", "umip", "adx", "aes", "clflushopt", "rdseed", "cx16", "topoext", "ibrs", "mmxext", "mmx", "movbe", "sse", "no-nested-data-bp", "sse4a", "nrip-save", "tsc", "de", "smap", "abm", "fxsr_opt", "mca", "lahf_lm", "nx", "bmi2", "fma", "cmp_legacy", "gds-no", "sse4.1", "vmcb-clean", "cx8", "xgetbv1", "amd-ssbd", "skip-l1dfl-vmentry", "mce", "pse36", "sse4.2", "rdrand", "rdpid", "xsave", "sha-ni", "fpu", "cmov", "vgif", "lbrv", "lfence-always-serializing", "pdpe1gb", "smep", "f16c", "svme-addr-chk", "fsrm", "xsavec", "amd-psfd", "avx", "vpclmulqdq", "invpcid", "arat", "mds-no", "stibp", "ssbd", "pni", "lm", "3dnowprefetch", "avx2", "erms", "amd-stibp", "fxsr", "clwb", "msr", "sse2", "x2apic", "xsaveopt", "bmi1", "npt", "xsaveerptr", "clzero"]}',created_at=2026-06-24T18:15:38Z,current_workload=0,deleted=False,deleted_at=None,disk_allocation_ratio=1.0,disk_available_least=73,free_disk_gb=95,free_ram_mb=62765,host='np0000003566',host_ip=10.4.3.196,hypervisor_hostname='np0000003566',hypervisor_type='QEMU',hypervisor_version=8002002,id=1,local_gb=95,local_gb_used=0,mapped=1,memory_mb=63277,memory_mb_used=512,metrics='[]',numa_topology='{"nova_object.name": "NUMATopology", "nova_object.namespace": "nova", "nova_object.version": "1.2", "nova_object.data": {"cells": [{"nova_object.name": "NUMACell", "nova_object.namespace": "nova", "nova_object.version": "1.5", "nova_object.data": {"id": 0, "cpuset": [0, 1, 2, 3, 4, 5, 6, 7, 8, 9, 10, 11, 12, 13, 14, 15], "pcpuset": [0, 1, 2, 3, 4, 5, 6, 7, 8, 9, 10, 11, 12, 13, 14, 15], "memory": 63277, "cpu_usage": 0, "memory_usage": 0, "pinned_cpus": [], "siblings": [[6], [12], [2], [15], [5], [11], [8], [14], [4], [1], [7], [10], [0], [13], [3], [9]], "mempages": [{"nova_object.name": "NUMAPagesTopology", "nova_object.namespace": "nova", "nova_object.version": "1.1", "nova_object.data": {"size_kb": 4, "total": 16177930, "used": 0, "reserved": 0}, "nova_object.changes": ["used", "total", "size_kb", "reserved"]}, {"nova_object.name": "NUMAPagesTopology", "nova_object.namespace": "nova", "nova_object.version": "1.1", "nova_object.data": {"size_kb": 2048, "total": 41, "used": 0, "reserved": 0}, "nova_object.changes": ["used", "total", "size_kb", "reserved"]}, {"nova_object.name": "NUMAPagesTopology", "nova_object.namespace": "nova", "nova_object.version": "1.1", "nova_object.data": {"size_kb": 1048576, "total": 0, "used": 0, "reserved": 0}, "nova_object.changes": ["used", "total", "size_kb", "reserved"]}], "network_metadata": {"nova_object.name": "NetworkMetadata", "nova_object.namespace": "nova", "nova_object.version": "1.0", "nova_object.data": {"physnets": [], "tunneled": false}, "nova_object.changes": ["physnets", "tunneled"]}, "socket": null}, "nova_object.changes": ["id", "socket", "cpu_usage", "siblings", "pinned_cpus", "memory_usage", "network_metadata", "pcpuset", "mempages", "cpuset", "memory"]}]}, "nova_object.changes": ["cells"]}',pci_device_pools=PciDevicePoolList,ram_allocation_ratio=1.0,running_vms=0,service_id=2,stats={failed_builds='0',uptime=' 18:17:22 up 13 min, 2 users, load average: 1.24, 1.42, 0.83
Jun 24 18:17:55.195937 np0000003566 nova-scheduler[93282]: '},supported_hv_specs=[HVSpec,HVSpec,HVSpec,HVSpec,HVSpec,HVSpec,HVSpec,HVSpec,HVSpec,HVSpec,HVSpec,HVSpec,HVSpec,HVSpec,HVSpec,HVSpec,HVSpec,HVSpec,HVSpec,HVSpec,HVSpec,HVSpec,HVSpec,HVSpec,HVSpec],updated_at=2026-06-24T18:17:24Z,uuid=c065c645-3f83-44d8-a3a2-ef0c83598b5d,vcpus=16,vcpus_used=0) {{(pid=93282) _locked_update /opt/stack/nova/nova/scheduler/host_manager.py:168}}
Jun 24 18:17:55.196599 np0000003566 nova-scheduler[93282]: DEBUG nova.scheduler.host_manager [None req-4c0c4935-0fdf-4329-8cea-7b441b9e31c6 tempest-ServersNegativeTestJSON-1781638893 tempest-ServersNegativeTestJSON-1781638893-project-member] Update host state with aggregates: [] {{(pid=93282) _locked_update /opt/stack/nova/nova/scheduler/host_manager.py:171}}
Jun 24 18:17:55.196757 np0000003566 nova-scheduler[93282]: DEBUG nova.scheduler.host_manager [None req-4c0c4935-0fdf-4329-8cea-7b441b9e31c6 tempest-ServersNegativeTestJSON-1781638893 tempest-ServersNegativeTestJSON-1781638893-project-member] Update host state with service dict: {'id': 2, 'uuid': '1beb258d-caba-4360-b7b0-103759e2c6a2', 'host': 'np0000003566', 'binary': 'nova-compute', 'topic': 'compute', 'report_count': 2, 'disabled': False, 'disabled_reason': None, 'last_seen_up': datetime.datetime(2026, 6, 24, 18, 17, 47, tzinfo=datetime.timezone.utc), 'forced_down': False, 'version': 72, 'created_at': datetime.datetime(2026, 6, 24, 18, 15, 37, tzinfo=datetime.timezone.utc), 'updated_at': datetime.datetime(2026, 6, 24, 18, 17, 47, tzinfo=datetime.timezone.utc), 'deleted_at': None, 'deleted': False} {{(pid=93282) _locked_update /opt/stack/nova/nova/scheduler/host_manager.py:174}}
Jun 24 18:17:55.196874 np0000003566 nova-scheduler[93282]: DEBUG nova.scheduler.host_manager [None req-4c0c4935-0fdf-4329-8cea-7b441b9e31c6 tempest-ServersNegativeTestJSON-1781638893 tempest-ServersNegativeTestJSON-1781638893-project-member] Update host state with instances: [] {{(pid=93282) _locked_update /opt/stack/nova/nova/scheduler/host_manager.py:177}}
Jun 24 18:17:55.196983 np0000003566 nova-scheduler[93282]: DEBUG oslo_concurrency.lockutils [None req-4c0c4935-0fdf-4329-8cea-7b441b9e31c6 tempest-ServersNegativeTestJSON-1781638893 tempest-ServersNegativeTestJSON-1781638893-project-member] Lock "('np0000003566', 'np0000003566')" "released" by "nova.scheduler.host_manager.HostState.update.._locked_update" :: held 0.002s {{(pid=93282) inner /opt/stack/data/venv/lib/python3.12/site-packages/oslo_concurrency/lockutils.py:543}}
Jun 24 18:17:55.197549 np0000003566 nova-scheduler[93282]: DEBUG nova.filters [None req-4c0c4935-0fdf-4329-8cea-7b441b9e31c6 tempest-ServersNegativeTestJSON-1781638893 tempest-ServersNegativeTestJSON-1781638893-project-member] Starting with 1 host(s) {{(pid=93282) get_filtered_objects /opt/stack/nova/nova/filters.py:70}}
Jun 24 18:17:55.197621 np0000003566 nova-scheduler[93282]: DEBUG nova.filters [None req-4c0c4935-0fdf-4329-8cea-7b441b9e31c6 tempest-ServersNegativeTestJSON-1781638893 tempest-ServersNegativeTestJSON-1781638893-project-member] Filter ComputeFilter returned 1 host(s) {{(pid=93282) get_filtered_objects /opt/stack/nova/nova/filters.py:102}}
Jun 24 18:17:55.197715 np0000003566 nova-scheduler[93282]: DEBUG nova.filters [None req-4c0c4935-0fdf-4329-8cea-7b441b9e31c6 tempest-ServersNegativeTestJSON-1781638893 tempest-ServersNegativeTestJSON-1781638893-project-member] Filter ComputeCapabilitiesFilter returned 1 host(s) {{(pid=93282) get_filtered_objects /opt/stack/nova/nova/filters.py:102}}
Jun 24 18:17:55.197934 np0000003566 nova-scheduler[93282]: DEBUG nova.filters [None req-4c0c4935-0fdf-4329-8cea-7b441b9e31c6 tempest-ServersNegativeTestJSON-1781638893 tempest-ServersNegativeTestJSON-1781638893-project-member] Filter ImagePropertiesFilter returned 1 host(s) {{(pid=93282) get_filtered_objects /opt/stack/nova/nova/filters.py:102}}
Jun 24 18:17:55.198063 np0000003566 nova-scheduler[93282]: DEBUG nova.filters [None req-4c0c4935-0fdf-4329-8cea-7b441b9e31c6 tempest-ServersNegativeTestJSON-1781638893 tempest-ServersNegativeTestJSON-1781638893-project-member] Filter ServerGroupAntiAffinityFilter returned 1 host(s) {{(pid=93282) get_filtered_objects /opt/stack/nova/nova/filters.py:102}}
Jun 24 18:17:55.198171 np0000003566 nova-scheduler[93282]: DEBUG nova.filters [None req-4c0c4935-0fdf-4329-8cea-7b441b9e31c6 tempest-ServersNegativeTestJSON-1781638893 tempest-ServersNegativeTestJSON-1781638893-project-member] Filter ServerGroupAffinityFilter returned 1 host(s) {{(pid=93282) get_filtered_objects /opt/stack/nova/nova/filters.py:102}}
Jun 24 18:17:55.198303 np0000003566 nova-scheduler[93282]: DEBUG nova.filters [None req-4c0c4935-0fdf-4329-8cea-7b441b9e31c6 tempest-ServersNegativeTestJSON-1781638893 tempest-ServersNegativeTestJSON-1781638893-project-member] Filter SameHostFilter returned 1 host(s) {{(pid=93282) get_filtered_objects /opt/stack/nova/nova/filters.py:102}}
Jun 24 18:17:55.198408 np0000003566 nova-scheduler[93282]: DEBUG nova.filters [None req-4c0c4935-0fdf-4329-8cea-7b441b9e31c6 tempest-ServersNegativeTestJSON-1781638893 tempest-ServersNegativeTestJSON-1781638893-project-member] Filter DifferentHostFilter returned 1 host(s) {{(pid=93282) get_filtered_objects /opt/stack/nova/nova/filters.py:102}}
Jun 24 18:17:55.198528 np0000003566 nova-scheduler[93282]: DEBUG nova.scheduler.manager [None req-4c0c4935-0fdf-4329-8cea-7b441b9e31c6 tempest-ServersNegativeTestJSON-1781638893 tempest-ServersNegativeTestJSON-1781638893-project-member] Filtered [(np0000003566, np0000003566) ram: 62765MB disk: 74752MB io_ops: 0 instances: 0, allocation_candidates: 1] {{(pid=93282) _get_sorted_hosts /opt/stack/nova/nova/scheduler/manager.py:743}}
Jun 24 18:17:55.198716 np0000003566 nova-scheduler[93282]: DEBUG nova.scheduler.manager [None req-4c0c4935-0fdf-4329-8cea-7b441b9e31c6 tempest-ServersNegativeTestJSON-1781638893 tempest-ServersNegativeTestJSON-1781638893-project-member] Weighed [WeighedHost [host: (np0000003566, np0000003566) ram: 62765MB disk: 74752MB io_ops: 0 instances: 0, allocation_candidates: 1, weight: 0.0]] {{(pid=93282) _get_sorted_hosts /opt/stack/nova/nova/scheduler/manager.py:765}}
Jun 24 18:17:55.198905 np0000003566 nova-scheduler[93282]: DEBUG nova.scheduler.utils [None req-4c0c4935-0fdf-4329-8cea-7b441b9e31c6 tempest-ServersNegativeTestJSON-1781638893 tempest-ServersNegativeTestJSON-1781638893-project-member] Attempting to claim resources in the placement API for instance 52171cd3-e56f-476f-98ec-e993d5e2de63 {{(pid=93282) claim_resources /opt/stack/nova/nova/scheduler/utils.py:1345}}
Jun 24 18:17:55.354227 np0000003566 nova-scheduler[93282]: DEBUG nova.scheduler.manager [None req-4c0c4935-0fdf-4329-8cea-7b441b9e31c6 tempest-ServersNegativeTestJSON-1781638893 tempest-ServersNegativeTestJSON-1781638893-project-member] [instance: 52171cd3-e56f-476f-98ec-e993d5e2de63] Selected host: (np0000003566, np0000003566) ram: 62765MB disk: 74752MB io_ops: 0 instances: 0, allocation_candidates: 1 {{(pid=93282) _consume_selected_host /opt/stack/nova/nova/scheduler/manager.py:625}}
Jun 24 18:17:55.354529 np0000003566 nova-scheduler[93282]: DEBUG oslo_concurrency.lockutils [None req-4c0c4935-0fdf-4329-8cea-7b441b9e31c6 tempest-ServersNegativeTestJSON-1781638893 tempest-ServersNegativeTestJSON-1781638893-project-member] Acquiring lock "('np0000003566', 'np0000003566')" by "nova.scheduler.host_manager.HostState.consume_from_request.._locked" {{(pid=93282) inner /opt/stack/data/venv/lib/python3.12/site-packages/oslo_concurrency/lockutils.py:511}}
Jun 24 18:17:55.354724 np0000003566 nova-scheduler[93282]: DEBUG oslo_concurrency.lockutils [None req-4c0c4935-0fdf-4329-8cea-7b441b9e31c6 tempest-ServersNegativeTestJSON-1781638893 tempest-ServersNegativeTestJSON-1781638893-project-member] Lock "('np0000003566', 'np0000003566')" acquired by "nova.scheduler.host_manager.HostState.consume_from_request.._locked" :: waited 0.000s {{(pid=93282) inner /opt/stack/data/venv/lib/python3.12/site-packages/oslo_concurrency/lockutils.py:524}}
Jun 24 18:17:55.354921 np0000003566 nova-scheduler[93282]: DEBUG oslo_concurrency.lockutils [None req-4c0c4935-0fdf-4329-8cea-7b441b9e31c6 tempest-ServersNegativeTestJSON-1781638893 tempest-ServersNegativeTestJSON-1781638893-project-member] Lock "('np0000003566', 'np0000003566')" "released" by "nova.scheduler.host_manager.HostState.consume_from_request.._locked" :: held 0.000s {{(pid=93282) inner /opt/stack/data/venv/lib/python3.12/site-packages/oslo_concurrency/lockutils.py:543}}
Jun 24 18:17:57.839520 np0000003566 nova-scheduler[93284]: DEBUG nova.scheduler.manager [None req-888bafab-eb8b-4a6c-a87c-c64b26787bb1 tempest-DeleteServersTestJSON-1062421678 tempest-DeleteServersTestJSON-1062421678-project-member] Starting to schedule for instances: ['cefa3ee1-f27a-4abb-9935-d50f209a6b47'] {{(pid=93284) select_destinations /opt/stack/nova/nova/scheduler/manager.py:210}}
Jun 24 18:17:57.840746 np0000003566 nova-scheduler[93284]: DEBUG nova.scheduler.request_filter [None req-888bafab-eb8b-4a6c-a87c-c64b26787bb1 tempest-DeleteServersTestJSON-1062421678 tempest-DeleteServersTestJSON-1062421678-project-member] compute_status_filter request filter added forbidden trait COMPUTE_STATUS_DISABLED {{(pid=93284) compute_status_filter /opt/stack/nova/nova/scheduler/request_filter.py:253}}
Jun 24 18:17:57.840831 np0000003566 nova-scheduler[93284]: DEBUG nova.scheduler.request_filter [None req-888bafab-eb8b-4a6c-a87c-c64b26787bb1 tempest-DeleteServersTestJSON-1062421678 tempest-DeleteServersTestJSON-1062421678-project-member] Request filter 'compute_status_filter' took 0.0 seconds {{(pid=93284) wrapper /opt/stack/nova/nova/scheduler/request_filter.py:46}}
Jun 24 18:17:57.841674 np0000003566 nova-scheduler[93284]: DEBUG nova.scheduler.request_filter [None req-888bafab-eb8b-4a6c-a87c-c64b26787bb1 tempest-DeleteServersTestJSON-1062421678 tempest-DeleteServersTestJSON-1062421678-project-member] Request filter 'accelerators_filter' took 0.0 seconds {{(pid=93284) wrapper /opt/stack/nova/nova/scheduler/request_filter.py:46}}
Jun 24 18:17:57.841907 np0000003566 nova-scheduler[93284]: DEBUG nova.scheduler.request_filter [None req-888bafab-eb8b-4a6c-a87c-c64b26787bb1 tempest-DeleteServersTestJSON-1062421678 tempest-DeleteServersTestJSON-1062421678-project-member] Request filter 'packed_virtqueue_filter' took 0.0 seconds {{(pid=93284) wrapper /opt/stack/nova/nova/scheduler/request_filter.py:46}}
Jun 24 18:17:57.842412 np0000003566 nova-scheduler[93284]: DEBUG nova.scheduler.request_filter [None req-888bafab-eb8b-4a6c-a87c-c64b26787bb1 tempest-DeleteServersTestJSON-1062421678 tempest-DeleteServersTestJSON-1062421678-project-member] Request filter 'remote_managed_ports_filter' took 0.0 seconds {{(pid=93284) wrapper /opt/stack/nova/nova/scheduler/request_filter.py:46}}
Jun 24 18:17:57.842631 np0000003566 nova-scheduler[93284]: DEBUG nova.scheduler.request_filter [None req-888bafab-eb8b-4a6c-a87c-c64b26787bb1 tempest-DeleteServersTestJSON-1062421678 tempest-DeleteServersTestJSON-1062421678-project-member] ephemeral_encryption_filter skipped {{(pid=93284) ephemeral_encryption_filter /opt/stack/nova/nova/scheduler/request_filter.py:426}}
Jun 24 18:17:57.842820 np0000003566 nova-scheduler[93284]: DEBUG nova.scheduler.request_filter [None req-888bafab-eb8b-4a6c-a87c-c64b26787bb1 tempest-DeleteServersTestJSON-1062421678 tempest-DeleteServersTestJSON-1062421678-project-member] virtio_sound_filter skipped {{(pid=93284) virtio_sound_filter /opt/stack/nova/nova/scheduler/request_filter.py:460}}
Jun 24 18:17:57.843017 np0000003566 nova-scheduler[93284]: DEBUG nova.scheduler.request_filter [None req-888bafab-eb8b-4a6c-a87c-c64b26787bb1 tempest-DeleteServersTestJSON-1062421678 tempest-DeleteServersTestJSON-1062421678-project-member] tpm_secret_security_filter skipped {{(pid=93284) tpm_secret_security_filter /opt/stack/nova/nova/scheduler/request_filter.py:477}}
Jun 24 18:17:57.984280 np0000003566 nova-scheduler[93284]: INFO nova.utils [None req-888bafab-eb8b-4a6c-a87c-c64b26787bb1 tempest-DeleteServersTestJSON-1062421678 tempest-DeleteServersTestJSON-1062421678-project-member] The cell worker thread pool ForkProcess-2.cell_worker is initialized
Jun 24 18:17:57.984702 np0000003566 nova-scheduler[93284]: DEBUG oslo_concurrency.lockutils [None req-888bafab-eb8b-4a6c-a87c-c64b26787bb1 tempest-DeleteServersTestJSON-1062421678 tempest-DeleteServersTestJSON-1062421678-project-member] Acquiring lock "f344e965-1af5-46b9-9b05-6c24e59aaa0e" by "nova.context.set_target_cell..get_or_set_cached_cell_and_set_connections" {{(pid=93284) inner /opt/stack/data/venv/lib/python3.12/site-packages/oslo_concurrency/lockutils.py:511}}
Jun 24 18:17:57.984915 np0000003566 nova-scheduler[93284]: DEBUG oslo_concurrency.lockutils [None req-888bafab-eb8b-4a6c-a87c-c64b26787bb1 tempest-DeleteServersTestJSON-1062421678 tempest-DeleteServersTestJSON-1062421678-project-member] Lock "f344e965-1af5-46b9-9b05-6c24e59aaa0e" acquired by "nova.context.set_target_cell..get_or_set_cached_cell_and_set_connections" :: waited 0.000s {{(pid=93284) inner /opt/stack/data/venv/lib/python3.12/site-packages/oslo_concurrency/lockutils.py:524}}
Jun 24 18:17:57.986557 np0000003566 nova-scheduler[93284]: DEBUG oslo_concurrency.lockutils [None req-888bafab-eb8b-4a6c-a87c-c64b26787bb1 tempest-DeleteServersTestJSON-1062421678 tempest-DeleteServersTestJSON-1062421678-project-member] Lock "f344e965-1af5-46b9-9b05-6c24e59aaa0e" "released" by "nova.context.set_target_cell..get_or_set_cached_cell_and_set_connections" :: held 0.002s {{(pid=93284) inner /opt/stack/data/venv/lib/python3.12/site-packages/oslo_concurrency/lockutils.py:543}}
Jun 24 18:17:57.989007 np0000003566 nova-scheduler[93284]: INFO dbcounter [None req-888bafab-eb8b-4a6c-a87c-c64b26787bb1 tempest-DeleteServersTestJSON-1062421678 tempest-DeleteServersTestJSON-1062421678-project-member] Registered counter for database nova_cell1
Jun 24 18:17:58.025077 np0000003566 nova-scheduler[93284]: DEBUG oslo_db.sqlalchemy.engines [None req-888bafab-eb8b-4a6c-a87c-c64b26787bb1 tempest-DeleteServersTestJSON-1062421678 tempest-DeleteServersTestJSON-1062421678-project-member] MySQL server mode set to STRICT_TRANS_TABLES,STRICT_ALL_TABLES,NO_ZERO_IN_DATE,NO_ZERO_DATE,ERROR_FOR_DIVISION_BY_ZERO,TRADITIONAL,NO_ENGINE_SUBSTITUTION {{(pid=93284) _check_effective_sql_mode /opt/stack/data/venv/lib/python3.12/site-packages/oslo_db/sqlalchemy/engines.py:325}}
Jun 24 18:17:58.031401 np0000003566 nova-scheduler[93284]: DEBUG dbcounter [-] [93284] Writer thread running {{(pid=93284) stat_writer /opt/stack/data/venv/lib/python3.12/site-packages/dbcounter.py:102}}
Jun 24 18:17:58.107340 np0000003566 nova-scheduler[93284]: DEBUG dbcounter [-] [93284] Writer thread running {{(pid=93284) stat_writer /opt/stack/data/venv/lib/python3.12/site-packages/dbcounter.py:102}}
Jun 24 18:17:58.113056 np0000003566 nova-scheduler[93284]: DEBUG oslo_concurrency.lockutils [None req-888bafab-eb8b-4a6c-a87c-c64b26787bb1 tempest-DeleteServersTestJSON-1062421678 tempest-DeleteServersTestJSON-1062421678-project-member] Acquiring lock "f344e965-1af5-46b9-9b05-6c24e59aaa0e" by "nova.context.set_target_cell..get_or_set_cached_cell_and_set_connections" {{(pid=93284) inner /opt/stack/data/venv/lib/python3.12/site-packages/oslo_concurrency/lockutils.py:511}}
Jun 24 18:17:58.113338 np0000003566 nova-scheduler[93284]: DEBUG oslo_concurrency.lockutils [None req-888bafab-eb8b-4a6c-a87c-c64b26787bb1 tempest-DeleteServersTestJSON-1062421678 tempest-DeleteServersTestJSON-1062421678-project-member] Lock "f344e965-1af5-46b9-9b05-6c24e59aaa0e" acquired by "nova.context.set_target_cell..get_or_set_cached_cell_and_set_connections" :: waited 0.000s {{(pid=93284) inner /opt/stack/data/venv/lib/python3.12/site-packages/oslo_concurrency/lockutils.py:524}}
Jun 24 18:17:58.113475 np0000003566 nova-scheduler[93284]: DEBUG oslo_concurrency.lockutils [None req-888bafab-eb8b-4a6c-a87c-c64b26787bb1 tempest-DeleteServersTestJSON-1062421678 tempest-DeleteServersTestJSON-1062421678-project-member] Lock "f344e965-1af5-46b9-9b05-6c24e59aaa0e" "released" by "nova.context.set_target_cell..get_or_set_cached_cell_and_set_connections" :: held 0.000s {{(pid=93284) inner /opt/stack/data/venv/lib/python3.12/site-packages/oslo_concurrency/lockutils.py:543}}
Jun 24 18:17:58.118669 np0000003566 nova-scheduler[93284]: DEBUG oslo_concurrency.lockutils [None req-888bafab-eb8b-4a6c-a87c-c64b26787bb1 tempest-DeleteServersTestJSON-1062421678 tempest-DeleteServersTestJSON-1062421678-project-member] Acquiring lock "('np0000003566', 'np0000003566')" by "nova.scheduler.host_manager.HostState.update.._locked_update" {{(pid=93284) inner /opt/stack/data/venv/lib/python3.12/site-packages/oslo_concurrency/lockutils.py:511}}
