Jul 07 16:43:18.175106 np0000004739 devstack@g-api.service[99559]: [pid: 99559|app: 0|req: 97/271] 127.0.0.1 () {40 vars in 837 bytes} [Tue Jul 7 16:43:17 2026] DELETE /v2/images/51801d17-30f4-4726-b0c6-472b969e1347 => generated 0 bytes in 338 msecs (HTTP/1.1 204) 4 headers in 171 bytes (1 switches on core 0)
Jul 07 16:43:18.303914 np0000004739 devstack@g-api.service[99558]: DEBUG glance.api.middleware.version_negotiation [None req-0f26e8fa-0248-41d1-a0eb-cdf020f35a5b tempest-VolumesActionsTest-547000946 tempest-VolumesActionsTest-547000946-project-member] Determining version of request: GET /v2/images/bf0d0e90-2c2a-4716-82ed-83d2d7ecbe27 Accept: */* {{(pid=99558) process_request /opt/stack/glance/glance/api/middleware/version_negotiation.py:44}}
Jul 07 16:43:18.304096 np0000004739 devstack@g-api.service[99558]: DEBUG glance.api.middleware.version_negotiation [None req-0f26e8fa-0248-41d1-a0eb-cdf020f35a5b tempest-VolumesActionsTest-547000946 tempest-VolumesActionsTest-547000946-project-member] Using url versioning {{(pid=99558) process_request /opt/stack/glance/glance/api/middleware/version_negotiation.py:57}}
Jul 07 16:43:18.304270 np0000004739 devstack@g-api.service[99558]: DEBUG glance.api.middleware.version_negotiation [None req-0f26e8fa-0248-41d1-a0eb-cdf020f35a5b tempest-VolumesActionsTest-547000946 tempest-VolumesActionsTest-547000946-project-member] Matched version: v2 {{(pid=99558) process_request /opt/stack/glance/glance/api/middleware/version_negotiation.py:69}}
Jul 07 16:43:18.304402 np0000004739 devstack@g-api.service[99558]: DEBUG glance.api.middleware.version_negotiation [None req-0f26e8fa-0248-41d1-a0eb-cdf020f35a5b tempest-VolumesActionsTest-547000946 tempest-VolumesActionsTest-547000946-project-member] new path /v2/images/bf0d0e90-2c2a-4716-82ed-83d2d7ecbe27 {{(pid=99558) process_request /opt/stack/glance/glance/api/middleware/version_negotiation.py:70}}
Jul 07 16:43:18.321522 np0000004739 devstack@g-api.service[99558]: [pid: 99558|app: 0|req: 82/272] 127.0.0.1 () {44 vars in 1111 bytes} [Tue Jul 7 16:43:18 2026] GET /v2/images/bf0d0e90-2c2a-4716-82ed-83d2d7ecbe27 => generated 1044 bytes in 17 msecs (HTTP/1.1 200) 4 headers in 158 bytes (1 switches on core 0)
Jul 07 16:43:18.372668 np0000004739 devstack@g-api.service[99559]: DEBUG glance.api.middleware.version_negotiation [None req-5e18c6c8-c348-4393-9b44-2ebc5e862098 tempest-ServerBootFromVolumeStableRescueTest-1050221070 tempest-ServerBootFromVolumeStableRescueTest-1050221070-project-member] Determining version of request: GET /v2/schemas/image Accept: */* {{(pid=99559) process_request /opt/stack/glance/glance/api/middleware/version_negotiation.py:44}}
Jul 07 16:43:18.372827 np0000004739 devstack@g-api.service[99559]: DEBUG glance.api.middleware.version_negotiation [None req-5e18c6c8-c348-4393-9b44-2ebc5e862098 tempest-ServerBootFromVolumeStableRescueTest-1050221070 tempest-ServerBootFromVolumeStableRescueTest-1050221070-project-member] Using url versioning {{(pid=99559) process_request /opt/stack/glance/glance/api/middleware/version_negotiation.py:57}}
Jul 07 16:43:18.372961 np0000004739 devstack@g-api.service[99559]: DEBUG glance.api.middleware.version_negotiation [None req-5e18c6c8-c348-4393-9b44-2ebc5e862098 tempest-ServerBootFromVolumeStableRescueTest-1050221070 tempest-ServerBootFromVolumeStableRescueTest-1050221070-project-member] Matched version: v2 {{(pid=99559) process_request /opt/stack/glance/glance/api/middleware/version_negotiation.py:69}}
Jul 07 16:43:18.373049 np0000004739 devstack@g-api.service[99559]: DEBUG glance.api.middleware.version_negotiation [None req-5e18c6c8-c348-4393-9b44-2ebc5e862098 tempest-ServerBootFromVolumeStableRescueTest-1050221070 tempest-ServerBootFromVolumeStableRescueTest-1050221070-project-member] new path /v2/schemas/image {{(pid=99559) process_request /opt/stack/glance/glance/api/middleware/version_negotiation.py:70}}
Jul 07 16:43:18.377015 np0000004739 devstack@g-api.service[99559]: [pid: 99559|app: 0|req: 98/273] 127.0.0.1 () {44 vars in 1051 bytes} [Tue Jul 7 16:43:18 2026] GET /v2/schemas/image => generated 6083 bytes in 3 msecs (HTTP/1.1 200) 4 headers in 158 bytes (1 switches on core 0)
Jul 07 16:43:18.517393 np0000004739 devstack@g-api.service[99558]: DEBUG glance.api.middleware.version_negotiation [None req-396f2da5-66ae-4e68-bcfa-cd69e0352a37 tempest-AttachVolumeNegativeTest-1578818031 tempest-AttachVolumeNegativeTest-1578818031-project-member] Determining version of request: GET /v2/images/295a87a6-7cc0-4206-ab53-92952749a6dd Accept: application/json {{(pid=99558) process_request /opt/stack/glance/glance/api/middleware/version_negotiation.py:44}}
Jul 07 16:43:18.517918 np0000004739 devstack@g-api.service[99558]: DEBUG glance.api.middleware.version_negotiation [None req-396f2da5-66ae-4e68-bcfa-cd69e0352a37 tempest-AttachVolumeNegativeTest-1578818031 tempest-AttachVolumeNegativeTest-1578818031-project-member] Using url versioning {{(pid=99558) process_request /opt/stack/glance/glance/api/middleware/version_negotiation.py:57}}
Jul 07 16:43:18.517918 np0000004739 devstack@g-api.service[99558]: DEBUG glance.api.middleware.version_negotiation [None req-396f2da5-66ae-4e68-bcfa-cd69e0352a37 tempest-AttachVolumeNegativeTest-1578818031 tempest-AttachVolumeNegativeTest-1578818031-project-member] Matched version: v2 {{(pid=99558) process_request /opt/stack/glance/glance/api/middleware/version_negotiation.py:69}}
Jul 07 16:43:18.517918 np0000004739 devstack@g-api.service[99558]: DEBUG glance.api.middleware.version_negotiation [None req-396f2da5-66ae-4e68-bcfa-cd69e0352a37 tempest-AttachVolumeNegativeTest-1578818031 tempest-AttachVolumeNegativeTest-1578818031-project-member] new path /v2/images/295a87a6-7cc0-4206-ab53-92952749a6dd {{(pid=99558) process_request /opt/stack/glance/glance/api/middleware/version_negotiation.py:70}}
Jul 07 16:43:18.527094 np0000004739 devstack@g-api.service[99558]: [pid: 99558|app: 0|req: 83/274] 127.0.0.1 () {40 vars in 834 bytes} [Tue Jul 7 16:43:18 2026] GET /v2/images/295a87a6-7cc0-4206-ab53-92952749a6dd => generated 650 bytes in 10 msecs (HTTP/1.1 200) 4 headers in 157 bytes (1 switches on core 0)
Jul 07 16:43:19.547100 np0000004739 devstack@g-api.service[99559]: DEBUG glance.api.middleware.version_negotiation [None req-396f2da5-66ae-4e68-bcfa-cd69e0352a37 tempest-AttachVolumeNegativeTest-1578818031 tempest-AttachVolumeNegativeTest-1578818031-project-member] Determining version of request: GET /v2/images/295a87a6-7cc0-4206-ab53-92952749a6dd Accept: application/json {{(pid=99559) process_request /opt/stack/glance/glance/api/middleware/version_negotiation.py:44}}
Jul 07 16:43:19.547455 np0000004739 devstack@g-api.service[99559]: DEBUG glance.api.middleware.version_negotiation [None req-396f2da5-66ae-4e68-bcfa-cd69e0352a37 tempest-AttachVolumeNegativeTest-1578818031 tempest-AttachVolumeNegativeTest-1578818031-project-member] Using url versioning {{(pid=99559) process_request /opt/stack/glance/glance/api/middleware/version_negotiation.py:57}}
Jul 07 16:43:19.547455 np0000004739 devstack@g-api.service[99559]: DEBUG glance.api.middleware.version_negotiation [None req-396f2da5-66ae-4e68-bcfa-cd69e0352a37 tempest-AttachVolumeNegativeTest-1578818031 tempest-AttachVolumeNegativeTest-1578818031-project-member] Matched version: v2 {{(pid=99559) process_request /opt/stack/glance/glance/api/middleware/version_negotiation.py:69}}
Jul 07 16:43:19.547455 np0000004739 devstack@g-api.service[99559]: DEBUG glance.api.middleware.version_negotiation [None req-396f2da5-66ae-4e68-bcfa-cd69e0352a37 tempest-AttachVolumeNegativeTest-1578818031 tempest-AttachVolumeNegativeTest-1578818031-project-member] new path /v2/images/295a87a6-7cc0-4206-ab53-92952749a6dd {{(pid=99559) process_request /opt/stack/glance/glance/api/middleware/version_negotiation.py:70}}
Jul 07 16:43:19.568657 np0000004739 devstack@g-api.service[99559]: [pid: 99559|app: 0|req: 99/275] 127.0.0.1 () {40 vars in 834 bytes} [Tue Jul 7 16:43:19 2026] GET /v2/images/295a87a6-7cc0-4206-ab53-92952749a6dd => generated 650 bytes in 22 msecs (HTTP/1.1 200) 4 headers in 157 bytes (1 switches on core 0)
Jul 07 16:43:19.830386 np0000004739 devstack@g-api.service[99560]: DEBUG swiftclient [None req-a348a275-1a90-4d40-a63f-34a491939e1f tempest-VolumesActionsTest-547000946 tempest-VolumesActionsTest-547000946-project-member] REQ: curl -i https://10.4.3.23:8080/v1/AUTH_2baafbfd287840ac92f91507b7f8a813/glance/295a87a6-7cc0-4206-ab53-92952749a6dd-00002 -X PUT -H "X-Auth-Token: gAAAAABqTSyjs5ow..." {{(pid=99560) http_log /opt/stack/data/venv/lib/python3.12/site-packages/swiftclient/client.py:160}}
Jul 07 16:43:19.830957 np0000004739 devstack@g-api.service[99560]: DEBUG swiftclient [None req-a348a275-1a90-4d40-a63f-34a491939e1f tempest-VolumesActionsTest-547000946 tempest-VolumesActionsTest-547000946-project-member] RESP STATUS: 201 Created {{(pid=99560) http_log /opt/stack/data/venv/lib/python3.12/site-packages/swiftclient/client.py:161}}
Jul 07 16:43:19.830957 np0000004739 devstack@g-api.service[99560]: DEBUG swiftclient [None req-a348a275-1a90-4d40-a63f-34a491939e1f tempest-VolumesActionsTest-547000946 tempest-VolumesActionsTest-547000946-project-member] RESP HEADERS: {'Date': 'Tue, 07 Jul 2026 16:43:19 GMT', 'Server': 'Apache/2.4.58 (Ubuntu)', 'Content-Type': 'text/html; charset=UTF-8', 'Content-Length': '0', 'Etag': 'eda9a9889837ac4bc81d6387d92c1bec', 'Last-Modified': 'Tue, 07 Jul 2026 16:43:18 GMT', 'X-Trans-Id': 'tx23f124325ecb4696af043-006a4d2ca5', 'X-Openstack-Request-Id': 'tx23f124325ecb4696af043-006a4d2ca5', 'Connection': 'close'} {{(pid=99560) http_log /opt/stack/data/venv/lib/python3.12/site-packages/swiftclient/client.py:162}}
Jul 07 16:43:19.830957 np0000004739 devstack@g-api.service[99560]: DEBUG glance_store._drivers.swift.store [None req-a348a275-1a90-4d40-a63f-34a491939e1f tempest-VolumesActionsTest-547000946 tempest-VolumesActionsTest-547000946-project-member] Wrote chunk 295a87a6-7cc0-4206-ab53-92952749a6dd-00002 (2/?) of length 204800000 to Swift returning MD5 of content: eda9a9889837ac4bc81d6387d92c1bec {{(pid=99560) add /opt/stack/data/venv/lib/python3.12/site-packages/glance_store/_drivers/swift/store.py:1059}}
Jul 07 16:43:20.580895 np0000004739 devstack@g-api.service[99558]: DEBUG glance.api.middleware.version_negotiation [None req-3a5e2f44-e9eb-43a6-a91a-f992d87fcea5 tempest-VolumesActionsTest-547000946 tempest-VolumesActionsTest-547000946-project-member] Determining version of request: GET /v2/images/295a87a6-7cc0-4206-ab53-92952749a6dd Accept: application/json {{(pid=99558) process_request /opt/stack/glance/glance/api/middleware/version_negotiation.py:44}}
Jul 07 16:43:20.581320 np0000004739 devstack@g-api.service[99558]: DEBUG glance.api.middleware.version_negotiation [None req-3a5e2f44-e9eb-43a6-a91a-f992d87fcea5 tempest-VolumesActionsTest-547000946 tempest-VolumesActionsTest-547000946-project-member] Using url versioning {{(pid=99558) process_request /opt/stack/glance/glance/api/middleware/version_negotiation.py:57}}
Jul 07 16:43:20.581320 np0000004739 devstack@g-api.service[99558]: DEBUG glance.api.middleware.version_negotiation [None req-3a5e2f44-e9eb-43a6-a91a-f992d87fcea5 tempest-VolumesActionsTest-547000946 tempest-VolumesActionsTest-547000946-project-member] Matched version: v2 {{(pid=99558) process_request /opt/stack/glance/glance/api/middleware/version_negotiation.py:69}}
Jul 07 16:43:20.581494 np0000004739 devstack@g-api.service[99558]: DEBUG glance.api.middleware.version_negotiation [None req-3a5e2f44-e9eb-43a6-a91a-f992d87fcea5 tempest-VolumesActionsTest-547000946 tempest-VolumesActionsTest-547000946-project-member] new path /v2/images/295a87a6-7cc0-4206-ab53-92952749a6dd {{(pid=99558) process_request /opt/stack/glance/glance/api/middleware/version_negotiation.py:70}}
Jul 07 16:43:20.594867 np0000004739 devstack@g-api.service[99558]: [pid: 99558|app: 0|req: 84/276] 127.0.0.1 () {40 vars in 834 bytes} [Tue Jul 7 16:43:20 2026] GET /v2/images/295a87a6-7cc0-4206-ab53-92952749a6dd => generated 650 bytes in 14 msecs (HTTP/1.1 200) 4 headers in 157 bytes (1 switches on core 0)
Jul 07 16:43:21.605445 np0000004739 devstack@g-api.service[99559]: DEBUG glance.api.middleware.version_negotiation [None req-943b6e7f-d6eb-40fa-a7dd-666a23631ce0 tempest-VolumesActionsTest-547000946 tempest-VolumesActionsTest-547000946-project-member] Determining version of request: GET /v2/images/295a87a6-7cc0-4206-ab53-92952749a6dd Accept: application/json {{(pid=99559) process_request /opt/stack/glance/glance/api/middleware/version_negotiation.py:44}}
Jul 07 16:43:21.605877 np0000004739 devstack@g-api.service[99559]: DEBUG glance.api.middleware.version_negotiation [None req-943b6e7f-d6eb-40fa-a7dd-666a23631ce0 tempest-VolumesActionsTest-547000946 tempest-VolumesActionsTest-547000946-project-member] Using url versioning {{(pid=99559) process_request /opt/stack/glance/glance/api/middleware/version_negotiation.py:57}}
Jul 07 16:43:21.605877 np0000004739 devstack@g-api.service[99559]: DEBUG glance.api.middleware.version_negotiation [None req-943b6e7f-d6eb-40fa-a7dd-666a23631ce0 tempest-VolumesActionsTest-547000946 tempest-VolumesActionsTest-547000946-project-member] Matched version: v2 {{(pid=99559) process_request /opt/stack/glance/glance/api/middleware/version_negotiation.py:69}}
Jul 07 16:43:21.605934 np0000004739 devstack@g-api.service[99559]: DEBUG glance.api.middleware.version_negotiation [None req-943b6e7f-d6eb-40fa-a7dd-666a23631ce0 tempest-VolumesActionsTest-547000946 tempest-VolumesActionsTest-547000946-project-member] new path /v2/images/295a87a6-7cc0-4206-ab53-92952749a6dd {{(pid=99559) process_request /opt/stack/glance/glance/api/middleware/version_negotiation.py:70}}
Jul 07 16:43:21.614036 np0000004739 devstack@g-api.service[99559]: [pid: 99559|app: 0|req: 100/277] 127.0.0.1 () {40 vars in 834 bytes} [Tue Jul 7 16:43:21 2026] GET /v2/images/295a87a6-7cc0-4206-ab53-92952749a6dd => generated 650 bytes in 9 msecs (HTTP/1.1 200) 4 headers in 157 bytes (1 switches on core 0)
Jul 07 16:43:21.650387 np0000004739 devstack@g-api.service[99560]: DEBUG swiftclient [None req-a348a275-1a90-4d40-a63f-34a491939e1f tempest-VolumesActionsTest-547000946 tempest-VolumesActionsTest-547000946-project-member] REQ: curl -i https://10.4.3.23:8080/v1/AUTH_2baafbfd287840ac92f91507b7f8a813/glance/295a87a6-7cc0-4206-ab53-92952749a6dd-00003 -X PUT -H "X-Auth-Token: gAAAAABqTSyjs5ow..." {{(pid=99560) http_log /opt/stack/data/venv/lib/python3.12/site-packages/swiftclient/client.py:160}}
Jul 07 16:43:21.650636 np0000004739 devstack@g-api.service[99560]: DEBUG swiftclient [None req-a348a275-1a90-4d40-a63f-34a491939e1f tempest-VolumesActionsTest-547000946 tempest-VolumesActionsTest-547000946-project-member] RESP STATUS: 201 Created {{(pid=99560) http_log /opt/stack/data/venv/lib/python3.12/site-packages/swiftclient/client.py:161}}
Jul 07 16:43:21.650663 np0000004739 devstack@g-api.service[99560]: DEBUG swiftclient [None req-a348a275-1a90-4d40-a63f-34a491939e1f tempest-VolumesActionsTest-547000946 tempest-VolumesActionsTest-547000946-project-member] RESP HEADERS: {'Date': 'Tue, 07 Jul 2026 16:43:21 GMT', 'Server': 'Apache/2.4.58 (Ubuntu)', 'Content-Type': 'text/html; charset=UTF-8', 'Content-Length': '0', 'Etag': 'eda9a9889837ac4bc81d6387d92c1bec', 'Last-Modified': 'Tue, 07 Jul 2026 16:43:20 GMT', 'X-Trans-Id': 'tx016ad60bd79343999dd9b-006a4d2ca7', 'X-Openstack-Request-Id': 'tx016ad60bd79343999dd9b-006a4d2ca7', 'Connection': 'close'} {{(pid=99560) http_log /opt/stack/data/venv/lib/python3.12/site-packages/swiftclient/client.py:162}}
Jul 07 16:43:21.650823 np0000004739 devstack@g-api.service[99560]: DEBUG glance_store._drivers.swift.store [None req-a348a275-1a90-4d40-a63f-34a491939e1f tempest-VolumesActionsTest-547000946 tempest-VolumesActionsTest-547000946-project-member] Wrote chunk 295a87a6-7cc0-4206-ab53-92952749a6dd-00003 (3/?) of length 204800000 to Swift returning MD5 of content: eda9a9889837ac4bc81d6387d92c1bec {{(pid=99560) add /opt/stack/data/venv/lib/python3.12/site-packages/glance_store/_drivers/swift/store.py:1059}}
Jul 07 16:43:22.626219 np0000004739 devstack@g-api.service[99558]: DEBUG glance.api.middleware.version_negotiation [None req-62771a28-bfcd-4ba7-8fde-309b1830a16a tempest-VolumesActionsTest-547000946 tempest-VolumesActionsTest-547000946-project-member] Determining version of request: GET /v2/images/295a87a6-7cc0-4206-ab53-92952749a6dd Accept: application/json {{(pid=99558) process_request /opt/stack/glance/glance/api/middleware/version_negotiation.py:44}}
Jul 07 16:43:22.626815 np0000004739 devstack@g-api.service[99558]: DEBUG glance.api.middleware.version_negotiation [None req-62771a28-bfcd-4ba7-8fde-309b1830a16a tempest-VolumesActionsTest-547000946 tempest-VolumesActionsTest-547000946-project-member] Using url versioning {{(pid=99558) process_request /opt/stack/glance/glance/api/middleware/version_negotiation.py:57}}
Jul 07 16:43:22.626815 np0000004739 devstack@g-api.service[99558]: DEBUG glance.api.middleware.version_negotiation [None req-62771a28-bfcd-4ba7-8fde-309b1830a16a tempest-VolumesActionsTest-547000946 tempest-VolumesActionsTest-547000946-project-member] Matched version: v2 {{(pid=99558) process_request /opt/stack/glance/glance/api/middleware/version_negotiation.py:69}}
Jul 07 16:43:22.626815 np0000004739 devstack@g-api.service[99558]: DEBUG glance.api.middleware.version_negotiation [None req-62771a28-bfcd-4ba7-8fde-309b1830a16a tempest-VolumesActionsTest-547000946 tempest-VolumesActionsTest-547000946-project-member] new path /v2/images/295a87a6-7cc0-4206-ab53-92952749a6dd {{(pid=99558) process_request /opt/stack/glance/glance/api/middleware/version_negotiation.py:70}}
Jul 07 16:43:22.636760 np0000004739 devstack@g-api.service[99558]: [pid: 99558|app: 0|req: 85/278] 127.0.0.1 () {40 vars in 834 bytes} [Tue Jul 7 16:43:22 2026] GET /v2/images/295a87a6-7cc0-4206-ab53-92952749a6dd => generated 650 bytes in 11 msecs (HTTP/1.1 200) 4 headers in 157 bytes (1 switches on core 0)
Jul 07 16:43:23.524501 np0000004739 devstack@g-api.service[99560]: DEBUG swiftclient [None req-a348a275-1a90-4d40-a63f-34a491939e1f tempest-VolumesActionsTest-547000946 tempest-VolumesActionsTest-547000946-project-member] REQ: curl -i https://10.4.3.23:8080/v1/AUTH_2baafbfd287840ac92f91507b7f8a813/glance/295a87a6-7cc0-4206-ab53-92952749a6dd-00004 -X PUT -H "X-Auth-Token: gAAAAABqTSyjs5ow..." {{(pid=99560) http_log /opt/stack/data/venv/lib/python3.12/site-packages/swiftclient/client.py:160}}
Jul 07 16:43:23.524806 np0000004739 devstack@g-api.service[99560]: DEBUG swiftclient [None req-a348a275-1a90-4d40-a63f-34a491939e1f tempest-VolumesActionsTest-547000946 tempest-VolumesActionsTest-547000946-project-member] RESP STATUS: 201 Created {{(pid=99560) http_log /opt/stack/data/venv/lib/python3.12/site-packages/swiftclient/client.py:161}}
Jul 07 16:43:23.524806 np0000004739 devstack@g-api.service[99560]: DEBUG swiftclient [None req-a348a275-1a90-4d40-a63f-34a491939e1f tempest-VolumesActionsTest-547000946 tempest-VolumesActionsTest-547000946-project-member] RESP HEADERS: {'Date': 'Tue, 07 Jul 2026 16:43:23 GMT', 'Server': 'Apache/2.4.58 (Ubuntu)', 'Content-Type': 'text/html; charset=UTF-8', 'Content-Length': '0', 'Etag': 'eda9a9889837ac4bc81d6387d92c1bec', 'Last-Modified': 'Tue, 07 Jul 2026 16:43:22 GMT', 'X-Trans-Id': 'tx61b0ef201d2442fdb7912-006a4d2ca9', 'X-Openstack-Request-Id': 'tx61b0ef201d2442fdb7912-006a4d2ca9', 'Connection': 'close'} {{(pid=99560) http_log /opt/stack/data/venv/lib/python3.12/site-packages/swiftclient/client.py:162}}
Jul 07 16:43:23.524806 np0000004739 devstack@g-api.service[99560]: DEBUG glance_store._drivers.swift.store [None req-a348a275-1a90-4d40-a63f-34a491939e1f tempest-VolumesActionsTest-547000946 tempest-VolumesActionsTest-547000946-project-member] Wrote chunk 295a87a6-7cc0-4206-ab53-92952749a6dd-00004 (4/?) of length 204800000 to Swift returning MD5 of content: eda9a9889837ac4bc81d6387d92c1bec {{(pid=99560) add /opt/stack/data/venv/lib/python3.12/site-packages/glance_store/_drivers/swift/store.py:1059}}
Jul 07 16:43:23.649173 np0000004739 devstack@g-api.service[99559]: DEBUG glance.api.middleware.version_negotiation [None req-f9fc2008-96b8-4dd0-a0fb-2c46cffc4590 tempest-VolumesActionsTest-547000946 tempest-VolumesActionsTest-547000946-project-member] Determining version of request: GET /v2/images/295a87a6-7cc0-4206-ab53-92952749a6dd Accept: application/json {{(pid=99559) process_request /opt/stack/glance/glance/api/middleware/version_negotiation.py:44}}
Jul 07 16:43:23.649785 np0000004739 devstack@g-api.service[99559]: DEBUG glance.api.middleware.version_negotiation [None req-f9fc2008-96b8-4dd0-a0fb-2c46cffc4590 tempest-VolumesActionsTest-547000946 tempest-VolumesActionsTest-547000946-project-member] Using url versioning {{(pid=99559) process_request /opt/stack/glance/glance/api/middleware/version_negotiation.py:57}}
Jul 07 16:43:23.649785 np0000004739 devstack@g-api.service[99559]: DEBUG glance.api.middleware.version_negotiation [None req-f9fc2008-96b8-4dd0-a0fb-2c46cffc4590 tempest-VolumesActionsTest-547000946 tempest-VolumesActionsTest-547000946-project-member] Matched version: v2 {{(pid=99559) process_request /opt/stack/glance/glance/api/middleware/version_negotiation.py:69}}
Jul 07 16:43:23.649785 np0000004739 devstack@g-api.service[99559]: DEBUG glance.api.middleware.version_negotiation [None req-f9fc2008-96b8-4dd0-a0fb-2c46cffc4590 tempest-VolumesActionsTest-547000946 tempest-VolumesActionsTest-547000946-project-member] new path /v2/images/295a87a6-7cc0-4206-ab53-92952749a6dd {{(pid=99559) process_request /opt/stack/glance/glance/api/middleware/version_negotiation.py:70}}
Jul 07 16:43:23.672787 np0000004739 devstack@g-api.service[99559]: [pid: 99559|app: 0|req: 101/279] 127.0.0.1 () {40 vars in 834 bytes} [Tue Jul 7 16:43:23 2026] GET /v2/images/295a87a6-7cc0-4206-ab53-92952749a6dd => generated 650 bytes in 23 msecs (HTTP/1.1 200) 4 headers in 157 bytes (1 switches on core 0)
Jul 07 16:43:24.681063 np0000004739 devstack@g-api.service[99558]: DEBUG glance.api.middleware.version_negotiation [None req-0f2e73d8-7f02-4a26-9202-f6a5bce3fc40 tempest-VolumesActionsTest-547000946 tempest-VolumesActionsTest-547000946-project-member] Determining version of request: GET /v2/images/295a87a6-7cc0-4206-ab53-92952749a6dd Accept: application/json {{(pid=99558) process_request /opt/stack/glance/glance/api/middleware/version_negotiation.py:44}}
Jul 07 16:43:24.681397 np0000004739 devstack@g-api.service[99558]: DEBUG glance.api.middleware.version_negotiation [None req-0f2e73d8-7f02-4a26-9202-f6a5bce3fc40 tempest-VolumesActionsTest-547000946 tempest-VolumesActionsTest-547000946-project-member] Using url versioning {{(pid=99558) process_request /opt/stack/glance/glance/api/middleware/version_negotiation.py:57}}
Jul 07 16:43:24.681397 np0000004739 devstack@g-api.service[99558]: DEBUG glance.api.middleware.version_negotiation [None req-0f2e73d8-7f02-4a26-9202-f6a5bce3fc40 tempest-VolumesActionsTest-547000946 tempest-VolumesActionsTest-547000946-project-member] Matched version: v2 {{(pid=99558) process_request /opt/stack/glance/glance/api/middleware/version_negotiation.py:69}}
Jul 07 16:43:24.681576 np0000004739 devstack@g-api.service[99558]: DEBUG glance.api.middleware.version_negotiation [None req-0f2e73d8-7f02-4a26-9202-f6a5bce3fc40 tempest-VolumesActionsTest-547000946 tempest-VolumesActionsTest-547000946-project-member] new path /v2/images/295a87a6-7cc0-4206-ab53-92952749a6dd {{(pid=99558) process_request /opt/stack/glance/glance/api/middleware/version_negotiation.py:70}}
Jul 07 16:43:24.694008 np0000004739 devstack@g-api.service[99558]: [pid: 99558|app: 0|req: 86/280] 127.0.0.1 () {40 vars in 834 bytes} [Tue Jul 7 16:43:24 2026] GET /v2/images/295a87a6-7cc0-4206-ab53-92952749a6dd => generated 650 bytes in 13 msecs (HTTP/1.1 200) 4 headers in 157 bytes (1 switches on core 0)
Jul 07 16:43:25.428105 np0000004739 devstack@g-api.service[99560]: DEBUG swiftclient [None req-a348a275-1a90-4d40-a63f-34a491939e1f tempest-VolumesActionsTest-547000946 tempest-VolumesActionsTest-547000946-project-member] REQ: curl -i https://10.4.3.23:8080/v1/AUTH_2baafbfd287840ac92f91507b7f8a813/glance/295a87a6-7cc0-4206-ab53-92952749a6dd-00005 -X PUT -H "X-Auth-Token: gAAAAABqTSyjs5ow..." {{(pid=99560) http_log /opt/stack/data/venv/lib/python3.12/site-packages/swiftclient/client.py:160}}
Jul 07 16:43:25.428339 np0000004739 devstack@g-api.service[99560]: DEBUG swiftclient [None req-a348a275-1a90-4d40-a63f-34a491939e1f tempest-VolumesActionsTest-547000946 tempest-VolumesActionsTest-547000946-project-member] RESP STATUS: 201 Created {{(pid=99560) http_log /opt/stack/data/venv/lib/python3.12/site-packages/swiftclient/client.py:161}}
Jul 07 16:43:25.428574 np0000004739 devstack@g-api.service[99560]: DEBUG swiftclient [None req-a348a275-1a90-4d40-a63f-34a491939e1f tempest-VolumesActionsTest-547000946 tempest-VolumesActionsTest-547000946-project-member] RESP HEADERS: {'Date': 'Tue, 07 Jul 2026 16:43:25 GMT', 'Server': 'Apache/2.4.58 (Ubuntu)', 'Content-Type': 'text/html; charset=UTF-8', 'Content-Length': '0', 'Etag': 'eda9a9889837ac4bc81d6387d92c1bec', 'Last-Modified': 'Tue, 07 Jul 2026 16:43:24 GMT', 'X-Trans-Id': 'txe7955be676d24d20b855f-006a4d2cab', 'X-Openstack-Request-Id': 'txe7955be676d24d20b855f-006a4d2cab', 'Connection': 'close'} {{(pid=99560) http_log /opt/stack/data/venv/lib/python3.12/site-packages/swiftclient/client.py:162}}
Jul 07 16:43:25.428574 np0000004739 devstack@g-api.service[99560]: DEBUG glance_store._drivers.swift.store [None req-a348a275-1a90-4d40-a63f-34a491939e1f tempest-VolumesActionsTest-547000946 tempest-VolumesActionsTest-547000946-project-member] Wrote chunk 295a87a6-7cc0-4206-ab53-92952749a6dd-00005 (5/?) of length 204800000 to Swift returning MD5 of content: eda9a9889837ac4bc81d6387d92c1bec {{(pid=99560) add /opt/stack/data/venv/lib/python3.12/site-packages/glance_store/_drivers/swift/store.py:1059}}
Jul 07 16:43:25.702425 np0000004739 devstack@g-api.service[99559]: DEBUG glance.api.middleware.version_negotiation [None req-97de5a78-f57c-4a9e-a382-7a690d924995 tempest-VolumesActionsTest-547000946 tempest-VolumesActionsTest-547000946-project-member] Determining version of request: GET /v2/images/295a87a6-7cc0-4206-ab53-92952749a6dd Accept: application/json {{(pid=99559) process_request /opt/stack/glance/glance/api/middleware/version_negotiation.py:44}}
Jul 07 16:43:25.702425 np0000004739 devstack@g-api.service[99559]: DEBUG glance.api.middleware.version_negotiation [None req-97de5a78-f57c-4a9e-a382-7a690d924995 tempest-VolumesActionsTest-547000946 tempest-VolumesActionsTest-547000946-project-member] Using url versioning {{(pid=99559) process_request /opt/stack/glance/glance/api/middleware/version_negotiation.py:57}}
Jul 07 16:43:25.703256 np0000004739 devstack@g-api.service[99559]: DEBUG glance.api.middleware.version_negotiation [None req-97de5a78-f57c-4a9e-a382-7a690d924995 tempest-VolumesActionsTest-547000946 tempest-VolumesActionsTest-547000946-project-member] Matched version: v2 {{(pid=99559) process_request /opt/stack/glance/glance/api/middleware/version_negotiation.py:69}}
Jul 07 16:43:25.703256 np0000004739 devstack@g-api.service[99559]: DEBUG glance.api.middleware.version_negotiation [None req-97de5a78-f57c-4a9e-a382-7a690d924995 tempest-VolumesActionsTest-547000946 tempest-VolumesActionsTest-547000946-project-member] new path /v2/images/295a87a6-7cc0-4206-ab53-92952749a6dd {{(pid=99559) process_request /opt/stack/glance/glance/api/middleware/version_negotiation.py:70}}
Jul 07 16:43:25.723627 np0000004739 devstack@g-api.service[99559]: [pid: 99559|app: 0|req: 102/281] 127.0.0.1 () {40 vars in 834 bytes} [Tue Jul 7 16:43:25 2026] GET /v2/images/295a87a6-7cc0-4206-ab53-92952749a6dd => generated 650 bytes in 21 msecs (HTTP/1.1 200) 4 headers in 157 bytes (1 switches on core 0)
Jul 07 16:43:25.773786 np0000004739 devstack@g-api.service[99560]: DEBUG dbcounter [-] [99560] Writing DB stats glance:SELECT=14,glance:INSERT=1,glance:UPDATE=1 {{(pid=99560) stat_writer /opt/stack/data/venv/lib/python3.12/site-packages/dbcounter.py:115}}
Jul 07 16:43:25.910888 np0000004739 devstack@g-api.service[99560]: DEBUG swiftclient [None req-a348a275-1a90-4d40-a63f-34a491939e1f tempest-VolumesActionsTest-547000946 tempest-VolumesActionsTest-547000946-project-member] REQ: curl -i https://10.4.3.23:8080/v1/AUTH_2baafbfd287840ac92f91507b7f8a813/glance/295a87a6-7cc0-4206-ab53-92952749a6dd-00006 -X PUT -H "X-Auth-Token: gAAAAABqTSyjs5ow..." {{(pid=99560) http_log /opt/stack/data/venv/lib/python3.12/site-packages/swiftclient/client.py:160}}
Jul 07 16:43:25.911003 np0000004739 devstack@g-api.service[99560]: DEBUG swiftclient [None req-a348a275-1a90-4d40-a63f-34a491939e1f tempest-VolumesActionsTest-547000946 tempest-VolumesActionsTest-547000946-project-member] RESP STATUS: 201 Created {{(pid=99560) http_log /opt/stack/data/venv/lib/python3.12/site-packages/swiftclient/client.py:161}}
Jul 07 16:43:25.911173 np0000004739 devstack@g-api.service[99560]: DEBUG swiftclient [None req-a348a275-1a90-4d40-a63f-34a491939e1f tempest-VolumesActionsTest-547000946 tempest-VolumesActionsTest-547000946-project-member] RESP HEADERS: {'Date': 'Tue, 07 Jul 2026 16:43:25 GMT', 'Server': 'Apache/2.4.58 (Ubuntu)', 'Content-Type': 'text/html; charset=UTF-8', 'Content-Length': '0', 'Etag': '708761f3b8777ec77058e63da08eeeb6', 'Last-Modified': 'Tue, 07 Jul 2026 16:43:26 GMT', 'X-Trans-Id': 'txf5213b2ad1aa4e5198a31-006a4d2cad', 'X-Openstack-Request-Id': 'txf5213b2ad1aa4e5198a31-006a4d2cad', 'Connection': 'close'} {{(pid=99560) http_log /opt/stack/data/venv/lib/python3.12/site-packages/swiftclient/client.py:162}}
Jul 07 16:43:25.911313 np0000004739 devstack@g-api.service[99560]: DEBUG glance_store._drivers.swift.store [None req-a348a275-1a90-4d40-a63f-34a491939e1f tempest-VolumesActionsTest-547000946 tempest-VolumesActionsTest-547000946-project-member] Wrote chunk 295a87a6-7cc0-4206-ab53-92952749a6dd-00006 (6/?) of length 49741824 to Swift returning MD5 of content: 708761f3b8777ec77058e63da08eeeb6 {{(pid=99560) add /opt/stack/data/venv/lib/python3.12/site-packages/glance_store/_drivers/swift/store.py:1059}}
Jul 07 16:43:25.911592 np0000004739 devstack@g-api.service[99560]: DEBUG glance_store._drivers.swift.store [None req-a348a275-1a90-4d40-a63f-34a491939e1f tempest-VolumesActionsTest-547000946 tempest-VolumesActionsTest-547000946-project-member] Not writing zero-length chunk. {{(pid=99560) add /opt/stack/data/venv/lib/python3.12/site-packages/glance_store/_drivers/swift/store.py:1028}}
Jul 07 16:43:25.938304 np0000004739 devstack@g-api.service[99560]: DEBUG swiftclient [None req-a348a275-1a90-4d40-a63f-34a491939e1f tempest-VolumesActionsTest-547000946 tempest-VolumesActionsTest-547000946-project-member] REQ: curl -i https://10.4.3.23:8080/v1/AUTH_2baafbfd287840ac92f91507b7f8a813/glance/295a87a6-7cc0-4206-ab53-92952749a6dd -X PUT -H "X-Object-Manifest: glance/295a87a6-7cc0-4206-ab53-92952749a6dd-" -H "X-Auth-Token: gAAAAABqTSyjs5ow..." -H "Content-Length: 0" {{(pid=99560) http_log /opt/stack/data/venv/lib/python3.12/site-packages/swiftclient/client.py:160}}
Jul 07 16:43:25.938500 np0000004739 devstack@g-api.service[99560]: DEBUG swiftclient [None req-a348a275-1a90-4d40-a63f-34a491939e1f tempest-VolumesActionsTest-547000946 tempest-VolumesActionsTest-547000946-project-member] RESP STATUS: 201 Created {{(pid=99560) http_log /opt/stack/data/venv/lib/python3.12/site-packages/swiftclient/client.py:161}}
Jul 07 16:43:25.938500 np0000004739 devstack@g-api.service[99560]: DEBUG swiftclient [None req-a348a275-1a90-4d40-a63f-34a491939e1f tempest-VolumesActionsTest-547000946 tempest-VolumesActionsTest-547000946-project-member] RESP HEADERS: {'Date': 'Tue, 07 Jul 2026 16:43:25 GMT', 'Server': 'Apache/2.4.58 (Ubuntu)', 'Content-Type': 'text/html; charset=UTF-8', 'Content-Length': '0', 'Etag': 'd41d8cd98f00b204e9800998ecf8427e', 'Last-Modified': 'Tue, 07 Jul 2026 16:43:26 GMT', 'X-Trans-Id': 'txe8261cf727a24333aeeca-006a4d2cad', 'X-Openstack-Request-Id': 'txe8261cf727a24333aeeca-006a4d2cad', 'Connection': 'close'} {{(pid=99560) http_log /opt/stack/data/venv/lib/python3.12/site-packages/swiftclient/client.py:162}}
Jul 07 16:43:25.938976 np0000004739 devstack@g-api.service[99560]: INFO glance.location [None req-a348a275-1a90-4d40-a63f-34a491939e1f tempest-VolumesActionsTest-547000946 tempest-VolumesActionsTest-547000946-project-member] Image format matched and virtual size computed: 1073741824
Jul 07 16:43:25.969031 np0000004739 devstack@g-api.service[99560]: DEBUG glance_store.backend [None req-a348a275-1a90-4d40-a63f-34a491939e1f tempest-VolumesActionsTest-547000946 tempest-VolumesActionsTest-547000946-project-member] Attempting to import store swift {{(pid=99560) _load_store /opt/stack/data/venv/lib/python3.12/site-packages/glance_store/backend.py:215}}
Jul 07 16:43:25.970672 np0000004739 devstack@g-api.service[99560]: DEBUG glance_store.capabilities [None req-a348a275-1a90-4d40-a63f-34a491939e1f tempest-VolumesActionsTest-547000946 tempest-VolumesActionsTest-547000946-project-member] Store glance_store._drivers.swift.store.SingleTenantStore doesn't support updating dynamic storage capabilities. Please overwrite 'update_capabilities' method of the store to implement updating logics if needed. {{(pid=99560) update_capabilities /opt/stack/data/venv/lib/python3.12/site-packages/glance_store/capabilities.py:91}}
Jul 07 16:43:25.970794 np0000004739 devstack@g-api.service[99560]: DEBUG glance_store.driver [None req-a348a275-1a90-4d40-a63f-34a491939e1f tempest-VolumesActionsTest-547000946 tempest-VolumesActionsTest-547000946-project-member] Late loading location class glance_store._drivers.swift.store.StoreLocation {{(pid=99560) get_store_location_class /opt/stack/data/venv/lib/python3.12/site-packages/glance_store/driver.py:134}}
Jul 07 16:43:25.970927 np0000004739 devstack@g-api.service[99560]: DEBUG glance_store.location [None req-a348a275-1a90-4d40-a63f-34a491939e1f tempest-VolumesActionsTest-547000946 tempest-VolumesActionsTest-547000946-project-member] Registering scheme swift+https with {'store': , 'location_class': , 'store_entry': 'swift'} {{(pid=99560) register_scheme_map /opt/stack/data/venv/lib/python3.12/site-packages/glance_store/location.py:146}}
Jul 07 16:43:25.971033 np0000004739 devstack@g-api.service[99560]: DEBUG glance_store.location [None req-a348a275-1a90-4d40-a63f-34a491939e1f tempest-VolumesActionsTest-547000946 tempest-VolumesActionsTest-547000946-project-member] Registering scheme swift+https with {'store': , 'location_class': , 'store_entry': 'swift'} {{(pid=99560) register_scheme_map /opt/stack/data/venv/lib/python3.12/site-packages/glance_store/location.py:146}}
Jul 07 16:43:25.971140 np0000004739 devstack@g-api.service[99560]: DEBUG glance_store.location [None req-a348a275-1a90-4d40-a63f-34a491939e1f tempest-VolumesActionsTest-547000946 tempest-VolumesActionsTest-547000946-project-member] Registering scheme swift with {'store': , 'location_class': , 'store_entry': 'swift'} {{(pid=99560) register_scheme_map /opt/stack/data/venv/lib/python3.12/site-packages/glance_store/location.py:146}}
Jul 07 16:43:25.971239 np0000004739 devstack@g-api.service[99560]: DEBUG glance_store.location [None req-a348a275-1a90-4d40-a63f-34a491939e1f tempest-VolumesActionsTest-547000946 tempest-VolumesActionsTest-547000946-project-member] Registering scheme swift+https with {'store': , 'location_class': , 'store_entry': 'swift'} {{(pid=99560) register_scheme_map /opt/stack/data/venv/lib/python3.12/site-packages/glance_store/location.py:146}}
Jul 07 16:43:25.971345 np0000004739 devstack@g-api.service[99560]: DEBUG glance_store.location [None req-a348a275-1a90-4d40-a63f-34a491939e1f tempest-VolumesActionsTest-547000946 tempest-VolumesActionsTest-547000946-project-member] Registering scheme swift with {'store': , 'location_class': , 'store_entry': 'swift'} {{(pid=99560) register_scheme_map /opt/stack/data/venv/lib/python3.12/site-packages/glance_store/location.py:146}}
Jul 07 16:43:25.971441 np0000004739 devstack@g-api.service[99560]: DEBUG glance_store.location [None req-a348a275-1a90-4d40-a63f-34a491939e1f tempest-VolumesActionsTest-547000946 tempest-VolumesActionsTest-547000946-project-member] Registering scheme swift+http with {'store': , 'location_class': , 'store_entry': 'swift'} {{(pid=99560) register_scheme_map /opt/stack/data/venv/lib/python3.12/site-packages/glance_store/location.py:146}}
Jul 07 16:43:25.971566 np0000004739 devstack@g-api.service[99560]: DEBUG glance_store.location [None req-a348a275-1a90-4d40-a63f-34a491939e1f tempest-VolumesActionsTest-547000946 tempest-VolumesActionsTest-547000946-project-member] Registering scheme swift+https with {'store': , 'location_class': , 'store_entry': 'swift'} {{(pid=99560) register_scheme_map /opt/stack/data/venv/lib/python3.12/site-packages/glance_store/location.py:146}}
Jul 07 16:43:25.971661 np0000004739 devstack@g-api.service[99560]: DEBUG glance_store.location [None req-a348a275-1a90-4d40-a63f-34a491939e1f tempest-VolumesActionsTest-547000946 tempest-VolumesActionsTest-547000946-project-member] Registering scheme swift with {'store': , 'location_class': , 'store_entry': 'swift'} {{(pid=99560) register_scheme_map /opt/stack/data/venv/lib/python3.12/site-packages/glance_store/location.py:146}}
Jul 07 16:43:25.971774 np0000004739 devstack@g-api.service[99560]: DEBUG glance_store.location [None req-a348a275-1a90-4d40-a63f-34a491939e1f tempest-VolumesActionsTest-547000946 tempest-VolumesActionsTest-547000946-project-member] Registering scheme swift+http with {'store': , 'location_class': , 'store_entry': 'swift'} {{(pid=99560) register_scheme_map /opt/stack/data/venv/lib/python3.12/site-packages/glance_store/location.py:146}}
Jul 07 16:43:25.971871 np0000004739 devstack@g-api.service[99560]: DEBUG glance_store.location [None req-a348a275-1a90-4d40-a63f-34a491939e1f tempest-VolumesActionsTest-547000946 tempest-VolumesActionsTest-547000946-project-member] Registering scheme swift+config with {'store': , 'location_class': , 'store_entry': 'swift'} {{(pid=99560) register_scheme_map /opt/stack/data/venv/lib/python3.12/site-packages/glance_store/location.py:146}}
Jul 07 16:43:25.971980 np0000004739 devstack@g-api.service[99560]: DEBUG glance_store.backend [None req-a348a275-1a90-4d40-a63f-34a491939e1f tempest-VolumesActionsTest-547000946 tempest-VolumesActionsTest-547000946-project-member] Skipping store.set_acls... not implemented. {{(pid=99560) set_acls /opt/stack/data/venv/lib/python3.12/site-packages/glance_store/backend.py:507}}
Jul 07 16:43:25.974092 np0000004739 devstack@g-api.service[99560]: [pid: 99560|app: 0|req: 94/282] 127.0.0.1 () {46 vars in 1154 bytes} [Tue Jul 7 16:43:14 2026] PUT /v2/images/295a87a6-7cc0-4206-ab53-92952749a6dd/file => generated 0 bytes in 11154 msecs (HTTP/1.1 204) 4 headers in 171 bytes (1 switches on core 0)
Jul 07 16:43:25.982945 np0000004739 devstack@g-api.service[99558]: DEBUG glance.api.middleware.version_negotiation [None req-8b39e935-4d7f-49a5-be37-8abebb2204b1 tempest-VolumesActionsTest-547000946 tempest-VolumesActionsTest-547000946-project-member] Determining version of request: GET /v2/images/295a87a6-7cc0-4206-ab53-92952749a6dd Accept: */* {{(pid=99558) process_request /opt/stack/glance/glance/api/middleware/version_negotiation.py:44}}
Jul 07 16:43:25.983435 np0000004739 devstack@g-api.service[99558]: DEBUG glance.api.middleware.version_negotiation [None req-8b39e935-4d7f-49a5-be37-8abebb2204b1 tempest-VolumesActionsTest-547000946 tempest-VolumesActionsTest-547000946-project-member] Using url versioning {{(pid=99558) process_request /opt/stack/glance/glance/api/middleware/version_negotiation.py:57}}
Jul 07 16:43:25.983435 np0000004739 devstack@g-api.service[99558]: DEBUG glance.api.middleware.version_negotiation [None req-8b39e935-4d7f-49a5-be37-8abebb2204b1 tempest-VolumesActionsTest-547000946 tempest-VolumesActionsTest-547000946-project-member] Matched version: v2 {{(pid=99558) process_request /opt/stack/glance/glance/api/middleware/version_negotiation.py:69}}
Jul 07 16:43:25.983435 np0000004739 devstack@g-api.service[99558]: DEBUG glance.api.middleware.version_negotiation [None req-8b39e935-4d7f-49a5-be37-8abebb2204b1 tempest-VolumesActionsTest-547000946 tempest-VolumesActionsTest-547000946-project-member] new path /v2/images/295a87a6-7cc0-4206-ab53-92952749a6dd {{(pid=99558) process_request /opt/stack/glance/glance/api/middleware/version_negotiation.py:70}}
Jul 07 16:43:25.995330 np0000004739 devstack@g-api.service[99558]: [pid: 99558|app: 0|req: 87/283] 127.0.0.1 () {44 vars in 1111 bytes} [Tue Jul 7 16:43:25 2026] GET /v2/images/295a87a6-7cc0-4206-ab53-92952749a6dd => generated 822 bytes in 12 msecs (HTTP/1.1 200) 4 headers in 157 bytes (1 switches on core 0)
Jul 07 16:43:26.002895 np0000004739 devstack@g-api.service[99559]: DEBUG glance.api.middleware.version_negotiation [None req-404ae792-a63f-488b-ad22-487b75e38455 tempest-VolumesActionsTest-547000946 tempest-VolumesActionsTest-547000946-project-member] Determining version of request: GET /v2/schemas/image Accept: */* {{(pid=99559) process_request /opt/stack/glance/glance/api/middleware/version_negotiation.py:44}}
Jul 07 16:43:26.003057 np0000004739 devstack@g-api.service[99559]: DEBUG glance.api.middleware.version_negotiation [None req-404ae792-a63f-488b-ad22-487b75e38455 tempest-VolumesActionsTest-547000946 tempest-VolumesActionsTest-547000946-project-member] Using url versioning {{(pid=99559) process_request /opt/stack/glance/glance/api/middleware/version_negotiation.py:57}}
Jul 07 16:43:26.003103 np0000004739 devstack@g-api.service[99559]: DEBUG glance.api.middleware.version_negotiation [None req-404ae792-a63f-488b-ad22-487b75e38455 tempest-VolumesActionsTest-547000946 tempest-VolumesActionsTest-547000946-project-member] Matched version: v2 {{(pid=99559) process_request /opt/stack/glance/glance/api/middleware/version_negotiation.py:69}}
Jul 07 16:43:26.003191 np0000004739 devstack@g-api.service[99559]: DEBUG glance.api.middleware.version_negotiation [None req-404ae792-a63f-488b-ad22-487b75e38455 tempest-VolumesActionsTest-547000946 tempest-VolumesActionsTest-547000946-project-member] new path /v2/schemas/image {{(pid=99559) process_request /opt/stack/glance/glance/api/middleware/version_negotiation.py:70}}
Jul 07 16:43:26.005177 np0000004739 devstack@g-api.service[99559]: [pid: 99559|app: 0|req: 103/284] 127.0.0.1 () {44 vars in 1051 bytes} [Tue Jul 7 16:43:26 2026] GET /v2/schemas/image => generated 6083 bytes in 2 msecs (HTTP/1.1 200) 4 headers in 158 bytes (1 switches on core 0)
Jul 07 16:43:26.013174 np0000004739 devstack@g-api.service[99560]: DEBUG glance.api.middleware.version_negotiation [None req-a348a275-1a90-4d40-a63f-34a491939e1f tempest-VolumesActionsTest-547000946 tempest-VolumesActionsTest-547000946-project-member] Determining version of request: GET /v2/schemas/image Accept: */* {{(pid=99560) process_request /opt/stack/glance/glance/api/middleware/version_negotiation.py:44}}
Jul 07 16:43:26.013395 np0000004739 devstack@g-api.service[99560]: DEBUG glance.api.middleware.version_negotiation [None req-a348a275-1a90-4d40-a63f-34a491939e1f tempest-VolumesActionsTest-547000946 tempest-VolumesActionsTest-547000946-project-member] Using url versioning {{(pid=99560) process_request /opt/stack/glance/glance/api/middleware/version_negotiation.py:57}}
Jul 07 16:43:26.013558 np0000004739 devstack@g-api.service[99560]: DEBUG glance.api.middleware.version_negotiation [None req-a348a275-1a90-4d40-a63f-34a491939e1f tempest-VolumesActionsTest-547000946 tempest-VolumesActionsTest-547000946-project-member] Matched version: v2 {{(pid=99560) process_request /opt/stack/glance/glance/api/middleware/version_negotiation.py:69}}
Jul 07 16:43:26.013657 np0000004739 devstack@g-api.service[99560]: DEBUG glance.api.middleware.version_negotiation [None req-a348a275-1a90-4d40-a63f-34a491939e1f tempest-VolumesActionsTest-547000946 tempest-VolumesActionsTest-547000946-project-member] new path /v2/schemas/image {{(pid=99560) process_request /opt/stack/glance/glance/api/middleware/version_negotiation.py:70}}
Jul 07 16:43:26.015865 np0000004739 devstack@g-api.service[99560]: [pid: 99560|app: 0|req: 95/285] 127.0.0.1 () {44 vars in 1051 bytes} [Tue Jul 7 16:43:26 2026] GET /v2/schemas/image => generated 6083 bytes in 3 msecs (HTTP/1.1 200) 4 headers in 158 bytes (1 switches on core 0)
Jul 07 16:43:26.731079 np0000004739 devstack@g-api.service[99558]: DEBUG glance.api.middleware.version_negotiation [None req-a348a275-1a90-4d40-a63f-34a491939e1f tempest-VolumesActionsTest-547000946 tempest-VolumesActionsTest-547000946-project-member] Determining version of request: GET /v2/images/295a87a6-7cc0-4206-ab53-92952749a6dd Accept: application/json {{(pid=99558) process_request /opt/stack/glance/glance/api/middleware/version_negotiation.py:44}}
Jul 07 16:43:26.731353 np0000004739 devstack@g-api.service[99558]: DEBUG glance.api.middleware.version_negotiation [None req-a348a275-1a90-4d40-a63f-34a491939e1f tempest-VolumesActionsTest-547000946 tempest-VolumesActionsTest-547000946-project-member] Using url versioning {{(pid=99558) process_request /opt/stack/glance/glance/api/middleware/version_negotiation.py:57}}
Jul 07 16:43:26.731576 np0000004739 devstack@g-api.service[99558]: DEBUG glance.api.middleware.version_negotiation [None req-a348a275-1a90-4d40-a63f-34a491939e1f tempest-VolumesActionsTest-547000946 tempest-VolumesActionsTest-547000946-project-member] Matched version: v2 {{(pid=99558) process_request /opt/stack/glance/glance/api/middleware/version_negotiation.py:69}}
Jul 07 16:43:26.731736 np0000004739 devstack@g-api.service[99558]: DEBUG glance.api.middleware.version_negotiation [None req-a348a275-1a90-4d40-a63f-34a491939e1f tempest-VolumesActionsTest-547000946 tempest-VolumesActionsTest-547000946-project-member] new path /v2/images/295a87a6-7cc0-4206-ab53-92952749a6dd {{(pid=99558) process_request /opt/stack/glance/glance/api/middleware/version_negotiation.py:70}}
Jul 07 16:43:26.744251 np0000004739 devstack@g-api.service[99558]: [pid: 99558|app: 0|req: 88/286] 127.0.0.1 () {40 vars in 834 bytes} [Tue Jul 7 16:43:26 2026] GET /v2/images/295a87a6-7cc0-4206-ab53-92952749a6dd => generated 822 bytes in 13 msecs (HTTP/1.1 200) 4 headers in 157 bytes (1 switches on core 0)
Jul 07 16:43:26.786899 np0000004739 devstack@g-api.service[99559]: DEBUG glance.api.middleware.version_negotiation [None req-a348a275-1a90-4d40-a63f-34a491939e1f tempest-VolumesActionsTest-547000946 tempest-VolumesActionsTest-547000946-project-member] Determining version of request: GET /v2/images/295a87a6-7cc0-4206-ab53-92952749a6dd Accept: application/json {{(pid=99559) process_request /opt/stack/glance/glance/api/middleware/version_negotiation.py:44}}
Jul 07 16:43:26.787270 np0000004739 devstack@g-api.service[99559]: DEBUG glance.api.middleware.version_negotiation [None req-a348a275-1a90-4d40-a63f-34a491939e1f tempest-VolumesActionsTest-547000946 tempest-VolumesActionsTest-547000946-project-member] Using url versioning {{(pid=99559) process_request /opt/stack/glance/glance/api/middleware/version_negotiation.py:57}}
Jul 07 16:43:26.787270 np0000004739 devstack@g-api.service[99559]: DEBUG glance.api.middleware.version_negotiation [None req-a348a275-1a90-4d40-a63f-34a491939e1f tempest-VolumesActionsTest-547000946 tempest-VolumesActionsTest-547000946-project-member] Matched version: v2 {{(pid=99559) process_request /opt/stack/glance/glance/api/middleware/version_negotiation.py:69}}
Jul 07 16:43:26.787270 np0000004739 devstack@g-api.service[99559]: DEBUG glance.api.middleware.version_negotiation [None req-a348a275-1a90-4d40-a63f-34a491939e1f tempest-VolumesActionsTest-547000946 tempest-VolumesActionsTest-547000946-project-member] new path /v2/images/295a87a6-7cc0-4206-ab53-92952749a6dd {{(pid=99559) process_request /opt/stack/glance/glance/api/middleware/version_negotiation.py:70}}
Jul 07 16:43:26.801868 np0000004739 devstack@g-api.service[99559]: [pid: 99559|app: 0|req: 104/287] 127.0.0.1 () {40 vars in 834 bytes} [Tue Jul 7 16:43:26 2026] GET /v2/images/295a87a6-7cc0-4206-ab53-92952749a6dd => generated 822 bytes in 15 msecs (HTTP/1.1 200) 4 headers in 157 bytes (1 switches on core 0)
Jul 07 16:43:26.858031 np0000004739 devstack@g-api.service[99560]: DEBUG glance.api.middleware.version_negotiation [None req-a348a275-1a90-4d40-a63f-34a491939e1f tempest-VolumesActionsTest-547000946 tempest-VolumesActionsTest-547000946-project-member] Determining version of request: GET /v2/schemas/image Accept: */* {{(pid=99560) process_request /opt/stack/glance/glance/api/middleware/version_negotiation.py:44}}
Jul 07 16:43:26.858537 np0000004739 devstack@g-api.service[99560]: DEBUG glance.api.middleware.version_negotiation [None req-a348a275-1a90-4d40-a63f-34a491939e1f tempest-VolumesActionsTest-547000946 tempest-VolumesActionsTest-547000946-project-member] Using url versioning {{(pid=99560) process_request /opt/stack/glance/glance/api/middleware/version_negotiation.py:57}}
Jul 07 16:43:26.858537 np0000004739 devstack@g-api.service[99560]: DEBUG glance.api.middleware.version_negotiation [None req-a348a275-1a90-4d40-a63f-34a491939e1f tempest-VolumesActionsTest-547000946 tempest-VolumesActionsTest-547000946-project-member] Matched version: v2 {{(pid=99560) process_request /opt/stack/glance/glance/api/middleware/version_negotiation.py:69}}
Jul 07 16:43:26.858537 np0000004739 devstack@g-api.service[99560]: DEBUG glance.api.middleware.version_negotiation [None req-a348a275-1a90-4d40-a63f-34a491939e1f tempest-VolumesActionsTest-547000946 tempest-VolumesActionsTest-547000946-project-member] new path /v2/schemas/image {{(pid=99560) process_request /opt/stack/glance/glance/api/middleware/version_negotiation.py:70}}
