Jun 09 11:44:06.501751 np0000002435 nova-scheduler[95764]: DEBUG cotyledon.oslo_config_glue [-] oslo_limit.connect_retry_delay = None {{(pid=95764) log_opt_values /opt/stack/data/venv/lib/python3.12/site-packages/oslo_config/cfg.py:3256}}
Jun 09 11:44:06.501751 np0000002435 nova-scheduler[95764]: DEBUG cotyledon.oslo_config_glue [-] oslo_limit.endpoint_id = None {{(pid=95764) log_opt_values /opt/stack/data/venv/lib/python3.12/site-packages/oslo_config/cfg.py:3256}}
Jun 09 11:44:06.501751 np0000002435 nova-scheduler[95764]: DEBUG cotyledon.oslo_config_glue [-] oslo_limit.endpoint_interface = public {{(pid=95764) log_opt_values /opt/stack/data/venv/lib/python3.12/site-packages/oslo_config/cfg.py:3256}}
Jun 09 11:44:06.501751 np0000002435 nova-scheduler[95764]: DEBUG cotyledon.oslo_config_glue [-] oslo_limit.endpoint_override = None {{(pid=95764) log_opt_values /opt/stack/data/venv/lib/python3.12/site-packages/oslo_config/cfg.py:3256}}
Jun 09 11:44:06.501751 np0000002435 nova-scheduler[95764]: DEBUG cotyledon.oslo_config_glue [-] oslo_limit.endpoint_region_name = None {{(pid=95764) log_opt_values /opt/stack/data/venv/lib/python3.12/site-packages/oslo_config/cfg.py:3256}}
Jun 09 11:44:06.501751 np0000002435 nova-scheduler[95764]: DEBUG cotyledon.oslo_config_glue [-] oslo_limit.endpoint_service_name = None {{(pid=95764) log_opt_values /opt/stack/data/venv/lib/python3.12/site-packages/oslo_config/cfg.py:3256}}
Jun 09 11:44:06.501751 np0000002435 nova-scheduler[95764]: DEBUG cotyledon.oslo_config_glue [-] oslo_limit.endpoint_service_type = None {{(pid=95764) log_opt_values /opt/stack/data/venv/lib/python3.12/site-packages/oslo_config/cfg.py:3256}}
Jun 09 11:44:06.501751 np0000002435 nova-scheduler[95764]: DEBUG cotyledon.oslo_config_glue [-] oslo_limit.insecure = False {{(pid=95764) log_opt_values /opt/stack/data/venv/lib/python3.12/site-packages/oslo_config/cfg.py:3256}}
Jun 09 11:44:06.502086 np0000002435 nova-scheduler[95764]: DEBUG cotyledon.oslo_config_glue [-] oslo_limit.keyfile = None {{(pid=95764) log_opt_values /opt/stack/data/venv/lib/python3.12/site-packages/oslo_config/cfg.py:3256}}
Jun 09 11:44:06.502086 np0000002435 nova-scheduler[95764]: DEBUG cotyledon.oslo_config_glue [-] oslo_limit.max_version = None {{(pid=95764) log_opt_values /opt/stack/data/venv/lib/python3.12/site-packages/oslo_config/cfg.py:3256}}
Jun 09 11:44:06.502086 np0000002435 nova-scheduler[95764]: DEBUG cotyledon.oslo_config_glue [-] oslo_limit.min_version = None {{(pid=95764) log_opt_values /opt/stack/data/venv/lib/python3.12/site-packages/oslo_config/cfg.py:3256}}
Jun 09 11:44:06.502086 np0000002435 nova-scheduler[95764]: DEBUG cotyledon.oslo_config_glue [-] oslo_limit.region_name = None {{(pid=95764) log_opt_values /opt/stack/data/venv/lib/python3.12/site-packages/oslo_config/cfg.py:3256}}
Jun 09 11:44:06.502086 np0000002435 nova-scheduler[95764]: DEBUG cotyledon.oslo_config_glue [-] oslo_limit.retriable_status_codes = None {{(pid=95764) log_opt_values /opt/stack/data/venv/lib/python3.12/site-packages/oslo_config/cfg.py:3256}}
Jun 09 11:44:06.502086 np0000002435 nova-scheduler[95764]: DEBUG cotyledon.oslo_config_glue [-] oslo_limit.service_name = None {{(pid=95764) log_opt_values /opt/stack/data/venv/lib/python3.12/site-packages/oslo_config/cfg.py:3256}}
Jun 09 11:44:06.502086 np0000002435 nova-scheduler[95764]: DEBUG cotyledon.oslo_config_glue [-] oslo_limit.service_type = None {{(pid=95764) log_opt_values /opt/stack/data/venv/lib/python3.12/site-packages/oslo_config/cfg.py:3256}}
Jun 09 11:44:06.502086 np0000002435 nova-scheduler[95764]: DEBUG cotyledon.oslo_config_glue [-] oslo_limit.split_loggers = False {{(pid=95764) log_opt_values /opt/stack/data/venv/lib/python3.12/site-packages/oslo_config/cfg.py:3256}}
Jun 09 11:44:06.502086 np0000002435 nova-scheduler[95764]: DEBUG cotyledon.oslo_config_glue [-] oslo_limit.status_code_retries = None {{(pid=95764) log_opt_values /opt/stack/data/venv/lib/python3.12/site-packages/oslo_config/cfg.py:3256}}
Jun 09 11:44:06.502612 np0000002435 nova-scheduler[95764]: DEBUG cotyledon.oslo_config_glue [-] oslo_limit.status_code_retry_delay = None {{(pid=95764) log_opt_values /opt/stack/data/venv/lib/python3.12/site-packages/oslo_config/cfg.py:3256}}
Jun 09 11:44:06.502612 np0000002435 nova-scheduler[95764]: DEBUG cotyledon.oslo_config_glue [-] oslo_limit.timeout = None {{(pid=95764) log_opt_values /opt/stack/data/venv/lib/python3.12/site-packages/oslo_config/cfg.py:3256}}
Jun 09 11:44:06.502612 np0000002435 nova-scheduler[95764]: DEBUG cotyledon.oslo_config_glue [-] oslo_limit.valid_interfaces = None {{(pid=95764) log_opt_values /opt/stack/data/venv/lib/python3.12/site-packages/oslo_config/cfg.py:3256}}
Jun 09 11:44:06.502612 np0000002435 nova-scheduler[95764]: DEBUG cotyledon.oslo_config_glue [-] oslo_limit.version = None {{(pid=95764) log_opt_values /opt/stack/data/venv/lib/python3.12/site-packages/oslo_config/cfg.py:3256}}
Jun 09 11:44:06.502612 np0000002435 nova-scheduler[95764]: DEBUG cotyledon.oslo_config_glue [-] oslo_reports.file_event_handler = None {{(pid=95764) log_opt_values /opt/stack/data/venv/lib/python3.12/site-packages/oslo_config/cfg.py:3256}}
Jun 09 11:44:06.502612 np0000002435 nova-scheduler[95764]: DEBUG cotyledon.oslo_config_glue [-] oslo_reports.file_event_handler_interval = 1 {{(pid=95764) log_opt_values /opt/stack/data/venv/lib/python3.12/site-packages/oslo_config/cfg.py:3256}}
Jun 09 11:44:06.502612 np0000002435 nova-scheduler[95764]: DEBUG cotyledon.oslo_config_glue [-] oslo_reports.log_dir = None {{(pid=95764) log_opt_values /opt/stack/data/venv/lib/python3.12/site-packages/oslo_config/cfg.py:3256}}
Jun 09 11:44:06.502612 np0000002435 nova-scheduler[95764]: DEBUG cotyledon.oslo_config_glue [-] ******************************************************************************** {{(pid=95764) log_opt_values /opt/stack/data/venv/lib/python3.12/site-packages/oslo_config/cfg.py:3263}}
Jun 09 11:44:06.502612 np0000002435 nova-scheduler[95764]: DEBUG cotyledon._service_worker [-] Run service ServiceWrapper(2) [95764] {{(pid=95764) wait_forever /opt/stack/data/venv/lib/python3.12/site-packages/cotyledon/_service_worker.py:218}}
Jun 09 11:44:06.502933 np0000002435 nova-scheduler[95764]: INFO nova.service [-] Starting scheduler node (version 33.1.0)
Jun 09 11:44:06.502933 np0000002435 nova-scheduler[95764]: INFO dbcounter [None req-5b087d26-e0e2-4726-b7d2-87ff749db533 None None] Registered counter for database nova_cell0
Jun 09 11:44:06.503004 np0000002435 nova-scheduler[95762]: DEBUG oslo_db.sqlalchemy.engines [None req-acd7ad5f-c14c-41b5-bca8-d74ccbfb1870 None None] MySQL server mode set to STRICT_TRANS_TABLES,STRICT_ALL_TABLES,NO_ZERO_IN_DATE,NO_ZERO_DATE,ERROR_FOR_DIVISION_BY_ZERO,TRADITIONAL,NO_ENGINE_SUBSTITUTION {{(pid=95762) _check_effective_sql_mode /opt/stack/data/venv/lib/python3.12/site-packages/oslo_db/sqlalchemy/engines.py:325}}
Jun 09 11:44:06.503004 np0000002435 nova-scheduler[95762]: DEBUG dbcounter [-] [95762] Writer thread running {{(pid=95762) stat_writer /opt/stack/data/venv/lib/python3.12/site-packages/dbcounter.py:102}}
Jun 09 11:44:06.503130 np0000002435 nova-scheduler[95762]: DEBUG nova.service [None req-acd7ad5f-c14c-41b5-bca8-d74ccbfb1870 None None] Creating RPC server for service: nova-scheduler on topic: scheduler {{(pid=95762) start /opt/stack/nova/nova/service.py:195}}
Jun 09 11:44:06.510588 np0000002435 nova-scheduler[95749]: DEBUG oslo_db.sqlalchemy.engines [None req-45bbafb7-5b1f-49f5-852b-d31bea7b6953 None None] MySQL server mode set to STRICT_TRANS_TABLES,STRICT_ALL_TABLES,NO_ZERO_IN_DATE,NO_ZERO_DATE,ERROR_FOR_DIVISION_BY_ZERO,TRADITIONAL,NO_ENGINE_SUBSTITUTION {{(pid=95749) _check_effective_sql_mode /opt/stack/data/venv/lib/python3.12/site-packages/oslo_db/sqlalchemy/engines.py:325}}
Jun 09 11:44:06.520646 np0000002435 nova-scheduler[95749]: DEBUG dbcounter [-] [95749] Writer thread running {{(pid=95749) stat_writer /opt/stack/data/venv/lib/python3.12/site-packages/dbcounter.py:102}}
Jun 09 11:44:06.523337 np0000002435 nova-scheduler[95749]: DEBUG nova.service [None req-45bbafb7-5b1f-49f5-852b-d31bea7b6953 None None] Creating RPC server for service: nova-scheduler on topic: scheduler {{(pid=95749) start /opt/stack/nova/nova/service.py:195}}
Jun 09 11:44:06.526435 np0000002435 nova-scheduler[95764]: DEBUG oslo_db.sqlalchemy.engines [None req-5b087d26-e0e2-4726-b7d2-87ff749db533 None None] MySQL server mode set to STRICT_TRANS_TABLES,STRICT_ALL_TABLES,NO_ZERO_IN_DATE,NO_ZERO_DATE,ERROR_FOR_DIVISION_BY_ZERO,TRADITIONAL,NO_ENGINE_SUBSTITUTION {{(pid=95764) _check_effective_sql_mode /opt/stack/data/venv/lib/python3.12/site-packages/oslo_db/sqlalchemy/engines.py:325}}
Jun 09 11:44:06.537678 np0000002435 nova-scheduler[95762]: DEBUG nova.service [None req-acd7ad5f-c14c-41b5-bca8-d74ccbfb1870 None None] Join ServiceGroup membership for this service scheduler {{(pid=95762) start /opt/stack/nova/nova/service.py:221}}
Jun 09 11:44:06.537955 np0000002435 nova-scheduler[95764]: DEBUG dbcounter [-] [95764] Writer thread running {{(pid=95764) stat_writer /opt/stack/data/venv/lib/python3.12/site-packages/dbcounter.py:102}}
Jun 09 11:44:06.538008 np0000002435 nova-scheduler[95762]: DEBUG nova.servicegroup.drivers.db [None req-acd7ad5f-c14c-41b5-bca8-d74ccbfb1870 None None] DB_Driver: join new ServiceGroup member np0000002435 to the scheduler group, service = {{(pid=95762) join /opt/stack/nova/nova/servicegroup/drivers/db.py:44}}
Jun 09 11:44:06.540819 np0000002435 nova-scheduler[95764]: DEBUG nova.service [None req-5b087d26-e0e2-4726-b7d2-87ff749db533 None None] Creating RPC server for service: nova-scheduler on topic: scheduler {{(pid=95764) start /opt/stack/nova/nova/service.py:195}}
Jun 09 11:44:06.543423 np0000002435 nova-scheduler[95749]: DEBUG nova.service [None req-45bbafb7-5b1f-49f5-852b-d31bea7b6953 None None] Join ServiceGroup membership for this service scheduler {{(pid=95749) start /opt/stack/nova/nova/service.py:221}}
Jun 09 11:44:06.544024 np0000002435 nova-scheduler[95749]: DEBUG nova.servicegroup.drivers.db [None req-45bbafb7-5b1f-49f5-852b-d31bea7b6953 None None] DB_Driver: join new ServiceGroup member np0000002435 to the scheduler group, service = {{(pid=95749) join /opt/stack/nova/nova/servicegroup/drivers/db.py:44}}
Jun 09 11:44:06.556746 np0000002435 nova-scheduler[95764]: DEBUG nova.service [None req-5b087d26-e0e2-4726-b7d2-87ff749db533 None None] Join ServiceGroup membership for this service scheduler {{(pid=95764) start /opt/stack/nova/nova/service.py:221}}
Jun 09 11:44:06.556954 np0000002435 nova-scheduler[95764]: DEBUG nova.servicegroup.drivers.db [None req-5b087d26-e0e2-4726-b7d2-87ff749db533 None None] DB_Driver: join new ServiceGroup member np0000002435 to the scheduler group, service = {{(pid=95764) join /opt/stack/nova/nova/servicegroup/drivers/db.py:44}}
Jun 09 11:44:11.559950 np0000002435 nova-scheduler[95762]: DEBUG oslo.service.backend._threading.loopingcall [-] Fixed interval looping call 'nova.servicegroup.drivers.db.DbDriver._report_state' sleeping for 119.98 seconds {{(pid=95762) _run_loop /opt/stack/data/venv/lib/python3.12/site-packages/oslo_service/backend/_threading/loopingcall.py:125}}
Jun 09 11:44:11.563089 np0000002435 nova-scheduler[95749]: DEBUG oslo.service.backend._threading.loopingcall [-] Fixed interval looping call 'nova.servicegroup.drivers.db.DbDriver._report_state' sleeping for 119.99 seconds {{(pid=95749) _run_loop /opt/stack/data/venv/lib/python3.12/site-packages/oslo_service/backend/_threading/loopingcall.py:125}}
Jun 09 11:44:11.571585 np0000002435 nova-scheduler[95764]: DEBUG oslo.service.backend._threading.loopingcall [-] Fixed interval looping call 'nova.servicegroup.drivers.db.DbDriver._report_state' sleeping for 119.99 seconds {{(pid=95764) _run_loop /opt/stack/data/venv/lib/python3.12/site-packages/oslo_service/backend/_threading/loopingcall.py:125}}
Jun 09 11:44:15.076613 np0000002435 nova-scheduler[94473]: DEBUG dbcounter [-] [94473] Writing DB stats nova_api:SELECT=3 {{(pid=94473) stat_writer /opt/stack/data/venv/lib/python3.12/site-packages/dbcounter.py:115}}
Jun 09 11:44:15.225099 np0000002435 nova-scheduler[94473]: DEBUG dbcounter [-] [94473] Writing DB stats nova_cell0:SELECT=1 {{(pid=94473) stat_writer /opt/stack/data/venv/lib/python3.12/site-packages/dbcounter.py:115}}
Jun 09 11:44:15.230790 np0000002435 nova-scheduler[94473]: DEBUG dbcounter [-] [94473] Writing DB stats nova_cell1:SELECT=1 {{(pid=94473) stat_writer /opt/stack/data/venv/lib/python3.12/site-packages/dbcounter.py:115}}
Jun 09 11:44:15.549666 np0000002435 nova-scheduler[95749]: DEBUG oslo.service.backend._threading.loopingcall [None req-144a06af-9285-4f42-9f67-8a41648364ed None None] Dynamic interval looping call 'nova.service.Service.periodic_tasks' sleeping for 60.00 seconds {{(pid=95749) _run_loop /opt/stack/data/venv/lib/python3.12/site-packages/oslo_service/backend/_threading/loopingcall.py:125}}
Jun 09 11:44:21.552172 np0000002435 nova-scheduler[95762]: DEBUG dbcounter [-] [95762] Writing DB stats nova_cell0:SELECT=4,nova_cell0:INSERT=1,nova_cell0:UPDATE=1 {{(pid=95762) stat_writer /opt/stack/data/venv/lib/python3.12/site-packages/dbcounter.py:115}}
Jun 09 11:44:21.561138 np0000002435 nova-scheduler[95749]: DEBUG dbcounter [-] [95749] Writing DB stats nova_cell0:SELECT=3,nova_cell0:UPDATE=1 {{(pid=95749) stat_writer /opt/stack/data/venv/lib/python3.12/site-packages/dbcounter.py:115}}
Jun 09 11:44:21.571497 np0000002435 nova-scheduler[95764]: DEBUG dbcounter [-] [95764] Writing DB stats nova_cell0:SELECT=3 {{(pid=95764) stat_writer /opt/stack/data/venv/lib/python3.12/site-packages/dbcounter.py:115}}
Jun 09 11:44:34.561716 np0000002435 nova-scheduler[95764]: DEBUG oslo.service.backend._threading.loopingcall [None req-2a99fcd8-9aa9-4c24-a204-1c8506ffc599 None None] Dynamic interval looping call 'nova.service.Service.periodic_tasks' sleeping for 60.00 seconds {{(pid=95764) _run_loop /opt/stack/data/venv/lib/python3.12/site-packages/oslo_service/backend/_threading/loopingcall.py:125}}
Jun 09 11:45:01.540432 np0000002435 nova-scheduler[95762]: DEBUG oslo.service.backend._threading.loopingcall [None req-df654245-da0e-4993-8f57-7e9402439823 None None] Dynamic interval looping call 'nova.service.Service.periodic_tasks' sleeping for 60.00 seconds {{(pid=95762) _run_loop /opt/stack/data/venv/lib/python3.12/site-packages/oslo_service/backend/_threading/loopingcall.py:125}}
Jun 09 11:45:15.550241 np0000002435 nova-scheduler[95749]: DEBUG oslo.service.backend._threading.loopingcall [None req-144a06af-9285-4f42-9f67-8a41648364ed None None] Dynamic interval looping call 'nova.service.Service.periodic_tasks' sleeping for 60.00 seconds {{(pid=95749) _run_loop /opt/stack/data/venv/lib/python3.12/site-packages/oslo_service/backend/_threading/loopingcall.py:125}}
Jun 09 11:45:34.562345 np0000002435 nova-scheduler[95764]: DEBUG oslo.service.backend._threading.loopingcall [None req-2a99fcd8-9aa9-4c24-a204-1c8506ffc599 None None] Dynamic interval looping call 'nova.service.Service.periodic_tasks' sleeping for 60.00 seconds {{(pid=95764) _run_loop /opt/stack/data/venv/lib/python3.12/site-packages/oslo_service/backend/_threading/loopingcall.py:125}}
Jun 09 11:46:01.541579 np0000002435 nova-scheduler[95762]: DEBUG oslo.service.backend._threading.loopingcall [None req-df654245-da0e-4993-8f57-7e9402439823 None None] Dynamic interval looping call 'nova.service.Service.periodic_tasks' sleeping for 60.00 seconds {{(pid=95762) _run_loop /opt/stack/data/venv/lib/python3.12/site-packages/oslo_service/backend/_threading/loopingcall.py:125}}
Jun 09 11:46:11.552708 np0000002435 nova-scheduler[95762]: DEBUG oslo.service.backend._threading.loopingcall [-] Fixed interval looping call 'nova.servicegroup.drivers.db.DbDriver._report_state' sleeping for 119.99 seconds {{(pid=95762) _run_loop /opt/stack/data/venv/lib/python3.12/site-packages/oslo_service/backend/_threading/loopingcall.py:125}}
Jun 09 11:46:11.556691 np0000002435 nova-scheduler[95749]: DEBUG oslo.service.backend._threading.loopingcall [-] Fixed interval looping call 'nova.servicegroup.drivers.db.DbDriver._report_state' sleeping for 120.00 seconds {{(pid=95749) _run_loop /opt/stack/data/venv/lib/python3.12/site-packages/oslo_service/backend/_threading/loopingcall.py:125}}
Jun 09 11:46:11.565590 np0000002435 nova-scheduler[95764]: DEBUG oslo.service.backend._threading.loopingcall [-] Fixed interval looping call 'nova.servicegroup.drivers.db.DbDriver._report_state' sleeping for 120.00 seconds {{(pid=95764) _run_loop /opt/stack/data/venv/lib/python3.12/site-packages/oslo_service/backend/_threading/loopingcall.py:125}}
Jun 09 11:46:15.550782 np0000002435 nova-scheduler[95749]: DEBUG oslo.service.backend._threading.loopingcall [None req-144a06af-9285-4f42-9f67-8a41648364ed None None] Dynamic interval looping call 'nova.service.Service.periodic_tasks' sleeping for 60.00 seconds {{(pid=95749) _run_loop /opt/stack/data/venv/lib/python3.12/site-packages/oslo_service/backend/_threading/loopingcall.py:125}}
Jun 09 11:46:21.543258 np0000002435 nova-scheduler[95762]: DEBUG dbcounter [-] [95762] Writing DB stats nova_cell0:SELECT=1,nova_cell0:UPDATE=1 {{(pid=95762) stat_writer /opt/stack/data/venv/lib/python3.12/site-packages/dbcounter.py:115}}
Jun 09 11:46:21.554957 np0000002435 nova-scheduler[95749]: DEBUG dbcounter [-] [95749] Writing DB stats nova_cell0:SELECT=1 {{(pid=95749) stat_writer /opt/stack/data/venv/lib/python3.12/site-packages/dbcounter.py:115}}
Jun 09 11:46:21.563485 np0000002435 nova-scheduler[95764]: DEBUG dbcounter [-] [95764] Writing DB stats nova_cell0:SELECT=1 {{(pid=95764) stat_writer /opt/stack/data/venv/lib/python3.12/site-packages/dbcounter.py:115}}
Jun 09 11:46:34.562816 np0000002435 nova-scheduler[95764]: DEBUG oslo.service.backend._threading.loopingcall [None req-2a99fcd8-9aa9-4c24-a204-1c8506ffc599 None None] Dynamic interval looping call 'nova.service.Service.periodic_tasks' sleeping for 60.00 seconds {{(pid=95764) _run_loop /opt/stack/data/venv/lib/python3.12/site-packages/oslo_service/backend/_threading/loopingcall.py:125}}
Jun 09 11:46:42.081195 np0000002435 nova-scheduler[95762]: DEBUG nova.scheduler.manager [None req-500491be-74fe-4525-9bc0-8f4f3faa622a tempest-ServersNegativeTestJSON-2084585060 tempest-ServersNegativeTestJSON-2084585060-project-member] Starting to schedule for instances: ['dae1d031-f9ec-4441-878d-be97ec49b42f'] {{(pid=95762) select_destinations /opt/stack/nova/nova/scheduler/manager.py:210}}
Jun 09 11:46:42.081958 np0000002435 nova-scheduler[95762]: DEBUG nova.scheduler.request_filter [None req-500491be-74fe-4525-9bc0-8f4f3faa622a tempest-ServersNegativeTestJSON-2084585060 tempest-ServersNegativeTestJSON-2084585060-project-member] compute_status_filter request filter added forbidden trait COMPUTE_STATUS_DISABLED {{(pid=95762) compute_status_filter /opt/stack/nova/nova/scheduler/request_filter.py:253}}
Jun 09 11:46:42.081958 np0000002435 nova-scheduler[95762]: DEBUG nova.scheduler.request_filter [None req-500491be-74fe-4525-9bc0-8f4f3faa622a tempest-ServersNegativeTestJSON-2084585060 tempest-ServersNegativeTestJSON-2084585060-project-member] Request filter 'compute_status_filter' took 0.0 seconds {{(pid=95762) wrapper /opt/stack/nova/nova/scheduler/request_filter.py:46}}
Jun 09 11:46:42.082044 np0000002435 nova-scheduler[95762]: DEBUG nova.scheduler.request_filter [None req-500491be-74fe-4525-9bc0-8f4f3faa622a tempest-ServersNegativeTestJSON-2084585060 tempest-ServersNegativeTestJSON-2084585060-project-member] Request filter 'accelerators_filter' took 0.0 seconds {{(pid=95762) wrapper /opt/stack/nova/nova/scheduler/request_filter.py:46}}
Jun 09 11:46:42.082168 np0000002435 nova-scheduler[95762]: DEBUG nova.scheduler.request_filter [None req-500491be-74fe-4525-9bc0-8f4f3faa622a tempest-ServersNegativeTestJSON-2084585060 tempest-ServersNegativeTestJSON-2084585060-project-member] Request filter 'packed_virtqueue_filter' took 0.0 seconds {{(pid=95762) wrapper /opt/stack/nova/nova/scheduler/request_filter.py:46}}
Jun 09 11:46:42.082632 np0000002435 nova-scheduler[95762]: DEBUG nova.scheduler.request_filter [None req-500491be-74fe-4525-9bc0-8f4f3faa622a tempest-ServersNegativeTestJSON-2084585060 tempest-ServersNegativeTestJSON-2084585060-project-member] Request filter 'remote_managed_ports_filter' took 0.0 seconds {{(pid=95762) wrapper /opt/stack/nova/nova/scheduler/request_filter.py:46}}
Jun 09 11:46:42.082828 np0000002435 nova-scheduler[95762]: DEBUG nova.scheduler.request_filter [None req-500491be-74fe-4525-9bc0-8f4f3faa622a tempest-ServersNegativeTestJSON-2084585060 tempest-ServersNegativeTestJSON-2084585060-project-member] ephemeral_encryption_filter skipped {{(pid=95762) ephemeral_encryption_filter /opt/stack/nova/nova/scheduler/request_filter.py:426}}
Jun 09 11:46:42.083018 np0000002435 nova-scheduler[95762]: DEBUG nova.scheduler.request_filter [None req-500491be-74fe-4525-9bc0-8f4f3faa622a tempest-ServersNegativeTestJSON-2084585060 tempest-ServersNegativeTestJSON-2084585060-project-member] virtio_sound_filter skipped {{(pid=95762) virtio_sound_filter /opt/stack/nova/nova/scheduler/request_filter.py:460}}
Jun 09 11:46:42.083435 np0000002435 nova-scheduler[95762]: DEBUG nova.scheduler.request_filter [None req-500491be-74fe-4525-9bc0-8f4f3faa622a tempest-ServersNegativeTestJSON-2084585060 tempest-ServersNegativeTestJSON-2084585060-project-member] tpm_secret_security_filter skipped {{(pid=95762) tpm_secret_security_filter /opt/stack/nova/nova/scheduler/request_filter.py:477}}
Jun 09 11:46:42.351490 np0000002435 nova-scheduler[95749]: DEBUG nova.scheduler.manager [None req-aa0f9def-c0a0-4756-a30a-b181378255b2 tempest-ServerBootFromVolumeStableRescueTest-252292105 tempest-ServerBootFromVolumeStableRescueTest-252292105-project-member] Starting to schedule for instances: ['54835fc7-b0b9-4113-90ad-797bdac45590'] {{(pid=95749) select_destinations /opt/stack/nova/nova/scheduler/manager.py:210}}
Jun 09 11:46:42.352718 np0000002435 nova-scheduler[95749]: DEBUG nova.scheduler.request_filter [None req-aa0f9def-c0a0-4756-a30a-b181378255b2 tempest-ServerBootFromVolumeStableRescueTest-252292105 tempest-ServerBootFromVolumeStableRescueTest-252292105-project-member] compute_status_filter request filter added forbidden trait COMPUTE_STATUS_DISABLED {{(pid=95749) compute_status_filter /opt/stack/nova/nova/scheduler/request_filter.py:253}}
Jun 09 11:46:42.352881 np0000002435 nova-scheduler[95749]: DEBUG nova.scheduler.request_filter [None req-aa0f9def-c0a0-4756-a30a-b181378255b2 tempest-ServerBootFromVolumeStableRescueTest-252292105 tempest-ServerBootFromVolumeStableRescueTest-252292105-project-member] Request filter 'compute_status_filter' took 0.0 seconds {{(pid=95749) wrapper /opt/stack/nova/nova/scheduler/request_filter.py:46}}
Jun 09 11:46:42.353126 np0000002435 nova-scheduler[95749]: DEBUG nova.scheduler.request_filter [None req-aa0f9def-c0a0-4756-a30a-b181378255b2 tempest-ServerBootFromVolumeStableRescueTest-252292105 tempest-ServerBootFromVolumeStableRescueTest-252292105-project-member] Request filter 'accelerators_filter' took 0.0 seconds {{(pid=95749) wrapper /opt/stack/nova/nova/scheduler/request_filter.py:46}}
Jun 09 11:46:42.353331 np0000002435 nova-scheduler[95749]: DEBUG nova.scheduler.request_filter [None req-aa0f9def-c0a0-4756-a30a-b181378255b2 tempest-ServerBootFromVolumeStableRescueTest-252292105 tempest-ServerBootFromVolumeStableRescueTest-252292105-project-member] Request filter 'packed_virtqueue_filter' took 0.0 seconds {{(pid=95749) wrapper /opt/stack/nova/nova/scheduler/request_filter.py:46}}
Jun 09 11:46:42.353615 np0000002435 nova-scheduler[95749]: DEBUG nova.scheduler.request_filter [None req-aa0f9def-c0a0-4756-a30a-b181378255b2 tempest-ServerBootFromVolumeStableRescueTest-252292105 tempest-ServerBootFromVolumeStableRescueTest-252292105-project-member] Request filter 'remote_managed_ports_filter' took 0.0 seconds {{(pid=95749) wrapper /opt/stack/nova/nova/scheduler/request_filter.py:46}}
Jun 09 11:46:42.353817 np0000002435 nova-scheduler[95749]: DEBUG nova.scheduler.request_filter [None req-aa0f9def-c0a0-4756-a30a-b181378255b2 tempest-ServerBootFromVolumeStableRescueTest-252292105 tempest-ServerBootFromVolumeStableRescueTest-252292105-project-member] ephemeral_encryption_filter skipped {{(pid=95749) ephemeral_encryption_filter /opt/stack/nova/nova/scheduler/request_filter.py:426}}
Jun 09 11:46:42.353969 np0000002435 nova-scheduler[95749]: DEBUG nova.scheduler.request_filter [None req-aa0f9def-c0a0-4756-a30a-b181378255b2 tempest-ServerBootFromVolumeStableRescueTest-252292105 tempest-ServerBootFromVolumeStableRescueTest-252292105-project-member] virtio_sound_filter skipped {{(pid=95749) virtio_sound_filter /opt/stack/nova/nova/scheduler/request_filter.py:460}}
Jun 09 11:46:42.354096 np0000002435 nova-scheduler[95749]: DEBUG nova.scheduler.request_filter [None req-aa0f9def-c0a0-4756-a30a-b181378255b2 tempest-ServerBootFromVolumeStableRescueTest-252292105 tempest-ServerBootFromVolumeStableRescueTest-252292105-project-member] tpm_secret_security_filter skipped {{(pid=95749) tpm_secret_security_filter /opt/stack/nova/nova/scheduler/request_filter.py:477}}
Jun 09 11:46:42.715786 np0000002435 nova-scheduler[95762]: INFO nova.utils [None req-500491be-74fe-4525-9bc0-8f4f3faa622a tempest-ServersNegativeTestJSON-2084585060 tempest-ServersNegativeTestJSON-2084585060-project-member] The cell worker thread pool ForkProcess-2.cell_worker is initialized
Jun 09 11:46:42.716343 np0000002435 nova-scheduler[95762]: DEBUG oslo_concurrency.lockutils [None req-500491be-74fe-4525-9bc0-8f4f3faa622a tempest-ServersNegativeTestJSON-2084585060 tempest-ServersNegativeTestJSON-2084585060-project-member] Acquiring lock "f62a4fe9-20f8-483f-a7b7-9b2c79759ed5" by "nova.context.set_target_cell..get_or_set_cached_cell_and_set_connections" {{(pid=95762) inner /opt/stack/data/venv/lib/python3.12/site-packages/oslo_concurrency/lockutils.py:511}}
Jun 09 11:46:42.716719 np0000002435 nova-scheduler[95762]: DEBUG oslo_concurrency.lockutils [None req-500491be-74fe-4525-9bc0-8f4f3faa622a tempest-ServersNegativeTestJSON-2084585060 tempest-ServersNegativeTestJSON-2084585060-project-member] Lock "f62a4fe9-20f8-483f-a7b7-9b2c79759ed5" acquired by "nova.context.set_target_cell..get_or_set_cached_cell_and_set_connections" :: waited 0.000s {{(pid=95762) inner /opt/stack/data/venv/lib/python3.12/site-packages/oslo_concurrency/lockutils.py:524}}
Jun 09 11:46:42.718177 np0000002435 nova-scheduler[95762]: DEBUG oslo_concurrency.lockutils [None req-500491be-74fe-4525-9bc0-8f4f3faa622a tempest-ServersNegativeTestJSON-2084585060 tempest-ServersNegativeTestJSON-2084585060-project-member] Lock "f62a4fe9-20f8-483f-a7b7-9b2c79759ed5" "released" by "nova.context.set_target_cell..get_or_set_cached_cell_and_set_connections" :: held 0.001s {{(pid=95762) inner /opt/stack/data/venv/lib/python3.12/site-packages/oslo_concurrency/lockutils.py:543}}
Jun 09 11:46:42.720471 np0000002435 nova-scheduler[95762]: INFO dbcounter [None req-500491be-74fe-4525-9bc0-8f4f3faa622a tempest-ServersNegativeTestJSON-2084585060 tempest-ServersNegativeTestJSON-2084585060-project-member] Registered counter for database nova_cell1
Jun 09 11:46:42.731201 np0000002435 nova-scheduler[95749]: INFO nova.utils [None req-aa0f9def-c0a0-4756-a30a-b181378255b2 tempest-ServerBootFromVolumeStableRescueTest-252292105 tempest-ServerBootFromVolumeStableRescueTest-252292105-project-member] The cell worker thread pool ForkProcess-1.cell_worker is initialized
Jun 09 11:46:42.731862 np0000002435 nova-scheduler[95749]: DEBUG oslo_concurrency.lockutils [None req-aa0f9def-c0a0-4756-a30a-b181378255b2 tempest-ServerBootFromVolumeStableRescueTest-252292105 tempest-ServerBootFromVolumeStableRescueTest-252292105-project-member] Acquiring lock "f62a4fe9-20f8-483f-a7b7-9b2c79759ed5" by "nova.context.set_target_cell..get_or_set_cached_cell_and_set_connections" {{(pid=95749) inner /opt/stack/data/venv/lib/python3.12/site-packages/oslo_concurrency/lockutils.py:511}}
Jun 09 11:46:42.731862 np0000002435 nova-scheduler[95749]: DEBUG oslo_concurrency.lockutils [None req-aa0f9def-c0a0-4756-a30a-b181378255b2 tempest-ServerBootFromVolumeStableRescueTest-252292105 tempest-ServerBootFromVolumeStableRescueTest-252292105-project-member] Lock "f62a4fe9-20f8-483f-a7b7-9b2c79759ed5" acquired by "nova.context.set_target_cell..get_or_set_cached_cell_and_set_connections" :: waited 0.000s {{(pid=95749) inner /opt/stack/data/venv/lib/python3.12/site-packages/oslo_concurrency/lockutils.py:524}}
Jun 09 11:46:42.733003 np0000002435 nova-scheduler[95749]: DEBUG oslo_concurrency.lockutils [None req-aa0f9def-c0a0-4756-a30a-b181378255b2 tempest-ServerBootFromVolumeStableRescueTest-252292105 tempest-ServerBootFromVolumeStableRescueTest-252292105-project-member] Lock "f62a4fe9-20f8-483f-a7b7-9b2c79759ed5" "released" by "nova.context.set_target_cell..get_or_set_cached_cell_and_set_connections" :: held 0.001s {{(pid=95749) inner /opt/stack/data/venv/lib/python3.12/site-packages/oslo_concurrency/lockutils.py:543}}
Jun 09 11:46:42.735288 np0000002435 nova-scheduler[95749]: INFO dbcounter [None req-aa0f9def-c0a0-4756-a30a-b181378255b2 tempest-ServerBootFromVolumeStableRescueTest-252292105 tempest-ServerBootFromVolumeStableRescueTest-252292105-project-member] Registered counter for database nova_cell1
Jun 09 11:46:42.755451 np0000002435 nova-scheduler[95762]: DEBUG oslo_db.sqlalchemy.engines [None req-500491be-74fe-4525-9bc0-8f4f3faa622a tempest-ServersNegativeTestJSON-2084585060 tempest-ServersNegativeTestJSON-2084585060-project-member] MySQL server mode set to STRICT_TRANS_TABLES,STRICT_ALL_TABLES,NO_ZERO_IN_DATE,NO_ZERO_DATE,ERROR_FOR_DIVISION_BY_ZERO,TRADITIONAL,NO_ENGINE_SUBSTITUTION {{(pid=95762) _check_effective_sql_mode /opt/stack/data/venv/lib/python3.12/site-packages/oslo_db/sqlalchemy/engines.py:325}}
Jun 09 11:46:42.760282 np0000002435 nova-scheduler[95762]: DEBUG dbcounter [-] [95762] Writer thread running {{(pid=95762) stat_writer /opt/stack/data/venv/lib/python3.12/site-packages/dbcounter.py:102}}
Jun 09 11:46:42.775645 np0000002435 nova-scheduler[95762]: DEBUG oslo_db.sqlalchemy.engines [None req-500491be-74fe-4525-9bc0-8f4f3faa622a tempest-ServersNegativeTestJSON-2084585060 tempest-ServersNegativeTestJSON-2084585060-project-member] Parent process 94473 forked (95762) with an open database connection, which is being discarded and recreated. {{(pid=95762) checkout /opt/stack/data/venv/lib/python3.12/site-packages/oslo_db/sqlalchemy/engines.py:402}}
Jun 09 11:46:42.776453 np0000002435 nova-scheduler[95749]: DEBUG oslo_db.sqlalchemy.engines [None req-aa0f9def-c0a0-4756-a30a-b181378255b2 tempest-ServerBootFromVolumeStableRescueTest-252292105 tempest-ServerBootFromVolumeStableRescueTest-252292105-project-member] MySQL server mode set to STRICT_TRANS_TABLES,STRICT_ALL_TABLES,NO_ZERO_IN_DATE,NO_ZERO_DATE,ERROR_FOR_DIVISION_BY_ZERO,TRADITIONAL,NO_ENGINE_SUBSTITUTION {{(pid=95749) _check_effective_sql_mode /opt/stack/data/venv/lib/python3.12/site-packages/oslo_db/sqlalchemy/engines.py:325}}
Jun 09 11:46:42.786287 np0000002435 nova-scheduler[95749]: DEBUG dbcounter [-] [95749] Writer thread running {{(pid=95749) stat_writer /opt/stack/data/venv/lib/python3.12/site-packages/dbcounter.py:102}}
Jun 09 11:46:42.817587 np0000002435 nova-scheduler[95762]: DEBUG dbcounter [-] [95762] Writer thread running {{(pid=95762) stat_writer /opt/stack/data/venv/lib/python3.12/site-packages/dbcounter.py:102}}
Jun 09 11:46:42.820438 np0000002435 nova-scheduler[95762]: DEBUG oslo_concurrency.lockutils [None req-500491be-74fe-4525-9bc0-8f4f3faa622a tempest-ServersNegativeTestJSON-2084585060 tempest-ServersNegativeTestJSON-2084585060-project-member] Acquiring lock "f62a4fe9-20f8-483f-a7b7-9b2c79759ed5" by "nova.context.set_target_cell..get_or_set_cached_cell_and_set_connections" {{(pid=95762) inner /opt/stack/data/venv/lib/python3.12/site-packages/oslo_concurrency/lockutils.py:511}}
Jun 09 11:46:42.820627 np0000002435 nova-scheduler[95762]: DEBUG oslo_concurrency.lockutils [None req-500491be-74fe-4525-9bc0-8f4f3faa622a tempest-ServersNegativeTestJSON-2084585060 tempest-ServersNegativeTestJSON-2084585060-project-member] Lock "f62a4fe9-20f8-483f-a7b7-9b2c79759ed5" acquired by "nova.context.set_target_cell..get_or_set_cached_cell_and_set_connections" :: waited 0.000s {{(pid=95762) inner /opt/stack/data/venv/lib/python3.12/site-packages/oslo_concurrency/lockutils.py:524}}
Jun 09 11:46:42.820794 np0000002435 nova-scheduler[95762]: DEBUG oslo_concurrency.lockutils [None req-500491be-74fe-4525-9bc0-8f4f3faa622a tempest-ServersNegativeTestJSON-2084585060 tempest-ServersNegativeTestJSON-2084585060-project-member] Lock "f62a4fe9-20f8-483f-a7b7-9b2c79759ed5" "released" by "nova.context.set_target_cell..get_or_set_cached_cell_and_set_connections" :: held 0.000s {{(pid=95762) inner /opt/stack/data/venv/lib/python3.12/site-packages/oslo_concurrency/lockutils.py:543}}
Jun 09 11:46:42.825575 np0000002435 nova-scheduler[95762]: DEBUG oslo_concurrency.lockutils [None req-500491be-74fe-4525-9bc0-8f4f3faa622a tempest-ServersNegativeTestJSON-2084585060 tempest-ServersNegativeTestJSON-2084585060-project-member] Acquiring lock "('np0000002435', 'np0000002435')" by "nova.scheduler.host_manager.HostState.update.._locked_update" {{(pid=95762) inner /opt/stack/data/venv/lib/python3.12/site-packages/oslo_concurrency/lockutils.py:511}}
Jun 09 11:46:42.825575 np0000002435 nova-scheduler[95762]: DEBUG oslo_concurrency.lockutils [None req-500491be-74fe-4525-9bc0-8f4f3faa622a tempest-ServersNegativeTestJSON-2084585060 tempest-ServersNegativeTestJSON-2084585060-project-member] Lock "('np0000002435', 'np0000002435')" acquired by "nova.scheduler.host_manager.HostState.update.._locked_update" :: waited 0.000s {{(pid=95762) inner /opt/stack/data/venv/lib/python3.12/site-packages/oslo_concurrency/lockutils.py:524}}
Jun 09 11:46:42.826513 np0000002435 nova-scheduler[95762]: DEBUG nova.scheduler.host_manager [None req-500491be-74fe-4525-9bc0-8f4f3faa622a tempest-ServersNegativeTestJSON-2084585060 tempest-ServersNegativeTestJSON-2084585060-project-member] Update host state from compute node: ComputeNode(cpu_allocation_ratio=4.0,cpu_info='{"arch": "x86_64", "model": "EPYC-Milan", "vendor": "AMD", "topology": {"cells": 1, "sockets": 12, "cores": 1, "threads": 1}, "maxphysaddr": {"mode": "emulate", "bits": 40}, "features": ["null-sel-clr-base", "sse2", "pat", "mca", "movbe", "fma", "smap", "pfthreshold", "3dnowprefetch", "invpcid", "hypervisor", "flushbyasid", "vmcb-clean", "xsave", "sse4.1", "vaes", "msr", "popcnt", "clwb", "mds-no", "tsc_adjust", "sha-ni", "avx2", "pse36", "no-nested-data-bp", "amd-ssbd", "xsaves", "svme-addr-chk", "sse4a", "amd-stibp", "tsc-scale", "nrip-save", "lm", "apic", "clflushopt", "umip", "syscall", "rdtscp", "ssse3", "gds-no", "spec-ctrl", "cmov", "fxsr_opt", "osvw", "arch-capabilities", "rdseed", "clzero", "pclmuldq", "erms", "adx", "avx", "v-vmsave-vmload", "mmx", "sse4.2", "de", "vpclmulqdq", "fsgsbase", "xsavec", "rdctl-no", "wbnoinvd", "amd-psfd", "pku", "stibp", "ibpb", "pni", "misalignsse", "smep", "rdrand", "abm", "xgetbv1", "cx8", "f16c", "rdpid", "perfctr_core", "mmxext", "pge", "aes", "lfence-always-serializing", "vgif", "mtrr", "sep", "fsrm", "xsaveerptr", "xsaveopt", "pcid", "pschange-mc-no", "cr8legacy", "ssbd", "pause-filter", "virt-ssbd", "ibrs", "mce", "lahf_lm", "tsc-deadline", "fxsr", "tsc", "npt", "bmi1", "cx16", "arat", "svm", "lbrv", "sse", "vme", "stibp-always-on", "topoext", "nx", "pdpe1gb", "skip-l1dfl-vmentry", "bmi2", "pse", "x2apic", "pae", "cmp_legacy", "clflush", "fpu"]}',created_at=2026-06-09T11:44:30Z,current_workload=0,deleted=False,deleted_at=None,disk_allocation_ratio=1.0,disk_available_least=74,free_disk_gb=95,free_ram_mb=23518,host='np0000002435',host_ip=10.4.3.214,hypervisor_hostname='np0000002435',hypervisor_type='QEMU',hypervisor_version=8002002,id=1,local_gb=95,local_gb_used=0,mapped=1,memory_mb=24030,memory_mb_used=512,metrics='[]',numa_topology='{"nova_object.name": "NUMATopology", "nova_object.namespace": "nova", "nova_object.version": "1.2", "nova_object.data": {"cells": [{"nova_object.name": "NUMACell", "nova_object.namespace": "nova", "nova_object.version": "1.5", "nova_object.data": {"id": 0, "cpuset": [0, 1, 2, 3, 4, 5, 6, 7, 8, 9, 10, 11], "pcpuset": [0, 1, 2, 3, 4, 5, 6, 7, 8, 9, 10, 11], "memory": 24030, "cpu_usage": 0, "memory_usage": 0, "pinned_cpus": [], "siblings": [[6], [2], [5], [11], [8], [4], [1], [7], [10], [0], [3], [9]], "mempages": [{"nova_object.name": "NUMAPagesTopology", "nova_object.namespace": "nova", "nova_object.version": "1.1", "nova_object.data": {"size_kb": 4, "total": 6151798, "used": 0, "reserved": 0}, "nova_object.changes": ["total", "size_kb", "reserved", "used"]}, {"nova_object.name": "NUMAPagesTopology", "nova_object.namespace": "nova", "nova_object.version": "1.1", "nova_object.data": {"size_kb": 2048, "total": 0, "used": 0, "reserved": 0}, "nova_object.changes": ["total", "size_kb", "reserved", "used"]}, {"nova_object.name": "NUMAPagesTopology", "nova_object.namespace": "nova", "nova_object.version": "1.1", "nova_object.data": {"size_kb": 1048576, "total": 0, "used": 0, "reserved": 0}, "nova_object.changes": ["total", "size_kb", "reserved", "used"]}], "network_metadata": {"nova_object.name": "NetworkMetadata", "nova_object.namespace": "nova", "nova_object.version": "1.0", "nova_object.data": {"physnets": [], "tunneled": false}, "nova_object.changes": ["physnets", "tunneled"]}, "socket": null}, "nova_object.changes": ["mempages", "socket", "pinned_cpus", "pcpuset", "memory", "memory_usage", "network_metadata", "siblings", "id", "cpuset", "cpu_usage"]}]}, "nova_object.changes": ["cells"]}',pci_device_pools=PciDevicePoolList,ram_allocation_ratio=1.0,running_vms=0,service_id=3,stats={failed_builds='0',uptime=' 11:46:16 up 28 min, 2 users, load average: 1.13, 1.27, 0.73
Jun 09 11:46:42.826513 np0000002435 nova-scheduler[95762]: '},supported_hv_specs=[HVSpec,HVSpec,HVSpec,HVSpec,HVSpec,HVSpec,HVSpec,HVSpec,HVSpec,HVSpec,HVSpec,HVSpec,HVSpec,HVSpec,HVSpec,HVSpec,HVSpec,HVSpec,HVSpec,HVSpec,HVSpec,HVSpec,HVSpec,HVSpec,HVSpec],updated_at=2026-06-09T11:46:19Z,uuid=d3492327-ddbb-4ac4-8f97-93fcb625bcd0,vcpus=12,vcpus_used=0) {{(pid=95762) _locked_update /opt/stack/nova/nova/scheduler/host_manager.py:168}}
Jun 09 11:46:42.827418 np0000002435 nova-scheduler[95762]: DEBUG nova.scheduler.host_manager [None req-500491be-74fe-4525-9bc0-8f4f3faa622a tempest-ServersNegativeTestJSON-2084585060 tempest-ServersNegativeTestJSON-2084585060-project-member] Update host state with aggregates: [] {{(pid=95762) _locked_update /opt/stack/nova/nova/scheduler/host_manager.py:171}}
Jun 09 11:46:42.827618 np0000002435 nova-scheduler[95762]: DEBUG nova.scheduler.host_manager [None req-500491be-74fe-4525-9bc0-8f4f3faa622a tempest-ServersNegativeTestJSON-2084585060 tempest-ServersNegativeTestJSON-2084585060-project-member] Update host state with service dict: {'id': 3, 'uuid': '4a586dff-2a60-4485-8755-5fcdde0a0342', 'host': 'np0000002435', 'binary': 'nova-compute', 'topic': 'compute', 'report_count': 2, 'disabled': False, 'disabled_reason': None, 'last_seen_up': datetime.datetime(2026, 6, 9, 11, 46, 39, tzinfo=datetime.timezone.utc), 'forced_down': False, 'version': 72, 'created_at': datetime.datetime(2026, 6, 9, 11, 44, 29, tzinfo=datetime.timezone.utc), 'updated_at': datetime.datetime(2026, 6, 9, 11, 46, 39, tzinfo=datetime.timezone.utc), 'deleted_at': None, 'deleted': False} {{(pid=95762) _locked_update /opt/stack/nova/nova/scheduler/host_manager.py:174}}
Jun 09 11:46:42.827841 np0000002435 nova-scheduler[95762]: DEBUG nova.scheduler.host_manager [None req-500491be-74fe-4525-9bc0-8f4f3faa622a tempest-ServersNegativeTestJSON-2084585060 tempest-ServersNegativeTestJSON-2084585060-project-member] Update host state with instances: [] {{(pid=95762) _locked_update /opt/stack/nova/nova/scheduler/host_manager.py:177}}
Jun 09 11:46:42.828038 np0000002435 nova-scheduler[95762]: DEBUG oslo_concurrency.lockutils [None req-500491be-74fe-4525-9bc0-8f4f3faa622a tempest-ServersNegativeTestJSON-2084585060 tempest-ServersNegativeTestJSON-2084585060-project-member] Lock "('np0000002435', 'np0000002435')" "released" by "nova.scheduler.host_manager.HostState.update.._locked_update" :: held 0.003s {{(pid=95762) inner /opt/stack/data/venv/lib/python3.12/site-packages/oslo_concurrency/lockutils.py:543}}
Jun 09 11:46:42.828371 np0000002435 nova-scheduler[95762]: DEBUG nova.filters [None req-500491be-74fe-4525-9bc0-8f4f3faa622a tempest-ServersNegativeTestJSON-2084585060 tempest-ServersNegativeTestJSON-2084585060-project-member] Starting with 1 host(s) {{(pid=95762) get_filtered_objects /opt/stack/nova/nova/filters.py:70}}
Jun 09 11:46:42.828619 np0000002435 nova-scheduler[95762]: DEBUG nova.filters [None req-500491be-74fe-4525-9bc0-8f4f3faa622a tempest-ServersNegativeTestJSON-2084585060 tempest-ServersNegativeTestJSON-2084585060-project-member] Filter ComputeFilter returned 1 host(s) {{(pid=95762) get_filtered_objects /opt/stack/nova/nova/filters.py:102}}
Jun 09 11:46:42.828809 np0000002435 nova-scheduler[95762]: DEBUG nova.filters [None req-500491be-74fe-4525-9bc0-8f4f3faa622a tempest-ServersNegativeTestJSON-2084585060 tempest-ServersNegativeTestJSON-2084585060-project-member] Filter ComputeCapabilitiesFilter returned 1 host(s) {{(pid=95762) get_filtered_objects /opt/stack/nova/nova/filters.py:102}}
Jun 09 11:46:42.829105 np0000002435 nova-scheduler[95762]: DEBUG nova.filters [None req-500491be-74fe-4525-9bc0-8f4f3faa622a tempest-ServersNegativeTestJSON-2084585060 tempest-ServersNegativeTestJSON-2084585060-project-member] Filter ImagePropertiesFilter returned 1 host(s) {{(pid=95762) get_filtered_objects /opt/stack/nova/nova/filters.py:102}}
Jun 09 11:46:42.829205 np0000002435 nova-scheduler[95762]: DEBUG nova.filters [None req-500491be-74fe-4525-9bc0-8f4f3faa622a tempest-ServersNegativeTestJSON-2084585060 tempest-ServersNegativeTestJSON-2084585060-project-member] Filter ServerGroupAntiAffinityFilter returned 1 host(s) {{(pid=95762) get_filtered_objects /opt/stack/nova/nova/filters.py:102}}
Jun 09 11:46:42.829385 np0000002435 nova-scheduler[95762]: DEBUG nova.filters [None req-500491be-74fe-4525-9bc0-8f4f3faa622a tempest-ServersNegativeTestJSON-2084585060 tempest-ServersNegativeTestJSON-2084585060-project-member] Filter ServerGroupAffinityFilter returned 1 host(s) {{(pid=95762) get_filtered_objects /opt/stack/nova/nova/filters.py:102}}
Jun 09 11:46:42.829595 np0000002435 nova-scheduler[95762]: DEBUG nova.filters [None req-500491be-74fe-4525-9bc0-8f4f3faa622a tempest-ServersNegativeTestJSON-2084585060 tempest-ServersNegativeTestJSON-2084585060-project-member] Filter SameHostFilter returned 1 host(s) {{(pid=95762) get_filtered_objects /opt/stack/nova/nova/filters.py:102}}
Jun 09 11:46:42.829727 np0000002435 nova-scheduler[95762]: DEBUG nova.filters [None req-500491be-74fe-4525-9bc0-8f4f3faa622a tempest-ServersNegativeTestJSON-2084585060 tempest-ServersNegativeTestJSON-2084585060-project-member] Filter DifferentHostFilter returned 1 host(s) {{(pid=95762) get_filtered_objects /opt/stack/nova/nova/filters.py:102}}
Jun 09 11:46:42.830031 np0000002435 nova-scheduler[95762]: DEBUG nova.scheduler.manager [None req-500491be-74fe-4525-9bc0-8f4f3faa622a tempest-ServersNegativeTestJSON-2084585060 tempest-ServersNegativeTestJSON-2084585060-project-member] Filtered [(np0000002435, np0000002435) ram: 23518MB disk: 75776MB io_ops: 0 instances: 0, allocation_candidates: 1] {{(pid=95762) _get_sorted_hosts /opt/stack/nova/nova/scheduler/manager.py:743}}
Jun 09 11:46:42.830141 np0000002435 nova-scheduler[95762]: DEBUG nova.scheduler.manager [None req-500491be-74fe-4525-9bc0-8f4f3faa622a tempest-ServersNegativeTestJSON-2084585060 tempest-ServersNegativeTestJSON-2084585060-project-member] Weighed [WeighedHost [host: (np0000002435, np0000002435) ram: 23518MB disk: 75776MB io_ops: 0 instances: 0, allocation_candidates: 1, weight: 0.0]] {{(pid=95762) _get_sorted_hosts /opt/stack/nova/nova/scheduler/manager.py:765}}
Jun 09 11:46:42.830362 np0000002435 nova-scheduler[95762]: DEBUG nova.scheduler.utils [None req-500491be-74fe-4525-9bc0-8f4f3faa622a tempest-ServersNegativeTestJSON-2084585060 tempest-ServersNegativeTestJSON-2084585060-project-member] Attempting to claim resources in the placement API for instance dae1d031-f9ec-4441-878d-be97ec49b42f {{(pid=95762) claim_resources /opt/stack/nova/nova/scheduler/utils.py:1345}}
Jun 09 11:46:42.841653 np0000002435 nova-scheduler[95749]: DEBUG dbcounter [-] [95749] Writer thread running {{(pid=95749) stat_writer /opt/stack/data/venv/lib/python3.12/site-packages/dbcounter.py:102}}
Jun 09 11:46:42.844584 np0000002435 nova-scheduler[95749]: DEBUG oslo_concurrency.lockutils [None req-aa0f9def-c0a0-4756-a30a-b181378255b2 tempest-ServerBootFromVolumeStableRescueTest-252292105 tempest-ServerBootFromVolumeStableRescueTest-252292105-project-member] Acquiring lock "f62a4fe9-20f8-483f-a7b7-9b2c79759ed5" by "nova.context.set_target_cell..get_or_set_cached_cell_and_set_connections" {{(pid=95749) inner /opt/stack/data/venv/lib/python3.12/site-packages/oslo_concurrency/lockutils.py:511}}
Jun 09 11:46:42.845608 np0000002435 nova-scheduler[95749]: DEBUG oslo_concurrency.lockutils [None req-aa0f9def-c0a0-4756-a30a-b181378255b2 tempest-ServerBootFromVolumeStableRescueTest-252292105 tempest-ServerBootFromVolumeStableRescueTest-252292105-project-member] Lock "f62a4fe9-20f8-483f-a7b7-9b2c79759ed5" acquired by "nova.context.set_target_cell..get_or_set_cached_cell_and_set_connections" :: waited 0.000s {{(pid=95749) inner /opt/stack/data/venv/lib/python3.12/site-packages/oslo_concurrency/lockutils.py:524}}
Jun 09 11:46:42.845608 np0000002435 nova-scheduler[95749]: DEBUG oslo_concurrency.lockutils [None req-aa0f9def-c0a0-4756-a30a-b181378255b2 tempest-ServerBootFromVolumeStableRescueTest-252292105 tempest-ServerBootFromVolumeStableRescueTest-252292105-project-member] Lock "f62a4fe9-20f8-483f-a7b7-9b2c79759ed5" "released" by "nova.context.set_target_cell..get_or_set_cached_cell_and_set_connections" :: held 0.001s {{(pid=95749) inner /opt/stack/data/venv/lib/python3.12/site-packages/oslo_concurrency/lockutils.py:543}}
Jun 09 11:46:42.848544 np0000002435 nova-scheduler[95749]: DEBUG oslo_concurrency.lockutils [None req-aa0f9def-c0a0-4756-a30a-b181378255b2 tempest-ServerBootFromVolumeStableRescueTest-252292105 tempest-ServerBootFromVolumeStableRescueTest-252292105-project-member] Acquiring lock "('np0000002435', 'np0000002435')" by "nova.scheduler.host_manager.HostState.update.._locked_update" {{(pid=95749) inner /opt/stack/data/venv/lib/python3.12/site-packages/oslo_concurrency/lockutils.py:511}}
Jun 09 11:46:42.848717 np0000002435 nova-scheduler[95749]: DEBUG oslo_concurrency.lockutils [None req-aa0f9def-c0a0-4756-a30a-b181378255b2 tempest-ServerBootFromVolumeStableRescueTest-252292105 tempest-ServerBootFromVolumeStableRescueTest-252292105-project-member] Lock "('np0000002435', 'np0000002435')" acquired by "nova.scheduler.host_manager.HostState.update.._locked_update" :: waited 0.000s {{(pid=95749) inner /opt/stack/data/venv/lib/python3.12/site-packages/oslo_concurrency/lockutils.py:524}}
