Jun 27 19:01:29.979839 np0000003851 devstack@g-api.service[99459]: [pid: 99459|app: 0|req: 134/378] 127.0.0.1 () {44 vars in 1051 bytes} [Sat Jun 27 19:01:29 2026] GET /v2/schemas/image => generated 6083 bytes in 5 msecs (HTTP/1.1 200) 4 headers in 158 bytes (1 switches on core 0)
Jun 27 19:01:29.990915 np0000003851 devstack@g-api.service[99458]: DEBUG glance.api.middleware.version_negotiation [None req-fbaef8cc-d72a-4f05-85ac-b6e39bb156a5 tempest-VolumesCloneTest-1110766214 tempest-VolumesCloneTest-1110766214-project-member] Determining version of request: GET /v2/images/579d3947-0237-46e3-aed8-9b8f5e101665 Accept: */* {{(pid=99458) process_request /opt/stack/glance/glance/api/middleware/version_negotiation.py:44}}
Jun 27 19:01:29.991089 np0000003851 devstack@g-api.service[99458]: DEBUG glance.api.middleware.version_negotiation [None req-fbaef8cc-d72a-4f05-85ac-b6e39bb156a5 tempest-VolumesCloneTest-1110766214 tempest-VolumesCloneTest-1110766214-project-member] Using url versioning {{(pid=99458) process_request /opt/stack/glance/glance/api/middleware/version_negotiation.py:57}}
Jun 27 19:01:29.991284 np0000003851 devstack@g-api.service[99458]: DEBUG glance.api.middleware.version_negotiation [None req-fbaef8cc-d72a-4f05-85ac-b6e39bb156a5 tempest-VolumesCloneTest-1110766214 tempest-VolumesCloneTest-1110766214-project-member] Matched version: v2 {{(pid=99458) process_request /opt/stack/glance/glance/api/middleware/version_negotiation.py:69}}
Jun 27 19:01:29.991417 np0000003851 devstack@g-api.service[99458]: DEBUG glance.api.middleware.version_negotiation [None req-fbaef8cc-d72a-4f05-85ac-b6e39bb156a5 tempest-VolumesCloneTest-1110766214 tempest-VolumesCloneTest-1110766214-project-member] new path /v2/images/579d3947-0237-46e3-aed8-9b8f5e101665 {{(pid=99458) process_request /opt/stack/glance/glance/api/middleware/version_negotiation.py:70}}
Jun 27 19:01:29.997413 np0000003851 devstack@g-api.service[99460]: DEBUG glance.api.middleware.version_negotiation [None req-fbaef8cc-d72a-4f05-85ac-b6e39bb156a5 tempest-VolumesCloneTest-1110766214 tempest-VolumesCloneTest-1110766214-project-member] Determining version of request: DELETE /v2/images/9957fa95-78d4-4395-9280-bee19aee94e8 Accept: */* {{(pid=99460) process_request /opt/stack/glance/glance/api/middleware/version_negotiation.py:44}}
Jun 27 19:01:29.997542 np0000003851 devstack@g-api.service[99460]: DEBUG glance.api.middleware.version_negotiation [None req-fbaef8cc-d72a-4f05-85ac-b6e39bb156a5 tempest-VolumesCloneTest-1110766214 tempest-VolumesCloneTest-1110766214-project-member] Using url versioning {{(pid=99460) process_request /opt/stack/glance/glance/api/middleware/version_negotiation.py:57}}
Jun 27 19:01:29.997673 np0000003851 devstack@g-api.service[99460]: DEBUG glance.api.middleware.version_negotiation [None req-fbaef8cc-d72a-4f05-85ac-b6e39bb156a5 tempest-VolumesCloneTest-1110766214 tempest-VolumesCloneTest-1110766214-project-member] Matched version: v2 {{(pid=99460) process_request /opt/stack/glance/glance/api/middleware/version_negotiation.py:69}}
Jun 27 19:01:29.997773 np0000003851 devstack@g-api.service[99460]: DEBUG glance.api.middleware.version_negotiation [None req-fbaef8cc-d72a-4f05-85ac-b6e39bb156a5 tempest-VolumesCloneTest-1110766214 tempest-VolumesCloneTest-1110766214-project-member] new path /v2/images/9957fa95-78d4-4395-9280-bee19aee94e8 {{(pid=99460) process_request /opt/stack/glance/glance/api/middleware/version_negotiation.py:70}}
Jun 27 19:01:30.007562 np0000003851 devstack@g-api.service[99460]: WARNING glance.api.v2.images [None req-8cc842a0-d55e-4c8c-9904-4ec791f50bd5 tempest-AttachVolumeShelveTestJSON-866404134 tempest-AttachVolumeShelveTestJSON-866404134-project-member] After upload to backend, deletion of staged image data has failed because it cannot be found at /tmp/staging//9957fa95-78d4-4395-9280-bee19aee94e8
Jun 27 19:01:30.008207 np0000003851 devstack@g-api.service[99460]: DEBUG glance_store.backend [None req-8cc842a0-d55e-4c8c-9904-4ec791f50bd5 tempest-AttachVolumeShelveTestJSON-866404134 tempest-AttachVolumeShelveTestJSON-866404134-project-member] Attempting to import store swift {{(pid=99460) _load_store /opt/stack/data/venv/lib/python3.12/site-packages/glance_store/backend.py:215}}
Jun 27 19:01:30.008688 np0000003851 devstack@g-api.service[99458]: [pid: 99458|app: 0|req: 121/379] 127.0.0.1 () {44 vars in 1111 bytes} [Sat Jun 27 19:01:29 2026] GET /v2/images/579d3947-0237-46e3-aed8-9b8f5e101665 => generated 1044 bytes in 18 msecs (HTTP/1.1 200) 4 headers in 158 bytes (1 switches on core 0)
Jun 27 19:01:30.010207 np0000003851 devstack@g-api.service[99460]: DEBUG glance_store.capabilities [None req-8cc842a0-d55e-4c8c-9904-4ec791f50bd5 tempest-AttachVolumeShelveTestJSON-866404134 tempest-AttachVolumeShelveTestJSON-866404134-project-member] Store glance_store._drivers.swift.store.SingleTenantStore doesn't support updating dynamic storage capabilities. Please overwrite 'update_capabilities' method of the store to implement updating logics if needed. {{(pid=99460) update_capabilities /opt/stack/data/venv/lib/python3.12/site-packages/glance_store/capabilities.py:91}}
Jun 27 19:01:30.010309 np0000003851 devstack@g-api.service[99460]: DEBUG glance_store.driver [None req-8cc842a0-d55e-4c8c-9904-4ec791f50bd5 tempest-AttachVolumeShelveTestJSON-866404134 tempest-AttachVolumeShelveTestJSON-866404134-project-member] Late loading location class glance_store._drivers.swift.store.StoreLocation {{(pid=99460) get_store_location_class /opt/stack/data/venv/lib/python3.12/site-packages/glance_store/driver.py:134}}
Jun 27 19:01:30.010395 np0000003851 devstack@g-api.service[99460]: DEBUG glance_store.location [None req-8cc842a0-d55e-4c8c-9904-4ec791f50bd5 tempest-AttachVolumeShelveTestJSON-866404134 tempest-AttachVolumeShelveTestJSON-866404134-project-member] Registering scheme swift+https with {'store': , 'location_class': , 'store_entry': 'swift'} {{(pid=99460) register_scheme_map /opt/stack/data/venv/lib/python3.12/site-packages/glance_store/location.py:146}}
Jun 27 19:01:30.010510 np0000003851 devstack@g-api.service[99460]: DEBUG glance_store.location [None req-8cc842a0-d55e-4c8c-9904-4ec791f50bd5 tempest-AttachVolumeShelveTestJSON-866404134 tempest-AttachVolumeShelveTestJSON-866404134-project-member] Registering scheme swift+https with {'store': , 'location_class': , 'store_entry': 'swift'} {{(pid=99460) register_scheme_map /opt/stack/data/venv/lib/python3.12/site-packages/glance_store/location.py:146}}
Jun 27 19:01:30.010619 np0000003851 devstack@g-api.service[99460]: DEBUG glance_store.location [None req-8cc842a0-d55e-4c8c-9904-4ec791f50bd5 tempest-AttachVolumeShelveTestJSON-866404134 tempest-AttachVolumeShelveTestJSON-866404134-project-member] Registering scheme swift with {'store': , 'location_class': , 'store_entry': 'swift'} {{(pid=99460) register_scheme_map /opt/stack/data/venv/lib/python3.12/site-packages/glance_store/location.py:146}}
Jun 27 19:01:30.010704 np0000003851 devstack@g-api.service[99460]: DEBUG glance_store.location [None req-8cc842a0-d55e-4c8c-9904-4ec791f50bd5 tempest-AttachVolumeShelveTestJSON-866404134 tempest-AttachVolumeShelveTestJSON-866404134-project-member] Registering scheme swift+https with {'store': , 'location_class': , 'store_entry': 'swift'} {{(pid=99460) register_scheme_map /opt/stack/data/venv/lib/python3.12/site-packages/glance_store/location.py:146}}
Jun 27 19:01:30.010981 np0000003851 devstack@g-api.service[99460]: DEBUG glance_store.location [None req-8cc842a0-d55e-4c8c-9904-4ec791f50bd5 tempest-AttachVolumeShelveTestJSON-866404134 tempest-AttachVolumeShelveTestJSON-866404134-project-member] Registering scheme swift with {'store': , 'location_class': , 'store_entry': 'swift'} {{(pid=99460) register_scheme_map /opt/stack/data/venv/lib/python3.12/site-packages/glance_store/location.py:146}}
Jun 27 19:01:30.011143 np0000003851 devstack@g-api.service[99460]: DEBUG glance_store.location [None req-8cc842a0-d55e-4c8c-9904-4ec791f50bd5 tempest-AttachVolumeShelveTestJSON-866404134 tempest-AttachVolumeShelveTestJSON-866404134-project-member] Registering scheme swift+http with {'store': , 'location_class': , 'store_entry': 'swift'} {{(pid=99460) register_scheme_map /opt/stack/data/venv/lib/python3.12/site-packages/glance_store/location.py:146}}
Jun 27 19:01:30.011270 np0000003851 devstack@g-api.service[99460]: DEBUG glance_store.location [None req-8cc842a0-d55e-4c8c-9904-4ec791f50bd5 tempest-AttachVolumeShelveTestJSON-866404134 tempest-AttachVolumeShelveTestJSON-866404134-project-member] Registering scheme swift+https with {'store': , 'location_class': , 'store_entry': 'swift'} {{(pid=99460) register_scheme_map /opt/stack/data/venv/lib/python3.12/site-packages/glance_store/location.py:146}}
Jun 27 19:01:30.012525 np0000003851 devstack@g-api.service[99460]: DEBUG glance_store.location [None req-8cc842a0-d55e-4c8c-9904-4ec791f50bd5 tempest-AttachVolumeShelveTestJSON-866404134 tempest-AttachVolumeShelveTestJSON-866404134-project-member] Registering scheme swift with {'store': , 'location_class': , 'store_entry': 'swift'} {{(pid=99460) register_scheme_map /opt/stack/data/venv/lib/python3.12/site-packages/glance_store/location.py:146}}
Jun 27 19:01:30.012660 np0000003851 devstack@g-api.service[99460]: DEBUG glance_store.location [None req-8cc842a0-d55e-4c8c-9904-4ec791f50bd5 tempest-AttachVolumeShelveTestJSON-866404134 tempest-AttachVolumeShelveTestJSON-866404134-project-member] Registering scheme swift+http with {'store': , 'location_class': , 'store_entry': 'swift'} {{(pid=99460) register_scheme_map /opt/stack/data/venv/lib/python3.12/site-packages/glance_store/location.py:146}}
Jun 27 19:01:30.012744 np0000003851 devstack@g-api.service[99460]: DEBUG glance_store.location [None req-8cc842a0-d55e-4c8c-9904-4ec791f50bd5 tempest-AttachVolumeShelveTestJSON-866404134 tempest-AttachVolumeShelveTestJSON-866404134-project-member] Registering scheme swift+config with {'store': , 'location_class': , 'store_entry': 'swift'} {{(pid=99460) register_scheme_map /opt/stack/data/venv/lib/python3.12/site-packages/glance_store/location.py:146}}
Jun 27 19:01:30.013366 np0000003851 devstack@g-api.service[99460]: DEBUG keystoneclient.auth.identity.v3.base [None req-8cc842a0-d55e-4c8c-9904-4ec791f50bd5 tempest-AttachVolumeShelveTestJSON-866404134 tempest-AttachVolumeShelveTestJSON-866404134-project-member] Making authentication request to https://10.4.3.60/identity/v3/auth/tokens {{(pid=99460) get_auth_ref /opt/stack/data/venv/lib/python3.12/site-packages/keystoneclient/auth/identity/v3/base.py:185}}
Jun 27 19:01:30.017813 np0000003851 devstack@g-api.service[99459]: DEBUG glance.api.middleware.version_negotiation [None req-fbaef8cc-d72a-4f05-85ac-b6e39bb156a5 tempest-VolumesCloneTest-1110766214 tempest-VolumesCloneTest-1110766214-project-member] Determining version of request: GET /v2/schemas/image Accept: */* {{(pid=99459) process_request /opt/stack/glance/glance/api/middleware/version_negotiation.py:44}}
Jun 27 19:01:30.018637 np0000003851 devstack@g-api.service[99459]: DEBUG glance.api.middleware.version_negotiation [None req-fbaef8cc-d72a-4f05-85ac-b6e39bb156a5 tempest-VolumesCloneTest-1110766214 tempest-VolumesCloneTest-1110766214-project-member] Using url versioning {{(pid=99459) process_request /opt/stack/glance/glance/api/middleware/version_negotiation.py:57}}
Jun 27 19:01:30.018637 np0000003851 devstack@g-api.service[99459]: DEBUG glance.api.middleware.version_negotiation [None req-fbaef8cc-d72a-4f05-85ac-b6e39bb156a5 tempest-VolumesCloneTest-1110766214 tempest-VolumesCloneTest-1110766214-project-member] Matched version: v2 {{(pid=99459) process_request /opt/stack/glance/glance/api/middleware/version_negotiation.py:69}}
Jun 27 19:01:30.018637 np0000003851 devstack@g-api.service[99459]: DEBUG glance.api.middleware.version_negotiation [None req-fbaef8cc-d72a-4f05-85ac-b6e39bb156a5 tempest-VolumesCloneTest-1110766214 tempest-VolumesCloneTest-1110766214-project-member] new path /v2/schemas/image {{(pid=99459) process_request /opt/stack/glance/glance/api/middleware/version_negotiation.py:70}}
Jun 27 19:01:30.023336 np0000003851 devstack@g-api.service[99459]: [pid: 99459|app: 0|req: 135/380] 127.0.0.1 () {44 vars in 1051 bytes} [Sat Jun 27 19:01:30 2026] GET /v2/schemas/image => generated 6083 bytes in 5 msecs (HTTP/1.1 200) 4 headers in 158 bytes (1 switches on core 0)
Jun 27 19:01:30.033081 np0000003851 devstack@g-api.service[99458]: DEBUG glance.api.middleware.version_negotiation [None req-fbaef8cc-d72a-4f05-85ac-b6e39bb156a5 tempest-VolumesCloneTest-1110766214 tempest-VolumesCloneTest-1110766214-project-member] Determining version of request: GET /v2/schemas/image Accept: */* {{(pid=99458) process_request /opt/stack/glance/glance/api/middleware/version_negotiation.py:44}}
Jun 27 19:01:30.033263 np0000003851 devstack@g-api.service[99458]: DEBUG glance.api.middleware.version_negotiation [None req-fbaef8cc-d72a-4f05-85ac-b6e39bb156a5 tempest-VolumesCloneTest-1110766214 tempest-VolumesCloneTest-1110766214-project-member] Using url versioning {{(pid=99458) process_request /opt/stack/glance/glance/api/middleware/version_negotiation.py:57}}
Jun 27 19:01:30.033467 np0000003851 devstack@g-api.service[99458]: DEBUG glance.api.middleware.version_negotiation [None req-fbaef8cc-d72a-4f05-85ac-b6e39bb156a5 tempest-VolumesCloneTest-1110766214 tempest-VolumesCloneTest-1110766214-project-member] Matched version: v2 {{(pid=99458) process_request /opt/stack/glance/glance/api/middleware/version_negotiation.py:69}}
Jun 27 19:01:30.033601 np0000003851 devstack@g-api.service[99458]: DEBUG glance.api.middleware.version_negotiation [None req-fbaef8cc-d72a-4f05-85ac-b6e39bb156a5 tempest-VolumesCloneTest-1110766214 tempest-VolumesCloneTest-1110766214-project-member] new path /v2/schemas/image {{(pid=99458) process_request /opt/stack/glance/glance/api/middleware/version_negotiation.py:70}}
Jun 27 19:01:30.036023 np0000003851 devstack@g-api.service[99458]: [pid: 99458|app: 0|req: 122/381] 127.0.0.1 () {44 vars in 1051 bytes} [Sat Jun 27 19:01:30 2026] GET /v2/schemas/image => generated 6083 bytes in 3 msecs (HTTP/1.1 200) 4 headers in 158 bytes (1 switches on core 0)
Jun 27 19:01:30.061157 np0000003851 devstack@g-api.service[99459]: DEBUG glance.api.middleware.version_negotiation [None req-fbaef8cc-d72a-4f05-85ac-b6e39bb156a5 tempest-VolumesCloneTest-1110766214 tempest-VolumesCloneTest-1110766214-project-member] Determining version of request: GET /v2/images/579d3947-0237-46e3-aed8-9b8f5e101665 Accept: */* {{(pid=99459) process_request /opt/stack/glance/glance/api/middleware/version_negotiation.py:44}}
Jun 27 19:01:30.061157 np0000003851 devstack@g-api.service[99459]: DEBUG glance.api.middleware.version_negotiation [None req-fbaef8cc-d72a-4f05-85ac-b6e39bb156a5 tempest-VolumesCloneTest-1110766214 tempest-VolumesCloneTest-1110766214-project-member] Using url versioning {{(pid=99459) process_request /opt/stack/glance/glance/api/middleware/version_negotiation.py:57}}
Jun 27 19:01:30.061157 np0000003851 devstack@g-api.service[99459]: DEBUG glance.api.middleware.version_negotiation [None req-fbaef8cc-d72a-4f05-85ac-b6e39bb156a5 tempest-VolumesCloneTest-1110766214 tempest-VolumesCloneTest-1110766214-project-member] Matched version: v2 {{(pid=99459) process_request /opt/stack/glance/glance/api/middleware/version_negotiation.py:69}}
Jun 27 19:01:30.061157 np0000003851 devstack@g-api.service[99459]: DEBUG glance.api.middleware.version_negotiation [None req-fbaef8cc-d72a-4f05-85ac-b6e39bb156a5 tempest-VolumesCloneTest-1110766214 tempest-VolumesCloneTest-1110766214-project-member] new path /v2/images/579d3947-0237-46e3-aed8-9b8f5e101665 {{(pid=99459) process_request /opt/stack/glance/glance/api/middleware/version_negotiation.py:70}}
Jun 27 19:01:30.083096 np0000003851 devstack@g-api.service[99459]: [pid: 99459|app: 0|req: 136/382] 127.0.0.1 () {44 vars in 1111 bytes} [Sat Jun 27 19:01:30 2026] GET /v2/images/579d3947-0237-46e3-aed8-9b8f5e101665 => generated 1044 bytes in 22 msecs (HTTP/1.1 200) 4 headers in 158 bytes (1 switches on core 0)
Jun 27 19:01:30.088326 np0000003851 devstack@g-api.service[99460]: DEBUG keystoneclient.auth.identity.v3.base [None req-8cc842a0-d55e-4c8c-9904-4ec791f50bd5 tempest-AttachVolumeShelveTestJSON-866404134 tempest-AttachVolumeShelveTestJSON-866404134-project-member] {"token": {"methods": ["password"], "user": {"domain": {"id": "default", "name": "Default"}, "id": "26ee14925827425e87470777567e2f80", "name": "glance-swift", "password_expires_at": null}, "audit_ids": ["V47Uq7wYSISk01sUIL504w"], "expires_at": "2026-06-27T20:01:30.000000Z", "issued_at": "2026-06-27T19:01:30.000000Z", "project": {"domain": {"id": "default", "name": "Default"}, "id": "9dd38e0e49a34bcc84d3e9251d697460", "name": "service"}, "is_domain": false, "roles": [{"id": "f87a6d6602de43cab6ea74e197a30f20", "name": "ResellerAdmin"}, {"id": "a490f778b9e9416c95f288be99c68d74", "name": "service"}], "catalog": [{"endpoints": [{"id": "c73c2d3a6e7c4f3fb0db04cf311809f8", "interface": "public", "region_id": "RegionOne", "url": "https://10.4.3.60/placement", "region": "RegionOne"}], "id": "564fb0edc0074fc09360bed5fe1e3e28", "type": "placement", "name": "placement"}, {"endpoints": [{"id": "077947e859034d79bfe3936b64212ef4", "interface": "public", "region_id": "RegionOne", "url": "https://10.4.3.60/volume/v3", "region": "RegionOne"}], "id": "705a93c2d9de4c00befd7709a6ad64c1", "type": "block-storage", "name": "cinder"}, {"endpoints": [{"id": "9bca9d3d131746368b04bded4cb76e45", "interface": "public", "region_id": "RegionOne", "url": "https://10.4.3.60/networking", "region": "RegionOne"}], "id": "7e4795ca6b844ecfb2558eb2b28e6f47", "type": "network", "name": "neutron"}, {"endpoints": [{"id": "931bf8ca850a424aa1ac5f1608f0c736", "interface": "public", "region_id": "RegionOne", "url": "https://10.4.3.60/image", "region": "RegionOne"}], "id": "7fff503b2efc41c2985a0851b36f1964", "type": "image", "name": "glance"}, {"endpoints": [{"id": "35e0a5fb238b4e99a1dbaa0689f0f9c7", "interface": "public", "region_id": "RegionOne", "url": "https://10.4.3.60/compute/v2.1", "region": "RegionOne"}], "id": "8a032d2cf41f404eb1d71536674193cf", "type": "compute", "name": "nova"}, {"endpoints": [{"id": "5f8f8dc8a52b4f508fa8b31c810db3c9", "interface": "public", "region_id": "RegionOne", "url": "https://10.4.3.60:8080/v1/AUTH_9dd38e0e49a34bcc84d3e9251d697460", "region": "RegionOne"}, {"id": "d6bed8183cef47a699c21844f41f8353", "interface": "admin", "region_id": "RegionOne", "url": "https://10.4.3.60:8080", "region": "RegionOne"}], "id": "9de7fd3145b54c189d2e01d1c7382598", "type": "object-store", "name": "swift"}, {"endpoints": [{"id": "f5846c59eb664a618bed968bc744ac62", "interface": "public", "region_id": "RegionOne", "url": "https://10.4.3.60/compute/v2/9dd38e0e49a34bcc84d3e9251d697460", "region": "RegionOne"}], "id": "b0e8a4a677fd48128a3d55727ea4fc54", "type": "compute_legacy", "name": "nova_legacy"}, {"endpoints": [{"id": "e79fcbc2baa0455dbbdd3a2e7412674c", "interface": "public", "region_id": "RegionOne", "url": "https://10.4.3.60/identity", "region": "RegionOne"}], "id": "fb8a9b53bf77411fac1e97068e765a24", "type": "identity", "name": "keystone"}]}} {{(pid=99460) get_auth_ref /opt/stack/data/venv/lib/python3.12/site-packages/keystoneclient/auth/identity/v3/base.py:190}}
Jun 27 19:01:30.089345 np0000003851 devstack@g-api.service[99460]: DEBUG keystoneclient.httpclient [None req-8cc842a0-d55e-4c8c-9904-4ec791f50bd5 tempest-AttachVolumeShelveTestJSON-866404134 tempest-AttachVolumeShelveTestJSON-866404134-project-member] Failed to find endpoint for management url admin endpoint for identity service not found {{(pid=99460) _process_management_url /opt/stack/data/venv/lib/python3.12/site-packages/keystoneclient/httpclient.py:670}}
Jun 27 19:01:30.097303 np0000003851 devstack@g-api.service[99458]: DEBUG glance.api.middleware.version_negotiation [None req-fbaef8cc-d72a-4f05-85ac-b6e39bb156a5 tempest-VolumesCloneTest-1110766214 tempest-VolumesCloneTest-1110766214-project-member] Determining version of request: GET /v2/schemas/image Accept: */* {{(pid=99458) process_request /opt/stack/glance/glance/api/middleware/version_negotiation.py:44}}
Jun 27 19:01:30.097505 np0000003851 devstack@g-api.service[99458]: DEBUG glance.api.middleware.version_negotiation [None req-fbaef8cc-d72a-4f05-85ac-b6e39bb156a5 tempest-VolumesCloneTest-1110766214 tempest-VolumesCloneTest-1110766214-project-member] Using url versioning {{(pid=99458) process_request /opt/stack/glance/glance/api/middleware/version_negotiation.py:57}}
Jun 27 19:01:30.097677 np0000003851 devstack@g-api.service[99458]: DEBUG glance.api.middleware.version_negotiation [None req-fbaef8cc-d72a-4f05-85ac-b6e39bb156a5 tempest-VolumesCloneTest-1110766214 tempest-VolumesCloneTest-1110766214-project-member] Matched version: v2 {{(pid=99458) process_request /opt/stack/glance/glance/api/middleware/version_negotiation.py:69}}
Jun 27 19:01:30.097816 np0000003851 devstack@g-api.service[99458]: DEBUG glance.api.middleware.version_negotiation [None req-fbaef8cc-d72a-4f05-85ac-b6e39bb156a5 tempest-VolumesCloneTest-1110766214 tempest-VolumesCloneTest-1110766214-project-member] new path /v2/schemas/image {{(pid=99458) process_request /opt/stack/glance/glance/api/middleware/version_negotiation.py:70}}
Jun 27 19:01:30.101993 np0000003851 devstack@g-api.service[99458]: [pid: 99458|app: 0|req: 123/383] 127.0.0.1 () {44 vars in 1051 bytes} [Sat Jun 27 19:01:30 2026] GET /v2/schemas/image => generated 6083 bytes in 5 msecs (HTTP/1.1 200) 4 headers in 158 bytes (1 switches on core 0)
Jun 27 19:01:30.279333 np0000003851 devstack@g-api.service[99460]: DEBUG swiftclient [None req-8cc842a0-d55e-4c8c-9904-4ec791f50bd5 tempest-AttachVolumeShelveTestJSON-866404134 tempest-AttachVolumeShelveTestJSON-866404134-project-member] REQ: curl -i https://10.4.3.60:8080/v1/AUTH_9dd38e0e49a34bcc84d3e9251d697460/glance/9957fa95-78d4-4395-9280-bee19aee94e8 -I -H "X-Auth-Token: gAAAAABqQB4KP6SJ..." {{(pid=99460) http_log /opt/stack/data/venv/lib/python3.12/site-packages/swiftclient/client.py:160}}
Jun 27 19:01:30.279333 np0000003851 devstack@g-api.service[99460]: DEBUG swiftclient [None req-8cc842a0-d55e-4c8c-9904-4ec791f50bd5 tempest-AttachVolumeShelveTestJSON-866404134 tempest-AttachVolumeShelveTestJSON-866404134-project-member] RESP STATUS: 200 OK {{(pid=99460) http_log /opt/stack/data/venv/lib/python3.12/site-packages/swiftclient/client.py:161}}
Jun 27 19:01:30.279333 np0000003851 devstack@g-api.service[99460]: DEBUG swiftclient [None req-8cc842a0-d55e-4c8c-9904-4ec791f50bd5 tempest-AttachVolumeShelveTestJSON-866404134 tempest-AttachVolumeShelveTestJSON-866404134-project-member] RESP HEADERS: {'Date': 'Sat, 27 Jun 2026 19:01:30 GMT', 'Server': 'Apache/2.4.58 (Ubuntu)', 'Content-Type': 'application/octet-stream', 'Content-Length': '53477376', 'X-Object-Manifest': 'glance/9957fa95-78d4-4395-9280-bee19aee94e8-', 'Last-Modified': 'Sat, 27 Jun 2026 19:00:59 GMT', 'X-Timestamp': '1782586858.78255', 'Accept-Ranges': 'bytes', 'Etag': '"1bf899191488baf94985466fa6dc110a"', 'X-Trans-Id': 'txa4b28bf91f8b4f60bd5eb-006a401e0a', 'X-Openstack-Request-Id': 'txa4b28bf91f8b4f60bd5eb-006a401e0a', 'Connection': 'close'} {{(pid=99460) http_log /opt/stack/data/venv/lib/python3.12/site-packages/swiftclient/client.py:162}}
Jun 27 19:01:30.304105 np0000003851 devstack@g-api.service[99460]: DEBUG swiftclient [None req-8cc842a0-d55e-4c8c-9904-4ec791f50bd5 tempest-AttachVolumeShelveTestJSON-866404134 tempest-AttachVolumeShelveTestJSON-866404134-project-member] REQ: curl -i https://10.4.3.60:8080/v1/AUTH_9dd38e0e49a34bcc84d3e9251d697460/glance?format=json&prefix=9957fa95-78d4-4395-9280-bee19aee94e8- -X GET -H "X-Auth-Token: gAAAAABqQB4KP6SJ..." -H "Accept-Encoding: gzip" {{(pid=99460) http_log /opt/stack/data/venv/lib/python3.12/site-packages/swiftclient/client.py:160}}
Jun 27 19:01:30.304354 np0000003851 devstack@g-api.service[99460]: DEBUG swiftclient [None req-8cc842a0-d55e-4c8c-9904-4ec791f50bd5 tempest-AttachVolumeShelveTestJSON-866404134 tempest-AttachVolumeShelveTestJSON-866404134-project-member] RESP STATUS: 200 OK {{(pid=99460) http_log /opt/stack/data/venv/lib/python3.12/site-packages/swiftclient/client.py:161}}
Jun 27 19:01:30.304573 np0000003851 devstack@g-api.service[99460]: DEBUG swiftclient [None req-8cc842a0-d55e-4c8c-9904-4ec791f50bd5 tempest-AttachVolumeShelveTestJSON-866404134 tempest-AttachVolumeShelveTestJSON-866404134-project-member] RESP HEADERS: {'Date': 'Sat, 27 Jun 2026 19:01:30 GMT', 'Server': 'Apache/2.4.58 (Ubuntu)', 'Content-Type': 'application/json; charset=utf-8', 'Content-Length': '210', 'X-Container-Object-Count': '7', 'X-Container-Bytes-Used': '141361152', 'X-Timestamp': '1782586394.51700', 'Last-Modified': 'Sat, 27 Jun 2026 18:53:15 GMT', 'Accept-Ranges': 'bytes', 'X-Storage-Policy': 'Policy-0', 'X-Container-Sharding': 'False', 'X-Trans-Id': 'tx7c7d60dfd4b548e7817a7-006a401e0a', 'X-Openstack-Request-Id': 'tx7c7d60dfd4b548e7817a7-006a401e0a', 'Connection': 'close'} {{(pid=99460) http_log /opt/stack/data/venv/lib/python3.12/site-packages/swiftclient/client.py:162}}
Jun 27 19:01:30.305076 np0000003851 devstack@g-api.service[99460]: DEBUG swiftclient [None req-8cc842a0-d55e-4c8c-9904-4ec791f50bd5 tempest-AttachVolumeShelveTestJSON-866404134 tempest-AttachVolumeShelveTestJSON-866404134-project-member] RESP BODY: b'[{"bytes": 53477376, "hash": "d5aca7f6e48726bcfff9a68a5832e825", "name": "9957fa95-78d4-4395-9280-bee19aee94e8-00001", "content_type": "application/octet-stream", "last_modified": "2026-06-27T19:00:58.228050"}]' {{(pid=99460) http_log /opt/stack/data/venv/lib/python3.12/site-packages/swiftclient/client.py:166}}
Jun 27 19:01:30.337746 np0000003851 devstack@g-api.service[99460]: DEBUG swiftclient [None req-8cc842a0-d55e-4c8c-9904-4ec791f50bd5 tempest-AttachVolumeShelveTestJSON-866404134 tempest-AttachVolumeShelveTestJSON-866404134-project-member] REQ: curl -i https://10.4.3.60:8080/v1/AUTH_9dd38e0e49a34bcc84d3e9251d697460/glance/9957fa95-78d4-4395-9280-bee19aee94e8-00001 DELETE -H "X-Auth-Token: gAAAAABqQB4KP6SJ..." {{(pid=99460) http_log /opt/stack/data/venv/lib/python3.12/site-packages/swiftclient/client.py:160}}
Jun 27 19:01:30.337908 np0000003851 devstack@g-api.service[99460]: DEBUG swiftclient [None req-8cc842a0-d55e-4c8c-9904-4ec791f50bd5 tempest-AttachVolumeShelveTestJSON-866404134 tempest-AttachVolumeShelveTestJSON-866404134-project-member] RESP STATUS: 204 No Content {{(pid=99460) http_log /opt/stack/data/venv/lib/python3.12/site-packages/swiftclient/client.py:161}}
Jun 27 19:01:30.338567 np0000003851 devstack@g-api.service[99460]: DEBUG swiftclient [None req-8cc842a0-d55e-4c8c-9904-4ec791f50bd5 tempest-AttachVolumeShelveTestJSON-866404134 tempest-AttachVolumeShelveTestJSON-866404134-project-member] RESP HEADERS: {'Date': 'Sat, 27 Jun 2026 19:01:30 GMT', 'Server': 'Apache/2.4.58 (Ubuntu)', 'Content-Type': 'text/html; charset=UTF-8', 'X-Trans-Id': 'txb2c6413388c441b08400a-006a401e0a', 'X-Openstack-Request-Id': 'txb2c6413388c441b08400a-006a401e0a', 'Connection': 'close'} {{(pid=99460) http_log /opt/stack/data/venv/lib/python3.12/site-packages/swiftclient/client.py:162}}
Jun 27 19:01:30.375963 np0000003851 devstack@g-api.service[99460]: DEBUG swiftclient [None req-8cc842a0-d55e-4c8c-9904-4ec791f50bd5 tempest-AttachVolumeShelveTestJSON-866404134 tempest-AttachVolumeShelveTestJSON-866404134-project-member] REQ: curl -i https://10.4.3.60:8080/v1/AUTH_9dd38e0e49a34bcc84d3e9251d697460/glance/9957fa95-78d4-4395-9280-bee19aee94e8 DELETE -H "X-Auth-Token: gAAAAABqQB4KP6SJ..." {{(pid=99460) http_log /opt/stack/data/venv/lib/python3.12/site-packages/swiftclient/client.py:160}}
Jun 27 19:01:30.375963 np0000003851 devstack@g-api.service[99460]: DEBUG swiftclient [None req-8cc842a0-d55e-4c8c-9904-4ec791f50bd5 tempest-AttachVolumeShelveTestJSON-866404134 tempest-AttachVolumeShelveTestJSON-866404134-project-member] RESP STATUS: 204 No Content {{(pid=99460) http_log /opt/stack/data/venv/lib/python3.12/site-packages/swiftclient/client.py:161}}
Jun 27 19:01:30.375963 np0000003851 devstack@g-api.service[99460]: DEBUG swiftclient [None req-8cc842a0-d55e-4c8c-9904-4ec791f50bd5 tempest-AttachVolumeShelveTestJSON-866404134 tempest-AttachVolumeShelveTestJSON-866404134-project-member] RESP HEADERS: {'Date': 'Sat, 27 Jun 2026 19:01:30 GMT', 'Server': 'Apache/2.4.58 (Ubuntu)', 'Content-Type': 'text/html; charset=UTF-8', 'X-Trans-Id': 'txe52697d65c5f4987abf23-006a401e0a', 'X-Openstack-Request-Id': 'txe52697d65c5f4987abf23-006a401e0a', 'Connection': 'close'} {{(pid=99460) http_log /opt/stack/data/venv/lib/python3.12/site-packages/swiftclient/client.py:162}}
Jun 27 19:01:30.992967 np0000003851 devstack@g-api.service[99460]: DEBUG glance.api.middleware.cache [None req-8cc842a0-d55e-4c8c-9904-4ec791f50bd5 tempest-AttachVolumeShelveTestJSON-866404134 tempest-AttachVolumeShelveTestJSON-866404134-project-member] Removing image 9957fa95-78d4-4395-9280-bee19aee94e8 from cache {{(pid=99460) _process_DELETE_response /opt/stack/glance/glance/api/middleware/cache.py:264}}
Jun 27 19:01:30.992967 np0000003851 devstack@g-api.service[99460]: DEBUG glance.image_cache.drivers.centralized_db [None req-8cc842a0-d55e-4c8c-9904-4ec791f50bd5 tempest-AttachVolumeShelveTestJSON-866404134 tempest-AttachVolumeShelveTestJSON-866404134-project-member] Deleting image cache file '/opt/stack/data/glance/cache/9957fa95-78d4-4395-9280-bee19aee94e8' {{(pid=99460) delete_cached_file /opt/stack/glance/glance/image_cache/drivers/centralized_db.py:400}}
Jun 27 19:01:30.992967 np0000003851 devstack@g-api.service[99460]: [pid: 99460|app: 0|req: 125/384] 127.0.0.1 () {46 vars in 1133 bytes} [Sat Jun 27 19:01:29 2026] DELETE /v2/images/9957fa95-78d4-4395-9280-bee19aee94e8 => generated 0 bytes in 541 msecs (HTTP/1.1 204) 4 headers in 171 bytes (1 switches on core 0)
Jun 27 19:01:30.998121 np0000003851 devstack@g-api.service[99459]: DEBUG glance.api.middleware.version_negotiation [None req-fbaef8cc-d72a-4f05-85ac-b6e39bb156a5 tempest-VolumesCloneTest-1110766214 tempest-VolumesCloneTest-1110766214-project-member] Determining version of request: GET /versions Accept: */* {{(pid=99459) process_request /opt/stack/glance/glance/api/middleware/version_negotiation.py:44}}
Jun 27 19:01:30.998121 np0000003851 devstack@g-api.service[99459]: [pid: 99459|app: 0|req: 137/385] 127.0.0.1 () {44 vars in 1035 bytes} [Sat Jun 27 19:01:30 2026] GET /versions => generated 1394 bytes in 1 msecs (HTTP/1.1 200) 3 headers in 92 bytes (1 switches on core 0)
Jun 27 19:01:31.000477 np0000003851 devstack@g-api.service[99458]: DEBUG glance.api.middleware.version_negotiation [None req-fbaef8cc-d72a-4f05-85ac-b6e39bb156a5 tempest-VolumesCloneTest-1110766214 tempest-VolumesCloneTest-1110766214-project-member] Determining version of request: GET /v2/images/579d3947-0237-46e3-aed8-9b8f5e101665/locations Accept: */* {{(pid=99458) process_request /opt/stack/glance/glance/api/middleware/version_negotiation.py:44}}
Jun 27 19:01:31.000477 np0000003851 devstack@g-api.service[99458]: DEBUG glance.api.middleware.version_negotiation [None req-fbaef8cc-d72a-4f05-85ac-b6e39bb156a5 tempest-VolumesCloneTest-1110766214 tempest-VolumesCloneTest-1110766214-project-member] Using url versioning {{(pid=99458) process_request /opt/stack/glance/glance/api/middleware/version_negotiation.py:57}}
Jun 27 19:01:31.000477 np0000003851 devstack@g-api.service[99458]: DEBUG glance.api.middleware.version_negotiation [None req-fbaef8cc-d72a-4f05-85ac-b6e39bb156a5 tempest-VolumesCloneTest-1110766214 tempest-VolumesCloneTest-1110766214-project-member] Matched version: v2 {{(pid=99458) process_request /opt/stack/glance/glance/api/middleware/version_negotiation.py:69}}
Jun 27 19:01:31.000477 np0000003851 devstack@g-api.service[99458]: DEBUG glance.api.middleware.version_negotiation [None req-fbaef8cc-d72a-4f05-85ac-b6e39bb156a5 tempest-VolumesCloneTest-1110766214 tempest-VolumesCloneTest-1110766214-project-member] new path /v2/images/579d3947-0237-46e3-aed8-9b8f5e101665/locations {{(pid=99458) process_request /opt/stack/glance/glance/api/middleware/version_negotiation.py:70}}
Jun 27 19:01:31.000477 np0000003851 devstack@g-api.service[99458]: [pid: 99458|app: 0|req: 124/386] 127.0.0.1 () {44 vars in 1131 bytes} [Sat Jun 27 19:01:30 2026] GET /v2/images/579d3947-0237-46e3-aed8-9b8f5e101665/locations => generated 92 bytes in 102 msecs (HTTP/1.1 200) 4 headers in 156 bytes (1 switches on core 0)
Jun 27 19:01:31.001909 np0000003851 devstack@g-api.service[99460]: DEBUG glance.api.middleware.version_negotiation [None req-8cc842a0-d55e-4c8c-9904-4ec791f50bd5 tempest-AttachVolumeShelveTestJSON-866404134 tempest-AttachVolumeShelveTestJSON-866404134-project-member] Determining version of request: GET /v2/images/579d3947-0237-46e3-aed8-9b8f5e101665 Accept: */* {{(pid=99460) process_request /opt/stack/glance/glance/api/middleware/version_negotiation.py:44}}
Jun 27 19:01:31.001909 np0000003851 devstack@g-api.service[99460]: DEBUG glance.api.middleware.version_negotiation [None req-8cc842a0-d55e-4c8c-9904-4ec791f50bd5 tempest-AttachVolumeShelveTestJSON-866404134 tempest-AttachVolumeShelveTestJSON-866404134-project-member] Using url versioning {{(pid=99460) process_request /opt/stack/glance/glance/api/middleware/version_negotiation.py:57}}
Jun 27 19:01:31.001909 np0000003851 devstack@g-api.service[99460]: DEBUG glance.api.middleware.version_negotiation [None req-8cc842a0-d55e-4c8c-9904-4ec791f50bd5 tempest-AttachVolumeShelveTestJSON-866404134 tempest-AttachVolumeShelveTestJSON-866404134-project-member] Matched version: v2 {{(pid=99460) process_request /opt/stack/glance/glance/api/middleware/version_negotiation.py:69}}
Jun 27 19:01:31.001909 np0000003851 devstack@g-api.service[99460]: DEBUG glance.api.middleware.version_negotiation [None req-8cc842a0-d55e-4c8c-9904-4ec791f50bd5 tempest-AttachVolumeShelveTestJSON-866404134 tempest-AttachVolumeShelveTestJSON-866404134-project-member] new path /v2/images/579d3947-0237-46e3-aed8-9b8f5e101665 {{(pid=99460) process_request /opt/stack/glance/glance/api/middleware/version_negotiation.py:70}}
Jun 27 19:01:31.001909 np0000003851 devstack@g-api.service[99460]: [pid: 99460|app: 0|req: 126/387] 127.0.0.1 () {44 vars in 1111 bytes} [Sat Jun 27 19:01:30 2026] GET /v2/images/579d3947-0237-46e3-aed8-9b8f5e101665 => generated 1044 bytes in 13 msecs (HTTP/1.1 200) 4 headers in 158 bytes (1 switches on core 0)
Jun 27 19:01:31.003104 np0000003851 devstack@g-api.service[99459]: DEBUG glance.api.middleware.version_negotiation [None req-fbaef8cc-d72a-4f05-85ac-b6e39bb156a5 tempest-VolumesCloneTest-1110766214 tempest-VolumesCloneTest-1110766214-project-member] Determining version of request: GET /v2/schemas/image Accept: */* {{(pid=99459) process_request /opt/stack/glance/glance/api/middleware/version_negotiation.py:44}}
Jun 27 19:01:31.003104 np0000003851 devstack@g-api.service[99459]: DEBUG glance.api.middleware.version_negotiation [None req-fbaef8cc-d72a-4f05-85ac-b6e39bb156a5 tempest-VolumesCloneTest-1110766214 tempest-VolumesCloneTest-1110766214-project-member] Using url versioning {{(pid=99459) process_request /opt/stack/glance/glance/api/middleware/version_negotiation.py:57}}
Jun 27 19:01:31.003104 np0000003851 devstack@g-api.service[99459]: DEBUG glance.api.middleware.version_negotiation [None req-fbaef8cc-d72a-4f05-85ac-b6e39bb156a5 tempest-VolumesCloneTest-1110766214 tempest-VolumesCloneTest-1110766214-project-member] Matched version: v2 {{(pid=99459) process_request /opt/stack/glance/glance/api/middleware/version_negotiation.py:69}}
Jun 27 19:01:31.003104 np0000003851 devstack@g-api.service[99459]: DEBUG glance.api.middleware.version_negotiation [None req-fbaef8cc-d72a-4f05-85ac-b6e39bb156a5 tempest-VolumesCloneTest-1110766214 tempest-VolumesCloneTest-1110766214-project-member] new path /v2/schemas/image {{(pid=99459) process_request /opt/stack/glance/glance/api/middleware/version_negotiation.py:70}}
Jun 27 19:01:31.003104 np0000003851 devstack@g-api.service[99459]: [pid: 99459|app: 0|req: 138/388] 127.0.0.1 () {44 vars in 1051 bytes} [Sat Jun 27 19:01:30 2026] GET /v2/schemas/image => generated 6083 bytes in 3 msecs (HTTP/1.1 200) 4 headers in 158 bytes (1 switches on core 0)
Jun 27 19:01:31.003996 np0000003851 devstack@g-api.service[99458]: DEBUG glance.api.middleware.version_negotiation [None req-fbaef8cc-d72a-4f05-85ac-b6e39bb156a5 service glance] Determining version of request: GET /v2/schemas/image Accept: */* {{(pid=99458) process_request /opt/stack/glance/glance/api/middleware/version_negotiation.py:44}}
Jun 27 19:01:31.003996 np0000003851 devstack@g-api.service[99458]: DEBUG glance.api.middleware.version_negotiation [None req-fbaef8cc-d72a-4f05-85ac-b6e39bb156a5 service glance] Using url versioning {{(pid=99458) process_request /opt/stack/glance/glance/api/middleware/version_negotiation.py:57}}
Jun 27 19:01:31.003996 np0000003851 devstack@g-api.service[99458]: DEBUG glance.api.middleware.version_negotiation [None req-fbaef8cc-d72a-4f05-85ac-b6e39bb156a5 service glance] Matched version: v2 {{(pid=99458) process_request /opt/stack/glance/glance/api/middleware/version_negotiation.py:69}}
Jun 27 19:01:31.003996 np0000003851 devstack@g-api.service[99458]: DEBUG glance.api.middleware.version_negotiation [None req-fbaef8cc-d72a-4f05-85ac-b6e39bb156a5 service glance] new path /v2/schemas/image {{(pid=99458) process_request /opt/stack/glance/glance/api/middleware/version_negotiation.py:70}}
Jun 27 19:01:31.003996 np0000003851 devstack@g-api.service[99458]: [pid: 99458|app: 0|req: 125/389] 127.0.0.1 () {44 vars in 1051 bytes} [Sat Jun 27 19:01:30 2026] GET /v2/schemas/image => generated 6083 bytes in 5 msecs (HTTP/1.1 200) 4 headers in 158 bytes (1 switches on core 0)
Jun 27 19:01:34.719174 np0000003851 devstack@g-api.service[99460]: DEBUG glance.api.middleware.version_negotiation [None req-fbaef8cc-d72a-4f05-85ac-b6e39bb156a5 tempest-VolumesCloneTest-1110766214 tempest-VolumesCloneTest-1110766214-project-member] Determining version of request: GET /v2/images/579d3947-0237-46e3-aed8-9b8f5e101665 Accept: */* {{(pid=99460) process_request /opt/stack/glance/glance/api/middleware/version_negotiation.py:44}}
Jun 27 19:01:34.719515 np0000003851 devstack@g-api.service[99460]: DEBUG glance.api.middleware.version_negotiation [None req-fbaef8cc-d72a-4f05-85ac-b6e39bb156a5 tempest-VolumesCloneTest-1110766214 tempest-VolumesCloneTest-1110766214-project-member] Using url versioning {{(pid=99460) process_request /opt/stack/glance/glance/api/middleware/version_negotiation.py:57}}
Jun 27 19:01:34.719580 np0000003851 devstack@g-api.service[99460]: DEBUG glance.api.middleware.version_negotiation [None req-fbaef8cc-d72a-4f05-85ac-b6e39bb156a5 tempest-VolumesCloneTest-1110766214 tempest-VolumesCloneTest-1110766214-project-member] Matched version: v2 {{(pid=99460) process_request /opt/stack/glance/glance/api/middleware/version_negotiation.py:69}}
Jun 27 19:01:34.719980 np0000003851 devstack@g-api.service[99460]: DEBUG glance.api.middleware.version_negotiation [None req-fbaef8cc-d72a-4f05-85ac-b6e39bb156a5 tempest-VolumesCloneTest-1110766214 tempest-VolumesCloneTest-1110766214-project-member] new path /v2/images/579d3947-0237-46e3-aed8-9b8f5e101665 {{(pid=99460) process_request /opt/stack/glance/glance/api/middleware/version_negotiation.py:70}}
Jun 27 19:01:34.730602 np0000003851 devstack@g-api.service[99460]: [pid: 99460|app: 0|req: 127/390] 127.0.0.1 () {44 vars in 1111 bytes} [Sat Jun 27 19:01:34 2026] GET /v2/images/579d3947-0237-46e3-aed8-9b8f5e101665 => generated 1044 bytes in 12 msecs (HTTP/1.1 200) 4 headers in 158 bytes (1 switches on core 0)
Jun 27 19:01:34.759156 np0000003851 devstack@g-api.service[99459]: DEBUG glance.api.middleware.version_negotiation [None req-fbaef8cc-d72a-4f05-85ac-b6e39bb156a5 tempest-VolumesCloneTest-1110766214 tempest-VolumesCloneTest-1110766214-project-member] Determining version of request: GET /v2/schemas/image Accept: */* {{(pid=99459) process_request /opt/stack/glance/glance/api/middleware/version_negotiation.py:44}}
Jun 27 19:01:34.759576 np0000003851 devstack@g-api.service[99459]: DEBUG glance.api.middleware.version_negotiation [None req-fbaef8cc-d72a-4f05-85ac-b6e39bb156a5 tempest-VolumesCloneTest-1110766214 tempest-VolumesCloneTest-1110766214-project-member] Using url versioning {{(pid=99459) process_request /opt/stack/glance/glance/api/middleware/version_negotiation.py:57}}
Jun 27 19:01:34.759576 np0000003851 devstack@g-api.service[99459]: DEBUG glance.api.middleware.version_negotiation [None req-fbaef8cc-d72a-4f05-85ac-b6e39bb156a5 tempest-VolumesCloneTest-1110766214 tempest-VolumesCloneTest-1110766214-project-member] Matched version: v2 {{(pid=99459) process_request /opt/stack/glance/glance/api/middleware/version_negotiation.py:69}}
Jun 27 19:01:34.759576 np0000003851 devstack@g-api.service[99459]: DEBUG glance.api.middleware.version_negotiation [None req-fbaef8cc-d72a-4f05-85ac-b6e39bb156a5 tempest-VolumesCloneTest-1110766214 tempest-VolumesCloneTest-1110766214-project-member] new path /v2/schemas/image {{(pid=99459) process_request /opt/stack/glance/glance/api/middleware/version_negotiation.py:70}}
Jun 27 19:01:34.761711 np0000003851 devstack@g-api.service[99459]: [pid: 99459|app: 0|req: 139/391] 127.0.0.1 () {44 vars in 1051 bytes} [Sat Jun 27 19:01:34 2026] GET /v2/schemas/image => generated 6083 bytes in 2 msecs (HTTP/1.1 200) 4 headers in 158 bytes (1 switches on core 0)
Jun 27 19:01:35.758505 np0000003851 devstack@g-api.service[99458]: DEBUG glance.api.middleware.version_negotiation [None req-fbaef8cc-d72a-4f05-85ac-b6e39bb156a5 tempest-VolumesCloneTest-1110766214 tempest-VolumesCloneTest-1110766214-project-member] Determining version of request: GET /v2/images/579d3947-0237-46e3-aed8-9b8f5e101665 Accept: */* {{(pid=99458) process_request /opt/stack/glance/glance/api/middleware/version_negotiation.py:44}}
Jun 27 19:01:35.758909 np0000003851 devstack@g-api.service[99458]: DEBUG glance.api.middleware.version_negotiation [None req-fbaef8cc-d72a-4f05-85ac-b6e39bb156a5 tempest-VolumesCloneTest-1110766214 tempest-VolumesCloneTest-1110766214-project-member] Using url versioning {{(pid=99458) process_request /opt/stack/glance/glance/api/middleware/version_negotiation.py:57}}
Jun 27 19:01:35.759008 np0000003851 devstack@g-api.service[99458]: DEBUG glance.api.middleware.version_negotiation [None req-fbaef8cc-d72a-4f05-85ac-b6e39bb156a5 tempest-VolumesCloneTest-1110766214 tempest-VolumesCloneTest-1110766214-project-member] Matched version: v2 {{(pid=99458) process_request /opt/stack/glance/glance/api/middleware/version_negotiation.py:69}}
Jun 27 19:01:35.759146 np0000003851 devstack@g-api.service[99458]: DEBUG glance.api.middleware.version_negotiation [None req-fbaef8cc-d72a-4f05-85ac-b6e39bb156a5 tempest-VolumesCloneTest-1110766214 tempest-VolumesCloneTest-1110766214-project-member] new path /v2/images/579d3947-0237-46e3-aed8-9b8f5e101665 {{(pid=99458) process_request /opt/stack/glance/glance/api/middleware/version_negotiation.py:70}}
Jun 27 19:01:35.773094 np0000003851 devstack@g-api.service[99458]: [pid: 99458|app: 0|req: 126/392] 127.0.0.1 () {44 vars in 1111 bytes} [Sat Jun 27 19:01:35 2026] GET /v2/images/579d3947-0237-46e3-aed8-9b8f5e101665 => generated 1044 bytes in 15 msecs (HTTP/1.1 200) 4 headers in 158 bytes (1 switches on core 0)
Jun 27 19:01:35.807477 np0000003851 devstack@g-api.service[99460]: DEBUG glance.api.middleware.version_negotiation [None req-4504725b-9d89-43ec-8c50-6224f0df685f tempest-AttachVolumeNegativeTest-1060709643 tempest-AttachVolumeNegativeTest-1060709643-project-member] Determining version of request: GET /v2/schemas/image Accept: */* {{(pid=99460) process_request /opt/stack/glance/glance/api/middleware/version_negotiation.py:44}}
Jun 27 19:01:35.807956 np0000003851 devstack@g-api.service[99460]: DEBUG glance.api.middleware.version_negotiation [None req-4504725b-9d89-43ec-8c50-6224f0df685f tempest-AttachVolumeNegativeTest-1060709643 tempest-AttachVolumeNegativeTest-1060709643-project-member] Using url versioning {{(pid=99460) process_request /opt/stack/glance/glance/api/middleware/version_negotiation.py:57}}
Jun 27 19:01:35.807956 np0000003851 devstack@g-api.service[99460]: DEBUG glance.api.middleware.version_negotiation [None req-4504725b-9d89-43ec-8c50-6224f0df685f tempest-AttachVolumeNegativeTest-1060709643 tempest-AttachVolumeNegativeTest-1060709643-project-member] Matched version: v2 {{(pid=99460) process_request /opt/stack/glance/glance/api/middleware/version_negotiation.py:69}}
Jun 27 19:01:35.807956 np0000003851 devstack@g-api.service[99460]: DEBUG glance.api.middleware.version_negotiation [None req-4504725b-9d89-43ec-8c50-6224f0df685f tempest-AttachVolumeNegativeTest-1060709643 tempest-AttachVolumeNegativeTest-1060709643-project-member] new path /v2/schemas/image {{(pid=99460) process_request /opt/stack/glance/glance/api/middleware/version_negotiation.py:70}}
Jun 27 19:01:35.810523 np0000003851 devstack@g-api.service[99460]: [pid: 99460|app: 0|req: 128/393] 127.0.0.1 () {44 vars in 1051 bytes} [Sat Jun 27 19:01:35 2026] GET /v2/schemas/image => generated 6083 bytes in 3 msecs (HTTP/1.1 200) 4 headers in 158 bytes (1 switches on core 0)
Jun 27 19:01:36.973765 np0000003851 devstack@g-api.service[99459]: DEBUG glance.api.middleware.version_negotiation [None req-4504725b-9d89-43ec-8c50-6224f0df685f tempest-AttachVolumeNegativeTest-1060709643 tempest-AttachVolumeNegativeTest-1060709643-project-member] Determining version of request: GET /v2/schemas/image Accept: */* {{(pid=99459) process_request /opt/stack/glance/glance/api/middleware/version_negotiation.py:44}}
Jun 27 19:01:36.973765 np0000003851 devstack@g-api.service[99459]: DEBUG glance.api.middleware.version_negotiation [None req-4504725b-9d89-43ec-8c50-6224f0df685f tempest-AttachVolumeNegativeTest-1060709643 tempest-AttachVolumeNegativeTest-1060709643-project-member] Using url versioning {{(pid=99459) process_request /opt/stack/glance/glance/api/middleware/version_negotiation.py:57}}
Jun 27 19:01:36.974295 np0000003851 devstack@g-api.service[99459]: DEBUG glance.api.middleware.version_negotiation [None req-4504725b-9d89-43ec-8c50-6224f0df685f tempest-AttachVolumeNegativeTest-1060709643 tempest-AttachVolumeNegativeTest-1060709643-project-member] Matched version: v2 {{(pid=99459) process_request /opt/stack/glance/glance/api/middleware/version_negotiation.py:69}}
Jun 27 19:01:36.974295 np0000003851 devstack@g-api.service[99459]: DEBUG glance.api.middleware.version_negotiation [None req-4504725b-9d89-43ec-8c50-6224f0df685f tempest-AttachVolumeNegativeTest-1060709643 tempest-AttachVolumeNegativeTest-1060709643-project-member] new path /v2/schemas/image {{(pid=99459) process_request /opt/stack/glance/glance/api/middleware/version_negotiation.py:70}}
Jun 27 19:01:36.976813 np0000003851 devstack@g-api.service[99459]: [pid: 99459|app: 0|req: 140/394] 127.0.0.1 () {44 vars in 1051 bytes} [Sat Jun 27 19:01:36 2026] GET /v2/schemas/image => generated 6083 bytes in 3 msecs (HTTP/1.1 200) 4 headers in 158 bytes (1 switches on core 0)
Jun 27 19:01:37.034181 np0000003851 devstack@g-api.service[99458]: DEBUG glance.api.middleware.version_negotiation [None req-c4914245-59fe-409d-a1ad-9023f1fc5ec5 tempest-TestStampPattern-351809416 tempest-TestStampPattern-351809416-project-member] Determining version of request: POST /v2/images Accept: */* {{(pid=99458) process_request /opt/stack/glance/glance/api/middleware/version_negotiation.py:44}}
Jun 27 19:01:37.034569 np0000003851 devstack@g-api.service[99458]: DEBUG glance.api.middleware.version_negotiation [None req-c4914245-59fe-409d-a1ad-9023f1fc5ec5 tempest-TestStampPattern-351809416 tempest-TestStampPattern-351809416-project-member] Using url versioning {{(pid=99458) process_request /opt/stack/glance/glance/api/middleware/version_negotiation.py:57}}
Jun 27 19:01:37.034569 np0000003851 devstack@g-api.service[99458]: DEBUG glance.api.middleware.version_negotiation [None req-c4914245-59fe-409d-a1ad-9023f1fc5ec5 tempest-TestStampPattern-351809416 tempest-TestStampPattern-351809416-project-member] Matched version: v2 {{(pid=99458) process_request /opt/stack/glance/glance/api/middleware/version_negotiation.py:69}}
Jun 27 19:01:37.034569 np0000003851 devstack@g-api.service[99458]: DEBUG glance.api.middleware.version_negotiation [None req-c4914245-59fe-409d-a1ad-9023f1fc5ec5 tempest-TestStampPattern-351809416 tempest-TestStampPattern-351809416-project-member] new path /v2/images {{(pid=99458) process_request /opt/stack/glance/glance/api/middleware/version_negotiation.py:70}}
Jun 27 19:01:37.584448 np0000003851 devstack@g-api.service[99458]: [pid: 99458|app: 0|req: 127/395] 127.0.0.1 () {46 vars in 1051 bytes} [Sat Jun 27 19:01:37 2026] POST /v2/images => generated 1358 bytes in 550 msecs (HTTP/1.1 201) 6 headers in 316 bytes (1 switches on core 0)
Jun 27 19:01:37.653695 np0000003851 devstack@g-api.service[99460]: DEBUG glance.api.middleware.version_negotiation [None req-c4914245-59fe-409d-a1ad-9023f1fc5ec5 tempest-TestStampPattern-351809416 tempest-TestStampPattern-351809416-project-member] Determining version of request: GET /v2/images/9ecf23a4-970f-46e0-9189-dcb8dd0f2577 Accept: application/json {{(pid=99460) process_request /opt/stack/glance/glance/api/middleware/version_negotiation.py:44}}
Jun 27 19:01:37.653695 np0000003851 devstack@g-api.service[99460]: DEBUG glance.api.middleware.version_negotiation [None req-c4914245-59fe-409d-a1ad-9023f1fc5ec5 tempest-TestStampPattern-351809416 tempest-TestStampPattern-351809416-project-member] Using url versioning {{(pid=99460) process_request /opt/stack/glance/glance/api/middleware/version_negotiation.py:57}}
