Jun 26 01:46:05.799431 np0000003677 devstack@g-api.service[102718]: DEBUG glance.api.middleware.version_negotiation [None req-ba73a08f-52fd-41b1-97d8-8c8640c344fe tempest-VolumesActionsTest-478433187 tempest-VolumesActionsTest-478433187-project-member] Determining version of request: GET /v2/images/68ce93c0-43bc-46b6-8e0e-7a93819ba327 Accept: application/json {{(pid=102718) process_request /opt/stack/glance/glance/api/middleware/version_negotiation.py:44}}
Jun 26 01:46:05.799809 np0000003677 devstack@g-api.service[102718]: DEBUG glance.api.middleware.version_negotiation [None req-ba73a08f-52fd-41b1-97d8-8c8640c344fe tempest-VolumesActionsTest-478433187 tempest-VolumesActionsTest-478433187-project-member] Using url versioning {{(pid=102718) process_request /opt/stack/glance/glance/api/middleware/version_negotiation.py:57}}
Jun 26 01:46:05.799809 np0000003677 devstack@g-api.service[102718]: DEBUG glance.api.middleware.version_negotiation [None req-ba73a08f-52fd-41b1-97d8-8c8640c344fe tempest-VolumesActionsTest-478433187 tempest-VolumesActionsTest-478433187-project-member] Matched version: v2 {{(pid=102718) process_request /opt/stack/glance/glance/api/middleware/version_negotiation.py:69}}
Jun 26 01:46:05.799809 np0000003677 devstack@g-api.service[102718]: DEBUG glance.api.middleware.version_negotiation [None req-ba73a08f-52fd-41b1-97d8-8c8640c344fe tempest-VolumesActionsTest-478433187 tempest-VolumesActionsTest-478433187-project-member] new path /v2/images/68ce93c0-43bc-46b6-8e0e-7a93819ba327 {{(pid=102718) process_request /opt/stack/glance/glance/api/middleware/version_negotiation.py:70}}
Jun 26 01:46:05.814847 np0000003677 devstack@g-api.service[102718]: [pid: 102718|app: 0|req: 90/348] 127.0.0.1 () {40 vars in 834 bytes} [Fri Jun 26 01:46:05 2026] GET /v2/images/68ce93c0-43bc-46b6-8e0e-7a93819ba327 => generated 649 bytes in 16 msecs (HTTP/1.1 200) 4 headers in 157 bytes (1 switches on core 0)
Jun 26 01:46:06.825014 np0000003677 devstack@g-api.service[102721]: DEBUG glance.api.middleware.version_negotiation [None req-b952d5a6-1de6-4e3a-ac6c-9167dd2ee207 tempest-VolumesActionsTest-478433187 tempest-VolumesActionsTest-478433187-project-member] Determining version of request: GET /v2/images/68ce93c0-43bc-46b6-8e0e-7a93819ba327 Accept: application/json {{(pid=102721) process_request /opt/stack/glance/glance/api/middleware/version_negotiation.py:44}}
Jun 26 01:46:06.825445 np0000003677 devstack@g-api.service[102721]: DEBUG glance.api.middleware.version_negotiation [None req-b952d5a6-1de6-4e3a-ac6c-9167dd2ee207 tempest-VolumesActionsTest-478433187 tempest-VolumesActionsTest-478433187-project-member] Using url versioning {{(pid=102721) process_request /opt/stack/glance/glance/api/middleware/version_negotiation.py:57}}
Jun 26 01:46:06.825445 np0000003677 devstack@g-api.service[102721]: DEBUG glance.api.middleware.version_negotiation [None req-b952d5a6-1de6-4e3a-ac6c-9167dd2ee207 tempest-VolumesActionsTest-478433187 tempest-VolumesActionsTest-478433187-project-member] Matched version: v2 {{(pid=102721) process_request /opt/stack/glance/glance/api/middleware/version_negotiation.py:69}}
Jun 26 01:46:06.825445 np0000003677 devstack@g-api.service[102721]: DEBUG glance.api.middleware.version_negotiation [None req-b952d5a6-1de6-4e3a-ac6c-9167dd2ee207 tempest-VolumesActionsTest-478433187 tempest-VolumesActionsTest-478433187-project-member] new path /v2/images/68ce93c0-43bc-46b6-8e0e-7a93819ba327 {{(pid=102721) process_request /opt/stack/glance/glance/api/middleware/version_negotiation.py:70}}
Jun 26 01:46:06.835965 np0000003677 devstack@g-api.service[102721]: [pid: 102721|app: 0|req: 83/349] 127.0.0.1 () {40 vars in 834 bytes} [Fri Jun 26 01:46:06 2026] GET /v2/images/68ce93c0-43bc-46b6-8e0e-7a93819ba327 => generated 649 bytes in 11 msecs (HTTP/1.1 200) 4 headers in 157 bytes (1 switches on core 0)
Jun 26 01:46:07.737117 np0000003677 devstack@g-api.service[102719]: DEBUG swiftclient [None req-07bf0301-f5c4-4df9-8852-6fbb4c37bb62 tempest-VolumesActionsTest-478433187 tempest-VolumesActionsTest-478433187-project-member] REQ: curl -i https://10.4.3.59:8080/v1/AUTH_cf7048d68b214e1bb137d5237b6314e8/glance/68ce93c0-43bc-46b6-8e0e-7a93819ba327-00001 -X PUT -H "X-Auth-Token: gAAAAABqPdndQV6a..." {{(pid=102719) http_log /opt/stack/data/venv/lib/python3.12/site-packages/swiftclient/client.py:160}}
Jun 26 01:46:07.737117 np0000003677 devstack@g-api.service[102719]: DEBUG swiftclient [None req-07bf0301-f5c4-4df9-8852-6fbb4c37bb62 tempest-VolumesActionsTest-478433187 tempest-VolumesActionsTest-478433187-project-member] RESP STATUS: 201 Created {{(pid=102719) http_log /opt/stack/data/venv/lib/python3.12/site-packages/swiftclient/client.py:161}}
Jun 26 01:46:07.737117 np0000003677 devstack@g-api.service[102719]: DEBUG swiftclient [None req-07bf0301-f5c4-4df9-8852-6fbb4c37bb62 tempest-VolumesActionsTest-478433187 tempest-VolumesActionsTest-478433187-project-member] RESP HEADERS: {'Date': 'Fri, 26 Jun 2026 01:46:07 GMT', 'Server': 'Apache/2.4.58 (Ubuntu)', 'Content-Type': 'text/html; charset=UTF-8', 'Content-Length': '0', 'Etag': 'eda9a9889837ac4bc81d6387d92c1bec', 'Last-Modified': 'Fri, 26 Jun 2026 01:46:06 GMT', 'X-Trans-Id': 'tx3b84642178e9444cb609e-006a3dd9dd', 'X-Openstack-Request-Id': 'tx3b84642178e9444cb609e-006a3dd9dd', 'Connection': 'close'} {{(pid=102719) http_log /opt/stack/data/venv/lib/python3.12/site-packages/swiftclient/client.py:162}}
Jun 26 01:46:07.737117 np0000003677 devstack@g-api.service[102719]: DEBUG glance_store._drivers.swift.store [None req-07bf0301-f5c4-4df9-8852-6fbb4c37bb62 tempest-VolumesActionsTest-478433187 tempest-VolumesActionsTest-478433187-project-member] Wrote chunk 68ce93c0-43bc-46b6-8e0e-7a93819ba327-00001 (1/?) of length 204800000 to Swift returning MD5 of content: eda9a9889837ac4bc81d6387d92c1bec {{(pid=102719) add /opt/stack/data/venv/lib/python3.12/site-packages/glance_store/_drivers/swift/store.py:1059}}
Jun 26 01:46:07.852383 np0000003677 devstack@g-api.service[102720]: DEBUG glance.api.middleware.version_negotiation [None req-8f2de7a3-d1d9-4636-9716-0d5ac16d8935 tempest-VolumesActionsTest-478433187 tempest-VolumesActionsTest-478433187-project-member] Determining version of request: GET /v2/images/68ce93c0-43bc-46b6-8e0e-7a93819ba327 Accept: application/json {{(pid=102720) process_request /opt/stack/glance/glance/api/middleware/version_negotiation.py:44}}
Jun 26 01:46:07.852892 np0000003677 devstack@g-api.service[102720]: DEBUG glance.api.middleware.version_negotiation [None req-8f2de7a3-d1d9-4636-9716-0d5ac16d8935 tempest-VolumesActionsTest-478433187 tempest-VolumesActionsTest-478433187-project-member] Using url versioning {{(pid=102720) process_request /opt/stack/glance/glance/api/middleware/version_negotiation.py:57}}
Jun 26 01:46:07.852892 np0000003677 devstack@g-api.service[102720]: DEBUG glance.api.middleware.version_negotiation [None req-8f2de7a3-d1d9-4636-9716-0d5ac16d8935 tempest-VolumesActionsTest-478433187 tempest-VolumesActionsTest-478433187-project-member] Matched version: v2 {{(pid=102720) process_request /opt/stack/glance/glance/api/middleware/version_negotiation.py:69}}
Jun 26 01:46:07.852892 np0000003677 devstack@g-api.service[102720]: DEBUG glance.api.middleware.version_negotiation [None req-8f2de7a3-d1d9-4636-9716-0d5ac16d8935 tempest-VolumesActionsTest-478433187 tempest-VolumesActionsTest-478433187-project-member] new path /v2/images/68ce93c0-43bc-46b6-8e0e-7a93819ba327 {{(pid=102720) process_request /opt/stack/glance/glance/api/middleware/version_negotiation.py:70}}
Jun 26 01:46:07.867682 np0000003677 devstack@g-api.service[102720]: [pid: 102720|app: 0|req: 90/350] 127.0.0.1 () {40 vars in 834 bytes} [Fri Jun 26 01:46:07 2026] GET /v2/images/68ce93c0-43bc-46b6-8e0e-7a93819ba327 => generated 649 bytes in 15 msecs (HTTP/1.1 200) 4 headers in 157 bytes (1 switches on core 0)
Jun 26 01:46:08.883534 np0000003677 devstack@g-api.service[102718]: DEBUG glance.api.middleware.version_negotiation [None req-33a1346f-ed77-410e-bb66-d78f5c88206a tempest-VolumesActionsTest-478433187 tempest-VolumesActionsTest-478433187-project-member] Determining version of request: GET /v2/images/68ce93c0-43bc-46b6-8e0e-7a93819ba327 Accept: application/json {{(pid=102718) process_request /opt/stack/glance/glance/api/middleware/version_negotiation.py:44}}
Jun 26 01:46:08.883534 np0000003677 devstack@g-api.service[102718]: DEBUG glance.api.middleware.version_negotiation [None req-33a1346f-ed77-410e-bb66-d78f5c88206a tempest-VolumesActionsTest-478433187 tempest-VolumesActionsTest-478433187-project-member] Using url versioning {{(pid=102718) process_request /opt/stack/glance/glance/api/middleware/version_negotiation.py:57}}
Jun 26 01:46:08.884070 np0000003677 devstack@g-api.service[102718]: DEBUG glance.api.middleware.version_negotiation [None req-33a1346f-ed77-410e-bb66-d78f5c88206a tempest-VolumesActionsTest-478433187 tempest-VolumesActionsTest-478433187-project-member] Matched version: v2 {{(pid=102718) process_request /opt/stack/glance/glance/api/middleware/version_negotiation.py:69}}
Jun 26 01:46:08.884070 np0000003677 devstack@g-api.service[102718]: DEBUG glance.api.middleware.version_negotiation [None req-33a1346f-ed77-410e-bb66-d78f5c88206a tempest-VolumesActionsTest-478433187 tempest-VolumesActionsTest-478433187-project-member] new path /v2/images/68ce93c0-43bc-46b6-8e0e-7a93819ba327 {{(pid=102718) process_request /opt/stack/glance/glance/api/middleware/version_negotiation.py:70}}
Jun 26 01:46:08.899764 np0000003677 devstack@g-api.service[102718]: [pid: 102718|app: 0|req: 91/351] 127.0.0.1 () {40 vars in 834 bytes} [Fri Jun 26 01:46:08 2026] GET /v2/images/68ce93c0-43bc-46b6-8e0e-7a93819ba327 => generated 649 bytes in 17 msecs (HTTP/1.1 200) 4 headers in 157 bytes (1 switches on core 0)
Jun 26 01:46:09.761846 np0000003677 devstack@g-api.service[102719]: DEBUG swiftclient [None req-07bf0301-f5c4-4df9-8852-6fbb4c37bb62 tempest-VolumesActionsTest-478433187 tempest-VolumesActionsTest-478433187-project-member] REQ: curl -i https://10.4.3.59:8080/v1/AUTH_cf7048d68b214e1bb137d5237b6314e8/glance/68ce93c0-43bc-46b6-8e0e-7a93819ba327-00002 -X PUT -H "X-Auth-Token: gAAAAABqPdndQV6a..." {{(pid=102719) http_log /opt/stack/data/venv/lib/python3.12/site-packages/swiftclient/client.py:160}}
Jun 26 01:46:09.761846 np0000003677 devstack@g-api.service[102719]: DEBUG swiftclient [None req-07bf0301-f5c4-4df9-8852-6fbb4c37bb62 tempest-VolumesActionsTest-478433187 tempest-VolumesActionsTest-478433187-project-member] RESP STATUS: 201 Created {{(pid=102719) http_log /opt/stack/data/venv/lib/python3.12/site-packages/swiftclient/client.py:161}}
Jun 26 01:46:09.764090 np0000003677 devstack@g-api.service[102719]: DEBUG swiftclient [None req-07bf0301-f5c4-4df9-8852-6fbb4c37bb62 tempest-VolumesActionsTest-478433187 tempest-VolumesActionsTest-478433187-project-member] RESP HEADERS: {'Date': 'Fri, 26 Jun 2026 01:46:09 GMT', 'Server': 'Apache/2.4.58 (Ubuntu)', 'Content-Type': 'text/html; charset=UTF-8', 'Content-Length': '0', 'Etag': 'eda9a9889837ac4bc81d6387d92c1bec', 'Last-Modified': 'Fri, 26 Jun 2026 01:46:08 GMT', 'X-Trans-Id': 'tx5e535242e69f4db6bd065-006a3dd9df', 'X-Openstack-Request-Id': 'tx5e535242e69f4db6bd065-006a3dd9df', 'Connection': 'close'} {{(pid=102719) http_log /opt/stack/data/venv/lib/python3.12/site-packages/swiftclient/client.py:162}}
Jun 26 01:46:09.764090 np0000003677 devstack@g-api.service[102719]: DEBUG glance_store._drivers.swift.store [None req-07bf0301-f5c4-4df9-8852-6fbb4c37bb62 tempest-VolumesActionsTest-478433187 tempest-VolumesActionsTest-478433187-project-member] Wrote chunk 68ce93c0-43bc-46b6-8e0e-7a93819ba327-00002 (2/?) of length 204800000 to Swift returning MD5 of content: eda9a9889837ac4bc81d6387d92c1bec {{(pid=102719) add /opt/stack/data/venv/lib/python3.12/site-packages/glance_store/_drivers/swift/store.py:1059}}
Jun 26 01:46:09.910541 np0000003677 devstack@g-api.service[102721]: DEBUG glance.api.middleware.version_negotiation [None req-62a1d0f1-1f6a-4746-9bc0-e39d6633d085 tempest-VolumesActionsTest-478433187 tempest-VolumesActionsTest-478433187-project-member] Determining version of request: GET /v2/images/68ce93c0-43bc-46b6-8e0e-7a93819ba327 Accept: application/json {{(pid=102721) process_request /opt/stack/glance/glance/api/middleware/version_negotiation.py:44}}
Jun 26 01:46:09.910862 np0000003677 devstack@g-api.service[102721]: DEBUG glance.api.middleware.version_negotiation [None req-62a1d0f1-1f6a-4746-9bc0-e39d6633d085 tempest-VolumesActionsTest-478433187 tempest-VolumesActionsTest-478433187-project-member] Using url versioning {{(pid=102721) process_request /opt/stack/glance/glance/api/middleware/version_negotiation.py:57}}
Jun 26 01:46:09.910862 np0000003677 devstack@g-api.service[102721]: DEBUG glance.api.middleware.version_negotiation [None req-62a1d0f1-1f6a-4746-9bc0-e39d6633d085 tempest-VolumesActionsTest-478433187 tempest-VolumesActionsTest-478433187-project-member] Matched version: v2 {{(pid=102721) process_request /opt/stack/glance/glance/api/middleware/version_negotiation.py:69}}
Jun 26 01:46:09.910956 np0000003677 devstack@g-api.service[102721]: DEBUG glance.api.middleware.version_negotiation [None req-62a1d0f1-1f6a-4746-9bc0-e39d6633d085 tempest-VolumesActionsTest-478433187 tempest-VolumesActionsTest-478433187-project-member] new path /v2/images/68ce93c0-43bc-46b6-8e0e-7a93819ba327 {{(pid=102721) process_request /opt/stack/glance/glance/api/middleware/version_negotiation.py:70}}
Jun 26 01:46:09.921751 np0000003677 devstack@g-api.service[102721]: [pid: 102721|app: 0|req: 84/352] 127.0.0.1 () {40 vars in 834 bytes} [Fri Jun 26 01:46:09 2026] GET /v2/images/68ce93c0-43bc-46b6-8e0e-7a93819ba327 => generated 649 bytes in 11 msecs (HTTP/1.1 200) 4 headers in 157 bytes (1 switches on core 0)
Jun 26 01:46:10.931243 np0000003677 devstack@g-api.service[102720]: DEBUG glance.api.middleware.version_negotiation [None req-1a6608e8-dd49-4660-8f8b-94806c41f80c tempest-VolumesActionsTest-478433187 tempest-VolumesActionsTest-478433187-project-member] Determining version of request: GET /v2/images/68ce93c0-43bc-46b6-8e0e-7a93819ba327 Accept: application/json {{(pid=102720) process_request /opt/stack/glance/glance/api/middleware/version_negotiation.py:44}}
Jun 26 01:46:10.931662 np0000003677 devstack@g-api.service[102720]: DEBUG glance.api.middleware.version_negotiation [None req-1a6608e8-dd49-4660-8f8b-94806c41f80c tempest-VolumesActionsTest-478433187 tempest-VolumesActionsTest-478433187-project-member] Using url versioning {{(pid=102720) process_request /opt/stack/glance/glance/api/middleware/version_negotiation.py:57}}
Jun 26 01:46:10.931662 np0000003677 devstack@g-api.service[102720]: DEBUG glance.api.middleware.version_negotiation [None req-1a6608e8-dd49-4660-8f8b-94806c41f80c tempest-VolumesActionsTest-478433187 tempest-VolumesActionsTest-478433187-project-member] Matched version: v2 {{(pid=102720) process_request /opt/stack/glance/glance/api/middleware/version_negotiation.py:69}}
Jun 26 01:46:10.931662 np0000003677 devstack@g-api.service[102720]: DEBUG glance.api.middleware.version_negotiation [None req-1a6608e8-dd49-4660-8f8b-94806c41f80c tempest-VolumesActionsTest-478433187 tempest-VolumesActionsTest-478433187-project-member] new path /v2/images/68ce93c0-43bc-46b6-8e0e-7a93819ba327 {{(pid=102720) process_request /opt/stack/glance/glance/api/middleware/version_negotiation.py:70}}
Jun 26 01:46:10.946819 np0000003677 devstack@g-api.service[102720]: [pid: 102720|app: 0|req: 91/353] 127.0.0.1 () {40 vars in 834 bytes} [Fri Jun 26 01:46:10 2026] GET /v2/images/68ce93c0-43bc-46b6-8e0e-7a93819ba327 => generated 649 bytes in 16 msecs (HTTP/1.1 200) 4 headers in 157 bytes (1 switches on core 0)
Jun 26 01:46:11.963461 np0000003677 devstack@g-api.service[102718]: DEBUG glance.api.middleware.version_negotiation [None req-ce14fb7b-9c23-4e7d-b39c-4cfd4889f713 tempest-VolumesActionsTest-478433187 tempest-VolumesActionsTest-478433187-project-member] Determining version of request: GET /v2/images/68ce93c0-43bc-46b6-8e0e-7a93819ba327 Accept: application/json {{(pid=102718) process_request /opt/stack/glance/glance/api/middleware/version_negotiation.py:44}}
Jun 26 01:46:11.963888 np0000003677 devstack@g-api.service[102718]: DEBUG glance.api.middleware.version_negotiation [None req-ce14fb7b-9c23-4e7d-b39c-4cfd4889f713 tempest-VolumesActionsTest-478433187 tempest-VolumesActionsTest-478433187-project-member] Using url versioning {{(pid=102718) process_request /opt/stack/glance/glance/api/middleware/version_negotiation.py:57}}
Jun 26 01:46:11.963888 np0000003677 devstack@g-api.service[102718]: DEBUG glance.api.middleware.version_negotiation [None req-ce14fb7b-9c23-4e7d-b39c-4cfd4889f713 tempest-VolumesActionsTest-478433187 tempest-VolumesActionsTest-478433187-project-member] Matched version: v2 {{(pid=102718) process_request /opt/stack/glance/glance/api/middleware/version_negotiation.py:69}}
Jun 26 01:46:11.964013 np0000003677 devstack@g-api.service[102718]: DEBUG glance.api.middleware.version_negotiation [None req-ce14fb7b-9c23-4e7d-b39c-4cfd4889f713 tempest-VolumesActionsTest-478433187 tempest-VolumesActionsTest-478433187-project-member] new path /v2/images/68ce93c0-43bc-46b6-8e0e-7a93819ba327 {{(pid=102718) process_request /opt/stack/glance/glance/api/middleware/version_negotiation.py:70}}
Jun 26 01:46:11.976807 np0000003677 devstack@g-api.service[102718]: [pid: 102718|app: 0|req: 92/354] 127.0.0.1 () {40 vars in 834 bytes} [Fri Jun 26 01:46:11 2026] GET /v2/images/68ce93c0-43bc-46b6-8e0e-7a93819ba327 => generated 649 bytes in 13 msecs (HTTP/1.1 200) 4 headers in 157 bytes (1 switches on core 0)
Jun 26 01:46:12.163128 np0000003677 devstack@g-api.service[102719]: DEBUG swiftclient [None req-07bf0301-f5c4-4df9-8852-6fbb4c37bb62 tempest-VolumesActionsTest-478433187 tempest-VolumesActionsTest-478433187-project-member] REQ: curl -i https://10.4.3.59:8080/v1/AUTH_cf7048d68b214e1bb137d5237b6314e8/glance/68ce93c0-43bc-46b6-8e0e-7a93819ba327-00003 -X PUT -H "X-Auth-Token: gAAAAABqPdndQV6a..." {{(pid=102719) http_log /opt/stack/data/venv/lib/python3.12/site-packages/swiftclient/client.py:160}}
Jun 26 01:46:12.163413 np0000003677 devstack@g-api.service[102719]: DEBUG swiftclient [None req-07bf0301-f5c4-4df9-8852-6fbb4c37bb62 tempest-VolumesActionsTest-478433187 tempest-VolumesActionsTest-478433187-project-member] RESP STATUS: 201 Created {{(pid=102719) http_log /opt/stack/data/venv/lib/python3.12/site-packages/swiftclient/client.py:161}}
Jun 26 01:46:12.163453 np0000003677 devstack@g-api.service[102719]: DEBUG swiftclient [None req-07bf0301-f5c4-4df9-8852-6fbb4c37bb62 tempest-VolumesActionsTest-478433187 tempest-VolumesActionsTest-478433187-project-member] RESP HEADERS: {'Date': 'Fri, 26 Jun 2026 01:46:12 GMT', 'Server': 'Apache/2.4.58 (Ubuntu)', 'Content-Type': 'text/html; charset=UTF-8', 'Content-Length': '0', 'Etag': 'eda9a9889837ac4bc81d6387d92c1bec', 'Last-Modified': 'Fri, 26 Jun 2026 01:46:10 GMT', 'X-Trans-Id': 'txf51ee1c14bc4413ebdb2f-006a3dd9e1', 'X-Openstack-Request-Id': 'txf51ee1c14bc4413ebdb2f-006a3dd9e1', 'Connection': 'close'} {{(pid=102719) http_log /opt/stack/data/venv/lib/python3.12/site-packages/swiftclient/client.py:162}}
Jun 26 01:46:12.163573 np0000003677 devstack@g-api.service[102719]: DEBUG glance_store._drivers.swift.store [None req-07bf0301-f5c4-4df9-8852-6fbb4c37bb62 tempest-VolumesActionsTest-478433187 tempest-VolumesActionsTest-478433187-project-member] Wrote chunk 68ce93c0-43bc-46b6-8e0e-7a93819ba327-00003 (3/?) of length 204800000 to Swift returning MD5 of content: eda9a9889837ac4bc81d6387d92c1bec {{(pid=102719) add /opt/stack/data/venv/lib/python3.12/site-packages/glance_store/_drivers/swift/store.py:1059}}
Jun 26 01:46:12.988064 np0000003677 devstack@g-api.service[102721]: DEBUG glance.api.middleware.version_negotiation [None req-50212865-300d-4949-8e9f-595777efa19f tempest-VolumesActionsTest-478433187 tempest-VolumesActionsTest-478433187-project-member] Determining version of request: GET /v2/images/68ce93c0-43bc-46b6-8e0e-7a93819ba327 Accept: application/json {{(pid=102721) process_request /opt/stack/glance/glance/api/middleware/version_negotiation.py:44}}
Jun 26 01:46:12.988471 np0000003677 devstack@g-api.service[102721]: DEBUG glance.api.middleware.version_negotiation [None req-50212865-300d-4949-8e9f-595777efa19f tempest-VolumesActionsTest-478433187 tempest-VolumesActionsTest-478433187-project-member] Using url versioning {{(pid=102721) process_request /opt/stack/glance/glance/api/middleware/version_negotiation.py:57}}
Jun 26 01:46:12.988471 np0000003677 devstack@g-api.service[102721]: DEBUG glance.api.middleware.version_negotiation [None req-50212865-300d-4949-8e9f-595777efa19f tempest-VolumesActionsTest-478433187 tempest-VolumesActionsTest-478433187-project-member] Matched version: v2 {{(pid=102721) process_request /opt/stack/glance/glance/api/middleware/version_negotiation.py:69}}
Jun 26 01:46:12.988471 np0000003677 devstack@g-api.service[102721]: DEBUG glance.api.middleware.version_negotiation [None req-50212865-300d-4949-8e9f-595777efa19f tempest-VolumesActionsTest-478433187 tempest-VolumesActionsTest-478433187-project-member] new path /v2/images/68ce93c0-43bc-46b6-8e0e-7a93819ba327 {{(pid=102721) process_request /opt/stack/glance/glance/api/middleware/version_negotiation.py:70}}
Jun 26 01:46:13.005375 np0000003677 devstack@g-api.service[102721]: [pid: 102721|app: 0|req: 85/355] 127.0.0.1 () {40 vars in 834 bytes} [Fri Jun 26 01:46:12 2026] GET /v2/images/68ce93c0-43bc-46b6-8e0e-7a93819ba327 => generated 649 bytes in 17 msecs (HTTP/1.1 200) 4 headers in 157 bytes (1 switches on core 0)
Jun 26 01:46:14.021439 np0000003677 devstack@g-api.service[102720]: DEBUG glance.api.middleware.version_negotiation [None req-d668ff97-902d-4f5c-b51a-012ccef269f6 tempest-VolumesActionsTest-478433187 tempest-VolumesActionsTest-478433187-project-member] Determining version of request: GET /v2/images/68ce93c0-43bc-46b6-8e0e-7a93819ba327 Accept: application/json {{(pid=102720) process_request /opt/stack/glance/glance/api/middleware/version_negotiation.py:44}}
Jun 26 01:46:14.021439 np0000003677 devstack@g-api.service[102720]: DEBUG glance.api.middleware.version_negotiation [None req-d668ff97-902d-4f5c-b51a-012ccef269f6 tempest-VolumesActionsTest-478433187 tempest-VolumesActionsTest-478433187-project-member] Using url versioning {{(pid=102720) process_request /opt/stack/glance/glance/api/middleware/version_negotiation.py:57}}
Jun 26 01:46:14.021439 np0000003677 devstack@g-api.service[102720]: DEBUG glance.api.middleware.version_negotiation [None req-d668ff97-902d-4f5c-b51a-012ccef269f6 tempest-VolumesActionsTest-478433187 tempest-VolumesActionsTest-478433187-project-member] Matched version: v2 {{(pid=102720) process_request /opt/stack/glance/glance/api/middleware/version_negotiation.py:69}}
Jun 26 01:46:14.021439 np0000003677 devstack@g-api.service[102720]: DEBUG glance.api.middleware.version_negotiation [None req-d668ff97-902d-4f5c-b51a-012ccef269f6 tempest-VolumesActionsTest-478433187 tempest-VolumesActionsTest-478433187-project-member] new path /v2/images/68ce93c0-43bc-46b6-8e0e-7a93819ba327 {{(pid=102720) process_request /opt/stack/glance/glance/api/middleware/version_negotiation.py:70}}
Jun 26 01:46:14.033074 np0000003677 devstack@g-api.service[102720]: [pid: 102720|app: 0|req: 92/356] 127.0.0.1 () {40 vars in 834 bytes} [Fri Jun 26 01:46:14 2026] GET /v2/images/68ce93c0-43bc-46b6-8e0e-7a93819ba327 => generated 649 bytes in 13 msecs (HTTP/1.1 200) 4 headers in 157 bytes (1 switches on core 0)
Jun 26 01:46:14.085374 np0000003677 devstack@g-api.service[102719]: DEBUG swiftclient [None req-07bf0301-f5c4-4df9-8852-6fbb4c37bb62 tempest-VolumesActionsTest-478433187 tempest-VolumesActionsTest-478433187-project-member] REQ: curl -i https://10.4.3.59:8080/v1/AUTH_cf7048d68b214e1bb137d5237b6314e8/glance/68ce93c0-43bc-46b6-8e0e-7a93819ba327-00004 -X PUT -H "X-Auth-Token: gAAAAABqPdndQV6a..." {{(pid=102719) http_log /opt/stack/data/venv/lib/python3.12/site-packages/swiftclient/client.py:160}}
Jun 26 01:46:14.085656 np0000003677 devstack@g-api.service[102719]: DEBUG swiftclient [None req-07bf0301-f5c4-4df9-8852-6fbb4c37bb62 tempest-VolumesActionsTest-478433187 tempest-VolumesActionsTest-478433187-project-member] RESP STATUS: 201 Created {{(pid=102719) http_log /opt/stack/data/venv/lib/python3.12/site-packages/swiftclient/client.py:161}}
Jun 26 01:46:14.085656 np0000003677 devstack@g-api.service[102719]: DEBUG swiftclient [None req-07bf0301-f5c4-4df9-8852-6fbb4c37bb62 tempest-VolumesActionsTest-478433187 tempest-VolumesActionsTest-478433187-project-member] RESP HEADERS: {'Date': 'Fri, 26 Jun 2026 01:46:14 GMT', 'Server': 'Apache/2.4.58 (Ubuntu)', 'Content-Type': 'text/html; charset=UTF-8', 'Content-Length': '0', 'Etag': 'eda9a9889837ac4bc81d6387d92c1bec', 'Last-Modified': 'Fri, 26 Jun 2026 01:46:13 GMT', 'X-Trans-Id': 'tx801f32164228496fbff3c-006a3dd9e4', 'X-Openstack-Request-Id': 'tx801f32164228496fbff3c-006a3dd9e4', 'Connection': 'close'} {{(pid=102719) http_log /opt/stack/data/venv/lib/python3.12/site-packages/swiftclient/client.py:162}}
Jun 26 01:46:14.085755 np0000003677 devstack@g-api.service[102719]: DEBUG glance_store._drivers.swift.store [None req-07bf0301-f5c4-4df9-8852-6fbb4c37bb62 tempest-VolumesActionsTest-478433187 tempest-VolumesActionsTest-478433187-project-member] Wrote chunk 68ce93c0-43bc-46b6-8e0e-7a93819ba327-00004 (4/?) of length 204800000 to Swift returning MD5 of content: eda9a9889837ac4bc81d6387d92c1bec {{(pid=102719) add /opt/stack/data/venv/lib/python3.12/site-packages/glance_store/_drivers/swift/store.py:1059}}
Jun 26 01:46:14.521284 np0000003677 devstack@g-api.service[102718]: DEBUG glance.api.middleware.version_negotiation [None req-0e1baae8-fc33-4c49-a91e-61dcd3e08c32 tempest-VolumesActionsTest-478433187 tempest-VolumesActionsTest-478433187-project-member] Determining version of request: GET /v2/schemas/image Accept: */* {{(pid=102718) process_request /opt/stack/glance/glance/api/middleware/version_negotiation.py:44}}
Jun 26 01:46:14.521744 np0000003677 devstack@g-api.service[102718]: DEBUG glance.api.middleware.version_negotiation [None req-0e1baae8-fc33-4c49-a91e-61dcd3e08c32 tempest-VolumesActionsTest-478433187 tempest-VolumesActionsTest-478433187-project-member] Using url versioning {{(pid=102718) process_request /opt/stack/glance/glance/api/middleware/version_negotiation.py:57}}
Jun 26 01:46:14.521744 np0000003677 devstack@g-api.service[102718]: DEBUG glance.api.middleware.version_negotiation [None req-0e1baae8-fc33-4c49-a91e-61dcd3e08c32 tempest-VolumesActionsTest-478433187 tempest-VolumesActionsTest-478433187-project-member] Matched version: v2 {{(pid=102718) process_request /opt/stack/glance/glance/api/middleware/version_negotiation.py:69}}
Jun 26 01:46:14.523349 np0000003677 devstack@g-api.service[102718]: DEBUG glance.api.middleware.version_negotiation [None req-0e1baae8-fc33-4c49-a91e-61dcd3e08c32 tempest-VolumesActionsTest-478433187 tempest-VolumesActionsTest-478433187-project-member] new path /v2/schemas/image {{(pid=102718) process_request /opt/stack/glance/glance/api/middleware/version_negotiation.py:70}}
Jun 26 01:46:14.527418 np0000003677 devstack@g-api.service[102718]: [pid: 102718|app: 0|req: 93/357] 127.0.0.1 () {44 vars in 1051 bytes} [Fri Jun 26 01:46:14 2026] GET /v2/schemas/image => generated 6083 bytes in 6 msecs (HTTP/1.1 200) 4 headers in 158 bytes (1 switches on core 0)
Jun 26 01:46:14.575131 np0000003677 devstack@g-api.service[102721]: DEBUG glance.api.middleware.version_negotiation [None req-aeb59968-dac5-4007-821f-99df1f71cdbb tempest-VolumesActionsTest-478433187 tempest-VolumesActionsTest-478433187-project-member] Determining version of request: POST /v2/images Accept: */* {{(pid=102721) process_request /opt/stack/glance/glance/api/middleware/version_negotiation.py:44}}
Jun 26 01:46:14.575608 np0000003677 devstack@g-api.service[102721]: DEBUG glance.api.middleware.version_negotiation [None req-aeb59968-dac5-4007-821f-99df1f71cdbb tempest-VolumesActionsTest-478433187 tempest-VolumesActionsTest-478433187-project-member] Using url versioning {{(pid=102721) process_request /opt/stack/glance/glance/api/middleware/version_negotiation.py:57}}
Jun 26 01:46:14.575608 np0000003677 devstack@g-api.service[102721]: DEBUG glance.api.middleware.version_negotiation [None req-aeb59968-dac5-4007-821f-99df1f71cdbb tempest-VolumesActionsTest-478433187 tempest-VolumesActionsTest-478433187-project-member] Matched version: v2 {{(pid=102721) process_request /opt/stack/glance/glance/api/middleware/version_negotiation.py:69}}
Jun 26 01:46:14.575608 np0000003677 devstack@g-api.service[102721]: DEBUG glance.api.middleware.version_negotiation [None req-aeb59968-dac5-4007-821f-99df1f71cdbb tempest-VolumesActionsTest-478433187 tempest-VolumesActionsTest-478433187-project-member] new path /v2/images {{(pid=102721) process_request /opt/stack/glance/glance/api/middleware/version_negotiation.py:70}}
Jun 26 01:46:15.046134 np0000003677 devstack@g-api.service[102720]: DEBUG glance.api.middleware.version_negotiation [None req-eab1ad3d-6e68-49a9-a0fc-ce06314b63a5 tempest-VolumesActionsTest-478433187 tempest-VolumesActionsTest-478433187-project-member] Determining version of request: GET /v2/images/68ce93c0-43bc-46b6-8e0e-7a93819ba327 Accept: application/json {{(pid=102720) process_request /opt/stack/glance/glance/api/middleware/version_negotiation.py:44}}
Jun 26 01:46:15.046134 np0000003677 devstack@g-api.service[102720]: DEBUG glance.api.middleware.version_negotiation [None req-eab1ad3d-6e68-49a9-a0fc-ce06314b63a5 tempest-VolumesActionsTest-478433187 tempest-VolumesActionsTest-478433187-project-member] Using url versioning {{(pid=102720) process_request /opt/stack/glance/glance/api/middleware/version_negotiation.py:57}}
Jun 26 01:46:15.046134 np0000003677 devstack@g-api.service[102720]: DEBUG glance.api.middleware.version_negotiation [None req-eab1ad3d-6e68-49a9-a0fc-ce06314b63a5 tempest-VolumesActionsTest-478433187 tempest-VolumesActionsTest-478433187-project-member] Matched version: v2 {{(pid=102720) process_request /opt/stack/glance/glance/api/middleware/version_negotiation.py:69}}
Jun 26 01:46:15.046134 np0000003677 devstack@g-api.service[102720]: DEBUG glance.api.middleware.version_negotiation [None req-eab1ad3d-6e68-49a9-a0fc-ce06314b63a5 tempest-VolumesActionsTest-478433187 tempest-VolumesActionsTest-478433187-project-member] new path /v2/images/68ce93c0-43bc-46b6-8e0e-7a93819ba327 {{(pid=102720) process_request /opt/stack/glance/glance/api/middleware/version_negotiation.py:70}}
Jun 26 01:46:15.055834 np0000003677 devstack@g-api.service[102720]: [pid: 102720|app: 0|req: 93/358] 127.0.0.1 () {40 vars in 834 bytes} [Fri Jun 26 01:46:15 2026] GET /v2/images/68ce93c0-43bc-46b6-8e0e-7a93819ba327 => generated 649 bytes in 12 msecs (HTTP/1.1 200) 4 headers in 157 bytes (1 switches on core 0)
Jun 26 01:46:15.250889 np0000003677 devstack@g-api.service[102721]: [pid: 102721|app: 0|req: 86/359] 127.0.0.1 () {46 vars in 1051 bytes} [Fri Jun 26 01:46:14 2026] POST /v2/images => generated 1360 bytes in 676 msecs (HTTP/1.1 201) 6 headers in 316 bytes (1 switches on core 0)
Jun 26 01:46:15.322948 np0000003677 devstack@g-api.service[102718]: DEBUG glance.api.middleware.version_negotiation [None req-16ef5e68-6c2b-4f2f-b40b-e000caf4a002 tempest-ServerBootFromVolumeStableRescueTest-2050133287 tempest-ServerBootFromVolumeStableRescueTest-2050133287-project-member] Determining version of request: GET /v2/images/30ab5e34-c056-4110-b1a6-e9a713c37e3c Accept: application/json {{(pid=102718) process_request /opt/stack/glance/glance/api/middleware/version_negotiation.py:44}}
Jun 26 01:46:15.322948 np0000003677 devstack@g-api.service[102718]: DEBUG glance.api.middleware.version_negotiation [None req-16ef5e68-6c2b-4f2f-b40b-e000caf4a002 tempest-ServerBootFromVolumeStableRescueTest-2050133287 tempest-ServerBootFromVolumeStableRescueTest-2050133287-project-member] Using url versioning {{(pid=102718) process_request /opt/stack/glance/glance/api/middleware/version_negotiation.py:57}}
Jun 26 01:46:15.322948 np0000003677 devstack@g-api.service[102718]: DEBUG glance.api.middleware.version_negotiation [None req-16ef5e68-6c2b-4f2f-b40b-e000caf4a002 tempest-ServerBootFromVolumeStableRescueTest-2050133287 tempest-ServerBootFromVolumeStableRescueTest-2050133287-project-member] Matched version: v2 {{(pid=102718) process_request /opt/stack/glance/glance/api/middleware/version_negotiation.py:69}}
Jun 26 01:46:15.322948 np0000003677 devstack@g-api.service[102718]: DEBUG glance.api.middleware.version_negotiation [None req-16ef5e68-6c2b-4f2f-b40b-e000caf4a002 tempest-ServerBootFromVolumeStableRescueTest-2050133287 tempest-ServerBootFromVolumeStableRescueTest-2050133287-project-member] new path /v2/images/30ab5e34-c056-4110-b1a6-e9a713c37e3c {{(pid=102718) process_request /opt/stack/glance/glance/api/middleware/version_negotiation.py:70}}
Jun 26 01:46:15.328688 np0000003677 devstack@g-api.service[102718]: DEBUG dbcounter [-] [102718] Writing DB stats glance:SELECT=80,glance:UPDATE=4,glance:INSERT=5 {{(pid=102718) stat_writer /opt/stack/data/venv/lib/python3.12/site-packages/dbcounter.py:115}}
Jun 26 01:46:15.343435 np0000003677 devstack@g-api.service[102718]: [pid: 102718|app: 0|req: 94/360] 127.0.0.1 () {40 vars in 834 bytes} [Fri Jun 26 01:46:15 2026] GET /v2/images/30ab5e34-c056-4110-b1a6-e9a713c37e3c => generated 1360 bytes in 21 msecs (HTTP/1.1 200) 4 headers in 158 bytes (1 switches on core 0)
Jun 26 01:46:15.617787 np0000003677 devstack@g-api.service[102719]: DEBUG dbcounter [-] [102719] Writing DB stats glance:SELECT=20,glance:UPDATE=1 {{(pid=102719) stat_writer /opt/stack/data/venv/lib/python3.12/site-packages/dbcounter.py:115}}
Jun 26 01:46:16.060186 np0000003677 devstack@g-api.service[102719]: DEBUG swiftclient [None req-07bf0301-f5c4-4df9-8852-6fbb4c37bb62 tempest-VolumesActionsTest-478433187 tempest-VolumesActionsTest-478433187-project-member] REQ: curl -i https://10.4.3.59:8080/v1/AUTH_cf7048d68b214e1bb137d5237b6314e8/glance/68ce93c0-43bc-46b6-8e0e-7a93819ba327-00005 -X PUT -H "X-Auth-Token: gAAAAABqPdndQV6a..." {{(pid=102719) http_log /opt/stack/data/venv/lib/python3.12/site-packages/swiftclient/client.py:160}}
Jun 26 01:46:16.060398 np0000003677 devstack@g-api.service[102719]: DEBUG swiftclient [None req-07bf0301-f5c4-4df9-8852-6fbb4c37bb62 tempest-VolumesActionsTest-478433187 tempest-VolumesActionsTest-478433187-project-member] RESP STATUS: 201 Created {{(pid=102719) http_log /opt/stack/data/venv/lib/python3.12/site-packages/swiftclient/client.py:161}}
Jun 26 01:46:16.060623 np0000003677 devstack@g-api.service[102719]: DEBUG swiftclient [None req-07bf0301-f5c4-4df9-8852-6fbb4c37bb62 tempest-VolumesActionsTest-478433187 tempest-VolumesActionsTest-478433187-project-member] RESP HEADERS: {'Date': 'Fri, 26 Jun 2026 01:46:16 GMT', 'Server': 'Apache/2.4.58 (Ubuntu)', 'Content-Type': 'text/html; charset=UTF-8', 'Content-Length': '0', 'Etag': 'eda9a9889837ac4bc81d6387d92c1bec', 'Last-Modified': 'Fri, 26 Jun 2026 01:46:15 GMT', 'X-Trans-Id': 'tx49eae786d6aa47148e1e9-006a3dd9e6', 'X-Openstack-Request-Id': 'tx49eae786d6aa47148e1e9-006a3dd9e6', 'Connection': 'close'} {{(pid=102719) http_log /opt/stack/data/venv/lib/python3.12/site-packages/swiftclient/client.py:162}}
Jun 26 01:46:16.060759 np0000003677 devstack@g-api.service[102719]: DEBUG glance_store._drivers.swift.store [None req-07bf0301-f5c4-4df9-8852-6fbb4c37bb62 tempest-VolumesActionsTest-478433187 tempest-VolumesActionsTest-478433187-project-member] Wrote chunk 68ce93c0-43bc-46b6-8e0e-7a93819ba327-00005 (5/?) of length 204800000 to Swift returning MD5 of content: eda9a9889837ac4bc81d6387d92c1bec {{(pid=102719) add /opt/stack/data/venv/lib/python3.12/site-packages/glance_store/_drivers/swift/store.py:1059}}
Jun 26 01:46:16.063205 np0000003677 devstack@g-api.service[102720]: DEBUG glance.api.middleware.version_negotiation [None req-ad2879e4-1e3f-4d87-9f1d-61b2831113ea tempest-VolumesActionsTest-478433187 tempest-VolumesActionsTest-478433187-project-member] Determining version of request: GET /v2/images/68ce93c0-43bc-46b6-8e0e-7a93819ba327 Accept: application/json {{(pid=102720) process_request /opt/stack/glance/glance/api/middleware/version_negotiation.py:44}}
Jun 26 01:46:16.063594 np0000003677 devstack@g-api.service[102720]: DEBUG glance.api.middleware.version_negotiation [None req-ad2879e4-1e3f-4d87-9f1d-61b2831113ea tempest-VolumesActionsTest-478433187 tempest-VolumesActionsTest-478433187-project-member] Using url versioning {{(pid=102720) process_request /opt/stack/glance/glance/api/middleware/version_negotiation.py:57}}
Jun 26 01:46:16.063594 np0000003677 devstack@g-api.service[102720]: DEBUG glance.api.middleware.version_negotiation [None req-ad2879e4-1e3f-4d87-9f1d-61b2831113ea tempest-VolumesActionsTest-478433187 tempest-VolumesActionsTest-478433187-project-member] Matched version: v2 {{(pid=102720) process_request /opt/stack/glance/glance/api/middleware/version_negotiation.py:69}}
Jun 26 01:46:16.063827 np0000003677 devstack@g-api.service[102720]: DEBUG glance.api.middleware.version_negotiation [None req-ad2879e4-1e3f-4d87-9f1d-61b2831113ea tempest-VolumesActionsTest-478433187 tempest-VolumesActionsTest-478433187-project-member] new path /v2/images/68ce93c0-43bc-46b6-8e0e-7a93819ba327 {{(pid=102720) process_request /opt/stack/glance/glance/api/middleware/version_negotiation.py:70}}
Jun 26 01:46:16.082685 np0000003677 devstack@g-api.service[102720]: [pid: 102720|app: 0|req: 94/361] 127.0.0.1 () {40 vars in 834 bytes} [Fri Jun 26 01:46:16 2026] GET /v2/images/68ce93c0-43bc-46b6-8e0e-7a93819ba327 => generated 649 bytes in 20 msecs (HTTP/1.1 200) 4 headers in 157 bytes (1 switches on core 0)
Jun 26 01:46:16.360251 np0000003677 devstack@g-api.service[102721]: DEBUG glance.api.middleware.version_negotiation [None req-16ef5e68-6c2b-4f2f-b40b-e000caf4a002 tempest-ServerBootFromVolumeStableRescueTest-2050133287 tempest-ServerBootFromVolumeStableRescueTest-2050133287-project-member] Determining version of request: GET /v2/images/30ab5e34-c056-4110-b1a6-e9a713c37e3c Accept: application/json {{(pid=102721) process_request /opt/stack/glance/glance/api/middleware/version_negotiation.py:44}}
Jun 26 01:46:16.360251 np0000003677 devstack@g-api.service[102721]: DEBUG glance.api.middleware.version_negotiation [None req-16ef5e68-6c2b-4f2f-b40b-e000caf4a002 tempest-ServerBootFromVolumeStableRescueTest-2050133287 tempest-ServerBootFromVolumeStableRescueTest-2050133287-project-member] Using url versioning {{(pid=102721) process_request /opt/stack/glance/glance/api/middleware/version_negotiation.py:57}}
Jun 26 01:46:16.360251 np0000003677 devstack@g-api.service[102721]: DEBUG glance.api.middleware.version_negotiation [None req-16ef5e68-6c2b-4f2f-b40b-e000caf4a002 tempest-ServerBootFromVolumeStableRescueTest-2050133287 tempest-ServerBootFromVolumeStableRescueTest-2050133287-project-member] Matched version: v2 {{(pid=102721) process_request /opt/stack/glance/glance/api/middleware/version_negotiation.py:69}}
Jun 26 01:46:16.360251 np0000003677 devstack@g-api.service[102721]: DEBUG glance.api.middleware.version_negotiation [None req-16ef5e68-6c2b-4f2f-b40b-e000caf4a002 tempest-ServerBootFromVolumeStableRescueTest-2050133287 tempest-ServerBootFromVolumeStableRescueTest-2050133287-project-member] new path /v2/images/30ab5e34-c056-4110-b1a6-e9a713c37e3c {{(pid=102721) process_request /opt/stack/glance/glance/api/middleware/version_negotiation.py:70}}
Jun 26 01:46:16.363699 np0000003677 devstack@g-api.service[102721]: DEBUG dbcounter [-] [102721] Writing DB stats glance:SELECT=73,glance:INSERT=37,glance:UPDATE=4 {{(pid=102721) stat_writer /opt/stack/data/venv/lib/python3.12/site-packages/dbcounter.py:115}}
Jun 26 01:46:16.375698 np0000003677 devstack@g-api.service[102721]: [pid: 102721|app: 0|req: 87/362] 127.0.0.1 () {40 vars in 834 bytes} [Fri Jun 26 01:46:16 2026] GET /v2/images/30ab5e34-c056-4110-b1a6-e9a713c37e3c => generated 1360 bytes in 18 msecs (HTTP/1.1 200) 4 headers in 158 bytes (1 switches on core 0)
Jun 26 01:46:16.547563 np0000003677 devstack@g-api.service[102719]: DEBUG swiftclient [None req-07bf0301-f5c4-4df9-8852-6fbb4c37bb62 tempest-VolumesActionsTest-478433187 tempest-VolumesActionsTest-478433187-project-member] REQ: curl -i https://10.4.3.59:8080/v1/AUTH_cf7048d68b214e1bb137d5237b6314e8/glance/68ce93c0-43bc-46b6-8e0e-7a93819ba327-00006 -X PUT -H "X-Auth-Token: gAAAAABqPdndQV6a..." {{(pid=102719) http_log /opt/stack/data/venv/lib/python3.12/site-packages/swiftclient/client.py:160}}
Jun 26 01:46:16.547660 np0000003677 devstack@g-api.service[102719]: DEBUG swiftclient [None req-07bf0301-f5c4-4df9-8852-6fbb4c37bb62 tempest-VolumesActionsTest-478433187 tempest-VolumesActionsTest-478433187-project-member] RESP STATUS: 201 Created {{(pid=102719) http_log /opt/stack/data/venv/lib/python3.12/site-packages/swiftclient/client.py:161}}
Jun 26 01:46:16.547805 np0000003677 devstack@g-api.service[102719]: DEBUG swiftclient [None req-07bf0301-f5c4-4df9-8852-6fbb4c37bb62 tempest-VolumesActionsTest-478433187 tempest-VolumesActionsTest-478433187-project-member] RESP HEADERS: {'Date': 'Fri, 26 Jun 2026 01:46:16 GMT', 'Server': 'Apache/2.4.58 (Ubuntu)', 'Content-Type': 'text/html; charset=UTF-8', 'Content-Length': '0', 'Etag': '708761f3b8777ec77058e63da08eeeb6', 'Last-Modified': 'Fri, 26 Jun 2026 01:46:17 GMT', 'X-Trans-Id': 'txeaa5e550b9ea4475b5ffe-006a3dd9e8', 'X-Openstack-Request-Id': 'txeaa5e550b9ea4475b5ffe-006a3dd9e8', 'Connection': 'close'} {{(pid=102719) http_log /opt/stack/data/venv/lib/python3.12/site-packages/swiftclient/client.py:162}}
Jun 26 01:46:16.547917 np0000003677 devstack@g-api.service[102719]: DEBUG glance_store._drivers.swift.store [None req-07bf0301-f5c4-4df9-8852-6fbb4c37bb62 tempest-VolumesActionsTest-478433187 tempest-VolumesActionsTest-478433187-project-member] Wrote chunk 68ce93c0-43bc-46b6-8e0e-7a93819ba327-00006 (6/?) of length 49741824 to Swift returning MD5 of content: 708761f3b8777ec77058e63da08eeeb6 {{(pid=102719) add /opt/stack/data/venv/lib/python3.12/site-packages/glance_store/_drivers/swift/store.py:1059}}
Jun 26 01:46:16.548142 np0000003677 devstack@g-api.service[102719]: DEBUG glance_store._drivers.swift.store [None req-07bf0301-f5c4-4df9-8852-6fbb4c37bb62 tempest-VolumesActionsTest-478433187 tempest-VolumesActionsTest-478433187-project-member] Not writing zero-length chunk. {{(pid=102719) add /opt/stack/data/venv/lib/python3.12/site-packages/glance_store/_drivers/swift/store.py:1028}}
Jun 26 01:46:16.572627 np0000003677 devstack@g-api.service[102719]: DEBUG swiftclient [None req-07bf0301-f5c4-4df9-8852-6fbb4c37bb62 tempest-VolumesActionsTest-478433187 tempest-VolumesActionsTest-478433187-project-member] REQ: curl -i https://10.4.3.59:8080/v1/AUTH_cf7048d68b214e1bb137d5237b6314e8/glance/68ce93c0-43bc-46b6-8e0e-7a93819ba327 -X PUT -H "X-Object-Manifest: glance/68ce93c0-43bc-46b6-8e0e-7a93819ba327-" -H "X-Auth-Token: gAAAAABqPdndQV6a..." -H "Content-Length: 0" {{(pid=102719) http_log /opt/stack/data/venv/lib/python3.12/site-packages/swiftclient/client.py:160}}
Jun 26 01:46:16.572751 np0000003677 devstack@g-api.service[102719]: DEBUG swiftclient [None req-07bf0301-f5c4-4df9-8852-6fbb4c37bb62 tempest-VolumesActionsTest-478433187 tempest-VolumesActionsTest-478433187-project-member] RESP STATUS: 201 Created {{(pid=102719) http_log /opt/stack/data/venv/lib/python3.12/site-packages/swiftclient/client.py:161}}
Jun 26 01:46:16.572931 np0000003677 devstack@g-api.service[102719]: DEBUG swiftclient [None req-07bf0301-f5c4-4df9-8852-6fbb4c37bb62 tempest-VolumesActionsTest-478433187 tempest-VolumesActionsTest-478433187-project-member] RESP HEADERS: {'Date': 'Fri, 26 Jun 2026 01:46:16 GMT', 'Server': 'Apache/2.4.58 (Ubuntu)', 'Content-Type': 'text/html; charset=UTF-8', 'Content-Length': '0', 'Etag': 'd41d8cd98f00b204e9800998ecf8427e', 'Last-Modified': 'Fri, 26 Jun 2026 01:46:17 GMT', 'X-Trans-Id': 'tx2bf69a9cc3e84913b8555-006a3dd9e8', 'X-Openstack-Request-Id': 'tx2bf69a9cc3e84913b8555-006a3dd9e8', 'Connection': 'close'} {{(pid=102719) http_log /opt/stack/data/venv/lib/python3.12/site-packages/swiftclient/client.py:162}}
Jun 26 01:46:16.573487 np0000003677 devstack@g-api.service[102719]: INFO glance.location [None req-07bf0301-f5c4-4df9-8852-6fbb4c37bb62 tempest-VolumesActionsTest-478433187 tempest-VolumesActionsTest-478433187-project-member] Image format matched and virtual size computed: 1073741824
Jun 26 01:46:16.603066 np0000003677 devstack@g-api.service[102719]: DEBUG glance_store.backend [None req-07bf0301-f5c4-4df9-8852-6fbb4c37bb62 tempest-VolumesActionsTest-478433187 tempest-VolumesActionsTest-478433187-project-member] Attempting to import store swift {{(pid=102719) _load_store /opt/stack/data/venv/lib/python3.12/site-packages/glance_store/backend.py:215}}
Jun 26 01:46:16.604973 np0000003677 devstack@g-api.service[102719]: DEBUG glance_store.capabilities [None req-07bf0301-f5c4-4df9-8852-6fbb4c37bb62 tempest-VolumesActionsTest-478433187 tempest-VolumesActionsTest-478433187-project-member] Store glance_store._drivers.swift.store.SingleTenantStore doesn't support updating dynamic storage capabilities. Please overwrite 'update_capabilities' method of the store to implement updating logics if needed. {{(pid=102719) update_capabilities /opt/stack/data/venv/lib/python3.12/site-packages/glance_store/capabilities.py:91}}
Jun 26 01:46:16.605116 np0000003677 devstack@g-api.service[102719]: DEBUG glance_store.driver [None req-07bf0301-f5c4-4df9-8852-6fbb4c37bb62 tempest-VolumesActionsTest-478433187 tempest-VolumesActionsTest-478433187-project-member] Late loading location class glance_store._drivers.swift.store.StoreLocation {{(pid=102719) get_store_location_class /opt/stack/data/venv/lib/python3.12/site-packages/glance_store/driver.py:134}}
Jun 26 01:46:16.605279 np0000003677 devstack@g-api.service[102719]: DEBUG glance_store.location [None req-07bf0301-f5c4-4df9-8852-6fbb4c37bb62 tempest-VolumesActionsTest-478433187 tempest-VolumesActionsTest-478433187-project-member] Registering scheme swift+https with {'store': , 'location_class': , 'store_entry': 'swift'} {{(pid=102719) register_scheme_map /opt/stack/data/venv/lib/python3.12/site-packages/glance_store/location.py:146}}
Jun 26 01:46:16.605408 np0000003677 devstack@g-api.service[102719]: DEBUG glance_store.location [None req-07bf0301-f5c4-4df9-8852-6fbb4c37bb62 tempest-VolumesActionsTest-478433187 tempest-VolumesActionsTest-478433187-project-member] Registering scheme swift+https with {'store': , 'location_class': , 'store_entry': 'swift'} {{(pid=102719) register_scheme_map /opt/stack/data/venv/lib/python3.12/site-packages/glance_store/location.py:146}}
Jun 26 01:46:16.605573 np0000003677 devstack@g-api.service[102719]: DEBUG glance_store.location [None req-07bf0301-f5c4-4df9-8852-6fbb4c37bb62 tempest-VolumesActionsTest-478433187 tempest-VolumesActionsTest-478433187-project-member] Registering scheme swift with {'store': , 'location_class': , 'store_entry': 'swift'} {{(pid=102719) register_scheme_map /opt/stack/data/venv/lib/python3.12/site-packages/glance_store/location.py:146}}
Jun 26 01:46:16.605705 np0000003677 devstack@g-api.service[102719]: DEBUG glance_store.location [None req-07bf0301-f5c4-4df9-8852-6fbb4c37bb62 tempest-VolumesActionsTest-478433187 tempest-VolumesActionsTest-478433187-project-member] Registering scheme swift+https with {'store': , 'location_class': , 'store_entry': 'swift'} {{(pid=102719) register_scheme_map /opt/stack/data/venv/lib/python3.12/site-packages/glance_store/location.py:146}}
Jun 26 01:46:16.605834 np0000003677 devstack@g-api.service[102719]: DEBUG glance_store.location [None req-07bf0301-f5c4-4df9-8852-6fbb4c37bb62 tempest-VolumesActionsTest-478433187 tempest-VolumesActionsTest-478433187-project-member] Registering scheme swift with {'store': , 'location_class': , 'store_entry': 'swift'} {{(pid=102719) register_scheme_map /opt/stack/data/venv/lib/python3.12/site-packages/glance_store/location.py:146}}
Jun 26 01:46:16.605958 np0000003677 devstack@g-api.service[102719]: DEBUG glance_store.location [None req-07bf0301-f5c4-4df9-8852-6fbb4c37bb62 tempest-VolumesActionsTest-478433187 tempest-VolumesActionsTest-478433187-project-member] Registering scheme swift+http with {'store': , 'location_class': , 'store_entry': 'swift'} {{(pid=102719) register_scheme_map /opt/stack/data/venv/lib/python3.12/site-packages/glance_store/location.py:146}}
Jun 26 01:46:16.606079 np0000003677 devstack@g-api.service[102719]: DEBUG glance_store.location [None req-07bf0301-f5c4-4df9-8852-6fbb4c37bb62 tempest-VolumesActionsTest-478433187 tempest-VolumesActionsTest-478433187-project-member] Registering scheme swift+https with {'store': , 'location_class': , 'store_entry': 'swift'} {{(pid=102719) register_scheme_map /opt/stack/data/venv/lib/python3.12/site-packages/glance_store/location.py:146}}
Jun 26 01:46:16.606219 np0000003677 devstack@g-api.service[102719]: DEBUG glance_store.location [None req-07bf0301-f5c4-4df9-8852-6fbb4c37bb62 tempest-VolumesActionsTest-478433187 tempest-VolumesActionsTest-478433187-project-member] Registering scheme swift with {'store': , 'location_class': , 'store_entry': 'swift'} {{(pid=102719) register_scheme_map /opt/stack/data/venv/lib/python3.12/site-packages/glance_store/location.py:146}}
Jun 26 01:46:16.606374 np0000003677 devstack@g-api.service[102719]: DEBUG glance_store.location [None req-07bf0301-f5c4-4df9-8852-6fbb4c37bb62 tempest-VolumesActionsTest-478433187 tempest-VolumesActionsTest-478433187-project-member] Registering scheme swift+http with {'store': , 'location_class': , 'store_entry': 'swift'} {{(pid=102719) register_scheme_map /opt/stack/data/venv/lib/python3.12/site-packages/glance_store/location.py:146}}
