Jun 26 01:37:52.510932 np0000003677 nova-conductor[98822]: DEBUG cotyledon.oslo_config_glue [-] profiler.es_doc_type = notification {{(pid=98822) log_opt_values /opt/stack/data/venv/lib/python3.12/site-packages/oslo_config/cfg.py:3253}}
Jun 26 01:37:52.510932 np0000003677 nova-conductor[98822]: DEBUG cotyledon.oslo_config_glue [-] profiler.es_scroll_size = 10000 {{(pid=98822) log_opt_values /opt/stack/data/venv/lib/python3.12/site-packages/oslo_config/cfg.py:3253}}
Jun 26 01:37:52.510932 np0000003677 nova-conductor[98822]: DEBUG cotyledon.oslo_config_glue [-] profiler.es_scroll_time = 2m {{(pid=98822) log_opt_values /opt/stack/data/venv/lib/python3.12/site-packages/oslo_config/cfg.py:3253}}
Jun 26 01:37:52.510932 np0000003677 nova-conductor[98822]: DEBUG cotyledon.oslo_config_glue [-] profiler.filter_error_trace = False {{(pid=98822) log_opt_values /opt/stack/data/venv/lib/python3.12/site-packages/oslo_config/cfg.py:3253}}
Jun 26 01:37:52.510932 np0000003677 nova-conductor[98822]: DEBUG cotyledon.oslo_config_glue [-] profiler.hmac_keys = **** {{(pid=98822) log_opt_values /opt/stack/data/venv/lib/python3.12/site-packages/oslo_config/cfg.py:3253}}
Jun 26 01:37:52.510932 np0000003677 nova-conductor[98822]: DEBUG cotyledon.oslo_config_glue [-] profiler.sentinel_service_name = mymaster {{(pid=98822) log_opt_values /opt/stack/data/venv/lib/python3.12/site-packages/oslo_config/cfg.py:3253}}
Jun 26 01:37:52.511143 np0000003677 nova-conductor[98822]: DEBUG cotyledon.oslo_config_glue [-] profiler.socket_timeout = 0.1 {{(pid=98822) log_opt_values /opt/stack/data/venv/lib/python3.12/site-packages/oslo_config/cfg.py:3253}}
Jun 26 01:37:52.511143 np0000003677 nova-conductor[98822]: DEBUG cotyledon.oslo_config_glue [-] profiler.trace_requests = False {{(pid=98822) log_opt_values /opt/stack/data/venv/lib/python3.12/site-packages/oslo_config/cfg.py:3253}}
Jun 26 01:37:52.511143 np0000003677 nova-conductor[98822]: DEBUG cotyledon.oslo_config_glue [-] profiler.trace_sqlalchemy = False {{(pid=98822) log_opt_values /opt/stack/data/venv/lib/python3.12/site-packages/oslo_config/cfg.py:3253}}
Jun 26 01:37:52.511143 np0000003677 nova-conductor[98822]: DEBUG cotyledon.oslo_config_glue [-] profiler_jaeger.process_tags = {} {{(pid=98822) log_opt_values /opt/stack/data/venv/lib/python3.12/site-packages/oslo_config/cfg.py:3253}}
Jun 26 01:37:52.511143 np0000003677 nova-conductor[98822]: DEBUG cotyledon.oslo_config_glue [-] profiler_jaeger.service_name_prefix = None {{(pid=98822) log_opt_values /opt/stack/data/venv/lib/python3.12/site-packages/oslo_config/cfg.py:3253}}
Jun 26 01:37:52.511143 np0000003677 nova-conductor[98822]: DEBUG cotyledon.oslo_config_glue [-] profiler_otlp.service_name_prefix = None {{(pid=98822) log_opt_values /opt/stack/data/venv/lib/python3.12/site-packages/oslo_config/cfg.py:3253}}
Jun 26 01:37:52.511143 np0000003677 nova-conductor[98822]: DEBUG cotyledon.oslo_config_glue [-] oslo_messaging_rabbit.amqp_auto_delete = False {{(pid=98822) log_opt_values /opt/stack/data/venv/lib/python3.12/site-packages/oslo_config/cfg.py:3253}}
Jun 26 01:37:52.511143 np0000003677 nova-conductor[98822]: DEBUG cotyledon.oslo_config_glue [-] oslo_messaging_rabbit.amqp_durable_queues = False {{(pid=98822) log_opt_values /opt/stack/data/venv/lib/python3.12/site-packages/oslo_config/cfg.py:3253}}
Jun 26 01:37:52.511143 np0000003677 nova-conductor[98822]: DEBUG cotyledon.oslo_config_glue [-] oslo_messaging_rabbit.conn_pool_min_size = 2 {{(pid=98822) log_opt_values /opt/stack/data/venv/lib/python3.12/site-packages/oslo_config/cfg.py:3253}}
Jun 26 01:37:52.511343 np0000003677 nova-conductor[98822]: DEBUG cotyledon.oslo_config_glue [-] oslo_messaging_rabbit.conn_pool_ttl = 1200 {{(pid=98822) log_opt_values /opt/stack/data/venv/lib/python3.12/site-packages/oslo_config/cfg.py:3253}}
Jun 26 01:37:52.511343 np0000003677 nova-conductor[98822]: DEBUG cotyledon.oslo_config_glue [-] oslo_messaging_rabbit.direct_mandatory_flag = True {{(pid=98822) log_opt_values /opt/stack/data/venv/lib/python3.12/site-packages/oslo_config/cfg.py:3253}}
Jun 26 01:37:52.511343 np0000003677 nova-conductor[98822]: DEBUG cotyledon.oslo_config_glue [-] oslo_messaging_rabbit.enable_cancel_on_failover = False {{(pid=98822) log_opt_values /opt/stack/data/venv/lib/python3.12/site-packages/oslo_config/cfg.py:3253}}
Jun 26 01:37:52.511343 np0000003677 nova-conductor[98822]: DEBUG cotyledon.oslo_config_glue [-] oslo_messaging_rabbit.heartbeat_rate = 3 {{(pid=98822) log_opt_values /opt/stack/data/venv/lib/python3.12/site-packages/oslo_config/cfg.py:3253}}
Jun 26 01:37:52.511343 np0000003677 nova-conductor[98822]: DEBUG cotyledon.oslo_config_glue [-] oslo_messaging_rabbit.heartbeat_timeout_threshold = 60 {{(pid=98822) log_opt_values /opt/stack/data/venv/lib/python3.12/site-packages/oslo_config/cfg.py:3253}}
Jun 26 01:37:52.511343 np0000003677 nova-conductor[98822]: DEBUG cotyledon.oslo_config_glue [-] oslo_messaging_rabbit.hostname = np0000003677 {{(pid=98822) log_opt_values /opt/stack/data/venv/lib/python3.12/site-packages/oslo_config/cfg.py:3253}}
Jun 26 01:37:52.511343 np0000003677 nova-conductor[98822]: DEBUG cotyledon.oslo_config_glue [-] oslo_messaging_rabbit.kombu_compression = None {{(pid=98822) log_opt_values /opt/stack/data/venv/lib/python3.12/site-packages/oslo_config/cfg.py:3253}}
Jun 26 01:37:52.511343 np0000003677 nova-conductor[98822]: DEBUG cotyledon.oslo_config_glue [-] oslo_messaging_rabbit.kombu_failover_strategy = round-robin {{(pid=98822) log_opt_values /opt/stack/data/venv/lib/python3.12/site-packages/oslo_config/cfg.py:3253}}
Jun 26 01:37:52.511343 np0000003677 nova-conductor[98822]: DEBUG cotyledon.oslo_config_glue [-] oslo_messaging_rabbit.kombu_missing_consumer_retry_timeout = 60 {{(pid=98822) log_opt_values /opt/stack/data/venv/lib/python3.12/site-packages/oslo_config/cfg.py:3253}}
Jun 26 01:37:52.511545 np0000003677 nova-conductor[98822]: DEBUG cotyledon.oslo_config_glue [-] oslo_messaging_rabbit.kombu_reconnect_delay = 1.0 {{(pid=98822) log_opt_values /opt/stack/data/venv/lib/python3.12/site-packages/oslo_config/cfg.py:3253}}
Jun 26 01:37:52.511545 np0000003677 nova-conductor[98822]: DEBUG cotyledon.oslo_config_glue [-] oslo_messaging_rabbit.kombu_reconnect_splay = 0.0 {{(pid=98822) log_opt_values /opt/stack/data/venv/lib/python3.12/site-packages/oslo_config/cfg.py:3253}}
Jun 26 01:37:52.511545 np0000003677 nova-conductor[98822]: DEBUG cotyledon.oslo_config_glue [-] oslo_messaging_rabbit.processname = nova-conductor {{(pid=98822) log_opt_values /opt/stack/data/venv/lib/python3.12/site-packages/oslo_config/cfg.py:3253}}
Jun 26 01:37:52.511545 np0000003677 nova-conductor[98822]: DEBUG cotyledon.oslo_config_glue [-] oslo_messaging_rabbit.rabbit_ha_queues = False {{(pid=98822) log_opt_values /opt/stack/data/venv/lib/python3.12/site-packages/oslo_config/cfg.py:3253}}
Jun 26 01:37:52.511545 np0000003677 nova-conductor[98822]: DEBUG cotyledon.oslo_config_glue [-] oslo_messaging_rabbit.rabbit_interval_max = 30 {{(pid=98822) log_opt_values /opt/stack/data/venv/lib/python3.12/site-packages/oslo_config/cfg.py:3253}}
Jun 26 01:37:52.511545 np0000003677 nova-conductor[98822]: DEBUG cotyledon.oslo_config_glue [-] oslo_messaging_rabbit.rabbit_login_method = AMQPLAIN {{(pid=98822) log_opt_values /opt/stack/data/venv/lib/python3.12/site-packages/oslo_config/cfg.py:3253}}
Jun 26 01:37:52.511545 np0000003677 nova-conductor[98822]: DEBUG cotyledon.oslo_config_glue [-] oslo_messaging_rabbit.rabbit_qos_prefetch_count = 0 {{(pid=98822) log_opt_values /opt/stack/data/venv/lib/python3.12/site-packages/oslo_config/cfg.py:3253}}
Jun 26 01:37:52.511545 np0000003677 nova-conductor[98822]: DEBUG cotyledon.oslo_config_glue [-] oslo_messaging_rabbit.rabbit_quorum_delivery_limit = 0 {{(pid=98822) log_opt_values /opt/stack/data/venv/lib/python3.12/site-packages/oslo_config/cfg.py:3253}}
Jun 26 01:37:52.511545 np0000003677 nova-conductor[98822]: DEBUG cotyledon.oslo_config_glue [-] oslo_messaging_rabbit.rabbit_quorum_max_memory_bytes = 0 {{(pid=98822) log_opt_values /opt/stack/data/venv/lib/python3.12/site-packages/oslo_config/cfg.py:3253}}
Jun 26 01:37:52.511721 np0000003677 nova-conductor[98822]: DEBUG cotyledon.oslo_config_glue [-] oslo_messaging_rabbit.rabbit_quorum_max_memory_length = 0 {{(pid=98822) log_opt_values /opt/stack/data/venv/lib/python3.12/site-packages/oslo_config/cfg.py:3253}}
Jun 26 01:37:52.511721 np0000003677 nova-conductor[98822]: DEBUG cotyledon.oslo_config_glue [-] oslo_messaging_rabbit.rabbit_quorum_queue = False {{(pid=98822) log_opt_values /opt/stack/data/venv/lib/python3.12/site-packages/oslo_config/cfg.py:3253}}
Jun 26 01:37:52.511721 np0000003677 nova-conductor[98822]: DEBUG cotyledon.oslo_config_glue [-] oslo_messaging_rabbit.rabbit_retry_backoff = 2 {{(pid=98822) log_opt_values /opt/stack/data/venv/lib/python3.12/site-packages/oslo_config/cfg.py:3253}}
Jun 26 01:37:52.511721 np0000003677 nova-conductor[98822]: DEBUG cotyledon.oslo_config_glue [-] oslo_messaging_rabbit.rabbit_retry_interval = 1 {{(pid=98822) log_opt_values /opt/stack/data/venv/lib/python3.12/site-packages/oslo_config/cfg.py:3253}}
Jun 26 01:37:52.511721 np0000003677 nova-conductor[98822]: DEBUG cotyledon.oslo_config_glue [-] oslo_messaging_rabbit.rabbit_stream_fanout = False {{(pid=98822) log_opt_values /opt/stack/data/venv/lib/python3.12/site-packages/oslo_config/cfg.py:3253}}
Jun 26 01:37:52.511721 np0000003677 nova-conductor[98822]: DEBUG cotyledon.oslo_config_glue [-] oslo_messaging_rabbit.rabbit_transient_queues_ttl = 1800 {{(pid=98822) log_opt_values /opt/stack/data/venv/lib/python3.12/site-packages/oslo_config/cfg.py:3253}}
Jun 26 01:37:52.511721 np0000003677 nova-conductor[98822]: DEBUG cotyledon.oslo_config_glue [-] oslo_messaging_rabbit.rabbit_transient_quorum_queue = False {{(pid=98822) log_opt_values /opt/stack/data/venv/lib/python3.12/site-packages/oslo_config/cfg.py:3253}}
Jun 26 01:37:52.511721 np0000003677 nova-conductor[98822]: DEBUG cotyledon.oslo_config_glue [-] oslo_messaging_rabbit.rpc_conn_pool_size = 30 {{(pid=98822) log_opt_values /opt/stack/data/venv/lib/python3.12/site-packages/oslo_config/cfg.py:3253}}
Jun 26 01:37:52.511721 np0000003677 nova-conductor[98822]: DEBUG cotyledon.oslo_config_glue [-] oslo_messaging_rabbit.ssl = False {{(pid=98822) log_opt_values /opt/stack/data/venv/lib/python3.12/site-packages/oslo_config/cfg.py:3253}}
Jun 26 01:37:52.511917 np0000003677 nova-conductor[98822]: DEBUG cotyledon.oslo_config_glue [-] oslo_messaging_rabbit.ssl_ca_file = {{(pid=98822) log_opt_values /opt/stack/data/venv/lib/python3.12/site-packages/oslo_config/cfg.py:3253}}
Jun 26 01:37:52.511917 np0000003677 nova-conductor[98822]: DEBUG cotyledon.oslo_config_glue [-] oslo_messaging_rabbit.ssl_cert_file = {{(pid=98822) log_opt_values /opt/stack/data/venv/lib/python3.12/site-packages/oslo_config/cfg.py:3253}}
Jun 26 01:37:52.511917 np0000003677 nova-conductor[98822]: DEBUG cotyledon.oslo_config_glue [-] oslo_messaging_rabbit.ssl_enforce_fips_mode = False {{(pid=98822) log_opt_values /opt/stack/data/venv/lib/python3.12/site-packages/oslo_config/cfg.py:3253}}
Jun 26 01:37:52.511917 np0000003677 nova-conductor[98822]: DEBUG cotyledon.oslo_config_glue [-] oslo_messaging_rabbit.ssl_enforce_hostname_verification = True {{(pid=98822) log_opt_values /opt/stack/data/venv/lib/python3.12/site-packages/oslo_config/cfg.py:3253}}
Jun 26 01:37:52.511917 np0000003677 nova-conductor[98822]: DEBUG cotyledon.oslo_config_glue [-] oslo_messaging_rabbit.ssl_key_file = {{(pid=98822) log_opt_values /opt/stack/data/venv/lib/python3.12/site-packages/oslo_config/cfg.py:3253}}
Jun 26 01:37:52.511917 np0000003677 nova-conductor[98822]: DEBUG cotyledon.oslo_config_glue [-] oslo_messaging_rabbit.ssl_version = {{(pid=98822) log_opt_values /opt/stack/data/venv/lib/python3.12/site-packages/oslo_config/cfg.py:3253}}
Jun 26 01:37:52.511917 np0000003677 nova-conductor[98822]: DEBUG cotyledon.oslo_config_glue [-] oslo_messaging_rabbit.use_queue_manager = False {{(pid=98822) log_opt_values /opt/stack/data/venv/lib/python3.12/site-packages/oslo_config/cfg.py:3253}}
Jun 26 01:37:52.511917 np0000003677 nova-conductor[98822]: DEBUG cotyledon.oslo_config_glue [-] oslo_messaging_notifications.driver = ['messagingv2'] {{(pid=98822) log_opt_values /opt/stack/data/venv/lib/python3.12/site-packages/oslo_config/cfg.py:3253}}
Jun 26 01:37:52.511917 np0000003677 nova-conductor[98822]: DEBUG cotyledon.oslo_config_glue [-] oslo_messaging_notifications.retry = -1 {{(pid=98822) log_opt_values /opt/stack/data/venv/lib/python3.12/site-packages/oslo_config/cfg.py:3253}}
Jun 26 01:37:52.512085 np0000003677 nova-conductor[98822]: DEBUG cotyledon.oslo_config_glue [-] oslo_messaging_notifications.topics = ['notifications'] {{(pid=98822) log_opt_values /opt/stack/data/venv/lib/python3.12/site-packages/oslo_config/cfg.py:3253}}
Jun 26 01:37:52.512085 np0000003677 nova-conductor[98822]: DEBUG cotyledon.oslo_config_glue [-] oslo_messaging_notifications.transport_url = **** {{(pid=98822) log_opt_values /opt/stack/data/venv/lib/python3.12/site-packages/oslo_config/cfg.py:3253}}
Jun 26 01:37:52.512085 np0000003677 nova-conductor[98822]: DEBUG cotyledon.oslo_config_glue [-] oslo_limit.auth_section = None {{(pid=98822) log_opt_values /opt/stack/data/venv/lib/python3.12/site-packages/oslo_config/cfg.py:3253}}
Jun 26 01:37:52.512085 np0000003677 nova-conductor[98822]: DEBUG cotyledon.oslo_config_glue [-] oslo_limit.auth_type = None {{(pid=98822) log_opt_values /opt/stack/data/venv/lib/python3.12/site-packages/oslo_config/cfg.py:3253}}
Jun 26 01:37:52.512085 np0000003677 nova-conductor[98822]: DEBUG cotyledon.oslo_config_glue [-] oslo_limit.cafile = None {{(pid=98822) log_opt_values /opt/stack/data/venv/lib/python3.12/site-packages/oslo_config/cfg.py:3253}}
Jun 26 01:37:52.512085 np0000003677 nova-conductor[98822]: DEBUG cotyledon.oslo_config_glue [-] oslo_limit.certfile = None {{(pid=98822) log_opt_values /opt/stack/data/venv/lib/python3.12/site-packages/oslo_config/cfg.py:3253}}
Jun 26 01:37:52.512085 np0000003677 nova-conductor[98822]: DEBUG cotyledon.oslo_config_glue [-] oslo_limit.collect_timing = False {{(pid=98822) log_opt_values /opt/stack/data/venv/lib/python3.12/site-packages/oslo_config/cfg.py:3253}}
Jun 26 01:37:52.512085 np0000003677 nova-conductor[98822]: DEBUG cotyledon.oslo_config_glue [-] oslo_limit.connect_retries = None {{(pid=98822) log_opt_values /opt/stack/data/venv/lib/python3.12/site-packages/oslo_config/cfg.py:3253}}
Jun 26 01:37:52.512085 np0000003677 nova-conductor[98822]: DEBUG cotyledon.oslo_config_glue [-] oslo_limit.connect_retry_delay = None {{(pid=98822) log_opt_values /opt/stack/data/venv/lib/python3.12/site-packages/oslo_config/cfg.py:3253}}
Jun 26 01:37:52.512327 np0000003677 nova-conductor[98822]: DEBUG cotyledon.oslo_config_glue [-] oslo_limit.endpoint_id = None {{(pid=98822) log_opt_values /opt/stack/data/venv/lib/python3.12/site-packages/oslo_config/cfg.py:3253}}
Jun 26 01:37:52.512327 np0000003677 nova-conductor[98822]: DEBUG cotyledon.oslo_config_glue [-] oslo_limit.endpoint_interface = public {{(pid=98822) log_opt_values /opt/stack/data/venv/lib/python3.12/site-packages/oslo_config/cfg.py:3253}}
Jun 26 01:37:52.512327 np0000003677 nova-conductor[98822]: DEBUG cotyledon.oslo_config_glue [-] oslo_limit.endpoint_override = None {{(pid=98822) log_opt_values /opt/stack/data/venv/lib/python3.12/site-packages/oslo_config/cfg.py:3253}}
Jun 26 01:37:52.512327 np0000003677 nova-conductor[98822]: DEBUG cotyledon.oslo_config_glue [-] oslo_limit.endpoint_region_name = None {{(pid=98822) log_opt_values /opt/stack/data/venv/lib/python3.12/site-packages/oslo_config/cfg.py:3253}}
Jun 26 01:37:52.512327 np0000003677 nova-conductor[98822]: DEBUG cotyledon.oslo_config_glue [-] oslo_limit.endpoint_service_name = None {{(pid=98822) log_opt_values /opt/stack/data/venv/lib/python3.12/site-packages/oslo_config/cfg.py:3253}}
Jun 26 01:37:52.512327 np0000003677 nova-conductor[98822]: DEBUG cotyledon.oslo_config_glue [-] oslo_limit.endpoint_service_type = None {{(pid=98822) log_opt_values /opt/stack/data/venv/lib/python3.12/site-packages/oslo_config/cfg.py:3253}}
Jun 26 01:37:52.512327 np0000003677 nova-conductor[98822]: DEBUG cotyledon.oslo_config_glue [-] oslo_limit.insecure = False {{(pid=98822) log_opt_values /opt/stack/data/venv/lib/python3.12/site-packages/oslo_config/cfg.py:3253}}
Jun 26 01:37:52.512469 np0000003677 nova-conductor[98818]: INFO dbcounter [None req-bbb0a016-cce8-4871-8634-bb4632829c21 None None] Registered counter for database nova_cell0
Jun 26 01:37:52.512508 np0000003677 nova-conductor[98822]: DEBUG cotyledon.oslo_config_glue [-] oslo_limit.keyfile = None {{(pid=98822) log_opt_values /opt/stack/data/venv/lib/python3.12/site-packages/oslo_config/cfg.py:3253}}
Jun 26 01:37:52.512508 np0000003677 nova-conductor[98822]: DEBUG cotyledon.oslo_config_glue [-] oslo_limit.max_version = None {{(pid=98822) log_opt_values /opt/stack/data/venv/lib/python3.12/site-packages/oslo_config/cfg.py:3253}}
Jun 26 01:37:52.512508 np0000003677 nova-conductor[98822]: DEBUG cotyledon.oslo_config_glue [-] oslo_limit.min_version = None {{(pid=98822) log_opt_values /opt/stack/data/venv/lib/python3.12/site-packages/oslo_config/cfg.py:3253}}
Jun 26 01:37:52.512508 np0000003677 nova-conductor[98822]: DEBUG cotyledon.oslo_config_glue [-] oslo_limit.region_name = None {{(pid=98822) log_opt_values /opt/stack/data/venv/lib/python3.12/site-packages/oslo_config/cfg.py:3253}}
Jun 26 01:37:52.512508 np0000003677 nova-conductor[98822]: DEBUG cotyledon.oslo_config_glue [-] oslo_limit.retriable_status_codes = None {{(pid=98822) log_opt_values /opt/stack/data/venv/lib/python3.12/site-packages/oslo_config/cfg.py:3253}}
Jun 26 01:37:52.512508 np0000003677 nova-conductor[98822]: DEBUG cotyledon.oslo_config_glue [-] oslo_limit.service_name = None {{(pid=98822) log_opt_values /opt/stack/data/venv/lib/python3.12/site-packages/oslo_config/cfg.py:3253}}
Jun 26 01:37:52.512508 np0000003677 nova-conductor[98822]: DEBUG cotyledon.oslo_config_glue [-] oslo_limit.service_type = None {{(pid=98822) log_opt_values /opt/stack/data/venv/lib/python3.12/site-packages/oslo_config/cfg.py:3253}}
Jun 26 01:37:52.512508 np0000003677 nova-conductor[98822]: DEBUG cotyledon.oslo_config_glue [-] oslo_limit.split_loggers = False {{(pid=98822) log_opt_values /opt/stack/data/venv/lib/python3.12/site-packages/oslo_config/cfg.py:3253}}
Jun 26 01:37:52.512508 np0000003677 nova-conductor[98822]: DEBUG cotyledon.oslo_config_glue [-] oslo_limit.status_code_retries = None {{(pid=98822) log_opt_values /opt/stack/data/venv/lib/python3.12/site-packages/oslo_config/cfg.py:3253}}
Jun 26 01:37:52.512792 np0000003677 nova-conductor[98822]: DEBUG cotyledon.oslo_config_glue [-] oslo_limit.status_code_retry_delay = None {{(pid=98822) log_opt_values /opt/stack/data/venv/lib/python3.12/site-packages/oslo_config/cfg.py:3253}}
Jun 26 01:37:52.512792 np0000003677 nova-conductor[98822]: DEBUG cotyledon.oslo_config_glue [-] oslo_limit.timeout = None {{(pid=98822) log_opt_values /opt/stack/data/venv/lib/python3.12/site-packages/oslo_config/cfg.py:3253}}
Jun 26 01:37:52.512880 np0000003677 nova-conductor[98806]: DEBUG dbcounter [-] [98806] Writer thread running {{(pid=98806) stat_writer /opt/stack/data/venv/lib/python3.12/site-packages/dbcounter.py:102}}
Jun 26 01:37:52.512941 np0000003677 nova-conductor[98822]: DEBUG cotyledon.oslo_config_glue [-] oslo_limit.valid_interfaces = None {{(pid=98822) log_opt_values /opt/stack/data/venv/lib/python3.12/site-packages/oslo_config/cfg.py:3253}}
Jun 26 01:37:52.512941 np0000003677 nova-conductor[98822]: DEBUG cotyledon.oslo_config_glue [-] oslo_limit.version = None {{(pid=98822) log_opt_values /opt/stack/data/venv/lib/python3.12/site-packages/oslo_config/cfg.py:3253}}
Jun 26 01:37:52.512941 np0000003677 nova-conductor[98822]: DEBUG cotyledon.oslo_config_glue [-] oslo_reports.file_event_handler = None {{(pid=98822) log_opt_values /opt/stack/data/venv/lib/python3.12/site-packages/oslo_config/cfg.py:3253}}
Jun 26 01:37:52.512941 np0000003677 nova-conductor[98822]: DEBUG cotyledon.oslo_config_glue [-] oslo_reports.file_event_handler_interval = 1 {{(pid=98822) log_opt_values /opt/stack/data/venv/lib/python3.12/site-packages/oslo_config/cfg.py:3253}}
Jun 26 01:37:52.512941 np0000003677 nova-conductor[98822]: DEBUG cotyledon.oslo_config_glue [-] oslo_reports.log_dir = None {{(pid=98822) log_opt_values /opt/stack/data/venv/lib/python3.12/site-packages/oslo_config/cfg.py:3253}}
Jun 26 01:37:52.512941 np0000003677 nova-conductor[98822]: DEBUG cotyledon.oslo_config_glue [-] ******************************************************************************** {{(pid=98822) log_opt_values /opt/stack/data/venv/lib/python3.12/site-packages/oslo_config/cfg.py:3260}}
Jun 26 01:37:52.512941 np0000003677 nova-conductor[98822]: DEBUG cotyledon._service_worker [-] Run service ServiceWrapper(3) [98822] {{(pid=98822) wait_forever /opt/stack/data/venv/lib/python3.12/site-packages/cotyledon/_service_worker.py:218}}
Jun 26 01:37:52.512941 np0000003677 nova-conductor[98822]: INFO nova.service [-] Starting conductor node (version 33.1.0)
Jun 26 01:37:52.512941 np0000003677 nova-conductor[98822]: INFO dbcounter [None req-752aa861-a599-4fb2-bff4-17e3c0f936c1 None None] Registered counter for database nova_cell0
Jun 26 01:37:52.513196 np0000003677 nova-conductor[98806]: DEBUG nova.service [None req-99a30c74-61bc-4569-ab21-5189e05f1cfa None None] Creating RPC server for service: nova-conductor on topic: conductor {{(pid=98806) start /opt/stack/nova/nova/service.py:196}}
Jun 26 01:37:52.513231 np0000003677 nova-conductor[98811]: DEBUG oslo_db.sqlalchemy.engines [None req-69e8e317-6772-4020-8995-d347273ef3a6 None None] MySQL server mode set to STRICT_TRANS_TABLES,STRICT_ALL_TABLES,NO_ZERO_IN_DATE,NO_ZERO_DATE,ERROR_FOR_DIVISION_BY_ZERO,TRADITIONAL,NO_ENGINE_SUBSTITUTION {{(pid=98811) _check_effective_sql_mode /opt/stack/data/venv/lib/python3.12/site-packages/oslo_db/sqlalchemy/engines.py:325}}
Jun 26 01:37:52.522096 np0000003677 nova-conductor[98811]: DEBUG dbcounter [-] [98811] Writer thread running {{(pid=98811) stat_writer /opt/stack/data/venv/lib/python3.12/site-packages/dbcounter.py:102}}
Jun 26 01:37:52.526981 np0000003677 nova-conductor[98811]: DEBUG nova.service [None req-69e8e317-6772-4020-8995-d347273ef3a6 None None] Creating RPC server for service: nova-conductor on topic: conductor {{(pid=98811) start /opt/stack/nova/nova/service.py:196}}
Jun 26 01:37:52.529360 np0000003677 nova-conductor[98806]: DEBUG nova.service [None req-99a30c74-61bc-4569-ab21-5189e05f1cfa None None] Join ServiceGroup membership for this service conductor {{(pid=98806) start /opt/stack/nova/nova/service.py:222}}
Jun 26 01:37:52.530067 np0000003677 nova-conductor[98806]: DEBUG nova.servicegroup.drivers.db [None req-99a30c74-61bc-4569-ab21-5189e05f1cfa None None] DB_Driver: join new ServiceGroup member np0000003677 to the conductor group, service = {{(pid=98806) join /opt/stack/nova/nova/servicegroup/drivers/db.py:44}}
Jun 26 01:37:52.531999 np0000003677 nova-conductor[98818]: DEBUG oslo_db.sqlalchemy.engines [None req-bbb0a016-cce8-4871-8634-bb4632829c21 None None] MySQL server mode set to STRICT_TRANS_TABLES,STRICT_ALL_TABLES,NO_ZERO_IN_DATE,NO_ZERO_DATE,ERROR_FOR_DIVISION_BY_ZERO,TRADITIONAL,NO_ENGINE_SUBSTITUTION {{(pid=98818) _check_effective_sql_mode /opt/stack/data/venv/lib/python3.12/site-packages/oslo_db/sqlalchemy/engines.py:325}}
Jun 26 01:37:52.533336 np0000003677 nova-conductor[98806]: DEBUG oslo.service.backend._threading.loopingcall [None req-1d4e0749-109b-4ef4-b8b6-c36cae435d28 None None] Dynamic interval looping call 'nova.service.Service.periodic_tasks' sleeping for 60.00 seconds {{(pid=98806) _run_loop /opt/stack/data/venv/lib/python3.12/site-packages/oslo_service/backend/_threading/loopingcall.py:125}}
Jun 26 01:37:52.540794 np0000003677 nova-conductor[98822]: DEBUG oslo_db.sqlalchemy.engines [None req-752aa861-a599-4fb2-bff4-17e3c0f936c1 None None] MySQL server mode set to STRICT_TRANS_TABLES,STRICT_ALL_TABLES,NO_ZERO_IN_DATE,NO_ZERO_DATE,ERROR_FOR_DIVISION_BY_ZERO,TRADITIONAL,NO_ENGINE_SUBSTITUTION {{(pid=98822) _check_effective_sql_mode /opt/stack/data/venv/lib/python3.12/site-packages/oslo_db/sqlalchemy/engines.py:325}}
Jun 26 01:37:52.543130 np0000003677 nova-conductor[98818]: DEBUG dbcounter [-] [98818] Writer thread running {{(pid=98818) stat_writer /opt/stack/data/venv/lib/python3.12/site-packages/dbcounter.py:102}}
Jun 26 01:37:52.545757 np0000003677 nova-conductor[98818]: DEBUG nova.service [None req-bbb0a016-cce8-4871-8634-bb4632829c21 None None] Creating RPC server for service: nova-conductor on topic: conductor {{(pid=98818) start /opt/stack/nova/nova/service.py:196}}
Jun 26 01:37:52.549266 np0000003677 nova-conductor[98811]: DEBUG nova.service [None req-69e8e317-6772-4020-8995-d347273ef3a6 None None] Join ServiceGroup membership for this service conductor {{(pid=98811) start /opt/stack/nova/nova/service.py:222}}
Jun 26 01:37:52.549522 np0000003677 nova-conductor[98811]: DEBUG nova.servicegroup.drivers.db [None req-69e8e317-6772-4020-8995-d347273ef3a6 None None] DB_Driver: join new ServiceGroup member np0000003677 to the conductor group, service = {{(pid=98811) join /opt/stack/nova/nova/servicegroup/drivers/db.py:44}}
Jun 26 01:37:52.552416 np0000003677 nova-conductor[98822]: DEBUG dbcounter [-] [98822] Writer thread running {{(pid=98822) stat_writer /opt/stack/data/venv/lib/python3.12/site-packages/dbcounter.py:102}}
Jun 26 01:37:52.555876 np0000003677 nova-conductor[98822]: DEBUG nova.service [None req-752aa861-a599-4fb2-bff4-17e3c0f936c1 None None] Creating RPC server for service: nova-conductor on topic: conductor {{(pid=98822) start /opt/stack/nova/nova/service.py:196}}
Jun 26 01:37:52.561227 np0000003677 nova-conductor[98818]: DEBUG nova.service [None req-bbb0a016-cce8-4871-8634-bb4632829c21 None None] Join ServiceGroup membership for this service conductor {{(pid=98818) start /opt/stack/nova/nova/service.py:222}}
Jun 26 01:37:52.561449 np0000003677 nova-conductor[98818]: DEBUG nova.servicegroup.drivers.db [None req-bbb0a016-cce8-4871-8634-bb4632829c21 None None] DB_Driver: join new ServiceGroup member np0000003677 to the conductor group, service = {{(pid=98818) join /opt/stack/nova/nova/servicegroup/drivers/db.py:44}}
Jun 26 01:37:52.570166 np0000003677 nova-conductor[98822]: DEBUG nova.service [None req-752aa861-a599-4fb2-bff4-17e3c0f936c1 None None] Join ServiceGroup membership for this service conductor {{(pid=98822) start /opt/stack/nova/nova/service.py:222}}
Jun 26 01:37:52.570386 np0000003677 nova-conductor[98822]: DEBUG nova.servicegroup.drivers.db [None req-752aa861-a599-4fb2-bff4-17e3c0f936c1 None None] DB_Driver: join new ServiceGroup member np0000003677 to the conductor group, service = {{(pid=98822) join /opt/stack/nova/nova/servicegroup/drivers/db.py:44}}
Jun 26 01:37:57.546158 np0000003677 nova-conductor[98806]: DEBUG oslo.service.backend._threading.loopingcall [-] Fixed interval looping call 'nova.servicegroup.drivers.db.DbDriver._report_state' sleeping for 119.99 seconds {{(pid=98806) _run_loop /opt/stack/data/venv/lib/python3.12/site-packages/oslo_service/backend/_threading/loopingcall.py:125}}
Jun 26 01:37:57.561787 np0000003677 nova-conductor[98811]: DEBUG oslo.service.backend._threading.loopingcall [-] Fixed interval looping call 'nova.servicegroup.drivers.db.DbDriver._report_state' sleeping for 119.99 seconds {{(pid=98811) _run_loop /opt/stack/data/venv/lib/python3.12/site-packages/oslo_service/backend/_threading/loopingcall.py:125}}
Jun 26 01:37:57.574324 np0000003677 nova-conductor[98818]: DEBUG oslo.service.backend._threading.loopingcall [-] Fixed interval looping call 'nova.servicegroup.drivers.db.DbDriver._report_state' sleeping for 119.99 seconds {{(pid=98818) _run_loop /opt/stack/data/venv/lib/python3.12/site-packages/oslo_service/backend/_threading/loopingcall.py:125}}
Jun 26 01:37:57.580589 np0000003677 nova-conductor[98822]: DEBUG oslo.service.backend._threading.loopingcall [-] Fixed interval looping call 'nova.servicegroup.drivers.db.DbDriver._report_state' sleeping for 119.99 seconds {{(pid=98822) _run_loop /opt/stack/data/venv/lib/python3.12/site-packages/oslo_service/backend/_threading/loopingcall.py:125}}
Jun 26 01:38:01.135622 np0000003677 nova-conductor[97252]: DEBUG dbcounter [-] [97252] Writing DB stats nova_api:SELECT=1 {{(pid=97252) stat_writer /opt/stack/data/venv/lib/python3.12/site-packages/dbcounter.py:115}}
Jun 26 01:38:01.255040 np0000003677 nova-conductor[97252]: DEBUG dbcounter [-] [97252] Writing DB stats nova_cell0:SELECT=1 {{(pid=97252) stat_writer /opt/stack/data/venv/lib/python3.12/site-packages/dbcounter.py:115}}
Jun 26 01:38:01.259030 np0000003677 nova-conductor[97252]: DEBUG dbcounter [-] [97252] Writing DB stats nova_cell1:SELECT=1 {{(pid=97252) stat_writer /opt/stack/data/venv/lib/python3.12/site-packages/dbcounter.py:115}}
Jun 26 01:38:07.542207 np0000003677 nova-conductor[98806]: DEBUG dbcounter [-] [98806] Writing DB stats nova_cell0:SELECT=4,nova_cell0:INSERT=1,nova_cell0:UPDATE=1 {{(pid=98806) stat_writer /opt/stack/data/venv/lib/python3.12/site-packages/dbcounter.py:115}}
Jun 26 01:38:07.561393 np0000003677 nova-conductor[98811]: DEBUG dbcounter [-] [98811] Writing DB stats nova_cell0:SELECT=3 {{(pid=98811) stat_writer /opt/stack/data/venv/lib/python3.12/site-packages/dbcounter.py:115}}
Jun 26 01:38:07.571469 np0000003677 nova-conductor[98818]: DEBUG dbcounter [-] [98818] Writing DB stats nova_cell0:SELECT=3 {{(pid=98818) stat_writer /opt/stack/data/venv/lib/python3.12/site-packages/dbcounter.py:115}}
Jun 26 01:38:07.578044 np0000003677 nova-conductor[98822]: DEBUG dbcounter [-] [98822] Writing DB stats nova_cell0:SELECT=3 {{(pid=98822) stat_writer /opt/stack/data/venv/lib/python3.12/site-packages/dbcounter.py:115}}
Jun 26 01:38:21.572160 np0000003677 nova-conductor[98822]: DEBUG oslo.service.backend._threading.loopingcall [None req-131b0910-e0dd-4fe5-a119-0c261f1ecd9b None None] Dynamic interval looping call 'nova.service.Service.periodic_tasks' sleeping for 60.00 seconds {{(pid=98822) _run_loop /opt/stack/data/venv/lib/python3.12/site-packages/oslo_service/backend/_threading/loopingcall.py:125}}
Jun 26 01:38:35.563145 np0000003677 nova-conductor[98818]: DEBUG oslo.service.backend._threading.loopingcall [None req-8667bfd7-e767-4c28-b97b-230bfca1d3c4 None None] Dynamic interval looping call 'nova.service.Service.periodic_tasks' sleeping for 60.00 seconds {{(pid=98818) _run_loop /opt/stack/data/venv/lib/python3.12/site-packages/oslo_service/backend/_threading/loopingcall.py:125}}
Jun 26 01:38:47.551475 np0000003677 nova-conductor[98811]: DEBUG oslo.service.backend._threading.loopingcall [None req-391c7af5-50b9-40cd-a654-dce801028b7b None None] Dynamic interval looping call 'nova.service.Service.periodic_tasks' sleeping for 60.00 seconds {{(pid=98811) _run_loop /opt/stack/data/venv/lib/python3.12/site-packages/oslo_service/backend/_threading/loopingcall.py:125}}
Jun 26 01:38:52.533837 np0000003677 nova-conductor[98806]: DEBUG oslo.service.backend._threading.loopingcall [None req-1d4e0749-109b-4ef4-b8b6-c36cae435d28 None None] Dynamic interval looping call 'nova.service.Service.periodic_tasks' sleeping for 60.00 seconds {{(pid=98806) _run_loop /opt/stack/data/venv/lib/python3.12/site-packages/oslo_service/backend/_threading/loopingcall.py:125}}
Jun 26 01:39:21.572642 np0000003677 nova-conductor[98822]: DEBUG oslo.service.backend._threading.loopingcall [None req-131b0910-e0dd-4fe5-a119-0c261f1ecd9b None None] Dynamic interval looping call 'nova.service.Service.periodic_tasks' sleeping for 60.00 seconds {{(pid=98822) _run_loop /opt/stack/data/venv/lib/python3.12/site-packages/oslo_service/backend/_threading/loopingcall.py:125}}
Jun 26 01:39:35.563627 np0000003677 nova-conductor[98818]: DEBUG oslo.service.backend._threading.loopingcall [None req-8667bfd7-e767-4c28-b97b-230bfca1d3c4 None None] Dynamic interval looping call 'nova.service.Service.periodic_tasks' sleeping for 60.00 seconds {{(pid=98818) _run_loop /opt/stack/data/venv/lib/python3.12/site-packages/oslo_service/backend/_threading/loopingcall.py:125}}
Jun 26 01:39:47.552330 np0000003677 nova-conductor[98811]: DEBUG oslo.service.backend._threading.loopingcall [None req-391c7af5-50b9-40cd-a654-dce801028b7b None None] Dynamic interval looping call 'nova.service.Service.periodic_tasks' sleeping for 60.00 seconds {{(pid=98811) _run_loop /opt/stack/data/venv/lib/python3.12/site-packages/oslo_service/backend/_threading/loopingcall.py:125}}
Jun 26 01:39:52.534409 np0000003677 nova-conductor[98806]: DEBUG oslo.service.backend._threading.loopingcall [None req-1d4e0749-109b-4ef4-b8b6-c36cae435d28 None None] Dynamic interval looping call 'nova.service.Service.periodic_tasks' sleeping for 60.00 seconds {{(pid=98806) _run_loop /opt/stack/data/venv/lib/python3.12/site-packages/oslo_service/backend/_threading/loopingcall.py:125}}
Jun 26 01:39:57.546269 np0000003677 nova-conductor[98806]: DEBUG oslo.service.backend._threading.loopingcall [-] Fixed interval looping call 'nova.servicegroup.drivers.db.DbDriver._report_state' sleeping for 119.99 seconds {{(pid=98806) _run_loop /opt/stack/data/venv/lib/python3.12/site-packages/oslo_service/backend/_threading/loopingcall.py:125}}
Jun 26 01:39:57.555734 np0000003677 nova-conductor[98811]: DEBUG oslo.service.backend._threading.loopingcall [-] Fixed interval looping call 'nova.servicegroup.drivers.db.DbDriver._report_state' sleeping for 120.00 seconds {{(pid=98811) _run_loop /opt/stack/data/venv/lib/python3.12/site-packages/oslo_service/backend/_threading/loopingcall.py:125}}
Jun 26 01:39:57.568207 np0000003677 nova-conductor[98818]: DEBUG oslo.service.backend._threading.loopingcall [-] Fixed interval looping call 'nova.servicegroup.drivers.db.DbDriver._report_state' sleeping for 120.00 seconds {{(pid=98818) _run_loop /opt/stack/data/venv/lib/python3.12/site-packages/oslo_service/backend/_threading/loopingcall.py:125}}
Jun 26 01:39:57.574952 np0000003677 nova-conductor[98822]: DEBUG oslo.service.backend._threading.loopingcall [-] Fixed interval looping call 'nova.servicegroup.drivers.db.DbDriver._report_state' sleeping for 120.00 seconds {{(pid=98822) _run_loop /opt/stack/data/venv/lib/python3.12/site-packages/oslo_service/backend/_threading/loopingcall.py:125}}
Jun 26 01:40:07.539870 np0000003677 nova-conductor[98806]: DEBUG dbcounter [-] [98806] Writing DB stats nova_cell0:SELECT=1,nova_cell0:UPDATE=1 {{(pid=98806) stat_writer /opt/stack/data/venv/lib/python3.12/site-packages/dbcounter.py:115}}
Jun 26 01:40:07.553578 np0000003677 nova-conductor[98811]: DEBUG dbcounter [-] [98811] Writing DB stats nova_cell0:SELECT=1 {{(pid=98811) stat_writer /opt/stack/data/venv/lib/python3.12/site-packages/dbcounter.py:115}}
Jun 26 01:40:07.566279 np0000003677 nova-conductor[98818]: DEBUG dbcounter [-] [98818] Writing DB stats nova_cell0:SELECT=1 {{(pid=98818) stat_writer /opt/stack/data/venv/lib/python3.12/site-packages/dbcounter.py:115}}
Jun 26 01:40:07.572631 np0000003677 nova-conductor[98822]: DEBUG dbcounter [-] [98822] Writing DB stats nova_cell0:SELECT=1 {{(pid=98822) stat_writer /opt/stack/data/venv/lib/python3.12/site-packages/dbcounter.py:115}}
Jun 26 01:40:21.573122 np0000003677 nova-conductor[98822]: DEBUG oslo.service.backend._threading.loopingcall [None req-131b0910-e0dd-4fe5-a119-0c261f1ecd9b None None] Dynamic interval looping call 'nova.service.Service.periodic_tasks' sleeping for 60.00 seconds {{(pid=98822) _run_loop /opt/stack/data/venv/lib/python3.12/site-packages/oslo_service/backend/_threading/loopingcall.py:125}}
Jun 26 01:40:31.253978 np0000003677 nova-conductor[98806]: DEBUG oslo_db.sqlalchemy.engines [None req-6c42b97a-cfaa-4950-81e7-1d1231c929b8 tempest-DeleteServersTestJSON-1766936741 tempest-DeleteServersTestJSON-1766936741-project-member] Parent process 97252 forked (98806) with an open database connection, which is being discarded and recreated. {{(pid=98806) checkout /opt/stack/data/venv/lib/python3.12/site-packages/oslo_db/sqlalchemy/engines.py:402}}
Jun 26 01:40:31.309545 np0000003677 nova-conductor[98806]: DEBUG dbcounter [-] [98806] Writer thread running {{(pid=98806) stat_writer /opt/stack/data/venv/lib/python3.12/site-packages/dbcounter.py:102}}
Jun 26 01:40:31.463036 np0000003677 nova-conductor[98811]: DEBUG dbcounter [-] [98811] Writer thread running {{(pid=98811) stat_writer /opt/stack/data/venv/lib/python3.12/site-packages/dbcounter.py:102}}
Jun 26 01:40:32.499645 np0000003677 nova-conductor[98811]: DEBUG nova.conductor.manager [None req-e37e4e2b-55ff-4d58-848e-756aa80a3b0f tempest-ServerRescueNegativeTestJSON-1869343177 tempest-ServerRescueNegativeTestJSON-1869343177-project-member] Took 1.03 seconds to select destinations for 1 instance(s). {{(pid=98811) _schedule_instances /opt/stack/nova/nova/conductor/manager.py:968}}
Jun 26 01:40:32.529281 np0000003677 nova-conductor[98811]: DEBUG oslo_concurrency.lockutils [None req-e37e4e2b-55ff-4d58-848e-756aa80a3b0f tempest-ServerRescueNegativeTestJSON-1869343177 tempest-ServerRescueNegativeTestJSON-1869343177-project-member] Acquiring lock "c23c4e2e-b5cd-49c9-aa34-b83c95dc0e58" by "nova.context.set_target_cell..get_or_set_cached_cell_and_set_connections" {{(pid=98811) inner /opt/stack/data/venv/lib/python3.12/site-packages/oslo_concurrency/lockutils.py:511}}
Jun 26 01:40:32.529558 np0000003677 nova-conductor[98811]: DEBUG oslo_concurrency.lockutils [None req-e37e4e2b-55ff-4d58-848e-756aa80a3b0f tempest-ServerRescueNegativeTestJSON-1869343177 tempest-ServerRescueNegativeTestJSON-1869343177-project-member] Lock "c23c4e2e-b5cd-49c9-aa34-b83c95dc0e58" acquired by "nova.context.set_target_cell..get_or_set_cached_cell_and_set_connections" :: waited 0.000s {{(pid=98811) inner /opt/stack/data/venv/lib/python3.12/site-packages/oslo_concurrency/lockutils.py:524}}
Jun 26 01:40:32.531180 np0000003677 nova-conductor[98811]: DEBUG oslo_concurrency.lockutils [None req-e37e4e2b-55ff-4d58-848e-756aa80a3b0f tempest-ServerRescueNegativeTestJSON-1869343177 tempest-ServerRescueNegativeTestJSON-1869343177-project-member] Lock "c23c4e2e-b5cd-49c9-aa34-b83c95dc0e58" "released" by "nova.context.set_target_cell..get_or_set_cached_cell_and_set_connections" :: held 0.002s {{(pid=98811) inner /opt/stack/data/venv/lib/python3.12/site-packages/oslo_concurrency/lockutils.py:543}}
Jun 26 01:40:32.533374 np0000003677 nova-conductor[98811]: INFO dbcounter [None req-e37e4e2b-55ff-4d58-848e-756aa80a3b0f tempest-ServerRescueNegativeTestJSON-1869343177 tempest-ServerRescueNegativeTestJSON-1869343177-project-member] Registered counter for database nova_cell1
Jun 26 01:40:32.587426 np0000003677 nova-conductor[98811]: DEBUG oslo_db.sqlalchemy.engines [None req-e37e4e2b-55ff-4d58-848e-756aa80a3b0f tempest-ServerRescueNegativeTestJSON-1869343177 tempest-ServerRescueNegativeTestJSON-1869343177-project-member] MySQL server mode set to STRICT_TRANS_TABLES,STRICT_ALL_TABLES,NO_ZERO_IN_DATE,NO_ZERO_DATE,ERROR_FOR_DIVISION_BY_ZERO,TRADITIONAL,NO_ENGINE_SUBSTITUTION {{(pid=98811) _check_effective_sql_mode /opt/stack/data/venv/lib/python3.12/site-packages/oslo_db/sqlalchemy/engines.py:325}}
Jun 26 01:40:32.593909 np0000003677 nova-conductor[98811]: DEBUG dbcounter [-] [98811] Writer thread running {{(pid=98811) stat_writer /opt/stack/data/venv/lib/python3.12/site-packages/dbcounter.py:102}}
Jun 26 01:40:32.712533 np0000003677 nova-conductor[98811]: INFO nova.utils [None req-e37e4e2b-55ff-4d58-848e-756aa80a3b0f tempest-ServerRescueNegativeTestJSON-1869343177 tempest-ServerRescueNegativeTestJSON-1869343177-project-member] The cell worker thread pool ForkProcess-2.cell_worker is initialized
Jun 26 01:40:32.712533 np0000003677 nova-conductor[98811]: DEBUG oslo_concurrency.lockutils [None req-e37e4e2b-55ff-4d58-848e-756aa80a3b0f tempest-ServerRescueNegativeTestJSON-1869343177 tempest-ServerRescueNegativeTestJSON-1869343177-project-member] Acquiring lock "00000000-0000-0000-0000-000000000000" by "nova.context.set_target_cell..get_or_set_cached_cell_and_set_connections" {{(pid=98811) inner /opt/stack/data/venv/lib/python3.12/site-packages/oslo_concurrency/lockutils.py:511}}
Jun 26 01:40:32.712533 np0000003677 nova-conductor[98811]: DEBUG oslo_concurrency.lockutils [None req-e37e4e2b-55ff-4d58-848e-756aa80a3b0f tempest-ServerRescueNegativeTestJSON-1869343177 tempest-ServerRescueNegativeTestJSON-1869343177-project-member] Lock "00000000-0000-0000-0000-000000000000" acquired by "nova.context.set_target_cell..get_or_set_cached_cell_and_set_connections" :: waited 0.000s {{(pid=98811) inner /opt/stack/data/venv/lib/python3.12/site-packages/oslo_concurrency/lockutils.py:524}}
Jun 26 01:40:32.712533 np0000003677 nova-conductor[98811]: DEBUG oslo_concurrency.lockutils [None req-e37e4e2b-55ff-4d58-848e-756aa80a3b0f tempest-ServerRescueNegativeTestJSON-1869343177 tempest-ServerRescueNegativeTestJSON-1869343177-project-member] Lock "00000000-0000-0000-0000-000000000000" "released" by "nova.context.set_target_cell..get_or_set_cached_cell_and_set_connections" :: held 0.000s {{(pid=98811) inner /opt/stack/data/venv/lib/python3.12/site-packages/oslo_concurrency/lockutils.py:543}}
Jun 26 01:40:32.713126 np0000003677 nova-conductor[98811]: DEBUG oslo_concurrency.lockutils [None req-e37e4e2b-55ff-4d58-848e-756aa80a3b0f tempest-ServerRescueNegativeTestJSON-1869343177 tempest-ServerRescueNegativeTestJSON-1869343177-project-member] Acquiring lock "c23c4e2e-b5cd-49c9-aa34-b83c95dc0e58" by "nova.context.set_target_cell..get_or_set_cached_cell_and_set_connections" {{(pid=98811) inner /opt/stack/data/venv/lib/python3.12/site-packages/oslo_concurrency/lockutils.py:511}}
Jun 26 01:40:32.713263 np0000003677 nova-conductor[98811]: DEBUG oslo_concurrency.lockutils [None req-e37e4e2b-55ff-4d58-848e-756aa80a3b0f tempest-ServerRescueNegativeTestJSON-1869343177 tempest-ServerRescueNegativeTestJSON-1869343177-project-member] Lock "c23c4e2e-b5cd-49c9-aa34-b83c95dc0e58" acquired by "nova.context.set_target_cell..get_or_set_cached_cell_and_set_connections" :: waited 0.000s {{(pid=98811) inner /opt/stack/data/venv/lib/python3.12/site-packages/oslo_concurrency/lockutils.py:524}}
Jun 26 01:40:32.715008 np0000003677 nova-conductor[98811]: INFO dbcounter [None req-e37e4e2b-55ff-4d58-848e-756aa80a3b0f tempest-ServerRescueNegativeTestJSON-1869343177 tempest-ServerRescueNegativeTestJSON-1869343177-project-member] Registered counter for database nova_cell0
Jun 26 01:40:32.716467 np0000003677 nova-conductor[98811]: DEBUG oslo_concurrency.lockutils [None req-e37e4e2b-55ff-4d58-848e-756aa80a3b0f tempest-ServerRescueNegativeTestJSON-1869343177 tempest-ServerRescueNegativeTestJSON-1869343177-project-member] Lock "c23c4e2e-b5cd-49c9-aa34-b83c95dc0e58" "released" by "nova.context.set_target_cell..get_or_set_cached_cell_and_set_connections" :: held 0.001s {{(pid=98811) inner /opt/stack/data/venv/lib/python3.12/site-packages/oslo_concurrency/lockutils.py:543}}
Jun 26 01:40:32.768969 np0000003677 nova-conductor[98811]: DEBUG oslo_db.sqlalchemy.engines [None req-e37e4e2b-55ff-4d58-848e-756aa80a3b0f tempest-ServerRescueNegativeTestJSON-1869343177 tempest-ServerRescueNegativeTestJSON-1869343177-project-member] MySQL server mode set to STRICT_TRANS_TABLES,STRICT_ALL_TABLES,NO_ZERO_IN_DATE,NO_ZERO_DATE,ERROR_FOR_DIVISION_BY_ZERO,TRADITIONAL,NO_ENGINE_SUBSTITUTION {{(pid=98811) _check_effective_sql_mode /opt/stack/data/venv/lib/python3.12/site-packages/oslo_db/sqlalchemy/engines.py:325}}
Jun 26 01:40:32.780257 np0000003677 nova-conductor[98811]: DEBUG dbcounter [-] [98811] Writer thread running {{(pid=98811) stat_writer /opt/stack/data/venv/lib/python3.12/site-packages/dbcounter.py:102}}
Jun 26 01:40:32.787443 np0000003677 nova-conductor[98811]: DEBUG nova.quota [None req-e37e4e2b-55ff-4d58-848e-756aa80a3b0f tempest-ServerRescueNegativeTestJSON-1869343177 tempest-ServerRescueNegativeTestJSON-1869343177-project-member] Getting quotas for project 22dfcc1996c3432998ba41d81dbf7058. Resources: {'cores', 'instances', 'ram'} {{(pid=98811) _get_quotas /opt/stack/nova/nova/quota.py:392}}
Jun 26 01:40:32.790695 np0000003677 nova-conductor[98811]: DEBUG nova.quota [None req-e37e4e2b-55ff-4d58-848e-756aa80a3b0f tempest-ServerRescueNegativeTestJSON-1869343177 tempest-ServerRescueNegativeTestJSON-1869343177-project-member] Getting quotas for user ae025a67ab314a3aa047cb31118777b9 and project 22dfcc1996c3432998ba41d81dbf7058. Resources: {'cores', 'instances', 'ram'} {{(pid=98811) _get_quotas /opt/stack/nova/nova/quota.py:382}}
Jun 26 01:40:32.795481 np0000003677 nova-conductor[98811]: DEBUG nova.conductor.manager [None req-e37e4e2b-55ff-4d58-848e-756aa80a3b0f tempest-ServerRescueNegativeTestJSON-1869343177 tempest-ServerRescueNegativeTestJSON-1869343177-project-member] [instance: 6b1828f3-5c0b-4ffe-94bc-5867e9ab9db3] Selected host: np0000003677; Selected node: np0000003677; Alternates: [] {{(pid=98811) schedule_and_build_instances /opt/stack/nova/nova/conductor/manager.py:1784}}
Jun 26 01:40:32.796096 np0000003677 nova-conductor[98811]: DEBUG oslo_concurrency.lockutils [None req-e37e4e2b-55ff-4d58-848e-756aa80a3b0f tempest-ServerRescueNegativeTestJSON-1869343177 tempest-ServerRescueNegativeTestJSON-1869343177-project-member] Acquiring lock "c23c4e2e-b5cd-49c9-aa34-b83c95dc0e58" by "nova.context.set_target_cell..get_or_set_cached_cell_and_set_connections" {{(pid=98811) inner /opt/stack/data/venv/lib/python3.12/site-packages/oslo_concurrency/lockutils.py:511}}
Jun 26 01:40:32.796096 np0000003677 nova-conductor[98811]: DEBUG oslo_concurrency.lockutils [None req-e37e4e2b-55ff-4d58-848e-756aa80a3b0f tempest-ServerRescueNegativeTestJSON-1869343177 tempest-ServerRescueNegativeTestJSON-1869343177-project-member] Lock "c23c4e2e-b5cd-49c9-aa34-b83c95dc0e58" acquired by "nova.context.set_target_cell..get_or_set_cached_cell_and_set_connections" :: waited 0.000s {{(pid=98811) inner /opt/stack/data/venv/lib/python3.12/site-packages/oslo_concurrency/lockutils.py:524}}
Jun 26 01:40:32.796179 np0000003677 nova-conductor[98811]: DEBUG oslo_concurrency.lockutils [None req-e37e4e2b-55ff-4d58-848e-756aa80a3b0f tempest-ServerRescueNegativeTestJSON-1869343177 tempest-ServerRescueNegativeTestJSON-1869343177-project-member] Lock "c23c4e2e-b5cd-49c9-aa34-b83c95dc0e58" "released" by "nova.context.set_target_cell..get_or_set_cached_cell_and_set_connections" :: held 0.000s {{(pid=98811) inner /opt/stack/data/venv/lib/python3.12/site-packages/oslo_concurrency/lockutils.py:543}}
Jun 26 01:40:32.823473 np0000003677 nova-conductor[98811]: DEBUG nova.conductor.manager [None req-e37e4e2b-55ff-4d58-848e-756aa80a3b0f tempest-ServerRescueNegativeTestJSON-1869343177 tempest-ServerRescueNegativeTestJSON-1869343177-project-member] [instance: 6b1828f3-5c0b-4ffe-94bc-5867e9ab9db3] block_device_mapping [BlockDeviceMapping(attachment_id=,boot_index=0,connection_info=None,created_at=,delete_on_termination=True,deleted=,deleted_at=,destination_type='local',device_name=None,device_type='disk',disk_bus=None,encrypted=False,encryption_format=None,encryption_options=None,encryption_secret_uuid=None,guest_format=None,id=,image_id='f72d9d8e-cee0-482a-9036-a761b77a5add',instance=,instance_uuid=,no_device=False,snapshot_id=None,source_type='image',tag=None,updated_at=,uuid=,volume_id=None,volume_size=None,volume_type=None)] {{(pid=98811) _create_block_device_mapping /opt/stack/nova/nova/conductor/manager.py:1529}}
Jun 26 01:40:32.825042 np0000003677 nova-conductor[98811]: DEBUG oslo_concurrency.lockutils [None req-e37e4e2b-55ff-4d58-848e-756aa80a3b0f tempest-ServerRescueNegativeTestJSON-1869343177 tempest-ServerRescueNegativeTestJSON-1869343177-project-member] Acquiring lock "c23c4e2e-b5cd-49c9-aa34-b83c95dc0e58" by "nova.context.set_target_cell..get_or_set_cached_cell_and_set_connections" {{(pid=98811) inner /opt/stack/data/venv/lib/python3.12/site-packages/oslo_concurrency/lockutils.py:511}}
Jun 26 01:40:32.825227 np0000003677 nova-conductor[98811]: DEBUG oslo_concurrency.lockutils [None req-e37e4e2b-55ff-4d58-848e-756aa80a3b0f tempest-ServerRescueNegativeTestJSON-1869343177 tempest-ServerRescueNegativeTestJSON-1869343177-project-member] Lock "c23c4e2e-b5cd-49c9-aa34-b83c95dc0e58" acquired by "nova.context.set_target_cell..get_or_set_cached_cell_and_set_connections" :: waited 0.000s {{(pid=98811) inner /opt/stack/data/venv/lib/python3.12/site-packages/oslo_concurrency/lockutils.py:524}}
Jun 26 01:40:32.825405 np0000003677 nova-conductor[98811]: DEBUG oslo_concurrency.lockutils [None req-e37e4e2b-55ff-4d58-848e-756aa80a3b0f tempest-ServerRescueNegativeTestJSON-1869343177 tempest-ServerRescueNegativeTestJSON-1869343177-project-member] Lock "c23c4e2e-b5cd-49c9-aa34-b83c95dc0e58" "released" by "nova.context.set_target_cell..get_or_set_cached_cell_and_set_connections" :: held 0.000s {{(pid=98811) inner /opt/stack/data/venv/lib/python3.12/site-packages/oslo_concurrency/lockutils.py:543}}
Jun 26 01:40:32.854500 np0000003677 nova-conductor[98806]: DEBUG nova.conductor.manager [None req-6c42b97a-cfaa-4950-81e7-1d1231c929b8 tempest-DeleteServersTestJSON-1766936741 tempest-DeleteServersTestJSON-1766936741-project-member] Took 1.54 seconds to select destinations for 1 instance(s). {{(pid=98806) _schedule_instances /opt/stack/nova/nova/conductor/manager.py:968}}
Jun 26 01:40:32.886371 np0000003677 nova-conductor[98806]: DEBUG oslo_concurrency.lockutils [None req-6c42b97a-cfaa-4950-81e7-1d1231c929b8 tempest-DeleteServersTestJSON-1766936741 tempest-DeleteServersTestJSON-1766936741-project-member] Acquiring lock "c23c4e2e-b5cd-49c9-aa34-b83c95dc0e58" by "nova.context.set_target_cell..get_or_set_cached_cell_and_set_connections" {{(pid=98806) inner /opt/stack/data/venv/lib/python3.12/site-packages/oslo_concurrency/lockutils.py:511}}
