Aug 05 23:28:48.273952 np0000006590 nova-scheduler[93473]: DEBUG cotyledon.oslo_config_glue [-] oslo_messaging_rabbit.rabbit_quorum_queue = False {{(pid=93473) log_opt_values /opt/stack/data/venv/lib/python3.12/site-packages/oslo_config/cfg.py:3545}}
Aug 05 23:28:48.273952 np0000006590 nova-scheduler[93473]: DEBUG cotyledon.oslo_config_glue [-] oslo_messaging_rabbit.rabbit_retry_backoff = 2 {{(pid=93473) log_opt_values /opt/stack/data/venv/lib/python3.12/site-packages/oslo_config/cfg.py:3545}}
Aug 05 23:28:48.273952 np0000006590 nova-scheduler[93473]: DEBUG cotyledon.oslo_config_glue [-] oslo_messaging_rabbit.rabbit_retry_interval = 1 {{(pid=93473) log_opt_values /opt/stack/data/venv/lib/python3.12/site-packages/oslo_config/cfg.py:3545}}
Aug 05 23:28:48.273952 np0000006590 nova-scheduler[93473]: DEBUG cotyledon.oslo_config_glue [-] oslo_messaging_rabbit.rabbit_stream_fanout = False {{(pid=93473) log_opt_values /opt/stack/data/venv/lib/python3.12/site-packages/oslo_config/cfg.py:3545}}
Aug 05 23:28:48.273952 np0000006590 nova-scheduler[93473]: DEBUG cotyledon.oslo_config_glue [-] oslo_messaging_rabbit.rabbit_transient_queues_ttl = 1800 {{(pid=93473) log_opt_values /opt/stack/data/venv/lib/python3.12/site-packages/oslo_config/cfg.py:3545}}
Aug 05 23:28:48.273952 np0000006590 nova-scheduler[93473]: DEBUG cotyledon.oslo_config_glue [-] oslo_messaging_rabbit.rabbit_transient_quorum_queue = False {{(pid=93473) log_opt_values /opt/stack/data/venv/lib/python3.12/site-packages/oslo_config/cfg.py:3545}}
Aug 05 23:28:48.273952 np0000006590 nova-scheduler[93473]: DEBUG cotyledon.oslo_config_glue [-] oslo_messaging_rabbit.rpc_conn_pool_size = 30 {{(pid=93473) log_opt_values /opt/stack/data/venv/lib/python3.12/site-packages/oslo_config/cfg.py:3545}}
Aug 05 23:28:48.273952 np0000006590 nova-scheduler[93473]: DEBUG cotyledon.oslo_config_glue [-] oslo_messaging_rabbit.ssl = False {{(pid=93473) log_opt_values /opt/stack/data/venv/lib/python3.12/site-packages/oslo_config/cfg.py:3545}}
Aug 05 23:28:48.274124 np0000006590 nova-scheduler[93473]: DEBUG cotyledon.oslo_config_glue [-] oslo_messaging_rabbit.ssl_ca_file = {{(pid=93473) log_opt_values /opt/stack/data/venv/lib/python3.12/site-packages/oslo_config/cfg.py:3545}}
Aug 05 23:28:48.274149 np0000006590 nova-scheduler[93470]: INFO nova.service [-] Starting scheduler node (version 33.1.0)
Aug 05 23:28:48.274176 np0000006590 nova-scheduler[93473]: DEBUG cotyledon.oslo_config_glue [-] oslo_messaging_rabbit.ssl_cert_file = {{(pid=93473) log_opt_values /opt/stack/data/venv/lib/python3.12/site-packages/oslo_config/cfg.py:3545}}
Aug 05 23:28:48.274176 np0000006590 nova-scheduler[93473]: DEBUG cotyledon.oslo_config_glue [-] oslo_messaging_rabbit.ssl_enforce_fips_mode = False {{(pid=93473) log_opt_values /opt/stack/data/venv/lib/python3.12/site-packages/oslo_config/cfg.py:3545}}
Aug 05 23:28:48.274176 np0000006590 nova-scheduler[93473]: DEBUG cotyledon.oslo_config_glue [-] oslo_messaging_rabbit.ssl_enforce_hostname_verification = True {{(pid=93473) log_opt_values /opt/stack/data/venv/lib/python3.12/site-packages/oslo_config/cfg.py:3545}}
Aug 05 23:28:48.274176 np0000006590 nova-scheduler[93473]: DEBUG cotyledon.oslo_config_glue [-] oslo_messaging_rabbit.ssl_key_file = {{(pid=93473) log_opt_values /opt/stack/data/venv/lib/python3.12/site-packages/oslo_config/cfg.py:3545}}
Aug 05 23:28:48.274176 np0000006590 nova-scheduler[93473]: DEBUG cotyledon.oslo_config_glue [-] oslo_messaging_rabbit.ssl_version = {{(pid=93473) log_opt_values /opt/stack/data/venv/lib/python3.12/site-packages/oslo_config/cfg.py:3545}}
Aug 05 23:28:48.274176 np0000006590 nova-scheduler[93473]: DEBUG cotyledon.oslo_config_glue [-] oslo_messaging_rabbit.use_queue_manager = False {{(pid=93473) log_opt_values /opt/stack/data/venv/lib/python3.12/site-packages/oslo_config/cfg.py:3545}}
Aug 05 23:28:48.274176 np0000006590 nova-scheduler[93473]: DEBUG cotyledon.oslo_config_glue [-] oslo_messaging_notifications.driver = ['messagingv2'] {{(pid=93473) log_opt_values /opt/stack/data/venv/lib/python3.12/site-packages/oslo_config/cfg.py:3545}}
Aug 05 23:28:48.274176 np0000006590 nova-scheduler[93473]: DEBUG cotyledon.oslo_config_glue [-] oslo_messaging_notifications.retry = -1 {{(pid=93473) log_opt_values /opt/stack/data/venv/lib/python3.12/site-packages/oslo_config/cfg.py:3545}}
Aug 05 23:28:48.274176 np0000006590 nova-scheduler[93473]: DEBUG cotyledon.oslo_config_glue [-] oslo_messaging_notifications.topics = ['notifications'] {{(pid=93473) log_opt_values /opt/stack/data/venv/lib/python3.12/site-packages/oslo_config/cfg.py:3545}}
Aug 05 23:28:48.274378 np0000006590 nova-scheduler[93473]: DEBUG cotyledon.oslo_config_glue [-] oslo_messaging_notifications.transport_url = **** {{(pid=93473) log_opt_values /opt/stack/data/venv/lib/python3.12/site-packages/oslo_config/cfg.py:3545}}
Aug 05 23:28:48.274378 np0000006590 nova-scheduler[93473]: DEBUG cotyledon.oslo_config_glue [-] oslo_limit.auth_section = None {{(pid=93473) log_opt_values /opt/stack/data/venv/lib/python3.12/site-packages/oslo_config/cfg.py:3545}}
Aug 05 23:28:48.274378 np0000006590 nova-scheduler[93473]: DEBUG cotyledon.oslo_config_glue [-] oslo_limit.auth_type = None {{(pid=93473) log_opt_values /opt/stack/data/venv/lib/python3.12/site-packages/oslo_config/cfg.py:3545}}
Aug 05 23:28:48.274378 np0000006590 nova-scheduler[93473]: DEBUG cotyledon.oslo_config_glue [-] oslo_limit.cafile = None {{(pid=93473) log_opt_values /opt/stack/data/venv/lib/python3.12/site-packages/oslo_config/cfg.py:3545}}
Aug 05 23:28:48.274378 np0000006590 nova-scheduler[93473]: DEBUG cotyledon.oslo_config_glue [-] oslo_limit.certfile = None {{(pid=93473) log_opt_values /opt/stack/data/venv/lib/python3.12/site-packages/oslo_config/cfg.py:3545}}
Aug 05 23:28:48.274378 np0000006590 nova-scheduler[93473]: DEBUG cotyledon.oslo_config_glue [-] oslo_limit.collect_timing = False {{(pid=93473) log_opt_values /opt/stack/data/venv/lib/python3.12/site-packages/oslo_config/cfg.py:3545}}
Aug 05 23:28:48.274378 np0000006590 nova-scheduler[93473]: DEBUG cotyledon.oslo_config_glue [-] oslo_limit.connect_retries = None {{(pid=93473) log_opt_values /opt/stack/data/venv/lib/python3.12/site-packages/oslo_config/cfg.py:3545}}
Aug 05 23:28:48.274378 np0000006590 nova-scheduler[93473]: DEBUG cotyledon.oslo_config_glue [-] oslo_limit.connect_retry_delay = None {{(pid=93473) log_opt_values /opt/stack/data/venv/lib/python3.12/site-packages/oslo_config/cfg.py:3545}}
Aug 05 23:28:48.274378 np0000006590 nova-scheduler[93473]: DEBUG cotyledon.oslo_config_glue [-] oslo_limit.endpoint_id = None {{(pid=93473) log_opt_values /opt/stack/data/venv/lib/python3.12/site-packages/oslo_config/cfg.py:3545}}
Aug 05 23:28:48.274560 np0000006590 nova-scheduler[93473]: DEBUG cotyledon.oslo_config_glue [-] oslo_limit.endpoint_interface = public {{(pid=93473) log_opt_values /opt/stack/data/venv/lib/python3.12/site-packages/oslo_config/cfg.py:3545}}
Aug 05 23:28:48.274560 np0000006590 nova-scheduler[93473]: DEBUG cotyledon.oslo_config_glue [-] oslo_limit.endpoint_override = None {{(pid=93473) log_opt_values /opt/stack/data/venv/lib/python3.12/site-packages/oslo_config/cfg.py:3545}}
Aug 05 23:28:48.274560 np0000006590 nova-scheduler[93473]: DEBUG cotyledon.oslo_config_glue [-] oslo_limit.endpoint_region_name = None {{(pid=93473) log_opt_values /opt/stack/data/venv/lib/python3.12/site-packages/oslo_config/cfg.py:3545}}
Aug 05 23:28:48.274560 np0000006590 nova-scheduler[93473]: DEBUG cotyledon.oslo_config_glue [-] oslo_limit.endpoint_service_name = None {{(pid=93473) log_opt_values /opt/stack/data/venv/lib/python3.12/site-packages/oslo_config/cfg.py:3545}}
Aug 05 23:28:48.274560 np0000006590 nova-scheduler[93473]: DEBUG cotyledon.oslo_config_glue [-] oslo_limit.endpoint_service_type = None {{(pid=93473) log_opt_values /opt/stack/data/venv/lib/python3.12/site-packages/oslo_config/cfg.py:3545}}
Aug 05 23:28:48.274560 np0000006590 nova-scheduler[93473]: DEBUG cotyledon.oslo_config_glue [-] oslo_limit.insecure = False {{(pid=93473) log_opt_values /opt/stack/data/venv/lib/python3.12/site-packages/oslo_config/cfg.py:3545}}
Aug 05 23:28:48.274560 np0000006590 nova-scheduler[93473]: DEBUG cotyledon.oslo_config_glue [-] oslo_limit.keyfile = None {{(pid=93473) log_opt_values /opt/stack/data/venv/lib/python3.12/site-packages/oslo_config/cfg.py:3545}}
Aug 05 23:28:48.274560 np0000006590 nova-scheduler[93473]: DEBUG cotyledon.oslo_config_glue [-] oslo_limit.max_version = None {{(pid=93473) log_opt_values /opt/stack/data/venv/lib/python3.12/site-packages/oslo_config/cfg.py:3545}}
Aug 05 23:28:48.274560 np0000006590 nova-scheduler[93473]: DEBUG cotyledon.oslo_config_glue [-] oslo_limit.min_version = None {{(pid=93473) log_opt_values /opt/stack/data/venv/lib/python3.12/site-packages/oslo_config/cfg.py:3545}}
Aug 05 23:28:48.274795 np0000006590 nova-scheduler[93473]: DEBUG cotyledon.oslo_config_glue [-] oslo_limit.region_name = None {{(pid=93473) log_opt_values /opt/stack/data/venv/lib/python3.12/site-packages/oslo_config/cfg.py:3545}}
Aug 05 23:28:48.274795 np0000006590 nova-scheduler[93473]: DEBUG cotyledon.oslo_config_glue [-] oslo_limit.retriable_status_codes = None {{(pid=93473) log_opt_values /opt/stack/data/venv/lib/python3.12/site-packages/oslo_config/cfg.py:3545}}
Aug 05 23:28:48.274795 np0000006590 nova-scheduler[93473]: DEBUG cotyledon.oslo_config_glue [-] oslo_limit.service_name = None {{(pid=93473) log_opt_values /opt/stack/data/venv/lib/python3.12/site-packages/oslo_config/cfg.py:3545}}
Aug 05 23:28:48.274795 np0000006590 nova-scheduler[93473]: DEBUG cotyledon.oslo_config_glue [-] oslo_limit.service_type = None {{(pid=93473) log_opt_values /opt/stack/data/venv/lib/python3.12/site-packages/oslo_config/cfg.py:3545}}
Aug 05 23:28:48.274795 np0000006590 nova-scheduler[93473]: DEBUG cotyledon.oslo_config_glue [-] oslo_limit.split_loggers = False {{(pid=93473) log_opt_values /opt/stack/data/venv/lib/python3.12/site-packages/oslo_config/cfg.py:3545}}
Aug 05 23:28:48.274795 np0000006590 nova-scheduler[93473]: DEBUG cotyledon.oslo_config_glue [-] oslo_limit.status_code_retries = None {{(pid=93473) log_opt_values /opt/stack/data/venv/lib/python3.12/site-packages/oslo_config/cfg.py:3545}}
Aug 05 23:28:48.274795 np0000006590 nova-scheduler[93473]: DEBUG cotyledon.oslo_config_glue [-] oslo_limit.status_code_retry_delay = None {{(pid=93473) log_opt_values /opt/stack/data/venv/lib/python3.12/site-packages/oslo_config/cfg.py:3545}}
Aug 05 23:28:48.274795 np0000006590 nova-scheduler[93473]: DEBUG cotyledon.oslo_config_glue [-] oslo_limit.timeout = None {{(pid=93473) log_opt_values /opt/stack/data/venv/lib/python3.12/site-packages/oslo_config/cfg.py:3545}}
Aug 05 23:28:48.274795 np0000006590 nova-scheduler[93473]: DEBUG cotyledon.oslo_config_glue [-] oslo_limit.valid_interfaces = None {{(pid=93473) log_opt_values /opt/stack/data/venv/lib/python3.12/site-packages/oslo_config/cfg.py:3545}}
Aug 05 23:28:48.275006 np0000006590 nova-scheduler[93473]: DEBUG cotyledon.oslo_config_glue [-] oslo_limit.version = None {{(pid=93473) log_opt_values /opt/stack/data/venv/lib/python3.12/site-packages/oslo_config/cfg.py:3545}}
Aug 05 23:28:48.275006 np0000006590 nova-scheduler[93473]: DEBUG cotyledon.oslo_config_glue [-] oslo_reports.file_event_handler = None {{(pid=93473) log_opt_values /opt/stack/data/venv/lib/python3.12/site-packages/oslo_config/cfg.py:3545}}
Aug 05 23:28:48.275006 np0000006590 nova-scheduler[93473]: DEBUG cotyledon.oslo_config_glue [-] oslo_reports.file_event_handler_interval = 1 {{(pid=93473) log_opt_values /opt/stack/data/venv/lib/python3.12/site-packages/oslo_config/cfg.py:3545}}
Aug 05 23:28:48.275006 np0000006590 nova-scheduler[93473]: DEBUG cotyledon.oslo_config_glue [-] oslo_reports.log_dir = None {{(pid=93473) log_opt_values /opt/stack/data/venv/lib/python3.12/site-packages/oslo_config/cfg.py:3545}}
Aug 05 23:28:48.275006 np0000006590 nova-scheduler[93473]: DEBUG cotyledon.oslo_config_glue [-] ******************************************************************************** {{(pid=93473) log_opt_values /opt/stack/data/venv/lib/python3.12/site-packages/oslo_config/cfg.py:3552}}
Aug 05 23:28:48.275006 np0000006590 nova-scheduler[93473]: DEBUG cotyledon._service_worker [-] Run service ServiceWrapper(2) [93473] {{(pid=93473) wait_forever /opt/stack/data/venv/lib/python3.12/site-packages/cotyledon/_service_worker.py:218}}
Aug 05 23:28:48.275006 np0000006590 nova-scheduler[93473]: INFO nova.service [-] Starting scheduler node (version 33.1.0)
Aug 05 23:28:48.275148 np0000006590 nova-scheduler[93470]: INFO dbcounter [None req-bbd230dd-c26c-4065-b9d0-22828184eef0 None None] Registered counter for database nova_cell0
Aug 05 23:28:48.275176 np0000006590 nova-scheduler[93473]: INFO dbcounter [None req-572ad778-bc34-4485-b392-ae7a3343d290 None None] Registered counter for database nova_cell0
Aug 05 23:28:48.286311 np0000006590 nova-scheduler[93434]: DEBUG oslo_db.sqlalchemy.engines [None req-1d068c6d-02b3-4bd6-8095-56a32bc05448 None None] MySQL server mode set to STRICT_TRANS_TABLES,STRICT_ALL_TABLES,NO_ZERO_IN_DATE,NO_ZERO_DATE,ERROR_FOR_DIVISION_BY_ZERO,TRADITIONAL,NO_ENGINE_SUBSTITUTION {{(pid=93434) _check_effective_sql_mode /opt/stack/data/venv/lib/python3.12/site-packages/oslo_db/sqlalchemy/engines.py:325}}
Aug 05 23:28:48.295072 np0000006590 nova-scheduler[93434]: DEBUG dbcounter [-] [93434] Writer thread running {{(pid=93434) stat_writer /opt/stack/data/venv/lib/python3.12/site-packages/dbcounter.py:102}}
Aug 05 23:28:48.308714 np0000006590 nova-scheduler[93470]: DEBUG oslo_db.sqlalchemy.engines [None req-bbd230dd-c26c-4065-b9d0-22828184eef0 None None] MySQL server mode set to STRICT_TRANS_TABLES,STRICT_ALL_TABLES,NO_ZERO_IN_DATE,NO_ZERO_DATE,ERROR_FOR_DIVISION_BY_ZERO,TRADITIONAL,NO_ENGINE_SUBSTITUTION {{(pid=93470) _check_effective_sql_mode /opt/stack/data/venv/lib/python3.12/site-packages/oslo_db/sqlalchemy/engines.py:325}}
Aug 05 23:28:48.310006 np0000006590 nova-scheduler[93434]: DEBUG nova.service [None req-1d068c6d-02b3-4bd6-8095-56a32bc05448 None None] Creating RPC server for service: nova-scheduler on topic: scheduler {{(pid=93434) start /opt/stack/nova/nova/service.py:196}}
Aug 05 23:28:48.311238 np0000006590 nova-scheduler[93473]: DEBUG oslo_db.sqlalchemy.engines [None req-572ad778-bc34-4485-b392-ae7a3343d290 None None] MySQL server mode set to STRICT_TRANS_TABLES,STRICT_ALL_TABLES,NO_ZERO_IN_DATE,NO_ZERO_DATE,ERROR_FOR_DIVISION_BY_ZERO,TRADITIONAL,NO_ENGINE_SUBSTITUTION {{(pid=93473) _check_effective_sql_mode /opt/stack/data/venv/lib/python3.12/site-packages/oslo_db/sqlalchemy/engines.py:325}}
Aug 05 23:28:48.319468 np0000006590 nova-scheduler[93470]: DEBUG dbcounter [-] [93470] Writer thread running {{(pid=93470) stat_writer /opt/stack/data/venv/lib/python3.12/site-packages/dbcounter.py:102}}
Aug 05 23:28:48.319673 np0000006590 nova-scheduler[93473]: DEBUG dbcounter [-] [93473] Writer thread running {{(pid=93473) stat_writer /opt/stack/data/venv/lib/python3.12/site-packages/dbcounter.py:102}}
Aug 05 23:28:48.322582 np0000006590 nova-scheduler[93473]: DEBUG nova.service [None req-572ad778-bc34-4485-b392-ae7a3343d290 None None] Creating RPC server for service: nova-scheduler on topic: scheduler {{(pid=93473) start /opt/stack/nova/nova/service.py:196}}
Aug 05 23:28:48.322973 np0000006590 nova-scheduler[93470]: DEBUG nova.service [None req-bbd230dd-c26c-4065-b9d0-22828184eef0 None None] Creating RPC server for service: nova-scheduler on topic: scheduler {{(pid=93470) start /opt/stack/nova/nova/service.py:196}}
Aug 05 23:28:48.337503 np0000006590 nova-scheduler[93434]: DEBUG nova.service [None req-1d068c6d-02b3-4bd6-8095-56a32bc05448 None None] Join ServiceGroup membership for this service scheduler {{(pid=93434) start /opt/stack/nova/nova/service.py:222}}
Aug 05 23:28:48.337703 np0000006590 nova-scheduler[93434]: DEBUG nova.servicegroup.drivers.db [None req-1d068c6d-02b3-4bd6-8095-56a32bc05448 None None] DB_Driver: join new ServiceGroup member np0000006590 to the scheduler group, service = {{(pid=93434) join /opt/stack/nova/nova/servicegroup/drivers/db.py:44}}
Aug 05 23:28:48.341204 np0000006590 nova-scheduler[93470]: DEBUG nova.service [None req-bbd230dd-c26c-4065-b9d0-22828184eef0 None None] Join ServiceGroup membership for this service scheduler {{(pid=93470) start /opt/stack/nova/nova/service.py:222}}
Aug 05 23:28:48.341411 np0000006590 nova-scheduler[93470]: DEBUG nova.servicegroup.drivers.db [None req-bbd230dd-c26c-4065-b9d0-22828184eef0 None None] DB_Driver: join new ServiceGroup member np0000006590 to the scheduler group, service = {{(pid=93470) join /opt/stack/nova/nova/servicegroup/drivers/db.py:44}}
Aug 05 23:28:48.341488 np0000006590 nova-scheduler[93473]: DEBUG nova.service [None req-572ad778-bc34-4485-b392-ae7a3343d290 None None] Join ServiceGroup membership for this service scheduler {{(pid=93473) start /opt/stack/nova/nova/service.py:222}}
Aug 05 23:28:48.341652 np0000006590 nova-scheduler[93473]: DEBUG nova.servicegroup.drivers.db [None req-572ad778-bc34-4485-b392-ae7a3343d290 None None] DB_Driver: join new ServiceGroup member np0000006590 to the scheduler group, service = {{(pid=93473) join /opt/stack/nova/nova/servicegroup/drivers/db.py:44}}
Aug 05 23:28:49.343586 np0000006590 nova-scheduler[93470]: DEBUG oslo.service.backend._threading.loopingcall [None req-0f097d17-a6d6-431a-8353-ec89b7e7ac6c None None] Dynamic interval looping call 'nova.service.Service.periodic_tasks' sleeping for 60.00 seconds {{(pid=93470) _run_loop /opt/stack/data/venv/lib/python3.12/site-packages/oslo_service/backend/_threading/loopingcall.py:125}}
Aug 05 23:28:53.357444 np0000006590 nova-scheduler[93470]: DEBUG oslo.service.backend._threading.loopingcall [-] Fixed interval looping call 'nova.servicegroup.drivers.db.DbDriver._report_state' sleeping for 119.99 seconds {{(pid=93470) _run_loop /opt/stack/data/venv/lib/python3.12/site-packages/oslo_service/backend/_threading/loopingcall.py:125}}
Aug 05 23:28:53.358110 np0000006590 nova-scheduler[93434]: DEBUG oslo.service.backend._threading.loopingcall [-] Fixed interval looping call 'nova.servicegroup.drivers.db.DbDriver._report_state' sleeping for 119.98 seconds {{(pid=93434) _run_loop /opt/stack/data/venv/lib/python3.12/site-packages/oslo_service/backend/_threading/loopingcall.py:125}}
Aug 05 23:28:53.363962 np0000006590 nova-scheduler[93473]: DEBUG oslo.service.backend._threading.loopingcall [-] Fixed interval looping call 'nova.servicegroup.drivers.db.DbDriver._report_state' sleeping for 119.98 seconds {{(pid=93473) _run_loop /opt/stack/data/venv/lib/python3.12/site-packages/oslo_service/backend/_threading/loopingcall.py:125}}
Aug 05 23:28:56.925418 np0000006590 nova-scheduler[92217]: DEBUG dbcounter [-] [92217] Writing DB stats nova_api:SELECT=3 {{(pid=92217) stat_writer /opt/stack/data/venv/lib/python3.12/site-packages/dbcounter.py:115}}
Aug 05 23:28:57.047514 np0000006590 nova-scheduler[92217]: DEBUG dbcounter [-] [92217] Writing DB stats nova_cell0:SELECT=1 {{(pid=92217) stat_writer /opt/stack/data/venv/lib/python3.12/site-packages/dbcounter.py:115}}
Aug 05 23:28:57.055805 np0000006590 nova-scheduler[92217]: DEBUG dbcounter [-] [92217] Writing DB stats nova_cell1:SELECT=1 {{(pid=92217) stat_writer /opt/stack/data/venv/lib/python3.12/site-packages/dbcounter.py:115}}
Aug 05 23:29:03.351993 np0000006590 nova-scheduler[93470]: DEBUG dbcounter [-] [93470] Writing DB stats nova_cell0:SELECT=3,nova_cell0:UPDATE=1 {{(pid=93470) stat_writer /opt/stack/data/venv/lib/python3.12/site-packages/dbcounter.py:115}}
Aug 05 23:29:03.354951 np0000006590 nova-scheduler[93434]: DEBUG dbcounter [-] [93434] Writing DB stats nova_cell0:SELECT=4,nova_cell0:INSERT=1,nova_cell0:UPDATE=1 {{(pid=93434) stat_writer /opt/stack/data/venv/lib/python3.12/site-packages/dbcounter.py:115}}
Aug 05 23:29:03.361689 np0000006590 nova-scheduler[93473]: DEBUG dbcounter [-] [93473] Writing DB stats nova_cell0:SELECT=3,nova_cell0:UPDATE=1 {{(pid=93473) stat_writer /opt/stack/data/venv/lib/python3.12/site-packages/dbcounter.py:115}}
Aug 05 23:29:12.343295 np0000006590 nova-scheduler[93473]: DEBUG oslo.service.backend._threading.loopingcall [None req-d7bb20f7-d411-4f0c-bf6a-8ad79ac068ed None None] Dynamic interval looping call 'nova.service.Service.periodic_tasks' sleeping for 60.00 seconds {{(pid=93473) _run_loop /opt/stack/data/venv/lib/python3.12/site-packages/oslo_service/backend/_threading/loopingcall.py:125}}
Aug 05 23:29:46.339588 np0000006590 nova-scheduler[93434]: DEBUG oslo.service.backend._threading.loopingcall [None req-bb597e53-3943-4fc5-bd11-7f9f35219774 None None] Dynamic interval looping call 'nova.service.Service.periodic_tasks' sleeping for 60.00 seconds {{(pid=93434) _run_loop /opt/stack/data/venv/lib/python3.12/site-packages/oslo_service/backend/_threading/loopingcall.py:125}}
Aug 05 23:29:49.344127 np0000006590 nova-scheduler[93470]: DEBUG oslo.service.backend._threading.loopingcall [None req-0f097d17-a6d6-431a-8353-ec89b7e7ac6c None None] Dynamic interval looping call 'nova.service.Service.periodic_tasks' sleeping for 60.00 seconds {{(pid=93470) _run_loop /opt/stack/data/venv/lib/python3.12/site-packages/oslo_service/backend/_threading/loopingcall.py:125}}
Aug 05 23:30:12.343851 np0000006590 nova-scheduler[93473]: DEBUG oslo.service.backend._threading.loopingcall [None req-d7bb20f7-d411-4f0c-bf6a-8ad79ac068ed None None] Dynamic interval looping call 'nova.service.Service.periodic_tasks' sleeping for 60.00 seconds {{(pid=93473) _run_loop /opt/stack/data/venv/lib/python3.12/site-packages/oslo_service/backend/_threading/loopingcall.py:125}}
Aug 05 23:30:46.340383 np0000006590 nova-scheduler[93434]: DEBUG oslo.service.backend._threading.loopingcall [None req-bb597e53-3943-4fc5-bd11-7f9f35219774 None None] Dynamic interval looping call 'nova.service.Service.periodic_tasks' sleeping for 60.00 seconds {{(pid=93434) _run_loop /opt/stack/data/venv/lib/python3.12/site-packages/oslo_service/backend/_threading/loopingcall.py:125}}
Aug 05 23:30:49.344827 np0000006590 nova-scheduler[93470]: DEBUG oslo.service.backend._threading.loopingcall [None req-0f097d17-a6d6-431a-8353-ec89b7e7ac6c None None] Dynamic interval looping call 'nova.service.Service.periodic_tasks' sleeping for 60.00 seconds {{(pid=93470) _run_loop /opt/stack/data/venv/lib/python3.12/site-packages/oslo_service/backend/_threading/loopingcall.py:125}}
Aug 05 23:30:53.348100 np0000006590 nova-scheduler[93434]: DEBUG oslo.service.backend._threading.loopingcall [-] Fixed interval looping call 'nova.servicegroup.drivers.db.DbDriver._report_state' sleeping for 119.99 seconds {{(pid=93434) _run_loop /opt/stack/data/venv/lib/python3.12/site-packages/oslo_service/backend/_threading/loopingcall.py:125}}
Aug 05 23:30:53.349613 np0000006590 nova-scheduler[93473]: DEBUG oslo.service.backend._threading.loopingcall [-] Fixed interval looping call 'nova.servicegroup.drivers.db.DbDriver._report_state' sleeping for 120.00 seconds {{(pid=93473) _run_loop /opt/stack/data/venv/lib/python3.12/site-packages/oslo_service/backend/_threading/loopingcall.py:125}}
Aug 05 23:30:53.356095 np0000006590 nova-scheduler[93470]: DEBUG oslo.service.backend._threading.loopingcall [-] Fixed interval looping call 'nova.servicegroup.drivers.db.DbDriver._report_state' sleeping for 119.99 seconds {{(pid=93470) _run_loop /opt/stack/data/venv/lib/python3.12/site-packages/oslo_service/backend/_threading/loopingcall.py:125}}
Aug 05 23:31:03.344518 np0000006590 nova-scheduler[93434]: DEBUG dbcounter [-] [93434] Writing DB stats nova_cell0:SELECT=1,nova_cell0:UPDATE=1 {{(pid=93434) stat_writer /opt/stack/data/venv/lib/python3.12/site-packages/dbcounter.py:115}}
Aug 05 23:31:03.348413 np0000006590 nova-scheduler[93473]: DEBUG dbcounter [-] [93473] Writing DB stats nova_cell0:SELECT=1,nova_cell0:UPDATE=1 {{(pid=93473) stat_writer /opt/stack/data/venv/lib/python3.12/site-packages/dbcounter.py:115}}
Aug 05 23:31:03.354572 np0000006590 nova-scheduler[93470]: DEBUG dbcounter [-] [93470] Writing DB stats nova_cell0:SELECT=1 {{(pid=93470) stat_writer /opt/stack/data/venv/lib/python3.12/site-packages/dbcounter.py:115}}
Aug 05 23:31:12.344321 np0000006590 nova-scheduler[93473]: DEBUG oslo.service.backend._threading.loopingcall [None req-d7bb20f7-d411-4f0c-bf6a-8ad79ac068ed None None] Dynamic interval looping call 'nova.service.Service.periodic_tasks' sleeping for 60.00 seconds {{(pid=93473) _run_loop /opt/stack/data/venv/lib/python3.12/site-packages/oslo_service/backend/_threading/loopingcall.py:125}}
Aug 05 23:31:17.649549 np0000006590 nova-scheduler[93434]: DEBUG nova.scheduler.manager [None req-58703b73-6e01-4fd8-946b-4e8dc691a049 tempest-ServerRescueNegativeTestJSON-1674052712 tempest-ServerRescueNegativeTestJSON-1674052712-project-member] Starting to schedule for instances: ['e6525a7b-c1ed-4f1b-9227-b80637bd0e11'] {{(pid=93434) select_destinations /opt/stack/nova/nova/scheduler/manager.py:209}}
Aug 05 23:31:17.650034 np0000006590 nova-scheduler[93434]: DEBUG nova.scheduler.request_filter [None req-58703b73-6e01-4fd8-946b-4e8dc691a049 tempest-ServerRescueNegativeTestJSON-1674052712 tempest-ServerRescueNegativeTestJSON-1674052712-project-member] compute_status_filter request filter added forbidden trait COMPUTE_STATUS_DISABLED {{(pid=93434) compute_status_filter /opt/stack/nova/nova/scheduler/request_filter.py:253}}
Aug 05 23:31:17.650160 np0000006590 nova-scheduler[93434]: DEBUG nova.scheduler.request_filter [None req-58703b73-6e01-4fd8-946b-4e8dc691a049 tempest-ServerRescueNegativeTestJSON-1674052712 tempest-ServerRescueNegativeTestJSON-1674052712-project-member] Request filter 'compute_status_filter' took 0.0 seconds {{(pid=93434) wrapper /opt/stack/nova/nova/scheduler/request_filter.py:46}}
Aug 05 23:31:17.650501 np0000006590 nova-scheduler[93434]: DEBUG nova.scheduler.request_filter [None req-58703b73-6e01-4fd8-946b-4e8dc691a049 tempest-ServerRescueNegativeTestJSON-1674052712 tempest-ServerRescueNegativeTestJSON-1674052712-project-member] Request filter 'accelerators_filter' took 0.0 seconds {{(pid=93434) wrapper /opt/stack/nova/nova/scheduler/request_filter.py:46}}
Aug 05 23:31:17.650769 np0000006590 nova-scheduler[93434]: DEBUG nova.scheduler.request_filter [None req-58703b73-6e01-4fd8-946b-4e8dc691a049 tempest-ServerRescueNegativeTestJSON-1674052712 tempest-ServerRescueNegativeTestJSON-1674052712-project-member] Request filter 'packed_virtqueue_filter' took 0.0 seconds {{(pid=93434) wrapper /opt/stack/nova/nova/scheduler/request_filter.py:46}}
Aug 05 23:31:17.651298 np0000006590 nova-scheduler[93434]: DEBUG nova.scheduler.request_filter [None req-58703b73-6e01-4fd8-946b-4e8dc691a049 tempest-ServerRescueNegativeTestJSON-1674052712 tempest-ServerRescueNegativeTestJSON-1674052712-project-member] Request filter 'remote_managed_ports_filter' took 0.0 seconds {{(pid=93434) wrapper /opt/stack/nova/nova/scheduler/request_filter.py:46}}
Aug 05 23:31:17.651464 np0000006590 nova-scheduler[93434]: DEBUG nova.scheduler.request_filter [None req-58703b73-6e01-4fd8-946b-4e8dc691a049 tempest-ServerRescueNegativeTestJSON-1674052712 tempest-ServerRescueNegativeTestJSON-1674052712-project-member] ephemeral_encryption_filter skipped {{(pid=93434) ephemeral_encryption_filter /opt/stack/nova/nova/scheduler/request_filter.py:426}}
Aug 05 23:31:17.651663 np0000006590 nova-scheduler[93434]: DEBUG nova.scheduler.request_filter [None req-58703b73-6e01-4fd8-946b-4e8dc691a049 tempest-ServerRescueNegativeTestJSON-1674052712 tempest-ServerRescueNegativeTestJSON-1674052712-project-member] virtio_sound_filter skipped {{(pid=93434) virtio_sound_filter /opt/stack/nova/nova/scheduler/request_filter.py:460}}
Aug 05 23:31:17.651943 np0000006590 nova-scheduler[93434]: DEBUG nova.scheduler.request_filter [None req-58703b73-6e01-4fd8-946b-4e8dc691a049 tempest-ServerRescueNegativeTestJSON-1674052712 tempest-ServerRescueNegativeTestJSON-1674052712-project-member] tpm_secret_security_filter skipped {{(pid=93434) tpm_secret_security_filter /opt/stack/nova/nova/scheduler/request_filter.py:477}}
Aug 05 23:31:18.333374 np0000006590 nova-scheduler[93434]: INFO nova.utils [None req-58703b73-6e01-4fd8-946b-4e8dc691a049 tempest-ServerRescueNegativeTestJSON-1674052712 tempest-ServerRescueNegativeTestJSON-1674052712-project-member] The cell worker thread pool ForkProcess-1.cell_worker is initialized
Aug 05 23:31:18.333374 np0000006590 nova-scheduler[93434]: DEBUG oslo_concurrency.lockutils [None req-58703b73-6e01-4fd8-946b-4e8dc691a049 tempest-ServerRescueNegativeTestJSON-1674052712 tempest-ServerRescueNegativeTestJSON-1674052712-project-member] Acquiring lock "b669d5d7-2ac8-4957-ba83-05a7709cd72e" by "nova.context.set_target_cell..get_or_set_cached_cell_and_set_connections" {{(pid=93434) inner /opt/stack/data/venv/lib/python3.12/site-packages/oslo_concurrency/lockutils.py:512}}
Aug 05 23:31:18.333374 np0000006590 nova-scheduler[93434]: DEBUG oslo_concurrency.lockutils [None req-58703b73-6e01-4fd8-946b-4e8dc691a049 tempest-ServerRescueNegativeTestJSON-1674052712 tempest-ServerRescueNegativeTestJSON-1674052712-project-member] Lock "b669d5d7-2ac8-4957-ba83-05a7709cd72e" acquired by "nova.context.set_target_cell..get_or_set_cached_cell_and_set_connections" :: waited 0.000s {{(pid=93434) inner /opt/stack/data/venv/lib/python3.12/site-packages/oslo_concurrency/lockutils.py:525}}
Aug 05 23:31:18.334085 np0000006590 nova-scheduler[93434]: DEBUG oslo_concurrency.lockutils [None req-58703b73-6e01-4fd8-946b-4e8dc691a049 tempest-ServerRescueNegativeTestJSON-1674052712 tempest-ServerRescueNegativeTestJSON-1674052712-project-member] Lock "b669d5d7-2ac8-4957-ba83-05a7709cd72e" "released" by "nova.context.set_target_cell..get_or_set_cached_cell_and_set_connections" :: held 0.002s {{(pid=93434) inner /opt/stack/data/venv/lib/python3.12/site-packages/oslo_concurrency/lockutils.py:544}}
Aug 05 23:31:18.338272 np0000006590 nova-scheduler[93434]: INFO dbcounter [None req-58703b73-6e01-4fd8-946b-4e8dc691a049 tempest-ServerRescueNegativeTestJSON-1674052712 tempest-ServerRescueNegativeTestJSON-1674052712-project-member] Registered counter for database nova_cell1
Aug 05 23:31:18.378771 np0000006590 nova-scheduler[93434]: DEBUG oslo_db.sqlalchemy.engines [None req-58703b73-6e01-4fd8-946b-4e8dc691a049 tempest-ServerRescueNegativeTestJSON-1674052712 tempest-ServerRescueNegativeTestJSON-1674052712-project-member] MySQL server mode set to STRICT_TRANS_TABLES,STRICT_ALL_TABLES,NO_ZERO_IN_DATE,NO_ZERO_DATE,ERROR_FOR_DIVISION_BY_ZERO,TRADITIONAL,NO_ENGINE_SUBSTITUTION {{(pid=93434) _check_effective_sql_mode /opt/stack/data/venv/lib/python3.12/site-packages/oslo_db/sqlalchemy/engines.py:325}}
Aug 05 23:31:18.385822 np0000006590 nova-scheduler[93434]: DEBUG dbcounter [-] [93434] Writer thread running {{(pid=93434) stat_writer /opt/stack/data/venv/lib/python3.12/site-packages/dbcounter.py:102}}
Aug 05 23:31:18.397550 np0000006590 nova-scheduler[93434]: DEBUG oslo_db.sqlalchemy.engines [None req-58703b73-6e01-4fd8-946b-4e8dc691a049 tempest-ServerRescueNegativeTestJSON-1674052712 tempest-ServerRescueNegativeTestJSON-1674052712-project-member] Parent process 92217 forked (93434) with an open database connection, which is being discarded and recreated. {{(pid=93434) checkout /opt/stack/data/venv/lib/python3.12/site-packages/oslo_db/sqlalchemy/engines.py:402}}
Aug 05 23:31:18.447022 np0000006590 nova-scheduler[93434]: DEBUG dbcounter [-] [93434] Writer thread running {{(pid=93434) stat_writer /opt/stack/data/venv/lib/python3.12/site-packages/dbcounter.py:102}}
Aug 05 23:31:18.450813 np0000006590 nova-scheduler[93434]: DEBUG oslo_concurrency.lockutils [None req-58703b73-6e01-4fd8-946b-4e8dc691a049 tempest-ServerRescueNegativeTestJSON-1674052712 tempest-ServerRescueNegativeTestJSON-1674052712-project-member] Acquiring lock "b669d5d7-2ac8-4957-ba83-05a7709cd72e" by "nova.context.set_target_cell..get_or_set_cached_cell_and_set_connections" {{(pid=93434) inner /opt/stack/data/venv/lib/python3.12/site-packages/oslo_concurrency/lockutils.py:512}}
Aug 05 23:31:18.451063 np0000006590 nova-scheduler[93434]: DEBUG oslo_concurrency.lockutils [None req-58703b73-6e01-4fd8-946b-4e8dc691a049 tempest-ServerRescueNegativeTestJSON-1674052712 tempest-ServerRescueNegativeTestJSON-1674052712-project-member] Lock "b669d5d7-2ac8-4957-ba83-05a7709cd72e" acquired by "nova.context.set_target_cell..get_or_set_cached_cell_and_set_connections" :: waited 0.000s {{(pid=93434) inner /opt/stack/data/venv/lib/python3.12/site-packages/oslo_concurrency/lockutils.py:525}}
Aug 05 23:31:18.451280 np0000006590 nova-scheduler[93434]: DEBUG oslo_concurrency.lockutils [None req-58703b73-6e01-4fd8-946b-4e8dc691a049 tempest-ServerRescueNegativeTestJSON-1674052712 tempest-ServerRescueNegativeTestJSON-1674052712-project-member] Lock "b669d5d7-2ac8-4957-ba83-05a7709cd72e" "released" by "nova.context.set_target_cell..get_or_set_cached_cell_and_set_connections" :: held 0.000s {{(pid=93434) inner /opt/stack/data/venv/lib/python3.12/site-packages/oslo_concurrency/lockutils.py:544}}
Aug 05 23:31:18.455331 np0000006590 nova-scheduler[93434]: DEBUG oslo_concurrency.lockutils [None req-58703b73-6e01-4fd8-946b-4e8dc691a049 tempest-ServerRescueNegativeTestJSON-1674052712 tempest-ServerRescueNegativeTestJSON-1674052712-project-member] Acquiring lock "np0000006590-np0000006590" by "nova.scheduler.host_manager.HostState.update.._locked_update" {{(pid=93434) inner /opt/stack/data/venv/lib/python3.12/site-packages/oslo_concurrency/lockutils.py:512}}
Aug 05 23:31:18.455331 np0000006590 nova-scheduler[93434]: DEBUG oslo_concurrency.lockutils [None req-58703b73-6e01-4fd8-946b-4e8dc691a049 tempest-ServerRescueNegativeTestJSON-1674052712 tempest-ServerRescueNegativeTestJSON-1674052712-project-member] Lock "np0000006590-np0000006590" acquired by "nova.scheduler.host_manager.HostState.update.._locked_update" :: waited 0.000s {{(pid=93434) inner /opt/stack/data/venv/lib/python3.12/site-packages/oslo_concurrency/lockutils.py:525}}
Aug 05 23:31:18.456492 np0000006590 nova-scheduler[93434]: DEBUG nova.scheduler.host_manager [None req-58703b73-6e01-4fd8-946b-4e8dc691a049 tempest-ServerRescueNegativeTestJSON-1674052712 tempest-ServerRescueNegativeTestJSON-1674052712-project-member] Update host state from compute node: ComputeNode(cpu_allocation_ratio=4.0,cpu_info='{"arch": "x86_64", "model": "EPYC-Milan", "vendor": "AMD", "topology": {"cells": 1, "sockets": 16, "cores": 1, "threads": 1}, "maxphysaddr": {"mode": "emulate", "bits": 40}, "features": ["sse4.2", "x2apic", "sse2", "erms", "cr8legacy", "fxsr_opt", "lm", "vme", "vaes", "cmp_legacy", "pause-filter", "vpclmulqdq", "bmi1", "stibp-always-on", "mca", "avx2", "pse", "skip-l1dfl-vmentry", "cx16", "null-sel-clr-base", "fpu", "rdseed", "popcnt", "virt-ssbd", "pat", "rdpid", "amd-ssbd", "gds-no", "lbrv", "no-nested-data-bp", "sep", "fma", "mtrr", "de", "arch-capabilities", "cmov", "amd-stibp", "f16c", "fxsr", "vmcb-clean", "xsave", "xgetbv1", "amd-psfd", "xsaveerptr", "sse4.1", "pae", "wbnoinvd", "clzero", "mds-no", "xsaveopt", "flushbyasid", "arat", "npt", "tsc", "aes", "sha-ni", "clflushopt", "svme-addr-chk", "avx", "osvw", "tsc-scale", "misalignsse", "ssbd", "tsc-deadline", "rdrand", "mmxext", "vgif", "mmx", "pdpe1gb", "clflush", "cx8", "pge", "lahf_lm", "svm", "ibpb", "fsrm", "adx", "v-vmsave-vmload", "pclmuldq", "hypervisor", "perfctr_core", "pschange-mc-no", "lfence-always-serializing", "movbe", "smap", "bmi2", "rdtscp", "tsc_adjust", "pse36", "abm", "nrip-save", "sse4a", "ibrs", "stibp", "nx", "rdctl-no", "xsaves", "pfthreshold", "3dnowprefetch", "spec-ctrl", "pku", "xsavec", "invpcid", "pcid", "topoext", "apic", "smep", "umip", "fsgsbase", "mce", "pni", "sse", "ssse3", "msr", "clwb", "syscall"]}',created_at=2026-08-05T23:29:09Z,current_workload=0,deleted=False,deleted_at=None,disk_allocation_ratio=1.0,disk_available_least=73,free_disk_gb=95,free_ram_mb=62765,host='np0000006590',host_ip=10.4.3.54,hypervisor_hostname='np0000006590',hypervisor_type='QEMU',hypervisor_version=8002002,id=1,local_gb=95,local_gb_used=0,mapped=1,memory_mb=63277,memory_mb_used=512,metrics='[]',numa_topology='{"nova_object.name": "NUMATopology", "nova_object.namespace": "nova", "nova_object.version": "1.2", "nova_object.data": {"cells": [{"nova_object.name": "NUMACell", "nova_object.namespace": "nova", "nova_object.version": "1.5", "nova_object.data": {"id": 0, "cpuset": [0, 1, 2, 3, 4, 5, 6, 7, 8, 9, 10, 11, 12, 13, 14, 15], "pcpuset": [0, 1, 2, 3, 4, 5, 6, 7, 8, 9, 10, 11, 12, 13, 14, 15], "memory": 63277, "cpu_usage": 0, "memory_usage": 0, "pinned_cpus": [], "siblings": [[6], [12], [2], [15], [5], [11], [8], [14], [4], [1], [7], [10], [0], [13], [3], [9]], "mempages": [{"nova_object.name": "NUMAPagesTopology", "nova_object.namespace": "nova", "nova_object.version": "1.1", "nova_object.data": {"size_kb": 4, "total": 16177929, "used": 0, "reserved": 0}, "nova_object.changes": ["reserved", "size_kb", "used", "total"]}, {"nova_object.name": "NUMAPagesTopology", "nova_object.namespace": "nova", "nova_object.version": "1.1", "nova_object.data": {"size_kb": 2048, "total": 41, "used": 0, "reserved": 0}, "nova_object.changes": ["reserved", "size_kb", "used", "total"]}, {"nova_object.name": "NUMAPagesTopology", "nova_object.namespace": "nova", "nova_object.version": "1.1", "nova_object.data": {"size_kb": 1048576, "total": 0, "used": 0, "reserved": 0}, "nova_object.changes": ["reserved", "size_kb", "used", "total"]}], "network_metadata": {"nova_object.name": "NetworkMetadata", "nova_object.namespace": "nova", "nova_object.version": "1.0", "nova_object.data": {"physnets": [], "tunneled": false}, "nova_object.changes": ["physnets", "tunneled"]}, "socket": null}, "nova_object.changes": ["mempages", "socket", "memory", "memory_usage", "cpu_usage", "cpuset", "pcpuset", "id", "siblings", "network_metadata", "pinned_cpus"]}]}, "nova_object.changes": ["cells"]}',pci_device_pools=PciDevicePoolList,ram_allocation_ratio=1.0,running_vms=0,service_id=2,stats={failed_builds='0',uptime=' 23:30:56 up 13 min, 2 users, load average: 1.19, 1.24, 0.74
Aug 05 23:31:18.456492 np0000006590 nova-scheduler[93434]: '},supported_hv_specs=[HVSpec,HVSpec,HVSpec,HVSpec,HVSpec,HVSpec,HVSpec,HVSpec,HVSpec,HVSpec,HVSpec,HVSpec,HVSpec,HVSpec,HVSpec,HVSpec,HVSpec,HVSpec,HVSpec,HVSpec,HVSpec,HVSpec,HVSpec,HVSpec,HVSpec],updated_at=2026-08-05T23:30:56Z,uuid=a20f4ef8-4b5e-44ab-96c9-3edfa6801e65,vcpus=16,vcpus_used=0) {{(pid=93434) _locked_update /opt/stack/nova/nova/scheduler/host_manager.py:168}}
Aug 05 23:31:18.457360 np0000006590 nova-scheduler[93434]: DEBUG nova.scheduler.host_manager [None req-58703b73-6e01-4fd8-946b-4e8dc691a049 tempest-ServerRescueNegativeTestJSON-1674052712 tempest-ServerRescueNegativeTestJSON-1674052712-project-member] Update host state with aggregates: [] {{(pid=93434) _locked_update /opt/stack/nova/nova/scheduler/host_manager.py:171}}
Aug 05 23:31:18.457610 np0000006590 nova-scheduler[93434]: DEBUG nova.scheduler.host_manager [None req-58703b73-6e01-4fd8-946b-4e8dc691a049 tempest-ServerRescueNegativeTestJSON-1674052712 tempest-ServerRescueNegativeTestJSON-1674052712-project-member] Update host state with service dict: {'id': 2, 'uuid': '7eeaa8d5-317e-455d-8acd-de9acdb911c0', 'host': 'np0000006590', 'binary': 'nova-compute', 'topic': 'compute', 'report_count': 2, 'disabled': False, 'disabled_reason': None, 'last_seen_up': datetime.datetime(2026, 8, 5, 23, 31, 15, tzinfo=datetime.timezone.utc), 'forced_down': False, 'version': 72, 'created_at': datetime.datetime(2026, 8, 5, 23, 29, 9, tzinfo=datetime.timezone.utc), 'updated_at': datetime.datetime(2026, 8, 5, 23, 31, 15, tzinfo=datetime.timezone.utc), 'deleted_at': None, 'deleted': False} {{(pid=93434) _locked_update /opt/stack/nova/nova/scheduler/host_manager.py:174}}
Aug 05 23:31:18.457840 np0000006590 nova-scheduler[93434]: DEBUG nova.scheduler.host_manager [None req-58703b73-6e01-4fd8-946b-4e8dc691a049 tempest-ServerRescueNegativeTestJSON-1674052712 tempest-ServerRescueNegativeTestJSON-1674052712-project-member] Update host state with instances: [] {{(pid=93434) _locked_update /opt/stack/nova/nova/scheduler/host_manager.py:177}}
Aug 05 23:31:18.458057 np0000006590 nova-scheduler[93434]: DEBUG oslo_concurrency.lockutils [None req-58703b73-6e01-4fd8-946b-4e8dc691a049 tempest-ServerRescueNegativeTestJSON-1674052712 tempest-ServerRescueNegativeTestJSON-1674052712-project-member] Lock "np0000006590-np0000006590" "released" by "nova.scheduler.host_manager.HostState.update.._locked_update" :: held 0.003s {{(pid=93434) inner /opt/stack/data/venv/lib/python3.12/site-packages/oslo_concurrency/lockutils.py:544}}
Aug 05 23:31:18.458647 np0000006590 nova-scheduler[93434]: DEBUG nova.filters [None req-58703b73-6e01-4fd8-946b-4e8dc691a049 tempest-ServerRescueNegativeTestJSON-1674052712 tempest-ServerRescueNegativeTestJSON-1674052712-project-member] Starting with 1 host(s) {{(pid=93434) get_filtered_objects /opt/stack/nova/nova/filters.py:70}}
Aug 05 23:31:18.459063 np0000006590 nova-scheduler[93434]: DEBUG nova.filters [None req-58703b73-6e01-4fd8-946b-4e8dc691a049 tempest-ServerRescueNegativeTestJSON-1674052712 tempest-ServerRescueNegativeTestJSON-1674052712-project-member] Filter ComputeFilter returned 1 host(s) {{(pid=93434) get_filtered_objects /opt/stack/nova/nova/filters.py:102}}
Aug 05 23:31:18.459063 np0000006590 nova-scheduler[93434]: DEBUG nova.filters [None req-58703b73-6e01-4fd8-946b-4e8dc691a049 tempest-ServerRescueNegativeTestJSON-1674052712 tempest-ServerRescueNegativeTestJSON-1674052712-project-member] Filter ComputeCapabilitiesFilter returned 1 host(s) {{(pid=93434) get_filtered_objects /opt/stack/nova/nova/filters.py:102}}
Aug 05 23:31:18.459316 np0000006590 nova-scheduler[93434]: DEBUG nova.filters [None req-58703b73-6e01-4fd8-946b-4e8dc691a049 tempest-ServerRescueNegativeTestJSON-1674052712 tempest-ServerRescueNegativeTestJSON-1674052712-project-member] Filter ImagePropertiesFilter returned 1 host(s) {{(pid=93434) get_filtered_objects /opt/stack/nova/nova/filters.py:102}}
Aug 05 23:31:18.459518 np0000006590 nova-scheduler[93434]: DEBUG nova.filters [None req-58703b73-6e01-4fd8-946b-4e8dc691a049 tempest-ServerRescueNegativeTestJSON-1674052712 tempest-ServerRescueNegativeTestJSON-1674052712-project-member] Filter ServerGroupAntiAffinityFilter returned 1 host(s) {{(pid=93434) get_filtered_objects /opt/stack/nova/nova/filters.py:102}}
Aug 05 23:31:18.460070 np0000006590 nova-scheduler[93434]: DEBUG nova.filters [None req-58703b73-6e01-4fd8-946b-4e8dc691a049 tempest-ServerRescueNegativeTestJSON-1674052712 tempest-ServerRescueNegativeTestJSON-1674052712-project-member] Filter ServerGroupAffinityFilter returned 1 host(s) {{(pid=93434) get_filtered_objects /opt/stack/nova/nova/filters.py:102}}
Aug 05 23:31:18.460070 np0000006590 nova-scheduler[93434]: DEBUG nova.filters [None req-58703b73-6e01-4fd8-946b-4e8dc691a049 tempest-ServerRescueNegativeTestJSON-1674052712 tempest-ServerRescueNegativeTestJSON-1674052712-project-member] Filter SameHostFilter returned 1 host(s) {{(pid=93434) get_filtered_objects /opt/stack/nova/nova/filters.py:102}}
Aug 05 23:31:18.460070 np0000006590 nova-scheduler[93434]: DEBUG nova.filters [None req-58703b73-6e01-4fd8-946b-4e8dc691a049 tempest-ServerRescueNegativeTestJSON-1674052712 tempest-ServerRescueNegativeTestJSON-1674052712-project-member] Filter DifferentHostFilter returned 1 host(s) {{(pid=93434) get_filtered_objects /opt/stack/nova/nova/filters.py:102}}
Aug 05 23:31:18.460378 np0000006590 nova-scheduler[93434]: DEBUG nova.scheduler.manager [None req-58703b73-6e01-4fd8-946b-4e8dc691a049 tempest-ServerRescueNegativeTestJSON-1674052712 tempest-ServerRescueNegativeTestJSON-1674052712-project-member] Filtered [(np0000006590, np0000006590) ram: 62765MB disk: 74752MB io_ops: 0 instances: 0, allocation_candidates: 1] {{(pid=93434) _get_sorted_hosts /opt/stack/nova/nova/scheduler/manager.py:742}}
Aug 05 23:31:18.460651 np0000006590 nova-scheduler[93434]: DEBUG nova.scheduler.manager [None req-58703b73-6e01-4fd8-946b-4e8dc691a049 tempest-ServerRescueNegativeTestJSON-1674052712 tempest-ServerRescueNegativeTestJSON-1674052712-project-member] Weighed [WeighedHost [host: (np0000006590, np0000006590) ram: 62765MB disk: 74752MB io_ops: 0 instances: 0, allocation_candidates: 1, weight: 0.0]] {{(pid=93434) _get_sorted_hosts /opt/stack/nova/nova/scheduler/manager.py:764}}
Aug 05 23:31:18.460912 np0000006590 nova-scheduler[93434]: DEBUG nova.scheduler.utils [None req-58703b73-6e01-4fd8-946b-4e8dc691a049 tempest-ServerRescueNegativeTestJSON-1674052712 tempest-ServerRescueNegativeTestJSON-1674052712-project-member] Attempting to claim resources in the placement API for instance e6525a7b-c1ed-4f1b-9227-b80637bd0e11 {{(pid=93434) claim_resources /opt/stack/nova/nova/scheduler/utils.py:1345}}
Aug 05 23:31:18.611965 np0000006590 nova-scheduler[93434]: DEBUG nova.scheduler.manager [None req-58703b73-6e01-4fd8-946b-4e8dc691a049 tempest-ServerRescueNegativeTestJSON-1674052712 tempest-ServerRescueNegativeTestJSON-1674052712-project-member] [instance: e6525a7b-c1ed-4f1b-9227-b80637bd0e11] Selected host: (np0000006590, np0000006590) ram: 62765MB disk: 74752MB io_ops: 0 instances: 0, allocation_candidates: 1 {{(pid=93434) _consume_selected_host /opt/stack/nova/nova/scheduler/manager.py:624}}
Aug 05 23:31:18.612434 np0000006590 nova-scheduler[93434]: DEBUG oslo_concurrency.lockutils [None req-58703b73-6e01-4fd8-946b-4e8dc691a049 tempest-ServerRescueNegativeTestJSON-1674052712 tempest-ServerRescueNegativeTestJSON-1674052712-project-member] Acquiring lock "np0000006590-np0000006590" by "nova.scheduler.host_manager.HostState.consume_from_request.._locked" {{(pid=93434) inner /opt/stack/data/venv/lib/python3.12/site-packages/oslo_concurrency/lockutils.py:512}}
Aug 05 23:31:18.612593 np0000006590 nova-scheduler[93434]: DEBUG oslo_concurrency.lockutils [None req-58703b73-6e01-4fd8-946b-4e8dc691a049 tempest-ServerRescueNegativeTestJSON-1674052712 tempest-ServerRescueNegativeTestJSON-1674052712-project-member] Lock "np0000006590-np0000006590" acquired by "nova.scheduler.host_manager.HostState.consume_from_request.._locked" :: waited 0.000s {{(pid=93434) inner /opt/stack/data/venv/lib/python3.12/site-packages/oslo_concurrency/lockutils.py:525}}
Aug 05 23:31:18.612888 np0000006590 nova-scheduler[93434]: DEBUG oslo_concurrency.lockutils [None req-58703b73-6e01-4fd8-946b-4e8dc691a049 tempest-ServerRescueNegativeTestJSON-1674052712 tempest-ServerRescueNegativeTestJSON-1674052712-project-member] Lock "np0000006590-np0000006590" "released" by "nova.scheduler.host_manager.HostState.consume_from_request.._locked" :: held 0.000s {{(pid=93434) inner /opt/stack/data/venv/lib/python3.12/site-packages/oslo_concurrency/lockutils.py:544}}
Aug 05 23:31:18.723894 np0000006590 nova-scheduler[93470]: DEBUG nova.scheduler.manager [None req-6a18dc3e-51f2-409a-913d-09279a1f7c47 tempest-ServerActionsTestOtherA-1298713362 tempest-ServerActionsTestOtherA-1298713362-project-member] Starting to schedule for instances: ['d5c89b57-383a-4d63-a474-52543aa8e2dd'] {{(pid=93470) select_destinations /opt/stack/nova/nova/scheduler/manager.py:209}}
Aug 05 23:31:18.724643 np0000006590 nova-scheduler[93470]: DEBUG nova.scheduler.request_filter [None req-6a18dc3e-51f2-409a-913d-09279a1f7c47 tempest-ServerActionsTestOtherA-1298713362 tempest-ServerActionsTestOtherA-1298713362-project-member] compute_status_filter request filter added forbidden trait COMPUTE_STATUS_DISABLED {{(pid=93470) compute_status_filter /opt/stack/nova/nova/scheduler/request_filter.py:253}}
Aug 05 23:31:18.724867 np0000006590 nova-scheduler[93470]: DEBUG nova.scheduler.request_filter [None req-6a18dc3e-51f2-409a-913d-09279a1f7c47 tempest-ServerActionsTestOtherA-1298713362 tempest-ServerActionsTestOtherA-1298713362-project-member] Request filter 'compute_status_filter' took 0.0 seconds {{(pid=93470) wrapper /opt/stack/nova/nova/scheduler/request_filter.py:46}}
Aug 05 23:31:18.725468 np0000006590 nova-scheduler[93470]: DEBUG nova.scheduler.request_filter [None req-6a18dc3e-51f2-409a-913d-09279a1f7c47 tempest-ServerActionsTestOtherA-1298713362 tempest-ServerActionsTestOtherA-1298713362-project-member] Request filter 'accelerators_filter' took 0.0 seconds {{(pid=93470) wrapper /opt/stack/nova/nova/scheduler/request_filter.py:46}}
Aug 05 23:31:18.725701 np0000006590 nova-scheduler[93470]: DEBUG nova.scheduler.request_filter [None req-6a18dc3e-51f2-409a-913d-09279a1f7c47 tempest-ServerActionsTestOtherA-1298713362 tempest-ServerActionsTestOtherA-1298713362-project-member] Request filter 'packed_virtqueue_filter' took 0.0 seconds {{(pid=93470) wrapper /opt/stack/nova/nova/scheduler/request_filter.py:46}}
Aug 05 23:31:18.726081 np0000006590 nova-scheduler[93470]: DEBUG nova.scheduler.request_filter [None req-6a18dc3e-51f2-409a-913d-09279a1f7c47 tempest-ServerActionsTestOtherA-1298713362 tempest-ServerActionsTestOtherA-1298713362-project-member] Request filter 'remote_managed_ports_filter' took 0.0 seconds {{(pid=93470) wrapper /opt/stack/nova/nova/scheduler/request_filter.py:46}}
Aug 05 23:31:18.726295 np0000006590 nova-scheduler[93470]: DEBUG nova.scheduler.request_filter [None req-6a18dc3e-51f2-409a-913d-09279a1f7c47 tempest-ServerActionsTestOtherA-1298713362 tempest-ServerActionsTestOtherA-1298713362-project-member] ephemeral_encryption_filter skipped {{(pid=93470) ephemeral_encryption_filter /opt/stack/nova/nova/scheduler/request_filter.py:426}}
Aug 05 23:31:18.726511 np0000006590 nova-scheduler[93470]: DEBUG nova.scheduler.request_filter [None req-6a18dc3e-51f2-409a-913d-09279a1f7c47 tempest-ServerActionsTestOtherA-1298713362 tempest-ServerActionsTestOtherA-1298713362-project-member] virtio_sound_filter skipped {{(pid=93470) virtio_sound_filter /opt/stack/nova/nova/scheduler/request_filter.py:460}}
