May 12 15:38:27.693011 np0000000609 nova-scheduler[95379]: DEBUG cotyledon.oslo_config_glue [-] oslo_messaging_rabbit.use_queue_manager = False {{(pid=95379) log_opt_values /opt/stack/data/venv/lib/python3.12/site-packages/oslo_config/cfg.py:3006}}
May 12 15:38:27.693011 np0000000609 nova-scheduler[95379]: DEBUG cotyledon.oslo_config_glue [-] oslo_messaging_notifications.driver = ['messagingv2'] {{(pid=95379) log_opt_values /opt/stack/data/venv/lib/python3.12/site-packages/oslo_config/cfg.py:3006}}
May 12 15:38:27.693783 np0000000609 nova-scheduler[95379]: DEBUG cotyledon.oslo_config_glue [-] oslo_messaging_notifications.retry = -1 {{(pid=95379) log_opt_values /opt/stack/data/venv/lib/python3.12/site-packages/oslo_config/cfg.py:3006}}
May 12 15:38:27.693783 np0000000609 nova-scheduler[95379]: DEBUG cotyledon.oslo_config_glue [-] oslo_messaging_notifications.topics = ['notifications'] {{(pid=95379) log_opt_values /opt/stack/data/venv/lib/python3.12/site-packages/oslo_config/cfg.py:3006}}
May 12 15:38:27.693783 np0000000609 nova-scheduler[95379]: DEBUG cotyledon.oslo_config_glue [-] oslo_messaging_notifications.transport_url = **** {{(pid=95379) log_opt_values /opt/stack/data/venv/lib/python3.12/site-packages/oslo_config/cfg.py:3006}}
May 12 15:38:27.693783 np0000000609 nova-scheduler[95379]: DEBUG cotyledon.oslo_config_glue [-] oslo_limit.auth_section = None {{(pid=95379) log_opt_values /opt/stack/data/venv/lib/python3.12/site-packages/oslo_config/cfg.py:3006}}
May 12 15:38:27.693783 np0000000609 nova-scheduler[95379]: DEBUG cotyledon.oslo_config_glue [-] oslo_limit.auth_type = None {{(pid=95379) log_opt_values /opt/stack/data/venv/lib/python3.12/site-packages/oslo_config/cfg.py:3006}}
May 12 15:38:27.693783 np0000000609 nova-scheduler[95379]: DEBUG cotyledon.oslo_config_glue [-] oslo_limit.cafile = None {{(pid=95379) log_opt_values /opt/stack/data/venv/lib/python3.12/site-packages/oslo_config/cfg.py:3006}}
May 12 15:38:27.693783 np0000000609 nova-scheduler[95379]: DEBUG cotyledon.oslo_config_glue [-] oslo_limit.certfile = None {{(pid=95379) log_opt_values /opt/stack/data/venv/lib/python3.12/site-packages/oslo_config/cfg.py:3006}}
May 12 15:38:27.693783 np0000000609 nova-scheduler[95379]: DEBUG cotyledon.oslo_config_glue [-] oslo_limit.collect_timing = False {{(pid=95379) log_opt_values /opt/stack/data/venv/lib/python3.12/site-packages/oslo_config/cfg.py:3006}}
May 12 15:38:27.693783 np0000000609 nova-scheduler[95379]: DEBUG cotyledon.oslo_config_glue [-] oslo_limit.connect_retries = None {{(pid=95379) log_opt_values /opt/stack/data/venv/lib/python3.12/site-packages/oslo_config/cfg.py:3006}}
May 12 15:38:27.694113 np0000000609 nova-scheduler[95379]: DEBUG cotyledon.oslo_config_glue [-] oslo_limit.connect_retry_delay = None {{(pid=95379) log_opt_values /opt/stack/data/venv/lib/python3.12/site-packages/oslo_config/cfg.py:3006}}
May 12 15:38:27.694113 np0000000609 nova-scheduler[95379]: DEBUG cotyledon.oslo_config_glue [-] oslo_limit.endpoint_id = None {{(pid=95379) log_opt_values /opt/stack/data/venv/lib/python3.12/site-packages/oslo_config/cfg.py:3006}}
May 12 15:38:27.694113 np0000000609 nova-scheduler[95379]: DEBUG cotyledon.oslo_config_glue [-] oslo_limit.endpoint_interface = public {{(pid=95379) log_opt_values /opt/stack/data/venv/lib/python3.12/site-packages/oslo_config/cfg.py:3006}}
May 12 15:38:27.694113 np0000000609 nova-scheduler[95379]: DEBUG cotyledon.oslo_config_glue [-] oslo_limit.endpoint_override = None {{(pid=95379) log_opt_values /opt/stack/data/venv/lib/python3.12/site-packages/oslo_config/cfg.py:3006}}
May 12 15:38:27.694113 np0000000609 nova-scheduler[95379]: DEBUG cotyledon.oslo_config_glue [-] oslo_limit.endpoint_region_name = None {{(pid=95379) log_opt_values /opt/stack/data/venv/lib/python3.12/site-packages/oslo_config/cfg.py:3006}}
May 12 15:38:27.694113 np0000000609 nova-scheduler[95379]: DEBUG cotyledon.oslo_config_glue [-] oslo_limit.endpoint_service_name = None {{(pid=95379) log_opt_values /opt/stack/data/venv/lib/python3.12/site-packages/oslo_config/cfg.py:3006}}
May 12 15:38:27.694113 np0000000609 nova-scheduler[95379]: DEBUG cotyledon.oslo_config_glue [-] oslo_limit.endpoint_service_type = None {{(pid=95379) log_opt_values /opt/stack/data/venv/lib/python3.12/site-packages/oslo_config/cfg.py:3006}}
May 12 15:38:27.694113 np0000000609 nova-scheduler[95379]: DEBUG cotyledon.oslo_config_glue [-] oslo_limit.insecure = False {{(pid=95379) log_opt_values /opt/stack/data/venv/lib/python3.12/site-packages/oslo_config/cfg.py:3006}}
May 12 15:38:27.694113 np0000000609 nova-scheduler[95379]: DEBUG cotyledon.oslo_config_glue [-] oslo_limit.keyfile = None {{(pid=95379) log_opt_values /opt/stack/data/venv/lib/python3.12/site-packages/oslo_config/cfg.py:3006}}
May 12 15:38:27.694478 np0000000609 nova-scheduler[95379]: DEBUG cotyledon.oslo_config_glue [-] oslo_limit.max_version = None {{(pid=95379) log_opt_values /opt/stack/data/venv/lib/python3.12/site-packages/oslo_config/cfg.py:3006}}
May 12 15:38:27.694478 np0000000609 nova-scheduler[95379]: DEBUG cotyledon.oslo_config_glue [-] oslo_limit.min_version = None {{(pid=95379) log_opt_values /opt/stack/data/venv/lib/python3.12/site-packages/oslo_config/cfg.py:3006}}
May 12 15:38:27.694478 np0000000609 nova-scheduler[95379]: DEBUG cotyledon.oslo_config_glue [-] oslo_limit.region_name = None {{(pid=95379) log_opt_values /opt/stack/data/venv/lib/python3.12/site-packages/oslo_config/cfg.py:3006}}
May 12 15:38:27.694478 np0000000609 nova-scheduler[95379]: DEBUG cotyledon.oslo_config_glue [-] oslo_limit.retriable_status_codes = None {{(pid=95379) log_opt_values /opt/stack/data/venv/lib/python3.12/site-packages/oslo_config/cfg.py:3006}}
May 12 15:38:27.694478 np0000000609 nova-scheduler[95379]: DEBUG cotyledon.oslo_config_glue [-] oslo_limit.service_name = None {{(pid=95379) log_opt_values /opt/stack/data/venv/lib/python3.12/site-packages/oslo_config/cfg.py:3006}}
May 12 15:38:27.694478 np0000000609 nova-scheduler[95379]: DEBUG cotyledon.oslo_config_glue [-] oslo_limit.service_type = None {{(pid=95379) log_opt_values /opt/stack/data/venv/lib/python3.12/site-packages/oslo_config/cfg.py:3006}}
May 12 15:38:27.694478 np0000000609 nova-scheduler[95379]: DEBUG cotyledon.oslo_config_glue [-] oslo_limit.split_loggers = False {{(pid=95379) log_opt_values /opt/stack/data/venv/lib/python3.12/site-packages/oslo_config/cfg.py:3006}}
May 12 15:38:27.694478 np0000000609 nova-scheduler[95379]: DEBUG cotyledon.oslo_config_glue [-] oslo_limit.status_code_retries = None {{(pid=95379) log_opt_values /opt/stack/data/venv/lib/python3.12/site-packages/oslo_config/cfg.py:3006}}
May 12 15:38:27.694478 np0000000609 nova-scheduler[95379]: DEBUG cotyledon.oslo_config_glue [-] oslo_limit.status_code_retry_delay = None {{(pid=95379) log_opt_values /opt/stack/data/venv/lib/python3.12/site-packages/oslo_config/cfg.py:3006}}
May 12 15:38:27.694819 np0000000609 nova-scheduler[95379]: DEBUG cotyledon.oslo_config_glue [-] oslo_limit.timeout = None {{(pid=95379) log_opt_values /opt/stack/data/venv/lib/python3.12/site-packages/oslo_config/cfg.py:3006}}
May 12 15:38:27.694819 np0000000609 nova-scheduler[95379]: DEBUG cotyledon.oslo_config_glue [-] oslo_limit.valid_interfaces = None {{(pid=95379) log_opt_values /opt/stack/data/venv/lib/python3.12/site-packages/oslo_config/cfg.py:3006}}
May 12 15:38:27.694819 np0000000609 nova-scheduler[95379]: DEBUG cotyledon.oslo_config_glue [-] oslo_limit.version = None {{(pid=95379) log_opt_values /opt/stack/data/venv/lib/python3.12/site-packages/oslo_config/cfg.py:3006}}
May 12 15:38:27.694819 np0000000609 nova-scheduler[95379]: DEBUG cotyledon.oslo_config_glue [-] oslo_reports.file_event_handler = None {{(pid=95379) log_opt_values /opt/stack/data/venv/lib/python3.12/site-packages/oslo_config/cfg.py:3006}}
May 12 15:38:27.694819 np0000000609 nova-scheduler[95379]: DEBUG cotyledon.oslo_config_glue [-] oslo_reports.file_event_handler_interval = 1 {{(pid=95379) log_opt_values /opt/stack/data/venv/lib/python3.12/site-packages/oslo_config/cfg.py:3006}}
May 12 15:38:27.694819 np0000000609 nova-scheduler[95379]: DEBUG cotyledon.oslo_config_glue [-] oslo_reports.log_dir = None {{(pid=95379) log_opt_values /opt/stack/data/venv/lib/python3.12/site-packages/oslo_config/cfg.py:3006}}
May 12 15:38:27.694819 np0000000609 nova-scheduler[95379]: DEBUG cotyledon.oslo_config_glue [-] ******************************************************************************** {{(pid=95379) log_opt_values /opt/stack/data/venv/lib/python3.12/site-packages/oslo_config/cfg.py:3013}}
May 12 15:38:27.694819 np0000000609 nova-scheduler[95379]: DEBUG cotyledon._service_worker [-] Run service ServiceWrapper(2) [95379] {{(pid=95379) wait_forever /opt/stack/data/venv/lib/python3.12/site-packages/cotyledon/_service_worker.py:218}}
May 12 15:38:27.694819 np0000000609 nova-scheduler[95379]: INFO nova.service [-] Starting scheduler node (version 33.1.0)
May 12 15:38:27.694819 np0000000609 nova-scheduler[95379]: INFO dbcounter [None req-710948c7-0c78-4c4c-94bd-2cf48d16f5bc None None] Registered counter for database nova_cell0
May 12 15:38:27.695170 np0000000609 nova-scheduler[95375]: DEBUG dbcounter [-] [95375] Writer thread running {{(pid=95375) stat_writer /opt/stack/data/venv/lib/python3.12/site-packages/dbcounter.py:102}}
May 12 15:38:27.695226 np0000000609 nova-scheduler[95377]: DEBUG nova.service [None req-f781c52a-9077-488f-8043-f231a2f901ab None None] Creating RPC server for service: nova-scheduler on topic: scheduler {{(pid=95377) start /opt/stack/nova/nova/service.py:195}}
May 12 15:38:27.695287 np0000000609 nova-scheduler[95379]: DEBUG oslo_db.sqlalchemy.engines [None req-710948c7-0c78-4c4c-94bd-2cf48d16f5bc None None] MySQL server mode set to STRICT_TRANS_TABLES,STRICT_ALL_TABLES,NO_ZERO_IN_DATE,NO_ZERO_DATE,ERROR_FOR_DIVISION_BY_ZERO,TRADITIONAL,NO_ENGINE_SUBSTITUTION {{(pid=95379) _check_effective_sql_mode /opt/stack/data/venv/lib/python3.12/site-packages/oslo_db/sqlalchemy/engines.py:325}}
May 12 15:38:27.695355 np0000000609 nova-scheduler[95375]: DEBUG nova.service [None req-f0169d22-3706-4a3a-bafe-23397811da4e None None] Creating RPC server for service: nova-scheduler on topic: scheduler {{(pid=95375) start /opt/stack/nova/nova/service.py:195}}
May 12 15:38:27.695401 np0000000609 nova-scheduler[95379]: DEBUG dbcounter [-] [95379] Writer thread running {{(pid=95379) stat_writer /opt/stack/data/venv/lib/python3.12/site-packages/dbcounter.py:102}}
May 12 15:38:27.695401 np0000000609 nova-scheduler[95379]: DEBUG nova.service [None req-710948c7-0c78-4c4c-94bd-2cf48d16f5bc None None] Creating RPC server for service: nova-scheduler on topic: scheduler {{(pid=95379) start /opt/stack/nova/nova/service.py:195}}
May 12 15:38:27.711552 np0000000609 nova-scheduler[95375]: DEBUG nova.service [None req-f0169d22-3706-4a3a-bafe-23397811da4e None None] Join ServiceGroup membership for this service scheduler {{(pid=95375) start /opt/stack/nova/nova/service.py:221}}
May 12 15:38:27.711816 np0000000609 nova-scheduler[95375]: DEBUG nova.servicegroup.drivers.db [None req-f0169d22-3706-4a3a-bafe-23397811da4e None None] DB_Driver: join new ServiceGroup member np0000000609 to the scheduler group, service = {{(pid=95375) join /opt/stack/nova/nova/servicegroup/drivers/db.py:44}}
May 12 15:38:27.713045 np0000000609 nova-scheduler[95379]: DEBUG nova.service [None req-710948c7-0c78-4c4c-94bd-2cf48d16f5bc None None] Join ServiceGroup membership for this service scheduler {{(pid=95379) start /opt/stack/nova/nova/service.py:221}}
May 12 15:38:27.713267 np0000000609 nova-scheduler[95379]: DEBUG nova.servicegroup.drivers.db [None req-710948c7-0c78-4c4c-94bd-2cf48d16f5bc None None] DB_Driver: join new ServiceGroup member np0000000609 to the scheduler group, service = {{(pid=95379) join /opt/stack/nova/nova/servicegroup/drivers/db.py:44}}
May 12 15:38:27.718025 np0000000609 nova-scheduler[95377]: DEBUG nova.service [None req-f781c52a-9077-488f-8043-f231a2f901ab None None] Join ServiceGroup membership for this service scheduler {{(pid=95377) start /opt/stack/nova/nova/service.py:221}}
May 12 15:38:27.718199 np0000000609 nova-scheduler[95377]: DEBUG nova.servicegroup.drivers.db [None req-f781c52a-9077-488f-8043-f231a2f901ab None None] DB_Driver: join new ServiceGroup member np0000000609 to the scheduler group, service = {{(pid=95377) join /opt/stack/nova/nova/servicegroup/drivers/db.py:44}}
May 12 15:38:32.724899 np0000000609 nova-scheduler[95375]: DEBUG oslo.service.backend._threading.loopingcall [-] Fixed interval looping call 'nova.servicegroup.drivers.db.DbDriver._report_state' sleeping for 119.99 seconds {{(pid=95375) _run_loop /opt/stack/data/venv/lib/python3.12/site-packages/oslo_service/backend/_threading/loopingcall.py:125}}
May 12 15:38:32.725756 np0000000609 nova-scheduler[95379]: DEBUG oslo.service.backend._threading.loopingcall [-] Fixed interval looping call 'nova.servicegroup.drivers.db.DbDriver._report_state' sleeping for 119.99 seconds {{(pid=95379) _run_loop /opt/stack/data/venv/lib/python3.12/site-packages/oslo_service/backend/_threading/loopingcall.py:125}}
May 12 15:38:32.727178 np0000000609 nova-scheduler[95377]: DEBUG oslo.service.backend._threading.loopingcall [-] Fixed interval looping call 'nova.servicegroup.drivers.db.DbDriver._report_state' sleeping for 119.99 seconds {{(pid=95377) _run_loop /opt/stack/data/venv/lib/python3.12/site-packages/oslo_service/backend/_threading/loopingcall.py:125}}
May 12 15:38:36.333765 np0000000609 nova-scheduler[94169]: DEBUG dbcounter [-] [94169] Writing DB stats nova_api:SELECT=3 {{(pid=94169) stat_writer /opt/stack/data/venv/lib/python3.12/site-packages/dbcounter.py:115}}
May 12 15:38:36.419353 np0000000609 nova-scheduler[94169]: DEBUG dbcounter [-] [94169] Writing DB stats nova_cell1:SELECT=1 {{(pid=94169) stat_writer /opt/stack/data/venv/lib/python3.12/site-packages/dbcounter.py:115}}
May 12 15:38:36.423440 np0000000609 nova-scheduler[94169]: DEBUG dbcounter [-] [94169] Writing DB stats nova_cell0:SELECT=1 {{(pid=94169) stat_writer /opt/stack/data/venv/lib/python3.12/site-packages/dbcounter.py:115}}
May 12 15:38:42.720916 np0000000609 nova-scheduler[95375]: DEBUG dbcounter [-] [95375] Writing DB stats nova_cell0:SELECT=4,nova_cell0:INSERT=1,nova_cell0:UPDATE=1 {{(pid=95375) stat_writer /opt/stack/data/venv/lib/python3.12/site-packages/dbcounter.py:115}}
May 12 15:38:42.723239 np0000000609 nova-scheduler[95379]: DEBUG dbcounter [-] [95379] Writing DB stats nova_cell0:SELECT=3,nova_cell0:UPDATE=1 {{(pid=95379) stat_writer /opt/stack/data/venv/lib/python3.12/site-packages/dbcounter.py:115}}
May 12 15:38:42.726082 np0000000609 nova-scheduler[95377]: DEBUG dbcounter [-] [95377] Writing DB stats nova_cell0:SELECT=4,nova_cell0:INSERT=1 {{(pid=95377) stat_writer /opt/stack/data/venv/lib/python3.12/site-packages/dbcounter.py:115}}
May 12 15:38:56.715136 np0000000609 nova-scheduler[95379]: DEBUG oslo.service.backend._threading.loopingcall [None req-0c1e54cf-9db4-47a8-a46c-da4d6001fafe None None] Dynamic interval looping call 'nova.service.Service.periodic_tasks' sleeping for 60.00 seconds {{(pid=95379) _run_loop /opt/stack/data/venv/lib/python3.12/site-packages/oslo_service/backend/_threading/loopingcall.py:125}}
May 12 15:39:06.721999 np0000000609 nova-scheduler[95377]: DEBUG oslo.service.backend._threading.loopingcall [None req-8eca48a0-7e1e-49f1-9e07-a62647bff39c None None] Dynamic interval looping call 'nova.service.Service.periodic_tasks' sleeping for 60.00 seconds {{(pid=95377) _run_loop /opt/stack/data/venv/lib/python3.12/site-packages/oslo_service/backend/_threading/loopingcall.py:125}}
May 12 15:39:18.714229 np0000000609 nova-scheduler[95375]: DEBUG oslo.service.backend._threading.loopingcall [None req-93620984-9643-4784-9769-713703013719 None None] Dynamic interval looping call 'nova.service.Service.periodic_tasks' sleeping for 60.00 seconds {{(pid=95375) _run_loop /opt/stack/data/venv/lib/python3.12/site-packages/oslo_service/backend/_threading/loopingcall.py:125}}
May 12 15:39:56.715689 np0000000609 nova-scheduler[95379]: DEBUG oslo.service.backend._threading.loopingcall [None req-0c1e54cf-9db4-47a8-a46c-da4d6001fafe None None] Dynamic interval looping call 'nova.service.Service.periodic_tasks' sleeping for 60.00 seconds {{(pid=95379) _run_loop /opt/stack/data/venv/lib/python3.12/site-packages/oslo_service/backend/_threading/loopingcall.py:125}}
May 12 15:40:06.722552 np0000000609 nova-scheduler[95377]: DEBUG oslo.service.backend._threading.loopingcall [None req-8eca48a0-7e1e-49f1-9e07-a62647bff39c None None] Dynamic interval looping call 'nova.service.Service.periodic_tasks' sleeping for 60.00 seconds {{(pid=95377) _run_loop /opt/stack/data/venv/lib/python3.12/site-packages/oslo_service/backend/_threading/loopingcall.py:125}}
May 12 15:40:18.714692 np0000000609 nova-scheduler[95375]: DEBUG oslo.service.backend._threading.loopingcall [None req-93620984-9643-4784-9769-713703013719 None None] Dynamic interval looping call 'nova.service.Service.periodic_tasks' sleeping for 60.00 seconds {{(pid=95375) _run_loop /opt/stack/data/venv/lib/python3.12/site-packages/oslo_service/backend/_threading/loopingcall.py:125}}
May 12 15:40:32.723287 np0000000609 nova-scheduler[95375]: DEBUG oslo.service.backend._threading.loopingcall [-] Fixed interval looping call 'nova.servicegroup.drivers.db.DbDriver._report_state' sleeping for 119.99 seconds {{(pid=95375) _run_loop /opt/stack/data/venv/lib/python3.12/site-packages/oslo_service/backend/_threading/loopingcall.py:125}}
May 12 15:40:32.723942 np0000000609 nova-scheduler[95379]: DEBUG oslo.service.backend._threading.loopingcall [-] Fixed interval looping call 'nova.servicegroup.drivers.db.DbDriver._report_state' sleeping for 119.99 seconds {{(pid=95379) _run_loop /opt/stack/data/venv/lib/python3.12/site-packages/oslo_service/backend/_threading/loopingcall.py:125}}
May 12 15:40:32.724129 np0000000609 nova-scheduler[95377]: DEBUG oslo.service.backend._threading.loopingcall [-] Fixed interval looping call 'nova.servicegroup.drivers.db.DbDriver._report_state' sleeping for 119.99 seconds {{(pid=95377) _run_loop /opt/stack/data/venv/lib/python3.12/site-packages/oslo_service/backend/_threading/loopingcall.py:125}}
May 12 15:40:42.717993 np0000000609 nova-scheduler[95375]: DEBUG dbcounter [-] [95375] Writing DB stats nova_cell0:SELECT=1,nova_cell0:UPDATE=1 {{(pid=95375) stat_writer /opt/stack/data/venv/lib/python3.12/site-packages/dbcounter.py:115}}
May 12 15:40:42.718830 np0000000609 nova-scheduler[95379]: DEBUG dbcounter [-] [95379] Writing DB stats nova_cell0:SELECT=1,nova_cell0:UPDATE=1 {{(pid=95379) stat_writer /opt/stack/data/venv/lib/python3.12/site-packages/dbcounter.py:115}}
May 12 15:40:42.721593 np0000000609 nova-scheduler[95377]: DEBUG dbcounter [-] [95377] Writing DB stats nova_cell0:SELECT=1,nova_cell0:UPDATE=1 {{(pid=95377) stat_writer /opt/stack/data/venv/lib/python3.12/site-packages/dbcounter.py:115}}
May 12 15:40:56.716091 np0000000609 nova-scheduler[95379]: DEBUG oslo.service.backend._threading.loopingcall [None req-0c1e54cf-9db4-47a8-a46c-da4d6001fafe None None] Dynamic interval looping call 'nova.service.Service.periodic_tasks' sleeping for 60.00 seconds {{(pid=95379) _run_loop /opt/stack/data/venv/lib/python3.12/site-packages/oslo_service/backend/_threading/loopingcall.py:125}}
May 12 15:41:06.723336 np0000000609 nova-scheduler[95377]: DEBUG oslo.service.backend._threading.loopingcall [None req-8eca48a0-7e1e-49f1-9e07-a62647bff39c None None] Dynamic interval looping call 'nova.service.Service.periodic_tasks' sleeping for 60.00 seconds {{(pid=95377) _run_loop /opt/stack/data/venv/lib/python3.12/site-packages/oslo_service/backend/_threading/loopingcall.py:125}}
May 12 15:41:18.715157 np0000000609 nova-scheduler[95375]: DEBUG oslo.service.backend._threading.loopingcall [None req-93620984-9643-4784-9769-713703013719 None None] Dynamic interval looping call 'nova.service.Service.periodic_tasks' sleeping for 60.00 seconds {{(pid=95375) _run_loop /opt/stack/data/venv/lib/python3.12/site-packages/oslo_service/backend/_threading/loopingcall.py:125}}
May 12 15:41:31.713459 np0000000609 nova-scheduler[95375]: DEBUG nova.scheduler.manager [None req-4d79d726-adf9-4844-92c5-30eab813b980 tempest-AttachSCSIVolumeTestJSON-890391659 tempest-AttachSCSIVolumeTestJSON-890391659-project-member] Starting to schedule for instances: ['efea995d-3fa3-41d8-857e-c22b07d4a960'] {{(pid=95375) select_destinations /opt/stack/nova/nova/scheduler/manager.py:210}}
May 12 15:41:31.715342 np0000000609 nova-scheduler[95375]: DEBUG nova.scheduler.request_filter [None req-4d79d726-adf9-4844-92c5-30eab813b980 tempest-AttachSCSIVolumeTestJSON-890391659 tempest-AttachSCSIVolumeTestJSON-890391659-project-member] compute_status_filter request filter added forbidden trait COMPUTE_STATUS_DISABLED {{(pid=95375) compute_status_filter /opt/stack/nova/nova/scheduler/request_filter.py:253}}
May 12 15:41:31.715342 np0000000609 nova-scheduler[95375]: DEBUG nova.scheduler.request_filter [None req-4d79d726-adf9-4844-92c5-30eab813b980 tempest-AttachSCSIVolumeTestJSON-890391659 tempest-AttachSCSIVolumeTestJSON-890391659-project-member] Request filter 'compute_status_filter' took 0.0 seconds {{(pid=95375) wrapper /opt/stack/nova/nova/scheduler/request_filter.py:46}}
May 12 15:41:31.715342 np0000000609 nova-scheduler[95375]: DEBUG nova.scheduler.request_filter [None req-4d79d726-adf9-4844-92c5-30eab813b980 tempest-AttachSCSIVolumeTestJSON-890391659 tempest-AttachSCSIVolumeTestJSON-890391659-project-member] Request filter 'accelerators_filter' took 0.0 seconds {{(pid=95375) wrapper /opt/stack/nova/nova/scheduler/request_filter.py:46}}
May 12 15:41:31.715342 np0000000609 nova-scheduler[95375]: DEBUG nova.scheduler.request_filter [None req-4d79d726-adf9-4844-92c5-30eab813b980 tempest-AttachSCSIVolumeTestJSON-890391659 tempest-AttachSCSIVolumeTestJSON-890391659-project-member] Request filter 'packed_virtqueue_filter' took 0.0 seconds {{(pid=95375) wrapper /opt/stack/nova/nova/scheduler/request_filter.py:46}}
May 12 15:41:31.715342 np0000000609 nova-scheduler[95375]: DEBUG nova.scheduler.request_filter [None req-4d79d726-adf9-4844-92c5-30eab813b980 tempest-AttachSCSIVolumeTestJSON-890391659 tempest-AttachSCSIVolumeTestJSON-890391659-project-member] Request filter 'remote_managed_ports_filter' took 0.0 seconds {{(pid=95375) wrapper /opt/stack/nova/nova/scheduler/request_filter.py:46}}
May 12 15:41:31.716371 np0000000609 nova-scheduler[95375]: DEBUG nova.scheduler.request_filter [None req-4d79d726-adf9-4844-92c5-30eab813b980 tempest-AttachSCSIVolumeTestJSON-890391659 tempest-AttachSCSIVolumeTestJSON-890391659-project-member] ephemeral_encryption_filter skipped {{(pid=95375) ephemeral_encryption_filter /opt/stack/nova/nova/scheduler/request_filter.py:426}}
May 12 15:41:31.716371 np0000000609 nova-scheduler[95375]: DEBUG nova.scheduler.request_filter [None req-4d79d726-adf9-4844-92c5-30eab813b980 tempest-AttachSCSIVolumeTestJSON-890391659 tempest-AttachSCSIVolumeTestJSON-890391659-project-member] virtio_sound_filter skipped {{(pid=95375) virtio_sound_filter /opt/stack/nova/nova/scheduler/request_filter.py:460}}
May 12 15:41:31.716371 np0000000609 nova-scheduler[95375]: DEBUG nova.scheduler.request_filter [None req-4d79d726-adf9-4844-92c5-30eab813b980 tempest-AttachSCSIVolumeTestJSON-890391659 tempest-AttachSCSIVolumeTestJSON-890391659-project-member] tpm_secret_security_filter skipped {{(pid=95375) tpm_secret_security_filter /opt/stack/nova/nova/scheduler/request_filter.py:477}}
May 12 15:41:32.114189 np0000000609 nova-scheduler[95375]: INFO nova.utils [None req-4d79d726-adf9-4844-92c5-30eab813b980 tempest-AttachSCSIVolumeTestJSON-890391659 tempest-AttachSCSIVolumeTestJSON-890391659-project-member] The cell worker thread pool ForkProcess-1.cell_worker is initialized
May 12 15:41:32.114487 np0000000609 nova-scheduler[95375]: DEBUG oslo_concurrency.lockutils [None req-4d79d726-adf9-4844-92c5-30eab813b980 tempest-AttachSCSIVolumeTestJSON-890391659 tempest-AttachSCSIVolumeTestJSON-890391659-project-member] Acquiring lock "7298990e-49b7-40e4-8426-097716a47dec" by "nova.context.set_target_cell..get_or_set_cached_cell_and_set_connections" {{(pid=95375) inner /opt/stack/data/venv/lib/python3.12/site-packages/oslo_concurrency/lockutils.py:506}}
May 12 15:41:32.114783 np0000000609 nova-scheduler[95375]: DEBUG oslo_concurrency.lockutils [None req-4d79d726-adf9-4844-92c5-30eab813b980 tempest-AttachSCSIVolumeTestJSON-890391659 tempest-AttachSCSIVolumeTestJSON-890391659-project-member] Lock "7298990e-49b7-40e4-8426-097716a47dec" acquired by "nova.context.set_target_cell..get_or_set_cached_cell_and_set_connections" :: waited 0.000s {{(pid=95375) inner /opt/stack/data/venv/lib/python3.12/site-packages/oslo_concurrency/lockutils.py:519}}
May 12 15:41:32.116285 np0000000609 nova-scheduler[95375]: DEBUG oslo_concurrency.lockutils [None req-4d79d726-adf9-4844-92c5-30eab813b980 tempest-AttachSCSIVolumeTestJSON-890391659 tempest-AttachSCSIVolumeTestJSON-890391659-project-member] Lock "7298990e-49b7-40e4-8426-097716a47dec" "released" by "nova.context.set_target_cell..get_or_set_cached_cell_and_set_connections" :: held 0.001s {{(pid=95375) inner /opt/stack/data/venv/lib/python3.12/site-packages/oslo_concurrency/lockutils.py:538}}
May 12 15:41:32.118986 np0000000609 nova-scheduler[95375]: INFO dbcounter [None req-4d79d726-adf9-4844-92c5-30eab813b980 tempest-AttachSCSIVolumeTestJSON-890391659 tempest-AttachSCSIVolumeTestJSON-890391659-project-member] Registered counter for database nova_cell1
May 12 15:41:32.125991 np0000000609 nova-scheduler[95375]: DEBUG oslo_db.sqlalchemy.engines [None req-4d79d726-adf9-4844-92c5-30eab813b980 tempest-AttachSCSIVolumeTestJSON-890391659 tempest-AttachSCSIVolumeTestJSON-890391659-project-member] MySQL server mode set to STRICT_TRANS_TABLES,STRICT_ALL_TABLES,NO_ZERO_IN_DATE,NO_ZERO_DATE,ERROR_FOR_DIVISION_BY_ZERO,TRADITIONAL,NO_ENGINE_SUBSTITUTION {{(pid=95375) _check_effective_sql_mode /opt/stack/data/venv/lib/python3.12/site-packages/oslo_db/sqlalchemy/engines.py:325}}
May 12 15:41:32.132648 np0000000609 nova-scheduler[95375]: DEBUG dbcounter [-] [95375] Writer thread running {{(pid=95375) stat_writer /opt/stack/data/venv/lib/python3.12/site-packages/dbcounter.py:102}}
May 12 15:41:32.151506 np0000000609 nova-scheduler[95375]: DEBUG oslo_db.sqlalchemy.engines [None req-4d79d726-adf9-4844-92c5-30eab813b980 tempest-AttachSCSIVolumeTestJSON-890391659 tempest-AttachSCSIVolumeTestJSON-890391659-project-member] Parent process 94169 forked (95375) with an open database connection, which is being discarded and recreated. {{(pid=95375) checkout /opt/stack/data/venv/lib/python3.12/site-packages/oslo_db/sqlalchemy/engines.py:402}}
May 12 15:41:32.160929 np0000000609 nova-scheduler[95375]: DEBUG dbcounter [-] [95375] Writer thread running {{(pid=95375) stat_writer /opt/stack/data/venv/lib/python3.12/site-packages/dbcounter.py:102}}
May 12 15:41:32.164797 np0000000609 nova-scheduler[95375]: DEBUG oslo_concurrency.lockutils [None req-4d79d726-adf9-4844-92c5-30eab813b980 tempest-AttachSCSIVolumeTestJSON-890391659 tempest-AttachSCSIVolumeTestJSON-890391659-project-member] Acquiring lock "7298990e-49b7-40e4-8426-097716a47dec" by "nova.context.set_target_cell..get_or_set_cached_cell_and_set_connections" {{(pid=95375) inner /opt/stack/data/venv/lib/python3.12/site-packages/oslo_concurrency/lockutils.py:506}}
May 12 15:41:32.164942 np0000000609 nova-scheduler[95375]: DEBUG oslo_concurrency.lockutils [None req-4d79d726-adf9-4844-92c5-30eab813b980 tempest-AttachSCSIVolumeTestJSON-890391659 tempest-AttachSCSIVolumeTestJSON-890391659-project-member] Lock "7298990e-49b7-40e4-8426-097716a47dec" acquired by "nova.context.set_target_cell..get_or_set_cached_cell_and_set_connections" :: waited 0.000s {{(pid=95375) inner /opt/stack/data/venv/lib/python3.12/site-packages/oslo_concurrency/lockutils.py:519}}
May 12 15:41:32.165146 np0000000609 nova-scheduler[95375]: DEBUG oslo_concurrency.lockutils [None req-4d79d726-adf9-4844-92c5-30eab813b980 tempest-AttachSCSIVolumeTestJSON-890391659 tempest-AttachSCSIVolumeTestJSON-890391659-project-member] Lock "7298990e-49b7-40e4-8426-097716a47dec" "released" by "nova.context.set_target_cell..get_or_set_cached_cell_and_set_connections" :: held 0.000s {{(pid=95375) inner /opt/stack/data/venv/lib/python3.12/site-packages/oslo_concurrency/lockutils.py:538}}
May 12 15:41:32.168155 np0000000609 nova-scheduler[95375]: DEBUG oslo_concurrency.lockutils [None req-4d79d726-adf9-4844-92c5-30eab813b980 tempest-AttachSCSIVolumeTestJSON-890391659 tempest-AttachSCSIVolumeTestJSON-890391659-project-member] Acquiring lock "('np0000000609', 'np0000000609')" by "nova.scheduler.host_manager.HostState.update.._locked_update" {{(pid=95375) inner /opt/stack/data/venv/lib/python3.12/site-packages/oslo_concurrency/lockutils.py:506}}
May 12 15:41:32.168362 np0000000609 nova-scheduler[95375]: DEBUG oslo_concurrency.lockutils [None req-4d79d726-adf9-4844-92c5-30eab813b980 tempest-AttachSCSIVolumeTestJSON-890391659 tempest-AttachSCSIVolumeTestJSON-890391659-project-member] Lock "('np0000000609', 'np0000000609')" acquired by "nova.scheduler.host_manager.HostState.update.._locked_update" :: waited 0.000s {{(pid=95375) inner /opt/stack/data/venv/lib/python3.12/site-packages/oslo_concurrency/lockutils.py:519}}
May 12 15:41:32.169758 np0000000609 nova-scheduler[95375]: DEBUG nova.scheduler.host_manager [None req-4d79d726-adf9-4844-92c5-30eab813b980 tempest-AttachSCSIVolumeTestJSON-890391659 tempest-AttachSCSIVolumeTestJSON-890391659-project-member] Update host state from compute node: ComputeNode(cpu_allocation_ratio=4.0,cpu_info='{"arch": "x86_64", "model": "EPYC-Milan", "vendor": "AMD", "topology": {"cells": 1, "sockets": 12, "cores": 1, "threads": 1}, "maxphysaddr": {"mode": "emulate", "bits": 40}, "features": ["mmx", "syscall", "x2apic", "erms", "pse36", "clzero", "fxsr", "rdseed", "fma", "amd-psfd", "vpclmulqdq", "flushbyasid", "bmi1", "pcid", "fxsr_opt", "spec-ctrl", "abm", "smep", "sse", "sse4.1", "xsaveerptr", "sep", "clflushopt", "pae", "rdtscp", "xsaveopt", "arat", "sse4a", "osvw", "topoext", "movbe", "de", "perfctr_core", "sse4.2", "fpu", "arch-capabilities", "bmi2", "mce", "pse", "tsc-deadline", "pni", "3dnowprefetch", "rdrand", "clflush", "pge", "cx8", "f16c", "umip", "sha-ni", "mmxext", "ibpb", "rdctl-no", "wbnoinvd", "mds-no", "virt-ssbd", "xsaves", "null-sel-clr-base", "vmcb-clean", "cmp_legacy", "avx2", "v-vmsave-vmload", "pku", "amd-ssbd", "pause-filter", "sse2", "msr", "apic", "ssbd", "pschange-mc-no", "popcnt", "no-nested-data-bp", "nrip-save", "skip-l1dfl-vmentry", "amd-stibp", "ssse3", "pat", "lahf_lm", "svm", "vme", "xgetbv1", "hypervisor", "lbrv", "tsc_adjust", "nx", "pclmuldq", "svme-addr-chk", "tsc-scale", "stibp-always-on", "gds-no", "fsrm", "misalignsse", "invpcid", "xsave", "lfence-always-serializing", "cr8legacy", "rdpid", "xsavec", "cmov", "lm", "mca", "ibrs", "pdpe1gb", "clwb", "stibp", "adx", "vaes", "tsc", "pfthreshold", "cx16", "aes", "fsgsbase", "npt", "avx", "smap", "vgif", "mtrr"]}',created_at=2026-05-12T15:38:53Z,current_workload=0,deleted=False,deleted_at=None,disk_allocation_ratio=1.0,disk_available_least=74,free_disk_gb=95,free_ram_mb=23518,host='np0000000609',host_ip=10.4.3.4,hypervisor_hostname='np0000000609',hypervisor_type='QEMU',hypervisor_version=8002002,id=1,local_gb=95,local_gb_used=0,mapped=1,memory_mb=24030,memory_mb_used=512,metrics='[]',numa_topology='{"nova_object.name": "NUMATopology", "nova_object.namespace": "nova", "nova_object.version": "1.2", "nova_object.data": {"cells": [{"nova_object.name": "NUMACell", "nova_object.namespace": "nova", "nova_object.version": "1.5", "nova_object.data": {"id": 0, "cpuset": [0, 1, 2, 3, 4, 5, 6, 7, 8, 9, 10, 11], "pcpuset": [0, 1, 2, 3, 4, 5, 6, 7, 8, 9, 10, 11], "memory": 24030, "cpu_usage": 0, "memory_usage": 0, "pinned_cpus": [], "siblings": [[6], [2], [5], [11], [8], [4], [1], [7], [10], [0], [3], [9]], "mempages": [{"nova_object.name": "NUMAPagesTopology", "nova_object.namespace": "nova", "nova_object.version": "1.1", "nova_object.data": {"size_kb": 4, "total": 6151798, "used": 0, "reserved": 0}, "nova_object.changes": ["used", "size_kb", "total", "reserved"]}, {"nova_object.name": "NUMAPagesTopology", "nova_object.namespace": "nova", "nova_object.version": "1.1", "nova_object.data": {"size_kb": 2048, "total": 0, "used": 0, "reserved": 0}, "nova_object.changes": ["used", "size_kb", "total", "reserved"]}, {"nova_object.name": "NUMAPagesTopology", "nova_object.namespace": "nova", "nova_object.version": "1.1", "nova_object.data": {"size_kb": 1048576, "total": 0, "used": 0, "reserved": 0}, "nova_object.changes": ["used", "size_kb", "total", "reserved"]}], "network_metadata": {"nova_object.name": "NetworkMetadata", "nova_object.namespace": "nova", "nova_object.version": "1.0", "nova_object.data": {"physnets": [], "tunneled": false}, "nova_object.changes": ["physnets", "tunneled"]}, "socket": null}, "nova_object.changes": ["memory", "memory_usage", "id", "mempages", "cpuset", "network_metadata", "pinned_cpus", "siblings", "cpu_usage", "pcpuset", "socket"]}]}, "nova_object.changes": ["cells"]}',pci_device_pools=PciDevicePoolList,ram_allocation_ratio=1.0,running_vms=0,service_id=4,stats={failed_builds='0',uptime=' 15:40:38 up 24 min, 2 users, load average: 1.22, 1.39, 0.80
May 12 15:41:32.169758 np0000000609 nova-scheduler[95375]: '},supported_hv_specs=[HVSpec,HVSpec,HVSpec,HVSpec,HVSpec,HVSpec,HVSpec,HVSpec,HVSpec,HVSpec,HVSpec,HVSpec,HVSpec,HVSpec,HVSpec,HVSpec,HVSpec,HVSpec,HVSpec,HVSpec,HVSpec,HVSpec,HVSpec,HVSpec,HVSpec],updated_at=2026-05-12T15:40:40Z,uuid=122ccabc-cbc1-4a23-a87b-05f21a1e5754,vcpus=12,vcpus_used=0) {{(pid=95375) _locked_update /opt/stack/nova/nova/scheduler/host_manager.py:168}}
May 12 15:41:32.170986 np0000000609 nova-scheduler[95375]: DEBUG nova.scheduler.host_manager [None req-4d79d726-adf9-4844-92c5-30eab813b980 tempest-AttachSCSIVolumeTestJSON-890391659 tempest-AttachSCSIVolumeTestJSON-890391659-project-member] Update host state with aggregates: [] {{(pid=95375) _locked_update /opt/stack/nova/nova/scheduler/host_manager.py:171}}
May 12 15:41:32.171163 np0000000609 nova-scheduler[95375]: DEBUG nova.scheduler.host_manager [None req-4d79d726-adf9-4844-92c5-30eab813b980 tempest-AttachSCSIVolumeTestJSON-890391659 tempest-AttachSCSIVolumeTestJSON-890391659-project-member] Update host state with service dict: {'id': 4, 'uuid': '3ef05841-9a5d-4359-9ca2-52fa28997038', 'host': 'np0000000609', 'binary': 'nova-compute', 'topic': 'compute', 'report_count': 2, 'disabled': False, 'disabled_reason': None, 'last_seen_up': datetime.datetime(2026, 5, 12, 15, 41, 2, tzinfo=datetime.timezone.utc), 'forced_down': False, 'version': 72, 'created_at': datetime.datetime(2026, 5, 12, 15, 38, 51, tzinfo=datetime.timezone.utc), 'updated_at': datetime.datetime(2026, 5, 12, 15, 41, 2, tzinfo=datetime.timezone.utc), 'deleted_at': None, 'deleted': False} {{(pid=95375) _locked_update /opt/stack/nova/nova/scheduler/host_manager.py:174}}
May 12 15:41:32.171358 np0000000609 nova-scheduler[95375]: DEBUG nova.scheduler.host_manager [None req-4d79d726-adf9-4844-92c5-30eab813b980 tempest-AttachSCSIVolumeTestJSON-890391659 tempest-AttachSCSIVolumeTestJSON-890391659-project-member] Update host state with instances: [] {{(pid=95375) _locked_update /opt/stack/nova/nova/scheduler/host_manager.py:177}}
May 12 15:41:32.171446 np0000000609 nova-scheduler[95375]: DEBUG oslo_concurrency.lockutils [None req-4d79d726-adf9-4844-92c5-30eab813b980 tempest-AttachSCSIVolumeTestJSON-890391659 tempest-AttachSCSIVolumeTestJSON-890391659-project-member] Lock "('np0000000609', 'np0000000609')" "released" by "nova.scheduler.host_manager.HostState.update.._locked_update" :: held 0.003s {{(pid=95375) inner /opt/stack/data/venv/lib/python3.12/site-packages/oslo_concurrency/lockutils.py:538}}
May 12 15:41:32.172391 np0000000609 nova-scheduler[95375]: DEBUG nova.filters [None req-4d79d726-adf9-4844-92c5-30eab813b980 tempest-AttachSCSIVolumeTestJSON-890391659 tempest-AttachSCSIVolumeTestJSON-890391659-project-member] Starting with 1 host(s) {{(pid=95375) get_filtered_objects /opt/stack/nova/nova/filters.py:70}}
May 12 15:41:32.172715 np0000000609 nova-scheduler[95375]: DEBUG nova.filters [None req-4d79d726-adf9-4844-92c5-30eab813b980 tempest-AttachSCSIVolumeTestJSON-890391659 tempest-AttachSCSIVolumeTestJSON-890391659-project-member] Filter ComputeFilter returned 1 host(s) {{(pid=95375) get_filtered_objects /opt/stack/nova/nova/filters.py:102}}
May 12 15:41:32.172854 np0000000609 nova-scheduler[95375]: DEBUG nova.filters [None req-4d79d726-adf9-4844-92c5-30eab813b980 tempest-AttachSCSIVolumeTestJSON-890391659 tempest-AttachSCSIVolumeTestJSON-890391659-project-member] Filter ComputeCapabilitiesFilter returned 1 host(s) {{(pid=95375) get_filtered_objects /opt/stack/nova/nova/filters.py:102}}
May 12 15:41:32.173754 np0000000609 nova-scheduler[95375]: DEBUG nova.filters [None req-4d79d726-adf9-4844-92c5-30eab813b980 tempest-AttachSCSIVolumeTestJSON-890391659 tempest-AttachSCSIVolumeTestJSON-890391659-project-member] Filter ImagePropertiesFilter returned 1 host(s) {{(pid=95375) get_filtered_objects /opt/stack/nova/nova/filters.py:102}}
May 12 15:41:32.173754 np0000000609 nova-scheduler[95375]: DEBUG nova.filters [None req-4d79d726-adf9-4844-92c5-30eab813b980 tempest-AttachSCSIVolumeTestJSON-890391659 tempest-AttachSCSIVolumeTestJSON-890391659-project-member] Filter ServerGroupAntiAffinityFilter returned 1 host(s) {{(pid=95375) get_filtered_objects /opt/stack/nova/nova/filters.py:102}}
May 12 15:41:32.173754 np0000000609 nova-scheduler[95375]: DEBUG nova.filters [None req-4d79d726-adf9-4844-92c5-30eab813b980 tempest-AttachSCSIVolumeTestJSON-890391659 tempest-AttachSCSIVolumeTestJSON-890391659-project-member] Filter ServerGroupAffinityFilter returned 1 host(s) {{(pid=95375) get_filtered_objects /opt/stack/nova/nova/filters.py:102}}
May 12 15:41:32.173754 np0000000609 nova-scheduler[95375]: DEBUG nova.filters [None req-4d79d726-adf9-4844-92c5-30eab813b980 tempest-AttachSCSIVolumeTestJSON-890391659 tempest-AttachSCSIVolumeTestJSON-890391659-project-member] Filter SameHostFilter returned 1 host(s) {{(pid=95375) get_filtered_objects /opt/stack/nova/nova/filters.py:102}}
May 12 15:41:32.173931 np0000000609 nova-scheduler[95375]: DEBUG nova.filters [None req-4d79d726-adf9-4844-92c5-30eab813b980 tempest-AttachSCSIVolumeTestJSON-890391659 tempest-AttachSCSIVolumeTestJSON-890391659-project-member] Filter DifferentHostFilter returned 1 host(s) {{(pid=95375) get_filtered_objects /opt/stack/nova/nova/filters.py:102}}
May 12 15:41:32.174185 np0000000609 nova-scheduler[95375]: DEBUG nova.scheduler.manager [None req-4d79d726-adf9-4844-92c5-30eab813b980 tempest-AttachSCSIVolumeTestJSON-890391659 tempest-AttachSCSIVolumeTestJSON-890391659-project-member] Filtered [(np0000000609, np0000000609) ram: 23518MB disk: 75776MB io_ops: 0 instances: 0, allocation_candidates: 1] {{(pid=95375) _get_sorted_hosts /opt/stack/nova/nova/scheduler/manager.py:743}}
May 12 15:41:32.174607 np0000000609 nova-scheduler[95375]: DEBUG nova.scheduler.manager [None req-4d79d726-adf9-4844-92c5-30eab813b980 tempest-AttachSCSIVolumeTestJSON-890391659 tempest-AttachSCSIVolumeTestJSON-890391659-project-member] Weighed [WeighedHost [host: (np0000000609, np0000000609) ram: 23518MB disk: 75776MB io_ops: 0 instances: 0, allocation_candidates: 1, weight: 0.0]] {{(pid=95375) _get_sorted_hosts /opt/stack/nova/nova/scheduler/manager.py:765}}
May 12 15:41:32.174826 np0000000609 nova-scheduler[95375]: DEBUG nova.scheduler.utils [None req-4d79d726-adf9-4844-92c5-30eab813b980 tempest-AttachSCSIVolumeTestJSON-890391659 tempest-AttachSCSIVolumeTestJSON-890391659-project-member] Attempting to claim resources in the placement API for instance efea995d-3fa3-41d8-857e-c22b07d4a960 {{(pid=95375) claim_resources /opt/stack/nova/nova/scheduler/utils.py:1304}}
May 12 15:41:32.339205 np0000000609 nova-scheduler[95375]: DEBUG nova.scheduler.manager [None req-4d79d726-adf9-4844-92c5-30eab813b980 tempest-AttachSCSIVolumeTestJSON-890391659 tempest-AttachSCSIVolumeTestJSON-890391659-project-member] [instance: efea995d-3fa3-41d8-857e-c22b07d4a960] Selected host: (np0000000609, np0000000609) ram: 23518MB disk: 75776MB io_ops: 0 instances: 0, allocation_candidates: 1 {{(pid=95375) _consume_selected_host /opt/stack/nova/nova/scheduler/manager.py:625}}
May 12 15:41:32.339817 np0000000609 nova-scheduler[95375]: DEBUG oslo_concurrency.lockutils [None req-4d79d726-adf9-4844-92c5-30eab813b980 tempest-AttachSCSIVolumeTestJSON-890391659 tempest-AttachSCSIVolumeTestJSON-890391659-project-member] Acquiring lock "('np0000000609', 'np0000000609')" by "nova.scheduler.host_manager.HostState.consume_from_request.._locked" {{(pid=95375) inner /opt/stack/data/venv/lib/python3.12/site-packages/oslo_concurrency/lockutils.py:506}}
May 12 15:41:32.340076 np0000000609 nova-scheduler[95375]: DEBUG oslo_concurrency.lockutils [None req-4d79d726-adf9-4844-92c5-30eab813b980 tempest-AttachSCSIVolumeTestJSON-890391659 tempest-AttachSCSIVolumeTestJSON-890391659-project-member] Lock "('np0000000609', 'np0000000609')" acquired by "nova.scheduler.host_manager.HostState.consume_from_request.._locked" :: waited 0.000s {{(pid=95375) inner /opt/stack/data/venv/lib/python3.12/site-packages/oslo_concurrency/lockutils.py:519}}
May 12 15:41:32.340865 np0000000609 nova-scheduler[95375]: DEBUG oslo_concurrency.lockutils [None req-4d79d726-adf9-4844-92c5-30eab813b980 tempest-AttachSCSIVolumeTestJSON-890391659 tempest-AttachSCSIVolumeTestJSON-890391659-project-member] Lock "('np0000000609', 'np0000000609')" "released" by "nova.scheduler.host_manager.HostState.consume_from_request.._locked" :: held 0.001s {{(pid=95375) inner /opt/stack/data/venv/lib/python3.12/site-packages/oslo_concurrency/lockutils.py:538}}
May 12 15:41:33.255555 np0000000609 nova-scheduler[95379]: DEBUG nova.scheduler.manager [None req-5a7255f4-d233-463d-8ecd-1273c0c0d43a tempest-VolumesAssistedSnapshotsTest-777641410 tempest-VolumesAssistedSnapshotsTest-777641410-project-member] Starting to schedule for instances: ['96d505c0-81ec-47ac-8e64-ed54515a4a52'] {{(pid=95379) select_destinations /opt/stack/nova/nova/scheduler/manager.py:210}}
May 12 15:41:33.259034 np0000000609 nova-scheduler[95379]: DEBUG nova.scheduler.request_filter [None req-5a7255f4-d233-463d-8ecd-1273c0c0d43a tempest-VolumesAssistedSnapshotsTest-777641410 tempest-VolumesAssistedSnapshotsTest-777641410-project-member] compute_status_filter request filter added forbidden trait COMPUTE_STATUS_DISABLED {{(pid=95379) compute_status_filter /opt/stack/nova/nova/scheduler/request_filter.py:253}}
May 12 15:41:33.259034 np0000000609 nova-scheduler[95379]: DEBUG nova.scheduler.request_filter [None req-5a7255f4-d233-463d-8ecd-1273c0c0d43a tempest-VolumesAssistedSnapshotsTest-777641410 tempest-VolumesAssistedSnapshotsTest-777641410-project-member] Request filter 'compute_status_filter' took 0.0 seconds {{(pid=95379) wrapper /opt/stack/nova/nova/scheduler/request_filter.py:46}}
May 12 15:41:33.259034 np0000000609 nova-scheduler[95379]: DEBUG nova.scheduler.request_filter [None req-5a7255f4-d233-463d-8ecd-1273c0c0d43a tempest-VolumesAssistedSnapshotsTest-777641410 tempest-VolumesAssistedSnapshotsTest-777641410-project-member] Request filter 'accelerators_filter' took 0.0 seconds {{(pid=95379) wrapper /opt/stack/nova/nova/scheduler/request_filter.py:46}}
May 12 15:41:33.259034 np0000000609 nova-scheduler[95379]: DEBUG nova.scheduler.request_filter [None req-5a7255f4-d233-463d-8ecd-1273c0c0d43a tempest-VolumesAssistedSnapshotsTest-777641410 tempest-VolumesAssistedSnapshotsTest-777641410-project-member] Request filter 'packed_virtqueue_filter' took 0.0 seconds {{(pid=95379) wrapper /opt/stack/nova/nova/scheduler/request_filter.py:46}}
May 12 15:41:33.259034 np0000000609 nova-scheduler[95379]: DEBUG nova.scheduler.request_filter [None req-5a7255f4-d233-463d-8ecd-1273c0c0d43a tempest-VolumesAssistedSnapshotsTest-777641410 tempest-VolumesAssistedSnapshotsTest-777641410-project-member] Request filter 'remote_managed_ports_filter' took 0.0 seconds {{(pid=95379) wrapper /opt/stack/nova/nova/scheduler/request_filter.py:46}}
May 12 15:41:33.259034 np0000000609 nova-scheduler[95379]: DEBUG nova.scheduler.request_filter [None req-5a7255f4-d233-463d-8ecd-1273c0c0d43a tempest-VolumesAssistedSnapshotsTest-777641410 tempest-VolumesAssistedSnapshotsTest-777641410-project-member] ephemeral_encryption_filter skipped {{(pid=95379) ephemeral_encryption_filter /opt/stack/nova/nova/scheduler/request_filter.py:426}}
May 12 15:41:33.259034 np0000000609 nova-scheduler[95379]: DEBUG nova.scheduler.request_filter [None req-5a7255f4-d233-463d-8ecd-1273c0c0d43a tempest-VolumesAssistedSnapshotsTest-777641410 tempest-VolumesAssistedSnapshotsTest-777641410-project-member] virtio_sound_filter skipped {{(pid=95379) virtio_sound_filter /opt/stack/nova/nova/scheduler/request_filter.py:460}}
May 12 15:41:33.259034 np0000000609 nova-scheduler[95379]: DEBUG nova.scheduler.request_filter [None req-5a7255f4-d233-463d-8ecd-1273c0c0d43a tempest-VolumesAssistedSnapshotsTest-777641410 tempest-VolumesAssistedSnapshotsTest-777641410-project-member] tpm_secret_security_filter skipped {{(pid=95379) tpm_secret_security_filter /opt/stack/nova/nova/scheduler/request_filter.py:477}}
May 12 15:41:33.389077 np0000000609 nova-scheduler[95379]: INFO nova.utils [None req-5a7255f4-d233-463d-8ecd-1273c0c0d43a tempest-VolumesAssistedSnapshotsTest-777641410 tempest-VolumesAssistedSnapshotsTest-777641410-project-member] The cell worker thread pool ForkProcess-3.cell_worker is initialized
May 12 15:41:33.389484 np0000000609 nova-scheduler[95379]: DEBUG oslo_concurrency.lockutils [None req-5a7255f4-d233-463d-8ecd-1273c0c0d43a tempest-VolumesAssistedSnapshotsTest-777641410 tempest-VolumesAssistedSnapshotsTest-777641410-project-member] Acquiring lock "7298990e-49b7-40e4-8426-097716a47dec" by "nova.context.set_target_cell..get_or_set_cached_cell_and_set_connections" {{(pid=95379) inner /opt/stack/data/venv/lib/python3.12/site-packages/oslo_concurrency/lockutils.py:506}}
May 12 15:41:33.389683 np0000000609 nova-scheduler[95379]: DEBUG oslo_concurrency.lockutils [None req-5a7255f4-d233-463d-8ecd-1273c0c0d43a tempest-VolumesAssistedSnapshotsTest-777641410 tempest-VolumesAssistedSnapshotsTest-777641410-project-member] Lock "7298990e-49b7-40e4-8426-097716a47dec" acquired by "nova.context.set_target_cell..get_or_set_cached_cell_and_set_connections" :: waited 0.000s {{(pid=95379) inner /opt/stack/data/venv/lib/python3.12/site-packages/oslo_concurrency/lockutils.py:519}}
May 12 15:41:33.391046 np0000000609 nova-scheduler[95379]: DEBUG oslo_concurrency.lockutils [None req-5a7255f4-d233-463d-8ecd-1273c0c0d43a tempest-VolumesAssistedSnapshotsTest-777641410 tempest-VolumesAssistedSnapshotsTest-777641410-project-member] Lock "7298990e-49b7-40e4-8426-097716a47dec" "released" by "nova.context.set_target_cell..get_or_set_cached_cell_and_set_connections" :: held 0.001s {{(pid=95379) inner /opt/stack/data/venv/lib/python3.12/site-packages/oslo_concurrency/lockutils.py:538}}
May 12 15:41:33.393051 np0000000609 nova-scheduler[95379]: INFO dbcounter [None req-5a7255f4-d233-463d-8ecd-1273c0c0d43a tempest-VolumesAssistedSnapshotsTest-777641410 tempest-VolumesAssistedSnapshotsTest-777641410-project-member] Registered counter for database nova_cell1
May 12 15:41:33.400097 np0000000609 nova-scheduler[95379]: DEBUG oslo_db.sqlalchemy.engines [None req-5a7255f4-d233-463d-8ecd-1273c0c0d43a tempest-VolumesAssistedSnapshotsTest-777641410 tempest-VolumesAssistedSnapshotsTest-777641410-project-member] MySQL server mode set to STRICT_TRANS_TABLES,STRICT_ALL_TABLES,NO_ZERO_IN_DATE,NO_ZERO_DATE,ERROR_FOR_DIVISION_BY_ZERO,TRADITIONAL,NO_ENGINE_SUBSTITUTION {{(pid=95379) _check_effective_sql_mode /opt/stack/data/venv/lib/python3.12/site-packages/oslo_db/sqlalchemy/engines.py:325}}
May 12 15:41:33.405536 np0000000609 nova-scheduler[95379]: DEBUG dbcounter [-] [95379] Writer thread running {{(pid=95379) stat_writer /opt/stack/data/venv/lib/python3.12/site-packages/dbcounter.py:102}}
May 12 15:41:33.429540 np0000000609 nova-scheduler[95379]: DEBUG dbcounter [-] [95379] Writer thread running {{(pid=95379) stat_writer /opt/stack/data/venv/lib/python3.12/site-packages/dbcounter.py:102}}
May 12 15:41:33.437196 np0000000609 nova-scheduler[95379]: DEBUG oslo_concurrency.lockutils [None req-5a7255f4-d233-463d-8ecd-1273c0c0d43a tempest-VolumesAssistedSnapshotsTest-777641410 tempest-VolumesAssistedSnapshotsTest-777641410-project-member] Acquiring lock "7298990e-49b7-40e4-8426-097716a47dec" by "nova.context.set_target_cell..get_or_set_cached_cell_and_set_connections" {{(pid=95379) inner /opt/stack/data/venv/lib/python3.12/site-packages/oslo_concurrency/lockutils.py:506}}
May 12 15:41:33.437421 np0000000609 nova-scheduler[95379]: DEBUG oslo_concurrency.lockutils [None req-5a7255f4-d233-463d-8ecd-1273c0c0d43a tempest-VolumesAssistedSnapshotsTest-777641410 tempest-VolumesAssistedSnapshotsTest-777641410-project-member] Lock "7298990e-49b7-40e4-8426-097716a47dec" acquired by "nova.context.set_target_cell..get_or_set_cached_cell_and_set_connections" :: waited 0.000s {{(pid=95379) inner /opt/stack/data/venv/lib/python3.12/site-packages/oslo_concurrency/lockutils.py:519}}
May 12 15:41:33.437605 np0000000609 nova-scheduler[95379]: DEBUG oslo_concurrency.lockutils [None req-5a7255f4-d233-463d-8ecd-1273c0c0d43a tempest-VolumesAssistedSnapshotsTest-777641410 tempest-VolumesAssistedSnapshotsTest-777641410-project-member] Lock "7298990e-49b7-40e4-8426-097716a47dec" "released" by "nova.context.set_target_cell..get_or_set_cached_cell_and_set_connections" :: held 0.000s {{(pid=95379) inner /opt/stack/data/venv/lib/python3.12/site-packages/oslo_concurrency/lockutils.py:538}}
