May 12 15:38:02.488493 np0000000609 neutron-periodic-workers[91744]: DEBUG cotyledon.oslo_config_glue [-] database.retry_interval = 10 {{(pid=91744) log_opt_values /opt/stack/data/venv/lib/python3.12/site-packages/oslo_config/cfg.py:3006}}
May 12 15:38:02.488493 np0000000609 neutron-periodic-workers[91744]: DEBUG cotyledon.oslo_config_glue [-] database.slave_connection = **** {{(pid=91744) log_opt_values /opt/stack/data/venv/lib/python3.12/site-packages/oslo_config/cfg.py:3006}}
May 12 15:38:02.488493 np0000000609 neutron-periodic-workers[91744]: DEBUG cotyledon.oslo_config_glue [-] database.sqlite_synchronous = True {{(pid=91744) log_opt_values /opt/stack/data/venv/lib/python3.12/site-packages/oslo_config/cfg.py:3006}}
May 12 15:38:02.488493 np0000000609 neutron-periodic-workers[91744]: DEBUG cotyledon.oslo_config_glue [-] database.synchronous_reader = True {{(pid=91744) log_opt_values /opt/stack/data/venv/lib/python3.12/site-packages/oslo_config/cfg.py:3006}}
May 12 15:38:02.488493 np0000000609 neutron-periodic-workers[91744]: DEBUG cotyledon.oslo_config_glue [-] database.use_db_reconnect = False {{(pid=91744) log_opt_values /opt/stack/data/venv/lib/python3.12/site-packages/oslo_config/cfg.py:3006}}
May 12 15:38:02.488493 np0000000609 neutron-periodic-workers[91744]: DEBUG cotyledon.oslo_config_glue [-] ovn.bfd_min_rx = 1000 {{(pid=91744) log_opt_values /opt/stack/data/venv/lib/python3.12/site-packages/oslo_config/cfg.py:3006}}
May 12 15:38:02.488493 np0000000609 neutron-periodic-workers[91744]: DEBUG cotyledon.oslo_config_glue [-] ovn.bfd_min_tx = 100 {{(pid=91744) log_opt_values /opt/stack/data/venv/lib/python3.12/site-packages/oslo_config/cfg.py:3006}}
May 12 15:38:02.488493 np0000000609 neutron-periodic-workers[91744]: DEBUG cotyledon.oslo_config_glue [-] ovn.bfd_mult = 3 {{(pid=91744) log_opt_values /opt/stack/data/venv/lib/python3.12/site-packages/oslo_config/cfg.py:3006}}
May 12 15:38:02.488689 np0000000609 neutron-periodic-workers[91744]: DEBUG cotyledon.oslo_config_glue [-] ovn.broadcast_arps_to_all_routers = True {{(pid=91744) log_opt_values /opt/stack/data/venv/lib/python3.12/site-packages/oslo_config/cfg.py:3006}}
May 12 15:38:02.488689 np0000000609 neutron-periodic-workers[91744]: DEBUG cotyledon.oslo_config_glue [-] ovn.dhcp_default_lease_time = 43200 {{(pid=91744) log_opt_values /opt/stack/data/venv/lib/python3.12/site-packages/oslo_config/cfg.py:3006}}
May 12 15:38:02.488689 np0000000609 neutron-periodic-workers[91744]: DEBUG cotyledon.oslo_config_glue [-] ovn.disable_ovn_dhcp_for_baremetal_ports = False {{(pid=91744) log_opt_values /opt/stack/data/venv/lib/python3.12/site-packages/oslo_config/cfg.py:3006}}
May 12 15:38:02.488689 np0000000609 neutron-periodic-workers[91744]: DEBUG cotyledon.oslo_config_glue [-] ovn.dns_records_ovn_owned = False {{(pid=91744) log_opt_values /opt/stack/data/venv/lib/python3.12/site-packages/oslo_config/cfg.py:3006}}
May 12 15:38:02.488689 np0000000609 neutron-periodic-workers[91744]: DEBUG cotyledon.oslo_config_glue [-] ovn.dns_servers = [] {{(pid=91744) log_opt_values /opt/stack/data/venv/lib/python3.12/site-packages/oslo_config/cfg.py:3006}}
May 12 15:38:02.488689 np0000000609 neutron-periodic-workers[91744]: DEBUG cotyledon.oslo_config_glue [-] ovn.enable_distributed_floating_ip = False {{(pid=91744) log_opt_values /opt/stack/data/venv/lib/python3.12/site-packages/oslo_config/cfg.py:3006}}
May 12 15:38:02.488689 np0000000609 neutron-periodic-workers[91744]: DEBUG cotyledon.oslo_config_glue [-] ovn.fdb_age_threshold = 300 {{(pid=91744) log_opt_values /opt/stack/data/venv/lib/python3.12/site-packages/oslo_config/cfg.py:3006}}
May 12 15:38:02.488689 np0000000609 neutron-periodic-workers[91744]: DEBUG cotyledon.oslo_config_glue [-] ovn.ha_failover_strategy = normal {{(pid=91744) log_opt_values /opt/stack/data/venv/lib/python3.12/site-packages/oslo_config/cfg.py:3006}}
May 12 15:38:02.488689 np0000000609 neutron-periodic-workers[91744]: DEBUG cotyledon.oslo_config_glue [-] ovn.live_migration_activation_strategy = rarp {{(pid=91744) log_opt_values /opt/stack/data/venv/lib/python3.12/site-packages/oslo_config/cfg.py:3006}}
May 12 15:38:02.489033 np0000000609 neutron-periodic-workers[91744]: DEBUG cotyledon.oslo_config_glue [-] ovn.localnet_learn_fdb = False {{(pid=91744) log_opt_values /opt/stack/data/venv/lib/python3.12/site-packages/oslo_config/cfg.py:3006}}
May 12 15:38:02.489033 np0000000609 neutron-periodic-workers[91744]: DEBUG cotyledon.oslo_config_glue [-] ovn.mac_binding_age_threshold = 300 {{(pid=91744) log_opt_values /opt/stack/data/venv/lib/python3.12/site-packages/oslo_config/cfg.py:3006}}
May 12 15:38:02.489033 np0000000609 neutron-periodic-workers[91744]: DEBUG cotyledon.oslo_config_glue [-] ovn.neutron_sync_mode = log {{(pid=91744) log_opt_values /opt/stack/data/venv/lib/python3.12/site-packages/oslo_config/cfg.py:3006}}
May 12 15:38:02.489033 np0000000609 neutron-periodic-workers[91744]: DEBUG cotyledon.oslo_config_glue [-] ovn.ovn_dhcp4_global_options = {} {{(pid=91744) log_opt_values /opt/stack/data/venv/lib/python3.12/site-packages/oslo_config/cfg.py:3006}}
May 12 15:38:02.489033 np0000000609 neutron-periodic-workers[91744]: DEBUG cotyledon.oslo_config_glue [-] ovn.ovn_dhcp6_global_options = {} {{(pid=91744) log_opt_values /opt/stack/data/venv/lib/python3.12/site-packages/oslo_config/cfg.py:3006}}
May 12 15:38:02.489033 np0000000609 neutron-periodic-workers[91744]: DEBUG cotyledon.oslo_config_glue [-] ovn.ovn_l3_scheduler = leastloaded {{(pid=91744) log_opt_values /opt/stack/data/venv/lib/python3.12/site-packages/oslo_config/cfg.py:3006}}
May 12 15:38:02.489033 np0000000609 neutron-periodic-workers[91744]: DEBUG cotyledon.oslo_config_glue [-] ovn.ovn_metadata_enabled = True {{(pid=91744) log_opt_values /opt/stack/data/venv/lib/python3.12/site-packages/oslo_config/cfg.py:3006}}
May 12 15:38:02.489033 np0000000609 neutron-periodic-workers[91744]: DEBUG cotyledon.oslo_config_glue [-] ovn.ovn_nb_ca_cert = /opt/stack/data/CA/int-ca/ca-chain.pem {{(pid=91744) log_opt_values /opt/stack/data/venv/lib/python3.12/site-packages/oslo_config/cfg.py:3006}}
May 12 15:38:02.489033 np0000000609 neutron-periodic-workers[91744]: DEBUG cotyledon.oslo_config_glue [-] ovn.ovn_nb_certificate = /opt/stack/data/CA/int-ca/devstack-cert.crt {{(pid=91744) log_opt_values /opt/stack/data/venv/lib/python3.12/site-packages/oslo_config/cfg.py:3006}}
May 12 15:38:02.489282 np0000000609 neutron-periodic-workers[91744]: DEBUG cotyledon.oslo_config_glue [-] ovn.ovn_nb_connection = ['ssl:10.4.3.4:6641'] {{(pid=91744) log_opt_values /opt/stack/data/venv/lib/python3.12/site-packages/oslo_config/cfg.py:3006}}
May 12 15:38:02.489282 np0000000609 neutron-periodic-workers[91744]: DEBUG cotyledon.oslo_config_glue [-] ovn.ovn_nb_private_key = /opt/stack/data/CA/int-ca/private/devstack-cert.key {{(pid=91744) log_opt_values /opt/stack/data/venv/lib/python3.12/site-packages/oslo_config/cfg.py:3006}}
May 12 15:38:02.489282 np0000000609 neutron-periodic-workers[91744]: DEBUG cotyledon.oslo_config_glue [-] ovn.ovn_router_indirect_snat = False {{(pid=91744) log_opt_values /opt/stack/data/venv/lib/python3.12/site-packages/oslo_config/cfg.py:3006}}
May 12 15:38:02.489282 np0000000609 neutron-periodic-workers[91744]: DEBUG cotyledon.oslo_config_glue [-] ovn.ovn_sb_ca_cert = /opt/stack/data/CA/int-ca/ca-chain.pem {{(pid=91744) log_opt_values /opt/stack/data/venv/lib/python3.12/site-packages/oslo_config/cfg.py:3006}}
May 12 15:38:02.489282 np0000000609 neutron-periodic-workers[91744]: DEBUG cotyledon.oslo_config_glue [-] ovn.ovn_sb_certificate = /opt/stack/data/CA/int-ca/devstack-cert.crt {{(pid=91744) log_opt_values /opt/stack/data/venv/lib/python3.12/site-packages/oslo_config/cfg.py:3006}}
May 12 15:38:02.489282 np0000000609 neutron-periodic-workers[91744]: DEBUG cotyledon.oslo_config_glue [-] ovn.ovn_sb_connection = ['ssl:10.4.3.4:6642'] {{(pid=91744) log_opt_values /opt/stack/data/venv/lib/python3.12/site-packages/oslo_config/cfg.py:3006}}
May 12 15:38:02.489282 np0000000609 neutron-periodic-workers[91744]: DEBUG cotyledon.oslo_config_glue [-] ovn.ovn_sb_private_key = /opt/stack/data/CA/int-ca/private/devstack-cert.key {{(pid=91744) log_opt_values /opt/stack/data/venv/lib/python3.12/site-packages/oslo_config/cfg.py:3006}}
May 12 15:38:02.489282 np0000000609 neutron-periodic-workers[91744]: DEBUG cotyledon.oslo_config_glue [-] ovn.ovs_create_tap = False {{(pid=91744) log_opt_values /opt/stack/data/venv/lib/python3.12/site-packages/oslo_config/cfg.py:3006}}
May 12 15:38:02.489514 np0000000609 neutron-periodic-workers[91744]: DEBUG cotyledon.oslo_config_glue [-] ovn.ovsdb_connection_timeout = 180 {{(pid=91744) log_opt_values /opt/stack/data/venv/lib/python3.12/site-packages/oslo_config/cfg.py:3006}}
May 12 15:38:02.489514 np0000000609 neutron-periodic-workers[91744]: DEBUG cotyledon.oslo_config_glue [-] ovn.ovsdb_log_level = INFO {{(pid=91744) log_opt_values /opt/stack/data/venv/lib/python3.12/site-packages/oslo_config/cfg.py:3006}}
May 12 15:38:02.489514 np0000000609 neutron-periodic-workers[91744]: DEBUG cotyledon.oslo_config_glue [-] ovn.ovsdb_probe_interval = 60000 {{(pid=91744) log_opt_values /opt/stack/data/venv/lib/python3.12/site-packages/oslo_config/cfg.py:3006}}
May 12 15:38:02.489514 np0000000609 neutron-periodic-workers[91744]: DEBUG cotyledon.oslo_config_glue [-] ovn.ovsdb_retry_max_interval = 180 {{(pid=91744) log_opt_values /opt/stack/data/venv/lib/python3.12/site-packages/oslo_config/cfg.py:3006}}
May 12 15:38:02.489514 np0000000609 neutron-periodic-workers[91744]: DEBUG cotyledon.oslo_config_glue [-] ovn.stateless_nat_enabled = False {{(pid=91744) log_opt_values /opt/stack/data/venv/lib/python3.12/site-packages/oslo_config/cfg.py:3006}}
May 12 15:38:02.489514 np0000000609 neutron-periodic-workers[91744]: DEBUG cotyledon.oslo_config_glue [-] ovn.vhost_sock_dir = /var/run/openvswitch {{(pid=91744) log_opt_values /opt/stack/data/venv/lib/python3.12/site-packages/oslo_config/cfg.py:3006}}
May 12 15:38:02.489514 np0000000609 neutron-periodic-workers[91744]: DEBUG cotyledon.oslo_config_glue [-] OVS.bridge_mac_table_size = 50000 {{(pid=91744) log_opt_values /opt/stack/data/venv/lib/python3.12/site-packages/oslo_config/cfg.py:3006}}
May 12 15:38:02.489514 np0000000609 neutron-periodic-workers[91744]: DEBUG cotyledon.oslo_config_glue [-] OVS.igmp_flood = False {{(pid=91744) log_opt_values /opt/stack/data/venv/lib/python3.12/site-packages/oslo_config/cfg.py:3006}}
May 12 15:38:02.489514 np0000000609 neutron-periodic-workers[91744]: DEBUG cotyledon.oslo_config_glue [-] OVS.igmp_flood_reports = True {{(pid=91744) log_opt_values /opt/stack/data/venv/lib/python3.12/site-packages/oslo_config/cfg.py:3006}}
May 12 15:38:02.489734 np0000000609 neutron-periodic-workers[91744]: DEBUG cotyledon.oslo_config_glue [-] OVS.igmp_flood_unregistered = False {{(pid=91744) log_opt_values /opt/stack/data/venv/lib/python3.12/site-packages/oslo_config/cfg.py:3006}}
May 12 15:38:02.489734 np0000000609 neutron-periodic-workers[91744]: DEBUG cotyledon.oslo_config_glue [-] OVS.igmp_snooping_enable = False {{(pid=91744) log_opt_values /opt/stack/data/venv/lib/python3.12/site-packages/oslo_config/cfg.py:3006}}
May 12 15:38:02.489734 np0000000609 neutron-periodic-workers[91744]: DEBUG cotyledon.oslo_config_glue [-] OVS.ovsdb_timeout = 10 {{(pid=91744) log_opt_values /opt/stack/data/venv/lib/python3.12/site-packages/oslo_config/cfg.py:3006}}
May 12 15:38:02.489734 np0000000609 neutron-periodic-workers[91744]: DEBUG cotyledon.oslo_config_glue [-] ovn_nb_global.fdb_removal_limit = 0 {{(pid=91744) log_opt_values /opt/stack/data/venv/lib/python3.12/site-packages/oslo_config/cfg.py:3006}}
May 12 15:38:02.489734 np0000000609 neutron-periodic-workers[91744]: DEBUG cotyledon.oslo_config_glue [-] ovn_nb_global.ignore_lsp_down = False {{(pid=91744) log_opt_values /opt/stack/data/venv/lib/python3.12/site-packages/oslo_config/cfg.py:3006}}
May 12 15:38:02.489734 np0000000609 neutron-periodic-workers[91744]: DEBUG cotyledon.oslo_config_glue [-] ovn_nb_global.mac_binding_removal_limit = 0 {{(pid=91744) log_opt_values /opt/stack/data/venv/lib/python3.12/site-packages/oslo_config/cfg.py:3006}}
May 12 15:38:02.489734 np0000000609 neutron-periodic-workers[91744]: DEBUG cotyledon.oslo_config_glue [-] ******************************************************************************** {{(pid=91744) log_opt_values /opt/stack/data/venv/lib/python3.12/site-packages/oslo_config/cfg.py:3013}}
May 12 15:38:02.489734 np0000000609 neutron-periodic-workers[91744]: DEBUG cotyledon._service_worker [-] Run service ServiceWrapper(0) [91744] {{(pid=91744) wait_forever /opt/stack/data/venv/lib/python3.12/site-packages/cotyledon/_service_worker.py:218}}
May 12 15:38:12.115756 np0000000609 neutron-periodic-workers[90701]: DEBUG dbcounter [-] [90701] Writing DB stats neutron:SELECT=4 {{(pid=90701) stat_writer /opt/stack/data/venv/lib/python3.12/site-packages/dbcounter.py:115}}
May 12 15:38:41.451026 np0000000609 neutron-periodic-workers[91726]: DEBUG oslo_db.sqlalchemy.engines [None req-786e5abb-41bd-4b61-8775-ba013f5e671f None None] Parent process 90701 forked (91726) with an open database connection, which is being discarded and recreated. {{(pid=91726) checkout /opt/stack/data/venv/lib/python3.12/site-packages/oslo_db/sqlalchemy/engines.py:402}}
May 12 15:38:41.456912 np0000000609 neutron-periodic-workers[91726]: DEBUG dbcounter [-] [91726] Writer thread running {{(pid=91726) stat_writer /opt/stack/data/venv/lib/python3.12/site-packages/dbcounter.py:102}}
May 12 15:38:41.465375 np0000000609 neutron-periodic-workers[91726]: DEBUG oslo.service.backend._threading.loopingcall [None req-786e5abb-41bd-4b61-8775-ba013f5e671f None None] Fixed interval looping call 'neutron.plugins.ml2.plugin.DhcpAgentSchedulerDbMixin.remove_networks_from_down_agents' sleeping for 36.98 seconds {{(pid=91726) _run_loop /opt/stack/data/venv/lib/python3.12/site-packages/oslo_service/backend/_threading/loopingcall.py:125}}
May 12 15:38:51.464348 np0000000609 neutron-periodic-workers[91726]: DEBUG dbcounter [-] [91726] Writing DB stats neutron:SELECT=3 {{(pid=91726) stat_writer /opt/stack/data/venv/lib/python3.12/site-packages/dbcounter.py:115}}
May 12 15:38:56.492364 np0000000609 neutron-periodic-workers[91732]: DEBUG dbcounter [-] [91732] Writer thread running {{(pid=91732) stat_writer /opt/stack/data/venv/lib/python3.12/site-packages/dbcounter.py:102}}
May 12 15:38:56.495472 np0000000609 neutron-periodic-workers[91732]: DEBUG neutron.db.agents_db [None req-2f642e44-c564-475e-92b1-54ab3efedd23 None None] Agent healthcheck: found 0 active agents {{(pid=91732) agent_health_check /opt/stack/neutron/neutron/db/agents_db.py:322}}
May 12 15:38:56.495662 np0000000609 neutron-periodic-workers[91732]: DEBUG oslo.service.backend._threading.loopingcall [None req-2f642e44-c564-475e-92b1-54ab3efedd23 None None] Fixed interval looping call 'neutron.plugins.ml2.plugin.AgentDbMixin.agent_health_check' sleeping for 36.99 seconds {{(pid=91732) _run_loop /opt/stack/data/venv/lib/python3.12/site-packages/oslo_service/backend/_threading/loopingcall.py:125}}
May 12 15:39:06.493231 np0000000609 neutron-periodic-workers[91732]: DEBUG dbcounter [-] [91732] Writing DB stats neutron:SELECT=1 {{(pid=91732) stat_writer /opt/stack/data/venv/lib/python3.12/site-packages/dbcounter.py:115}}
May 12 15:39:18.452129 np0000000609 neutron-periodic-workers[91726]: DEBUG oslo.service.backend._threading.loopingcall [None req-786e5abb-41bd-4b61-8775-ba013f5e671f None None] Fixed interval looping call 'neutron.plugins.ml2.plugin.DhcpAgentSchedulerDbMixin.remove_networks_from_down_agents' sleeping for 36.99 seconds {{(pid=91726) _run_loop /opt/stack/data/venv/lib/python3.12/site-packages/oslo_service/backend/_threading/loopingcall.py:125}}
May 12 15:39:28.451155 np0000000609 neutron-periodic-workers[91726]: DEBUG dbcounter [-] [91726] Writing DB stats neutron:SELECT=3 {{(pid=91726) stat_writer /opt/stack/data/venv/lib/python3.12/site-packages/dbcounter.py:115}}
May 12 15:39:33.489174 np0000000609 neutron-periodic-workers[91732]: DEBUG neutron.db.agents_db [None req-2f642e44-c564-475e-92b1-54ab3efedd23 None None] Agent healthcheck: found 0 active agents {{(pid=91732) agent_health_check /opt/stack/neutron/neutron/db/agents_db.py:322}}
May 12 15:39:33.489174 np0000000609 neutron-periodic-workers[91732]: DEBUG oslo.service.backend._threading.loopingcall [None req-2f642e44-c564-475e-92b1-54ab3efedd23 None None] Fixed interval looping call 'neutron.plugins.ml2.plugin.AgentDbMixin.agent_health_check' sleeping for 37.00 seconds {{(pid=91732) _run_loop /opt/stack/data/venv/lib/python3.12/site-packages/oslo_service/backend/_threading/loopingcall.py:125}}
May 12 15:39:43.488011 np0000000609 neutron-periodic-workers[91732]: DEBUG dbcounter [-] [91732] Writing DB stats neutron:SELECT=1 {{(pid=91732) stat_writer /opt/stack/data/venv/lib/python3.12/site-packages/dbcounter.py:115}}
May 12 15:39:55.447378 np0000000609 neutron-periodic-workers[91726]: DEBUG oslo.service.backend._threading.loopingcall [None req-786e5abb-41bd-4b61-8775-ba013f5e671f None None] Fixed interval looping call 'neutron.plugins.ml2.plugin.DhcpAgentSchedulerDbMixin.remove_networks_from_down_agents' sleeping for 37.00 seconds {{(pid=91726) _run_loop /opt/stack/data/venv/lib/python3.12/site-packages/oslo_service/backend/_threading/loopingcall.py:125}}
May 12 15:40:02.499690 np0000000609 neutron-periodic-workers[91744]: DEBUG dbcounter [-] [91744] Writer thread running {{(pid=91744) stat_writer /opt/stack/data/venv/lib/python3.12/site-packages/dbcounter.py:102}}
May 12 15:40:02.501185 np0000000609 neutron-periodic-workers[91744]: DEBUG oslo.service.backend._threading.loopingcall [None req-d6cb9149-7696-4103-bc24-06412b48eba0 None None] Fixed interval looping call 'neutron.db.quota.driver_nolock.DbQuotaNoLockDriver._remove_expired_reservations' sleeping for 119.99 seconds {{(pid=91744) _run_loop /opt/stack/data/venv/lib/python3.12/site-packages/oslo_service/backend/_threading/loopingcall.py:125}}
May 12 15:40:05.446627 np0000000609 neutron-periodic-workers[91726]: DEBUG dbcounter [-] [91726] Writing DB stats neutron:SELECT=3 {{(pid=91726) stat_writer /opt/stack/data/venv/lib/python3.12/site-packages/dbcounter.py:115}}
May 12 15:40:10.493232 np0000000609 neutron-periodic-workers[91732]: DEBUG neutron.db.agents_db [None req-2f642e44-c564-475e-92b1-54ab3efedd23 None None] Agent healthcheck: found 0 active agents {{(pid=91732) agent_health_check /opt/stack/neutron/neutron/db/agents_db.py:322}}
May 12 15:40:10.493670 np0000000609 neutron-periodic-workers[91732]: DEBUG oslo.service.backend._threading.loopingcall [None req-2f642e44-c564-475e-92b1-54ab3efedd23 None None] Fixed interval looping call 'neutron.plugins.ml2.plugin.AgentDbMixin.agent_health_check' sleeping for 37.00 seconds {{(pid=91732) _run_loop /opt/stack/data/venv/lib/python3.12/site-packages/oslo_service/backend/_threading/loopingcall.py:125}}
May 12 15:40:12.500137 np0000000609 neutron-periodic-workers[91744]: DEBUG dbcounter [-] [91744] Writing DB stats neutron:DELETE=1 {{(pid=91744) stat_writer /opt/stack/data/venv/lib/python3.12/site-packages/dbcounter.py:115}}
May 12 15:40:20.491865 np0000000609 neutron-periodic-workers[91732]: DEBUG dbcounter [-] [91732] Writing DB stats neutron:SELECT=1 {{(pid=91732) stat_writer /opt/stack/data/venv/lib/python3.12/site-packages/dbcounter.py:115}}
May 12 15:40:32.454019 np0000000609 neutron-periodic-workers[91726]: DEBUG oslo.service.backend._threading.loopingcall [None req-786e5abb-41bd-4b61-8775-ba013f5e671f None None] Fixed interval looping call 'neutron.plugins.ml2.plugin.DhcpAgentSchedulerDbMixin.remove_networks_from_down_agents' sleeping for 36.99 seconds {{(pid=91726) _run_loop /opt/stack/data/venv/lib/python3.12/site-packages/oslo_service/backend/_threading/loopingcall.py:125}}
May 12 15:40:42.453183 np0000000609 neutron-periodic-workers[91726]: DEBUG dbcounter [-] [91726] Writing DB stats neutron:SELECT=3 {{(pid=91726) stat_writer /opt/stack/data/venv/lib/python3.12/site-packages/dbcounter.py:115}}
May 12 15:40:47.496873 np0000000609 neutron-periodic-workers[91732]: DEBUG neutron.db.agents_db [None req-2f642e44-c564-475e-92b1-54ab3efedd23 None None] Agent healthcheck: found 0 active agents {{(pid=91732) agent_health_check /opt/stack/neutron/neutron/db/agents_db.py:322}}
May 12 15:40:47.497206 np0000000609 neutron-periodic-workers[91732]: DEBUG oslo.service.backend._threading.loopingcall [None req-2f642e44-c564-475e-92b1-54ab3efedd23 None None] Fixed interval looping call 'neutron.plugins.ml2.plugin.AgentDbMixin.agent_health_check' sleeping for 37.00 seconds {{(pid=91732) _run_loop /opt/stack/data/venv/lib/python3.12/site-packages/oslo_service/backend/_threading/loopingcall.py:125}}
May 12 15:40:57.496203 np0000000609 neutron-periodic-workers[91732]: DEBUG dbcounter [-] [91732] Writing DB stats neutron:SELECT=1 {{(pid=91732) stat_writer /opt/stack/data/venv/lib/python3.12/site-packages/dbcounter.py:115}}
May 12 15:41:09.450200 np0000000609 neutron-periodic-workers[91726]: DEBUG oslo.service.backend._threading.loopingcall [None req-786e5abb-41bd-4b61-8775-ba013f5e671f None None] Fixed interval looping call 'neutron.plugins.ml2.plugin.DhcpAgentSchedulerDbMixin.remove_networks_from_down_agents' sleeping for 36.99 seconds {{(pid=91726) _run_loop /opt/stack/data/venv/lib/python3.12/site-packages/oslo_service/backend/_threading/loopingcall.py:125}}
May 12 15:41:19.450547 np0000000609 neutron-periodic-workers[91726]: DEBUG dbcounter [-] [91726] Writing DB stats neutron:SELECT=3 {{(pid=91726) stat_writer /opt/stack/data/venv/lib/python3.12/site-packages/dbcounter.py:115}}
May 12 15:41:24.500526 np0000000609 neutron-periodic-workers[91732]: DEBUG neutron.db.agents_db [None req-2f642e44-c564-475e-92b1-54ab3efedd23 None None] Agent healthcheck: found 0 active agents {{(pid=91732) agent_health_check /opt/stack/neutron/neutron/db/agents_db.py:322}}
May 12 15:41:24.500903 np0000000609 neutron-periodic-workers[91732]: DEBUG oslo.service.backend._threading.loopingcall [None req-2f642e44-c564-475e-92b1-54ab3efedd23 None None] Fixed interval looping call 'neutron.plugins.ml2.plugin.AgentDbMixin.agent_health_check' sleeping for 37.00 seconds {{(pid=91732) _run_loop /opt/stack/data/venv/lib/python3.12/site-packages/oslo_service/backend/_threading/loopingcall.py:125}}
May 12 15:41:34.499648 np0000000609 neutron-periodic-workers[91732]: DEBUG dbcounter [-] [91732] Writing DB stats neutron:SELECT=1 {{(pid=91732) stat_writer /opt/stack/data/venv/lib/python3.12/site-packages/dbcounter.py:115}}
May 12 15:41:46.447899 np0000000609 neutron-periodic-workers[91726]: DEBUG oslo.service.backend._threading.loopingcall [None req-786e5abb-41bd-4b61-8775-ba013f5e671f None None] Fixed interval looping call 'neutron.plugins.ml2.plugin.DhcpAgentSchedulerDbMixin.remove_networks_from_down_agents' sleeping for 36.99 seconds {{(pid=91726) _run_loop /opt/stack/data/venv/lib/python3.12/site-packages/oslo_service/backend/_threading/loopingcall.py:125}}
May 12 15:41:56.446817 np0000000609 neutron-periodic-workers[91726]: DEBUG dbcounter [-] [91726] Writing DB stats neutron:SELECT=3 {{(pid=91726) stat_writer /opt/stack/data/venv/lib/python3.12/site-packages/dbcounter.py:115}}
May 12 15:42:01.506133 np0000000609 neutron-periodic-workers[91732]: DEBUG neutron.db.agents_db [None req-2f642e44-c564-475e-92b1-54ab3efedd23 None None] Agent healthcheck: found 0 active agents {{(pid=91732) agent_health_check /opt/stack/neutron/neutron/db/agents_db.py:322}}
May 12 15:42:01.506133 np0000000609 neutron-periodic-workers[91732]: DEBUG oslo.service.backend._threading.loopingcall [None req-2f642e44-c564-475e-92b1-54ab3efedd23 None None] Fixed interval looping call 'neutron.plugins.ml2.plugin.AgentDbMixin.agent_health_check' sleeping for 37.00 seconds {{(pid=91732) _run_loop /opt/stack/data/venv/lib/python3.12/site-packages/oslo_service/backend/_threading/loopingcall.py:125}}
May 12 15:42:02.495768 np0000000609 neutron-periodic-workers[91744]: DEBUG oslo.service.backend._threading.loopingcall [None req-d6cb9149-7696-4103-bc24-06412b48eba0 None None] Fixed interval looping call 'neutron.db.quota.driver_nolock.DbQuotaNoLockDriver._remove_expired_reservations' sleeping for 120.00 seconds {{(pid=91744) _run_loop /opt/stack/data/venv/lib/python3.12/site-packages/oslo_service/backend/_threading/loopingcall.py:125}}
May 12 15:42:11.505676 np0000000609 neutron-periodic-workers[91732]: DEBUG dbcounter [-] [91732] Writing DB stats neutron:SELECT=1 {{(pid=91732) stat_writer /opt/stack/data/venv/lib/python3.12/site-packages/dbcounter.py:115}}
May 12 15:42:12.494172 np0000000609 neutron-periodic-workers[91744]: DEBUG dbcounter [-] [91744] Writing DB stats neutron:DELETE=1 {{(pid=91744) stat_writer /opt/stack/data/venv/lib/python3.12/site-packages/dbcounter.py:115}}
May 12 15:42:23.451186 np0000000609 neutron-periodic-workers[91726]: DEBUG oslo.service.backend._threading.loopingcall [None req-786e5abb-41bd-4b61-8775-ba013f5e671f None None] Fixed interval looping call 'neutron.plugins.ml2.plugin.DhcpAgentSchedulerDbMixin.remove_networks_from_down_agents' sleeping for 36.99 seconds {{(pid=91726) _run_loop /opt/stack/data/venv/lib/python3.12/site-packages/oslo_service/backend/_threading/loopingcall.py:125}}
May 12 15:42:33.450204 np0000000609 neutron-periodic-workers[91726]: DEBUG dbcounter [-] [91726] Writing DB stats neutron:SELECT=3 {{(pid=91726) stat_writer /opt/stack/data/venv/lib/python3.12/site-packages/dbcounter.py:115}}
May 12 15:42:38.510962 np0000000609 neutron-periodic-workers[91732]: DEBUG neutron.db.agents_db [None req-2f642e44-c564-475e-92b1-54ab3efedd23 None None] Agent healthcheck: found 0 active agents {{(pid=91732) agent_health_check /opt/stack/neutron/neutron/db/agents_db.py:322}}
May 12 15:42:38.510962 np0000000609 neutron-periodic-workers[91732]: DEBUG oslo.service.backend._threading.loopingcall [None req-2f642e44-c564-475e-92b1-54ab3efedd23 None None] Fixed interval looping call 'neutron.plugins.ml2.plugin.AgentDbMixin.agent_health_check' sleeping for 37.00 seconds {{(pid=91732) _run_loop /opt/stack/data/venv/lib/python3.12/site-packages/oslo_service/backend/_threading/loopingcall.py:125}}
May 12 15:42:44.480176 np0000000609 neutron-periodic-workers[91720]: DEBUG dbcounter [-] [91720] Writer thread running {{(pid=91720) stat_writer /opt/stack/data/venv/lib/python3.12/site-packages/dbcounter.py:102}}
May 12 15:42:44.491874 np0000000609 neutron-periodic-workers[91720]: DEBUG oslo.service.backend._threading.loopingcall [None req-e088a7ae-75fe-4ff1-a44f-9ec9ae4fcb5d None None] Fixed interval looping call 'neutron.services.ovn_l3.plugin.L3_NAT_dbonly_mixin._clean_garbage' sleeping for 299.95 seconds {{(pid=91720) _run_loop /opt/stack/data/venv/lib/python3.12/site-packages/oslo_service/backend/_threading/loopingcall.py:125}}
May 12 15:42:48.510441 np0000000609 neutron-periodic-workers[91732]: DEBUG dbcounter [-] [91732] Writing DB stats neutron:SELECT=1 {{(pid=91732) stat_writer /opt/stack/data/venv/lib/python3.12/site-packages/dbcounter.py:115}}
May 12 15:43:00.448383 np0000000609 neutron-periodic-workers[91726]: DEBUG oslo.service.backend._threading.loopingcall [None req-786e5abb-41bd-4b61-8775-ba013f5e671f None None] Fixed interval looping call 'neutron.plugins.ml2.plugin.DhcpAgentSchedulerDbMixin.remove_networks_from_down_agents' sleeping for 36.99 seconds {{(pid=91726) _run_loop /opt/stack/data/venv/lib/python3.12/site-packages/oslo_service/backend/_threading/loopingcall.py:125}}
May 12 15:43:04.480677 np0000000609 neutron-periodic-workers[91720]: DEBUG dbcounter [-] [91720] Writing DB stats neutron:SELECT=1 {{(pid=91720) stat_writer /opt/stack/data/venv/lib/python3.12/site-packages/dbcounter.py:115}}
May 12 15:43:10.447393 np0000000609 neutron-periodic-workers[91726]: DEBUG dbcounter [-] [91726] Writing DB stats neutron:SELECT=3 {{(pid=91726) stat_writer /opt/stack/data/venv/lib/python3.12/site-packages/dbcounter.py:115}}
May 12 15:43:15.515494 np0000000609 neutron-periodic-workers[91732]: DEBUG neutron.db.agents_db [None req-2f642e44-c564-475e-92b1-54ab3efedd23 None None] Agent healthcheck: found 0 active agents {{(pid=91732) agent_health_check /opt/stack/neutron/neutron/db/agents_db.py:322}}
May 12 15:43:15.515494 np0000000609 neutron-periodic-workers[91732]: DEBUG oslo.service.backend._threading.loopingcall [None req-2f642e44-c564-475e-92b1-54ab3efedd23 None None] Fixed interval looping call 'neutron.plugins.ml2.plugin.AgentDbMixin.agent_health_check' sleeping for 37.00 seconds {{(pid=91732) _run_loop /opt/stack/data/venv/lib/python3.12/site-packages/oslo_service/backend/_threading/loopingcall.py:125}}
May 12 15:43:25.515644 np0000000609 neutron-periodic-workers[91732]: DEBUG dbcounter [-] [91732] Writing DB stats neutron:SELECT=1 {{(pid=91732) stat_writer /opt/stack/data/venv/lib/python3.12/site-packages/dbcounter.py:115}}
May 12 15:43:37.446309 np0000000609 neutron-periodic-workers[91726]: DEBUG oslo.service.backend._threading.loopingcall [None req-786e5abb-41bd-4b61-8775-ba013f5e671f None None] Fixed interval looping call 'neutron.plugins.ml2.plugin.DhcpAgentSchedulerDbMixin.remove_networks_from_down_agents' sleeping for 36.99 seconds {{(pid=91726) _run_loop /opt/stack/data/venv/lib/python3.12/site-packages/oslo_service/backend/_threading/loopingcall.py:125}}
May 12 15:43:47.445760 np0000000609 neutron-periodic-workers[91726]: DEBUG dbcounter [-] [91726] Writing DB stats neutron:SELECT=3 {{(pid=91726) stat_writer /opt/stack/data/venv/lib/python3.12/site-packages/dbcounter.py:115}}
May 12 15:43:52.520027 np0000000609 neutron-periodic-workers[91732]: DEBUG neutron.db.agents_db [None req-2f642e44-c564-475e-92b1-54ab3efedd23 None None] Agent healthcheck: found 0 active agents {{(pid=91732) agent_health_check /opt/stack/neutron/neutron/db/agents_db.py:322}}
May 12 15:43:52.520513 np0000000609 neutron-periodic-workers[91732]: DEBUG oslo.service.backend._threading.loopingcall [None req-2f642e44-c564-475e-92b1-54ab3efedd23 None None] Fixed interval looping call 'neutron.plugins.ml2.plugin.AgentDbMixin.agent_health_check' sleeping for 37.00 seconds {{(pid=91732) _run_loop /opt/stack/data/venv/lib/python3.12/site-packages/oslo_service/backend/_threading/loopingcall.py:125}}
May 12 15:44:02.499670 np0000000609 neutron-periodic-workers[91744]: DEBUG oslo.service.backend._threading.loopingcall [None req-d6cb9149-7696-4103-bc24-06412b48eba0 None None] Fixed interval looping call 'neutron.db.quota.driver_nolock.DbQuotaNoLockDriver._remove_expired_reservations' sleeping for 120.00 seconds {{(pid=91744) _run_loop /opt/stack/data/venv/lib/python3.12/site-packages/oslo_service/backend/_threading/loopingcall.py:125}}
May 12 15:44:02.519624 np0000000609 neutron-periodic-workers[91732]: DEBUG dbcounter [-] [91732] Writing DB stats neutron:SELECT=1 {{(pid=91732) stat_writer /opt/stack/data/venv/lib/python3.12/site-packages/dbcounter.py:115}}
May 12 15:44:12.499590 np0000000609 neutron-periodic-workers[91744]: DEBUG dbcounter [-] [91744] Writing DB stats neutron:DELETE=1 {{(pid=91744) stat_writer /opt/stack/data/venv/lib/python3.12/site-packages/dbcounter.py:115}}
May 12 15:44:14.452542 np0000000609 neutron-periodic-workers[91726]: DEBUG oslo.service.backend._threading.loopingcall [None req-786e5abb-41bd-4b61-8775-ba013f5e671f None None] Fixed interval looping call 'neutron.plugins.ml2.plugin.DhcpAgentSchedulerDbMixin.remove_networks_from_down_agents' sleeping for 36.98 seconds {{(pid=91726) _run_loop /opt/stack/data/venv/lib/python3.12/site-packages/oslo_service/backend/_threading/loopingcall.py:125}}
May 12 15:44:24.449827 np0000000609 neutron-periodic-workers[91726]: DEBUG dbcounter [-] [91726] Writing DB stats neutron:SELECT=3 {{(pid=91726) stat_writer /opt/stack/data/venv/lib/python3.12/site-packages/dbcounter.py:115}}
May 12 15:44:29.525049 np0000000609 neutron-periodic-workers[91732]: DEBUG neutron.db.agents_db [None req-2f642e44-c564-475e-92b1-54ab3efedd23 None None] Agent healthcheck: found 0 active agents {{(pid=91732) agent_health_check /opt/stack/neutron/neutron/db/agents_db.py:322}}
May 12 15:44:29.525049 np0000000609 neutron-periodic-workers[91732]: DEBUG oslo.service.backend._threading.loopingcall [None req-2f642e44-c564-475e-92b1-54ab3efedd23 None None] Fixed interval looping call 'neutron.plugins.ml2.plugin.AgentDbMixin.agent_health_check' sleeping for 37.00 seconds {{(pid=91732) _run_loop /opt/stack/data/venv/lib/python3.12/site-packages/oslo_service/backend/_threading/loopingcall.py:125}}
May 12 15:44:39.523306 np0000000609 neutron-periodic-workers[91732]: DEBUG dbcounter [-] [91732] Writing DB stats neutron:SELECT=1 {{(pid=91732) stat_writer /opt/stack/data/venv/lib/python3.12/site-packages/dbcounter.py:115}}
May 12 15:44:51.443416 np0000000609 neutron-periodic-workers[91726]: DEBUG oslo.service.backend._threading.loopingcall [None req-786e5abb-41bd-4b61-8775-ba013f5e671f None None] Fixed interval looping call 'neutron.plugins.ml2.plugin.DhcpAgentSchedulerDbMixin.remove_networks_from_down_agents' sleeping for 36.99 seconds {{(pid=91726) _run_loop /opt/stack/data/venv/lib/python3.12/site-packages/oslo_service/backend/_threading/loopingcall.py:125}}
May 12 15:45:01.441904 np0000000609 neutron-periodic-workers[91726]: DEBUG dbcounter [-] [91726] Writing DB stats neutron:SELECT=3 {{(pid=91726) stat_writer /opt/stack/data/venv/lib/python3.12/site-packages/dbcounter.py:115}}
May 12 15:45:06.529133 np0000000609 neutron-periodic-workers[91732]: DEBUG neutron.db.agents_db [None req-2f642e44-c564-475e-92b1-54ab3efedd23 None None] Agent healthcheck: found 0 active agents {{(pid=91732) agent_health_check /opt/stack/neutron/neutron/db/agents_db.py:322}}
May 12 15:45:06.529524 np0000000609 neutron-periodic-workers[91732]: DEBUG oslo.service.backend._threading.loopingcall [None req-2f642e44-c564-475e-92b1-54ab3efedd23 None None] Fixed interval looping call 'neutron.plugins.ml2.plugin.AgentDbMixin.agent_health_check' sleeping for 37.00 seconds {{(pid=91732) _run_loop /opt/stack/data/venv/lib/python3.12/site-packages/oslo_service/backend/_threading/loopingcall.py:125}}
May 12 15:45:16.528484 np0000000609 neutron-periodic-workers[91732]: DEBUG dbcounter [-] [91732] Writing DB stats neutron:SELECT=1 {{(pid=91732) stat_writer /opt/stack/data/venv/lib/python3.12/site-packages/dbcounter.py:115}}
May 12 15:45:28.448025 np0000000609 neutron-periodic-workers[91726]: DEBUG oslo.service.backend._threading.loopingcall [None req-786e5abb-41bd-4b61-8775-ba013f5e671f None None] Fixed interval looping call 'neutron.plugins.ml2.plugin.DhcpAgentSchedulerDbMixin.remove_networks_from_down_agents' sleeping for 36.99 seconds {{(pid=91726) _run_loop /opt/stack/data/venv/lib/python3.12/site-packages/oslo_service/backend/_threading/loopingcall.py:125}}
May 12 15:45:38.443546 np0000000609 neutron-periodic-workers[91726]: DEBUG dbcounter [-] [91726] Writing DB stats neutron:SELECT=3 {{(pid=91726) stat_writer /opt/stack/data/venv/lib/python3.12/site-packages/dbcounter.py:115}}
May 12 15:45:43.533230 np0000000609 neutron-periodic-workers[91732]: DEBUG neutron.db.agents_db [None req-2f642e44-c564-475e-92b1-54ab3efedd23 None None] Agent healthcheck: found 0 active agents {{(pid=91732) agent_health_check /opt/stack/neutron/neutron/db/agents_db.py:322}}
May 12 15:45:43.533646 np0000000609 neutron-periodic-workers[91732]: DEBUG oslo.service.backend._threading.loopingcall [None req-2f642e44-c564-475e-92b1-54ab3efedd23 None None] Fixed interval looping call 'neutron.plugins.ml2.plugin.AgentDbMixin.agent_health_check' sleeping for 37.00 seconds {{(pid=91732) _run_loop /opt/stack/data/venv/lib/python3.12/site-packages/oslo_service/backend/_threading/loopingcall.py:125}}
May 12 15:45:53.531901 np0000000609 neutron-periodic-workers[91732]: DEBUG dbcounter [-] [91732] Writing DB stats neutron:SELECT=1 {{(pid=91732) stat_writer /opt/stack/data/venv/lib/python3.12/site-packages/dbcounter.py:115}}
May 12 15:46:02.502629 np0000000609 neutron-periodic-workers[91744]: DEBUG oslo.service.backend._threading.loopingcall [None req-d6cb9149-7696-4103-bc24-06412b48eba0 None None] Fixed interval looping call 'neutron.db.quota.driver_nolock.DbQuotaNoLockDriver._remove_expired_reservations' sleeping for 120.00 seconds {{(pid=91744) _run_loop /opt/stack/data/venv/lib/python3.12/site-packages/oslo_service/backend/_threading/loopingcall.py:125}}
May 12 15:46:05.446959 np0000000609 neutron-periodic-workers[91726]: DEBUG oslo.service.backend._threading.loopingcall [None req-786e5abb-41bd-4b61-8775-ba013f5e671f None None] Fixed interval looping call 'neutron.plugins.ml2.plugin.DhcpAgentSchedulerDbMixin.remove_networks_from_down_agents' sleeping for 36.99 seconds {{(pid=91726) _run_loop /opt/stack/data/venv/lib/python3.12/site-packages/oslo_service/backend/_threading/loopingcall.py:125}}
May 12 15:46:12.502423 np0000000609 neutron-periodic-workers[91744]: DEBUG dbcounter [-] [91744] Writing DB stats neutron:DELETE=1 {{(pid=91744) stat_writer /opt/stack/data/venv/lib/python3.12/site-packages/dbcounter.py:115}}
May 12 15:46:15.445905 np0000000609 neutron-periodic-workers[91726]: DEBUG dbcounter [-] [91726] Writing DB stats neutron:SELECT=3 {{(pid=91726) stat_writer /opt/stack/data/venv/lib/python3.12/site-packages/dbcounter.py:115}}
May 12 15:46:20.541319 np0000000609 neutron-periodic-workers[91732]: DEBUG neutron.db.agents_db [None req-2f642e44-c564-475e-92b1-54ab3efedd23 None None] Agent healthcheck: found 0 active agents {{(pid=91732) agent_health_check /opt/stack/neutron/neutron/db/agents_db.py:322}}
May 12 15:46:20.541728 np0000000609 neutron-periodic-workers[91732]: DEBUG oslo.service.backend._threading.loopingcall [None req-2f642e44-c564-475e-92b1-54ab3efedd23 None None] Fixed interval looping call 'neutron.plugins.ml2.plugin.AgentDbMixin.agent_health_check' sleeping for 36.99 seconds {{(pid=91732) _run_loop /opt/stack/data/venv/lib/python3.12/site-packages/oslo_service/backend/_threading/loopingcall.py:125}}
May 12 15:46:30.537726 np0000000609 neutron-periodic-workers[91732]: DEBUG dbcounter [-] [91732] Writing DB stats neutron:SELECT=1 {{(pid=91732) stat_writer /opt/stack/data/venv/lib/python3.12/site-packages/dbcounter.py:115}}
May 12 15:46:42.449305 np0000000609 neutron-periodic-workers[91726]: DEBUG oslo.service.backend._threading.loopingcall [None req-786e5abb-41bd-4b61-8775-ba013f5e671f None None] Fixed interval looping call 'neutron.plugins.ml2.plugin.DhcpAgentSchedulerDbMixin.remove_networks_from_down_agents' sleeping for 36.99 seconds {{(pid=91726) _run_loop /opt/stack/data/venv/lib/python3.12/site-packages/oslo_service/backend/_threading/loopingcall.py:125}}
May 12 15:46:52.445889 np0000000609 neutron-periodic-workers[91726]: DEBUG dbcounter [-] [91726] Writing DB stats neutron:SELECT=3 {{(pid=91726) stat_writer /opt/stack/data/venv/lib/python3.12/site-packages/dbcounter.py:115}}
May 12 15:46:57.534894 np0000000609 neutron-periodic-workers[91732]: DEBUG neutron.db.agents_db [None req-2f642e44-c564-475e-92b1-54ab3efedd23 None None] Agent healthcheck: found 0 active agents {{(pid=91732) agent_health_check /opt/stack/neutron/neutron/db/agents_db.py:322}}
May 12 15:46:57.535442 np0000000609 neutron-periodic-workers[91732]: DEBUG oslo.service.backend._threading.loopingcall [None req-2f642e44-c564-475e-92b1-54ab3efedd23 None None] Fixed interval looping call 'neutron.plugins.ml2.plugin.AgentDbMixin.agent_health_check' sleeping for 37.00 seconds {{(pid=91732) _run_loop /opt/stack/data/venv/lib/python3.12/site-packages/oslo_service/backend/_threading/loopingcall.py:125}}
May 12 15:47:07.533977 np0000000609 neutron-periodic-workers[91732]: DEBUG dbcounter [-] [91732] Writing DB stats neutron:SELECT=1 {{(pid=91732) stat_writer /opt/stack/data/venv/lib/python3.12/site-packages/dbcounter.py:115}}
May 12 15:47:19.446693 np0000000609 neutron-periodic-workers[91726]: DEBUG oslo.service.backend._threading.loopingcall [None req-786e5abb-41bd-4b61-8775-ba013f5e671f None None] Fixed interval looping call 'neutron.plugins.ml2.plugin.DhcpAgentSchedulerDbMixin.remove_networks_from_down_agents' sleeping for 36.99 seconds {{(pid=91726) _run_loop /opt/stack/data/venv/lib/python3.12/site-packages/oslo_service/backend/_threading/loopingcall.py:125}}
May 12 15:47:29.445147 np0000000609 neutron-periodic-workers[91726]: DEBUG dbcounter [-] [91726] Writing DB stats neutron:SELECT=3 {{(pid=91726) stat_writer /opt/stack/data/venv/lib/python3.12/site-packages/dbcounter.py:115}}
May 12 15:47:34.539359 np0000000609 neutron-periodic-workers[91732]: DEBUG neutron.db.agents_db [None req-2f642e44-c564-475e-92b1-54ab3efedd23 None None] Agent healthcheck: found 0 active agents {{(pid=91732) agent_health_check /opt/stack/neutron/neutron/db/agents_db.py:322}}
May 12 15:47:34.539765 np0000000609 neutron-periodic-workers[91732]: DEBUG oslo.service.backend._threading.loopingcall [None req-2f642e44-c564-475e-92b1-54ab3efedd23 None None] Fixed interval looping call 'neutron.plugins.ml2.plugin.AgentDbMixin.agent_health_check' sleeping for 37.00 seconds {{(pid=91732) _run_loop /opt/stack/data/venv/lib/python3.12/site-packages/oslo_service/backend/_threading/loopingcall.py:125}}
May 12 15:47:44.465363 np0000000609 neutron-periodic-workers[91720]: DEBUG oslo.service.backend._threading.loopingcall [None req-e088a7ae-75fe-4ff1-a44f-9ec9ae4fcb5d None None] Fixed interval looping call 'neutron.services.ovn_l3.plugin.L3_NAT_dbonly_mixin._clean_garbage' sleeping for 299.98 seconds {{(pid=91720) _run_loop /opt/stack/data/venv/lib/python3.12/site-packages/oslo_service/backend/_threading/loopingcall.py:125}}
May 12 15:47:44.539509 np0000000609 neutron-periodic-workers[91732]: DEBUG dbcounter [-] [91732] Writing DB stats neutron:SELECT=1 {{(pid=91732) stat_writer /opt/stack/data/venv/lib/python3.12/site-packages/dbcounter.py:115}}
May 12 15:47:54.450223 np0000000609 neutron-periodic-workers[91720]: DEBUG dbcounter [-] [91720] Writing DB stats neutron:SELECT=1 {{(pid=91720) stat_writer /opt/stack/data/venv/lib/python3.12/site-packages/dbcounter.py:115}}
May 12 15:47:56.446122 np0000000609 neutron-periodic-workers[91726]: DEBUG oslo.service.backend._threading.loopingcall [None req-786e5abb-41bd-4b61-8775-ba013f5e671f None None] Fixed interval looping call 'neutron.plugins.ml2.plugin.DhcpAgentSchedulerDbMixin.remove_networks_from_down_agents' sleeping for 36.99 seconds {{(pid=91726) _run_loop /opt/stack/data/venv/lib/python3.12/site-packages/oslo_service/backend/_threading/loopingcall.py:125}}
May 12 15:48:02.506702 np0000000609 neutron-periodic-workers[91744]: DEBUG oslo.service.backend._threading.loopingcall [None req-d6cb9149-7696-4103-bc24-06412b48eba0 None None] Fixed interval looping call 'neutron.db.quota.driver_nolock.DbQuotaNoLockDriver._remove_expired_reservations' sleeping for 120.00 seconds {{(pid=91744) _run_loop /opt/stack/data/venv/lib/python3.12/site-packages/oslo_service/backend/_threading/loopingcall.py:125}}
May 12 15:48:06.447685 np0000000609 neutron-periodic-workers[91726]: DEBUG dbcounter [-] [91726] Writing DB stats neutron:SELECT=3 {{(pid=91726) stat_writer /opt/stack/data/venv/lib/python3.12/site-packages/dbcounter.py:115}}
May 12 15:48:11.543233 np0000000609 neutron-periodic-workers[91732]: DEBUG neutron.db.agents_db [None req-2f642e44-c564-475e-92b1-54ab3efedd23 None None] Agent healthcheck: found 0 active agents {{(pid=91732) agent_health_check /opt/stack/neutron/neutron/db/agents_db.py:322}}
May 12 15:48:11.543657 np0000000609 neutron-periodic-workers[91732]: DEBUG oslo.service.backend._threading.loopingcall [None req-2f642e44-c564-475e-92b1-54ab3efedd23 None None] Fixed interval looping call 'neutron.plugins.ml2.plugin.AgentDbMixin.agent_health_check' sleeping for 37.00 seconds {{(pid=91732) _run_loop /opt/stack/data/venv/lib/python3.12/site-packages/oslo_service/backend/_threading/loopingcall.py:125}}
May 12 15:48:12.506038 np0000000609 neutron-periodic-workers[91744]: DEBUG dbcounter [-] [91744] Writing DB stats neutron:DELETE=1 {{(pid=91744) stat_writer /opt/stack/data/venv/lib/python3.12/site-packages/dbcounter.py:115}}
May 12 15:48:21.542320 np0000000609 neutron-periodic-workers[91732]: DEBUG dbcounter [-] [91732] Writing DB stats neutron:SELECT=1 {{(pid=91732) stat_writer /opt/stack/data/venv/lib/python3.12/site-packages/dbcounter.py:115}}
May 12 15:48:33.445067 np0000000609 neutron-periodic-workers[91726]: DEBUG oslo.service.backend._threading.loopingcall [None req-786e5abb-41bd-4b61-8775-ba013f5e671f None None] Fixed interval looping call 'neutron.plugins.ml2.plugin.DhcpAgentSchedulerDbMixin.remove_networks_from_down_agents' sleeping for 36.99 seconds {{(pid=91726) _run_loop /opt/stack/data/venv/lib/python3.12/site-packages/oslo_service/backend/_threading/loopingcall.py:125}}
May 12 15:48:43.442244 np0000000609 neutron-periodic-workers[91726]: DEBUG dbcounter [-] [91726] Writing DB stats neutron:SELECT=3 {{(pid=91726) stat_writer /opt/stack/data/venv/lib/python3.12/site-packages/dbcounter.py:115}}
May 12 15:48:48.547034 np0000000609 neutron-periodic-workers[91732]: DEBUG neutron.db.agents_db [None req-2f642e44-c564-475e-92b1-54ab3efedd23 None None] Agent healthcheck: found 0 active agents {{(pid=91732) agent_health_check /opt/stack/neutron/neutron/db/agents_db.py:322}}
May 12 15:48:48.547406 np0000000609 neutron-periodic-workers[91732]: DEBUG oslo.service.backend._threading.loopingcall [None req-2f642e44-c564-475e-92b1-54ab3efedd23 None None] Fixed interval looping call 'neutron.plugins.ml2.plugin.AgentDbMixin.agent_health_check' sleeping for 37.00 seconds {{(pid=91732) _run_loop /opt/stack/data/venv/lib/python3.12/site-packages/oslo_service/backend/_threading/loopingcall.py:125}}
May 12 15:48:58.545729 np0000000609 neutron-periodic-workers[91732]: DEBUG dbcounter [-] [91732] Writing DB stats neutron:SELECT=1 {{(pid=91732) stat_writer /opt/stack/data/venv/lib/python3.12/site-packages/dbcounter.py:115}}
May 12 15:49:10.444470 np0000000609 neutron-periodic-workers[91726]: DEBUG oslo.service.backend._threading.loopingcall [None req-786e5abb-41bd-4b61-8775-ba013f5e671f None None] Fixed interval looping call 'neutron.plugins.ml2.plugin.DhcpAgentSchedulerDbMixin.remove_networks_from_down_agents' sleeping for 36.99 seconds {{(pid=91726) _run_loop /opt/stack/data/venv/lib/python3.12/site-packages/oslo_service/backend/_threading/loopingcall.py:125}}
May 12 15:49:20.441010 np0000000609 neutron-periodic-workers[91726]: DEBUG dbcounter [-] [91726] Writing DB stats neutron:SELECT=3 {{(pid=91726) stat_writer /opt/stack/data/venv/lib/python3.12/site-packages/dbcounter.py:115}}
May 12 15:49:25.551400 np0000000609 neutron-periodic-workers[91732]: DEBUG neutron.db.agents_db [None req-2f642e44-c564-475e-92b1-54ab3efedd23 None None] Agent healthcheck: found 0 active agents {{(pid=91732) agent_health_check /opt/stack/neutron/neutron/db/agents_db.py:322}}
May 12 15:49:25.551726 np0000000609 neutron-periodic-workers[91732]: DEBUG oslo.service.backend._threading.loopingcall [None req-2f642e44-c564-475e-92b1-54ab3efedd23 None None] Fixed interval looping call 'neutron.plugins.ml2.plugin.AgentDbMixin.agent_health_check' sleeping for 37.00 seconds {{(pid=91732) _run_loop /opt/stack/data/venv/lib/python3.12/site-packages/oslo_service/backend/_threading/loopingcall.py:125}}
May 12 15:49:35.550046 np0000000609 neutron-periodic-workers[91732]: DEBUG dbcounter [-] [91732] Writing DB stats neutron:SELECT=1 {{(pid=91732) stat_writer /opt/stack/data/venv/lib/python3.12/site-packages/dbcounter.py:115}}
May 12 15:49:47.440891 np0000000609 neutron-periodic-workers[91726]: DEBUG oslo.service.backend._threading.loopingcall [None req-786e5abb-41bd-4b61-8775-ba013f5e671f None None] Fixed interval looping call 'neutron.plugins.ml2.plugin.DhcpAgentSchedulerDbMixin.remove_networks_from_down_agents' sleeping for 36.99 seconds {{(pid=91726) _run_loop /opt/stack/data/venv/lib/python3.12/site-packages/oslo_service/backend/_threading/loopingcall.py:125}}
May 12 15:49:57.441201 np0000000609 neutron-periodic-workers[91726]: DEBUG dbcounter [-] [91726] Writing DB stats neutron:SELECT=3 {{(pid=91726) stat_writer /opt/stack/data/venv/lib/python3.12/site-packages/dbcounter.py:115}}
May 12 15:50:02.511939 np0000000609 neutron-periodic-workers[91744]: DEBUG oslo.service.backend._threading.loopingcall [None req-d6cb9149-7696-4103-bc24-06412b48eba0 None None] Fixed interval looping call 'neutron.db.quota.driver_nolock.DbQuotaNoLockDriver._remove_expired_reservations' sleeping for 120.00 seconds {{(pid=91744) _run_loop /opt/stack/data/venv/lib/python3.12/site-packages/oslo_service/backend/_threading/loopingcall.py:125}}
May 12 15:50:02.557096 np0000000609 neutron-periodic-workers[91732]: DEBUG neutron.db.agents_db [None req-2f642e44-c564-475e-92b1-54ab3efedd23 None None] Agent healthcheck: found 0 active agents {{(pid=91732) agent_health_check /opt/stack/neutron/neutron/db/agents_db.py:322}}
May 12 15:50:02.557581 np0000000609 neutron-periodic-workers[91732]: DEBUG oslo.service.backend._threading.loopingcall [None req-2f642e44-c564-475e-92b1-54ab3efedd23 None None] Fixed interval looping call 'neutron.plugins.ml2.plugin.AgentDbMixin.agent_health_check' sleeping for 36.99 seconds {{(pid=91732) _run_loop /opt/stack/data/venv/lib/python3.12/site-packages/oslo_service/backend/_threading/loopingcall.py:125}}
May 12 15:50:12.512936 np0000000609 neutron-periodic-workers[91744]: DEBUG dbcounter [-] [91744] Writing DB stats neutron:DELETE=1 {{(pid=91744) stat_writer /opt/stack/data/venv/lib/python3.12/site-packages/dbcounter.py:115}}
May 12 15:50:12.556919 np0000000609 neutron-periodic-workers[91732]: DEBUG dbcounter [-] [91732] Writing DB stats neutron:SELECT=1 {{(pid=91732) stat_writer /opt/stack/data/venv/lib/python3.12/site-packages/dbcounter.py:115}}
