Aug 06 01:24:46.433631 np0000006602 devstack@g-api.service[99927]: DEBUG glance_store.location [None req-8084abf4-62ca-4874-ab45-58b02b86636f tempest-TestImageHashVerification-943918227 tempest-TestImageHashVerification-943918227-project-member] Registering scheme swift+https with {'store': , 'location_class': , 'store_entry': 'swift'} {{(pid=99927) register_scheme_map /opt/stack/data/venv/lib/python3.12/site-packages/glance_store/location.py:146}}
Aug 06 01:24:46.433722 np0000006602 devstack@g-api.service[99927]: DEBUG glance_store.location [None req-8084abf4-62ca-4874-ab45-58b02b86636f tempest-TestImageHashVerification-943918227 tempest-TestImageHashVerification-943918227-project-member] Registering scheme swift+https with {'store': , 'location_class': , 'store_entry': 'swift'} {{(pid=99927) register_scheme_map /opt/stack/data/venv/lib/python3.12/site-packages/glance_store/location.py:146}}
Aug 06 01:24:46.433803 np0000006602 devstack@g-api.service[99927]: DEBUG glance_store.location [None req-8084abf4-62ca-4874-ab45-58b02b86636f tempest-TestImageHashVerification-943918227 tempest-TestImageHashVerification-943918227-project-member] Registering scheme swift with {'store': , 'location_class': , 'store_entry': 'swift'} {{(pid=99927) register_scheme_map /opt/stack/data/venv/lib/python3.12/site-packages/glance_store/location.py:146}}
Aug 06 01:24:46.433874 np0000006602 devstack@g-api.service[99927]: DEBUG glance_store.location [None req-8084abf4-62ca-4874-ab45-58b02b86636f tempest-TestImageHashVerification-943918227 tempest-TestImageHashVerification-943918227-project-member] Registering scheme swift+https with {'store': , 'location_class': , 'store_entry': 'swift'} {{(pid=99927) register_scheme_map /opt/stack/data/venv/lib/python3.12/site-packages/glance_store/location.py:146}}
Aug 06 01:24:46.433942 np0000006602 devstack@g-api.service[99927]: DEBUG glance_store.location [None req-8084abf4-62ca-4874-ab45-58b02b86636f tempest-TestImageHashVerification-943918227 tempest-TestImageHashVerification-943918227-project-member] Registering scheme swift with {'store': , 'location_class': , 'store_entry': 'swift'} {{(pid=99927) register_scheme_map /opt/stack/data/venv/lib/python3.12/site-packages/glance_store/location.py:146}}
Aug 06 01:24:46.434034 np0000006602 devstack@g-api.service[99927]: DEBUG glance_store.location [None req-8084abf4-62ca-4874-ab45-58b02b86636f tempest-TestImageHashVerification-943918227 tempest-TestImageHashVerification-943918227-project-member] Registering scheme swift+http with {'store': , 'location_class': , 'store_entry': 'swift'} {{(pid=99927) register_scheme_map /opt/stack/data/venv/lib/python3.12/site-packages/glance_store/location.py:146}}
Aug 06 01:24:46.434117 np0000006602 devstack@g-api.service[99927]: DEBUG glance_store.location [None req-8084abf4-62ca-4874-ab45-58b02b86636f tempest-TestImageHashVerification-943918227 tempest-TestImageHashVerification-943918227-project-member] Registering scheme swift+https with {'store': , 'location_class': , 'store_entry': 'swift'} {{(pid=99927) register_scheme_map /opt/stack/data/venv/lib/python3.12/site-packages/glance_store/location.py:146}}
Aug 06 01:24:46.434207 np0000006602 devstack@g-api.service[99927]: DEBUG glance_store.location [None req-8084abf4-62ca-4874-ab45-58b02b86636f tempest-TestImageHashVerification-943918227 tempest-TestImageHashVerification-943918227-project-member] Registering scheme swift with {'store': , 'location_class': , 'store_entry': 'swift'} {{(pid=99927) register_scheme_map /opt/stack/data/venv/lib/python3.12/site-packages/glance_store/location.py:146}}
Aug 06 01:24:46.434291 np0000006602 devstack@g-api.service[99927]: DEBUG glance_store.location [None req-8084abf4-62ca-4874-ab45-58b02b86636f tempest-TestImageHashVerification-943918227 tempest-TestImageHashVerification-943918227-project-member] Registering scheme swift+http with {'store': , 'location_class': , 'store_entry': 'swift'} {{(pid=99927) register_scheme_map /opt/stack/data/venv/lib/python3.12/site-packages/glance_store/location.py:146}}
Aug 06 01:24:46.434396 np0000006602 devstack@g-api.service[99927]: DEBUG glance_store.location [None req-8084abf4-62ca-4874-ab45-58b02b86636f tempest-TestImageHashVerification-943918227 tempest-TestImageHashVerification-943918227-project-member] Registering scheme swift+config with {'store': , 'location_class': , 'store_entry': 'swift'} {{(pid=99927) register_scheme_map /opt/stack/data/venv/lib/python3.12/site-packages/glance_store/location.py:146}}
Aug 06 01:24:46.434509 np0000006602 devstack@g-api.service[99927]: DEBUG glance_store.backend [None req-8084abf4-62ca-4874-ab45-58b02b86636f tempest-TestImageHashVerification-943918227 tempest-TestImageHashVerification-943918227-project-member] Skipping store.set_acls... not implemented. {{(pid=99927) set_acls /opt/stack/data/venv/lib/python3.12/site-packages/glance_store/backend.py:507}}
Aug 06 01:24:46.437662 np0000006602 devstack@g-api.service[99927]: [pid: 99927|app: 0|req: 72/231] 127.0.0.1 () {46 vars in 1158 bytes} [Thu Aug 6 01:24:32 2026] PUT /v2/images/a6a67659-f440-4a3f-ab96-05da485c743d/file => generated 0 bytes in 14131 msecs (HTTP/1.1 204) 4 headers in 171 bytes (1 switches on core 0)
Aug 06 01:24:46.450303 np0000006602 devstack@g-api.service[99925]: DEBUG glance.api.middleware.version_negotiation [None req-c29f0ad3-b6db-42b1-8d25-5f2122dad642 tempest-TestImageHashVerification-943918227 tempest-TestImageHashVerification-943918227-project-member] Determining version of request: GET /v2/images/a6a67659-f440-4a3f-ab96-05da485c743d Accept: */* {{(pid=99925) process_request /opt/stack/glance/glance/api/middleware/version_negotiation.py:44}}
Aug 06 01:24:46.450303 np0000006602 devstack@g-api.service[99925]: DEBUG glance.api.middleware.version_negotiation [None req-c29f0ad3-b6db-42b1-8d25-5f2122dad642 tempest-TestImageHashVerification-943918227 tempest-TestImageHashVerification-943918227-project-member] Using url versioning {{(pid=99925) process_request /opt/stack/glance/glance/api/middleware/version_negotiation.py:57}}
Aug 06 01:24:46.450303 np0000006602 devstack@g-api.service[99925]: DEBUG glance.api.middleware.version_negotiation [None req-c29f0ad3-b6db-42b1-8d25-5f2122dad642 tempest-TestImageHashVerification-943918227 tempest-TestImageHashVerification-943918227-project-member] Matched version: v2 {{(pid=99925) process_request /opt/stack/glance/glance/api/middleware/version_negotiation.py:69}}
Aug 06 01:24:46.450303 np0000006602 devstack@g-api.service[99925]: DEBUG glance.api.middleware.version_negotiation [None req-c29f0ad3-b6db-42b1-8d25-5f2122dad642 tempest-TestImageHashVerification-943918227 tempest-TestImageHashVerification-943918227-project-member] new path /v2/images/a6a67659-f440-4a3f-ab96-05da485c743d {{(pid=99925) process_request /opt/stack/glance/glance/api/middleware/version_negotiation.py:70}}
Aug 06 01:24:46.462829 np0000006602 devstack@g-api.service[99925]: [pid: 99925|app: 0|req: 81/232] 127.0.0.1 () {44 vars in 1115 bytes} [Thu Aug 6 01:24:46 2026] GET /v2/images/a6a67659-f440-4a3f-ab96-05da485c743d => generated 820 bytes in 13 msecs (HTTP/1.1 200) 4 headers in 157 bytes (1 switches on core 0)
Aug 06 01:24:46.471172 np0000006602 devstack@g-api.service[99924]: DEBUG glance.api.middleware.version_negotiation [None req-f1b757d6-2da1-41b0-ba9a-d34f5b91f831 tempest-TestImageHashVerification-943918227 tempest-TestImageHashVerification-943918227-project-member] Determining version of request: GET /v2/schemas/image Accept: */* {{(pid=99924) process_request /opt/stack/glance/glance/api/middleware/version_negotiation.py:44}}
Aug 06 01:24:46.471649 np0000006602 devstack@g-api.service[99927]: DEBUG glance.api.middleware.version_negotiation [None req-8084abf4-62ca-4874-ab45-58b02b86636f tempest-TestImageHashVerification-943918227 tempest-TestImageHashVerification-943918227-project-member] Determining version of request: GET /v2/images/a6a67659-f440-4a3f-ab96-05da485c743d Accept: application/json {{(pid=99927) process_request /opt/stack/glance/glance/api/middleware/version_negotiation.py:44}}
Aug 06 01:24:46.471760 np0000006602 devstack@g-api.service[99924]: DEBUG glance.api.middleware.version_negotiation [None req-f1b757d6-2da1-41b0-ba9a-d34f5b91f831 tempest-TestImageHashVerification-943918227 tempest-TestImageHashVerification-943918227-project-member] Using url versioning {{(pid=99924) process_request /opt/stack/glance/glance/api/middleware/version_negotiation.py:57}}
Aug 06 01:24:46.471820 np0000006602 devstack@g-api.service[99927]: DEBUG glance.api.middleware.version_negotiation [None req-8084abf4-62ca-4874-ab45-58b02b86636f tempest-TestImageHashVerification-943918227 tempest-TestImageHashVerification-943918227-project-member] Using url versioning {{(pid=99927) process_request /opt/stack/glance/glance/api/middleware/version_negotiation.py:57}}
Aug 06 01:24:46.471875 np0000006602 devstack@g-api.service[99924]: DEBUG glance.api.middleware.version_negotiation [None req-f1b757d6-2da1-41b0-ba9a-d34f5b91f831 tempest-TestImageHashVerification-943918227 tempest-TestImageHashVerification-943918227-project-member] Matched version: v2 {{(pid=99924) process_request /opt/stack/glance/glance/api/middleware/version_negotiation.py:69}}
Aug 06 01:24:46.471920 np0000006602 devstack@g-api.service[99927]: DEBUG glance.api.middleware.version_negotiation [None req-8084abf4-62ca-4874-ab45-58b02b86636f tempest-TestImageHashVerification-943918227 tempest-TestImageHashVerification-943918227-project-member] Matched version: v2 {{(pid=99927) process_request /opt/stack/glance/glance/api/middleware/version_negotiation.py:69}}
Aug 06 01:24:46.471961 np0000006602 devstack@g-api.service[99924]: DEBUG glance.api.middleware.version_negotiation [None req-f1b757d6-2da1-41b0-ba9a-d34f5b91f831 tempest-TestImageHashVerification-943918227 tempest-TestImageHashVerification-943918227-project-member] new path /v2/schemas/image {{(pid=99924) process_request /opt/stack/glance/glance/api/middleware/version_negotiation.py:70}}
Aug 06 01:24:46.472017 np0000006602 devstack@g-api.service[99927]: DEBUG glance.api.middleware.version_negotiation [None req-8084abf4-62ca-4874-ab45-58b02b86636f tempest-TestImageHashVerification-943918227 tempest-TestImageHashVerification-943918227-project-member] new path /v2/images/a6a67659-f440-4a3f-ab96-05da485c743d {{(pid=99927) process_request /opt/stack/glance/glance/api/middleware/version_negotiation.py:70}}
Aug 06 01:24:46.475009 np0000006602 devstack@g-api.service[99924]: [pid: 99924|app: 0|req: 80/233] 127.0.0.1 () {44 vars in 1055 bytes} [Thu Aug 6 01:24:46 2026] GET /v2/schemas/image => generated 6083 bytes in 4 msecs (HTTP/1.1 200) 4 headers in 158 bytes (1 switches on core 0)
Aug 06 01:24:46.485699 np0000006602 devstack@g-api.service[99927]: [pid: 99927|app: 0|req: 73/234] 127.0.0.1 () {40 vars in 838 bytes} [Thu Aug 6 01:24:46 2026] GET /v2/images/a6a67659-f440-4a3f-ab96-05da485c743d => generated 820 bytes in 15 msecs (HTTP/1.1 200) 4 headers in 157 bytes (1 switches on core 0)
Aug 06 01:24:46.491269 np0000006602 devstack@g-api.service[99925]: DEBUG glance.api.middleware.version_negotiation [None req-8084abf4-62ca-4874-ab45-58b02b86636f tempest-TestImageHashVerification-943918227 tempest-TestImageHashVerification-943918227-project-member] Determining version of request: GET /v2/schemas/image Accept: */* {{(pid=99925) process_request /opt/stack/glance/glance/api/middleware/version_negotiation.py:44}}
Aug 06 01:24:46.491269 np0000006602 devstack@g-api.service[99925]: DEBUG glance.api.middleware.version_negotiation [None req-8084abf4-62ca-4874-ab45-58b02b86636f tempest-TestImageHashVerification-943918227 tempest-TestImageHashVerification-943918227-project-member] Using url versioning {{(pid=99925) process_request /opt/stack/glance/glance/api/middleware/version_negotiation.py:57}}
Aug 06 01:24:46.491269 np0000006602 devstack@g-api.service[99925]: DEBUG glance.api.middleware.version_negotiation [None req-8084abf4-62ca-4874-ab45-58b02b86636f tempest-TestImageHashVerification-943918227 tempest-TestImageHashVerification-943918227-project-member] Matched version: v2 {{(pid=99925) process_request /opt/stack/glance/glance/api/middleware/version_negotiation.py:69}}
Aug 06 01:24:46.491269 np0000006602 devstack@g-api.service[99925]: DEBUG glance.api.middleware.version_negotiation [None req-8084abf4-62ca-4874-ab45-58b02b86636f tempest-TestImageHashVerification-943918227 tempest-TestImageHashVerification-943918227-project-member] new path /v2/schemas/image {{(pid=99925) process_request /opt/stack/glance/glance/api/middleware/version_negotiation.py:70}}
Aug 06 01:24:46.493573 np0000006602 devstack@g-api.service[99925]: [pid: 99925|app: 0|req: 82/235] 127.0.0.1 () {44 vars in 1055 bytes} [Thu Aug 6 01:24:46 2026] GET /v2/schemas/image => generated 6083 bytes in 5 msecs (HTTP/1.1 200) 4 headers in 158 bytes (1 switches on core 0)
Aug 06 01:24:47.166792 np0000006602 devstack@g-api.service[99924]: DEBUG glance.api.middleware.version_negotiation [None req-8084abf4-62ca-4874-ab45-58b02b86636f tempest-TestImageHashVerification-943918227 tempest-TestImageHashVerification-943918227-project-member] Determining version of request: GET /v2/images/80681bb9-9a7f-4ce2-8d53-8992dcb3e93e Accept: */* {{(pid=99924) process_request /opt/stack/glance/glance/api/middleware/version_negotiation.py:44}}
Aug 06 01:24:47.166911 np0000006602 devstack@g-api.service[99924]: DEBUG glance.api.middleware.version_negotiation [None req-8084abf4-62ca-4874-ab45-58b02b86636f tempest-TestImageHashVerification-943918227 tempest-TestImageHashVerification-943918227-project-member] Using url versioning {{(pid=99924) process_request /opt/stack/glance/glance/api/middleware/version_negotiation.py:57}}
Aug 06 01:24:47.167001 np0000006602 devstack@g-api.service[99924]: DEBUG glance.api.middleware.version_negotiation [None req-8084abf4-62ca-4874-ab45-58b02b86636f tempest-TestImageHashVerification-943918227 tempest-TestImageHashVerification-943918227-project-member] Matched version: v2 {{(pid=99924) process_request /opt/stack/glance/glance/api/middleware/version_negotiation.py:69}}
Aug 06 01:24:47.167090 np0000006602 devstack@g-api.service[99924]: DEBUG glance.api.middleware.version_negotiation [None req-8084abf4-62ca-4874-ab45-58b02b86636f tempest-TestImageHashVerification-943918227 tempest-TestImageHashVerification-943918227-project-member] new path /v2/images/80681bb9-9a7f-4ce2-8d53-8992dcb3e93e {{(pid=99924) process_request /opt/stack/glance/glance/api/middleware/version_negotiation.py:70}}
Aug 06 01:24:47.180333 np0000006602 devstack@g-api.service[99924]: [pid: 99924|app: 0|req: 81/236] 127.0.0.1 () {44 vars in 1115 bytes} [Thu Aug 6 01:24:47 2026] GET /v2/images/80681bb9-9a7f-4ce2-8d53-8992dcb3e93e => generated 1044 bytes in 13 msecs (HTTP/1.1 200) 4 headers in 158 bytes (1 switches on core 0)
Aug 06 01:24:47.206323 np0000006602 devstack@g-api.service[99927]: DEBUG glance.api.middleware.version_negotiation [None req-7fa767b4-5447-4c0f-baf4-3f27e11db9af tempest-TestImageHashVerification-943918227 tempest-TestImageHashVerification-943918227-project-member] Determining version of request: GET /v2/schemas/image Accept: */* {{(pid=99927) process_request /opt/stack/glance/glance/api/middleware/version_negotiation.py:44}}
Aug 06 01:24:47.206677 np0000006602 devstack@g-api.service[99927]: DEBUG glance.api.middleware.version_negotiation [None req-7fa767b4-5447-4c0f-baf4-3f27e11db9af tempest-TestImageHashVerification-943918227 tempest-TestImageHashVerification-943918227-project-member] Using url versioning {{(pid=99927) process_request /opt/stack/glance/glance/api/middleware/version_negotiation.py:57}}
Aug 06 01:24:47.206677 np0000006602 devstack@g-api.service[99927]: DEBUG glance.api.middleware.version_negotiation [None req-7fa767b4-5447-4c0f-baf4-3f27e11db9af tempest-TestImageHashVerification-943918227 tempest-TestImageHashVerification-943918227-project-member] Matched version: v2 {{(pid=99927) process_request /opt/stack/glance/glance/api/middleware/version_negotiation.py:69}}
Aug 06 01:24:47.206766 np0000006602 devstack@g-api.service[99927]: DEBUG glance.api.middleware.version_negotiation [None req-7fa767b4-5447-4c0f-baf4-3f27e11db9af tempest-TestImageHashVerification-943918227 tempest-TestImageHashVerification-943918227-project-member] new path /v2/schemas/image {{(pid=99927) process_request /opt/stack/glance/glance/api/middleware/version_negotiation.py:70}}
Aug 06 01:24:47.209524 np0000006602 devstack@g-api.service[99927]: [pid: 99927|app: 0|req: 74/237] 127.0.0.1 () {44 vars in 1055 bytes} [Thu Aug 6 01:24:47 2026] GET /v2/schemas/image => generated 6083 bytes in 3 msecs (HTTP/1.1 200) 4 headers in 158 bytes (1 switches on core 0)
Aug 06 01:24:47.579926 np0000006602 devstack@g-api.service[99925]: DEBUG glance.api.middleware.version_negotiation [None req-8084abf4-62ca-4874-ab45-58b02b86636f tempest-TestImageHashVerification-943918227 tempest-TestImageHashVerification-943918227-project-member] Determining version of request: GET /v2/images/a6a67659-f440-4a3f-ab96-05da485c743d/tasks Accept: application/json {{(pid=99925) process_request /opt/stack/glance/glance/api/middleware/version_negotiation.py:44}}
Aug 06 01:24:47.581074 np0000006602 devstack@g-api.service[99925]: DEBUG glance.api.middleware.version_negotiation [None req-8084abf4-62ca-4874-ab45-58b02b86636f tempest-TestImageHashVerification-943918227 tempest-TestImageHashVerification-943918227-project-member] Using url versioning {{(pid=99925) process_request /opt/stack/glance/glance/api/middleware/version_negotiation.py:57}}
Aug 06 01:24:47.581074 np0000006602 devstack@g-api.service[99925]: DEBUG glance.api.middleware.version_negotiation [None req-8084abf4-62ca-4874-ab45-58b02b86636f tempest-TestImageHashVerification-943918227 tempest-TestImageHashVerification-943918227-project-member] Matched version: v2 {{(pid=99925) process_request /opt/stack/glance/glance/api/middleware/version_negotiation.py:69}}
Aug 06 01:24:47.581074 np0000006602 devstack@g-api.service[99925]: DEBUG glance.api.middleware.version_negotiation [None req-8084abf4-62ca-4874-ab45-58b02b86636f tempest-TestImageHashVerification-943918227 tempest-TestImageHashVerification-943918227-project-member] new path /v2/images/a6a67659-f440-4a3f-ab96-05da485c743d/tasks {{(pid=99925) process_request /opt/stack/glance/glance/api/middleware/version_negotiation.py:70}}
Aug 06 01:24:47.601398 np0000006602 devstack@g-api.service[99925]: [pid: 99925|app: 0|req: 83/238] 127.0.0.1 () {40 vars in 850 bytes} [Thu Aug 6 01:24:47 2026] GET /v2/images/a6a67659-f440-4a3f-ab96-05da485c743d/tasks => generated 13 bytes in 22 msecs (HTTP/1.1 200) 4 headers in 156 bytes (1 switches on core 0)
Aug 06 01:24:47.610090 np0000006602 devstack@g-api.service[99924]: DEBUG glance.api.middleware.version_negotiation [None req-16764c52-00a5-4ab6-800f-8d2504e6781f tempest-VolumesActionsTest-1620701677 tempest-VolumesActionsTest-1620701677-project-member] Determining version of request: GET /v2/images/a6a67659-f440-4a3f-ab96-05da485c743d Accept: application/json {{(pid=99924) process_request /opt/stack/glance/glance/api/middleware/version_negotiation.py:44}}
Aug 06 01:24:47.610554 np0000006602 devstack@g-api.service[99924]: DEBUG glance.api.middleware.version_negotiation [None req-16764c52-00a5-4ab6-800f-8d2504e6781f tempest-VolumesActionsTest-1620701677 tempest-VolumesActionsTest-1620701677-project-member] Using url versioning {{(pid=99924) process_request /opt/stack/glance/glance/api/middleware/version_negotiation.py:57}}
Aug 06 01:24:47.610554 np0000006602 devstack@g-api.service[99924]: DEBUG glance.api.middleware.version_negotiation [None req-16764c52-00a5-4ab6-800f-8d2504e6781f tempest-VolumesActionsTest-1620701677 tempest-VolumesActionsTest-1620701677-project-member] Matched version: v2 {{(pid=99924) process_request /opt/stack/glance/glance/api/middleware/version_negotiation.py:69}}
Aug 06 01:24:47.610684 np0000006602 devstack@g-api.service[99924]: DEBUG glance.api.middleware.version_negotiation [None req-16764c52-00a5-4ab6-800f-8d2504e6781f tempest-VolumesActionsTest-1620701677 tempest-VolumesActionsTest-1620701677-project-member] new path /v2/images/a6a67659-f440-4a3f-ab96-05da485c743d {{(pid=99924) process_request /opt/stack/glance/glance/api/middleware/version_negotiation.py:70}}
Aug 06 01:24:47.618856 np0000006602 devstack@g-api.service[99924]: [pid: 99924|app: 0|req: 82/239] 127.0.0.1 () {40 vars in 838 bytes} [Thu Aug 6 01:24:47 2026] GET /v2/images/a6a67659-f440-4a3f-ab96-05da485c743d => generated 820 bytes in 9 msecs (HTTP/1.1 200) 4 headers in 157 bytes (1 switches on core 0)
Aug 06 01:24:47.626426 np0000006602 devstack@g-api.service[99927]: DEBUG glance.api.middleware.version_negotiation [None req-16764c52-00a5-4ab6-800f-8d2504e6781f tempest-VolumesActionsTest-1620701677 tempest-VolumesActionsTest-1620701677-project-member] Determining version of request: DELETE /v2/images/a6a67659-f440-4a3f-ab96-05da485c743d Accept: application/json {{(pid=99927) process_request /opt/stack/glance/glance/api/middleware/version_negotiation.py:44}}
Aug 06 01:24:47.626589 np0000006602 devstack@g-api.service[99927]: DEBUG glance.api.middleware.version_negotiation [None req-16764c52-00a5-4ab6-800f-8d2504e6781f tempest-VolumesActionsTest-1620701677 tempest-VolumesActionsTest-1620701677-project-member] Using url versioning {{(pid=99927) process_request /opt/stack/glance/glance/api/middleware/version_negotiation.py:57}}
Aug 06 01:24:47.626716 np0000006602 devstack@g-api.service[99927]: DEBUG glance.api.middleware.version_negotiation [None req-16764c52-00a5-4ab6-800f-8d2504e6781f tempest-VolumesActionsTest-1620701677 tempest-VolumesActionsTest-1620701677-project-member] Matched version: v2 {{(pid=99927) process_request /opt/stack/glance/glance/api/middleware/version_negotiation.py:69}}
Aug 06 01:24:47.626837 np0000006602 devstack@g-api.service[99927]: DEBUG glance.api.middleware.version_negotiation [None req-16764c52-00a5-4ab6-800f-8d2504e6781f tempest-VolumesActionsTest-1620701677 tempest-VolumesActionsTest-1620701677-project-member] new path /v2/images/a6a67659-f440-4a3f-ab96-05da485c743d {{(pid=99927) process_request /opt/stack/glance/glance/api/middleware/version_negotiation.py:70}}
Aug 06 01:24:47.634570 np0000006602 devstack@g-api.service[99927]: WARNING glance.api.v2.images [None req-60f9f0d4-e147-4e99-8417-dccc7a4c9b6c tempest-TestImageHashVerification-943918227 tempest-TestImageHashVerification-943918227-project-member] After upload to backend, deletion of staged image data has failed because it cannot be found at /tmp/staging//a6a67659-f440-4a3f-ab96-05da485c743d
Aug 06 01:24:47.635230 np0000006602 devstack@g-api.service[99927]: DEBUG glance_store.backend [None req-60f9f0d4-e147-4e99-8417-dccc7a4c9b6c tempest-TestImageHashVerification-943918227 tempest-TestImageHashVerification-943918227-project-member] Attempting to import store swift {{(pid=99927) _load_store /opt/stack/data/venv/lib/python3.12/site-packages/glance_store/backend.py:215}}
Aug 06 01:24:47.636550 np0000006602 devstack@g-api.service[99927]: DEBUG glance_store.capabilities [None req-60f9f0d4-e147-4e99-8417-dccc7a4c9b6c tempest-TestImageHashVerification-943918227 tempest-TestImageHashVerification-943918227-project-member] Store glance_store._drivers.swift.store.SingleTenantStore doesn't support updating dynamic storage capabilities. Please overwrite 'update_capabilities' method of the store to implement updating logics if needed. {{(pid=99927) update_capabilities /opt/stack/data/venv/lib/python3.12/site-packages/glance_store/capabilities.py:91}}
Aug 06 01:24:47.636697 np0000006602 devstack@g-api.service[99927]: DEBUG glance_store.driver [None req-60f9f0d4-e147-4e99-8417-dccc7a4c9b6c tempest-TestImageHashVerification-943918227 tempest-TestImageHashVerification-943918227-project-member] Late loading location class glance_store._drivers.swift.store.StoreLocation {{(pid=99927) get_store_location_class /opt/stack/data/venv/lib/python3.12/site-packages/glance_store/driver.py:134}}
Aug 06 01:24:47.636858 np0000006602 devstack@g-api.service[99927]: DEBUG glance_store.location [None req-60f9f0d4-e147-4e99-8417-dccc7a4c9b6c tempest-TestImageHashVerification-943918227 tempest-TestImageHashVerification-943918227-project-member] Registering scheme swift+https with {'store': , 'location_class': , 'store_entry': 'swift'} {{(pid=99927) register_scheme_map /opt/stack/data/venv/lib/python3.12/site-packages/glance_store/location.py:146}}
Aug 06 01:24:47.636987 np0000006602 devstack@g-api.service[99927]: DEBUG glance_store.location [None req-60f9f0d4-e147-4e99-8417-dccc7a4c9b6c tempest-TestImageHashVerification-943918227 tempest-TestImageHashVerification-943918227-project-member] Registering scheme swift+https with {'store': , 'location_class': , 'store_entry': 'swift'} {{(pid=99927) register_scheme_map /opt/stack/data/venv/lib/python3.12/site-packages/glance_store/location.py:146}}
Aug 06 01:24:47.637117 np0000006602 devstack@g-api.service[99927]: DEBUG glance_store.location [None req-60f9f0d4-e147-4e99-8417-dccc7a4c9b6c tempest-TestImageHashVerification-943918227 tempest-TestImageHashVerification-943918227-project-member] Registering scheme swift with {'store': , 'location_class': , 'store_entry': 'swift'} {{(pid=99927) register_scheme_map /opt/stack/data/venv/lib/python3.12/site-packages/glance_store/location.py:146}}
Aug 06 01:24:47.637242 np0000006602 devstack@g-api.service[99927]: DEBUG glance_store.location [None req-60f9f0d4-e147-4e99-8417-dccc7a4c9b6c tempest-TestImageHashVerification-943918227 tempest-TestImageHashVerification-943918227-project-member] Registering scheme swift+https with {'store': , 'location_class': , 'store_entry': 'swift'} {{(pid=99927) register_scheme_map /opt/stack/data/venv/lib/python3.12/site-packages/glance_store/location.py:146}}
Aug 06 01:24:47.637350 np0000006602 devstack@g-api.service[99927]: DEBUG glance_store.location [None req-60f9f0d4-e147-4e99-8417-dccc7a4c9b6c tempest-TestImageHashVerification-943918227 tempest-TestImageHashVerification-943918227-project-member] Registering scheme swift with {'store': , 'location_class': , 'store_entry': 'swift'} {{(pid=99927) register_scheme_map /opt/stack/data/venv/lib/python3.12/site-packages/glance_store/location.py:146}}
Aug 06 01:24:47.637476 np0000006602 devstack@g-api.service[99927]: DEBUG glance_store.location [None req-60f9f0d4-e147-4e99-8417-dccc7a4c9b6c tempest-TestImageHashVerification-943918227 tempest-TestImageHashVerification-943918227-project-member] Registering scheme swift+http with {'store': , 'location_class': , 'store_entry': 'swift'} {{(pid=99927) register_scheme_map /opt/stack/data/venv/lib/python3.12/site-packages/glance_store/location.py:146}}
Aug 06 01:24:47.637586 np0000006602 devstack@g-api.service[99927]: DEBUG glance_store.location [None req-60f9f0d4-e147-4e99-8417-dccc7a4c9b6c tempest-TestImageHashVerification-943918227 tempest-TestImageHashVerification-943918227-project-member] Registering scheme swift+https with {'store': , 'location_class': , 'store_entry': 'swift'} {{(pid=99927) register_scheme_map /opt/stack/data/venv/lib/python3.12/site-packages/glance_store/location.py:146}}
Aug 06 01:24:47.637692 np0000006602 devstack@g-api.service[99927]: DEBUG glance_store.location [None req-60f9f0d4-e147-4e99-8417-dccc7a4c9b6c tempest-TestImageHashVerification-943918227 tempest-TestImageHashVerification-943918227-project-member] Registering scheme swift with {'store': , 'location_class': , 'store_entry': 'swift'} {{(pid=99927) register_scheme_map /opt/stack/data/venv/lib/python3.12/site-packages/glance_store/location.py:146}}
Aug 06 01:24:47.637810 np0000006602 devstack@g-api.service[99927]: DEBUG glance_store.location [None req-60f9f0d4-e147-4e99-8417-dccc7a4c9b6c tempest-TestImageHashVerification-943918227 tempest-TestImageHashVerification-943918227-project-member] Registering scheme swift+http with {'store': , 'location_class': , 'store_entry': 'swift'} {{(pid=99927) register_scheme_map /opt/stack/data/venv/lib/python3.12/site-packages/glance_store/location.py:146}}
Aug 06 01:24:47.637918 np0000006602 devstack@g-api.service[99927]: DEBUG glance_store.location [None req-60f9f0d4-e147-4e99-8417-dccc7a4c9b6c tempest-TestImageHashVerification-943918227 tempest-TestImageHashVerification-943918227-project-member] Registering scheme swift+config with {'store': , 'location_class': , 'store_entry': 'swift'} {{(pid=99927) register_scheme_map /opt/stack/data/venv/lib/python3.12/site-packages/glance_store/location.py:146}}
Aug 06 01:24:47.639446 np0000006602 devstack@g-api.service[99927]: DEBUG keystoneclient.auth.identity.v3.base [None req-60f9f0d4-e147-4e99-8417-dccc7a4c9b6c tempest-TestImageHashVerification-943918227 tempest-TestImageHashVerification-943918227-project-member] Making authentication request to https://10.4.3.150/identity/v3/auth/tokens {{(pid=99927) get_auth_ref /opt/stack/data/venv/lib/python3.12/site-packages/keystoneclient/auth/identity/v3/base.py:185}}
Aug 06 01:24:47.730383 np0000006602 devstack@g-api.service[99927]: DEBUG keystoneclient.auth.identity.v3.base [None req-60f9f0d4-e147-4e99-8417-dccc7a4c9b6c tempest-TestImageHashVerification-943918227 tempest-TestImageHashVerification-943918227-project-member] {"token": {"methods": ["password"], "user": {"domain": {"id": "default", "name": "Default"}, "id": "46dd79f305e84137aa09726e5d9d951a", "name": "glance-swift", "password_expires_at": null}, "audit_ids": ["kR3PNXteR2mh3pm65CHQDQ"], "expires_at": "2026-08-06T02:24:47.000000Z", "issued_at": "2026-08-06T01:24:47.000000Z", "project": {"domain": {"id": "default", "name": "Default"}, "id": "b20cf6894f5b4fdaa25118441f3d00a8", "name": "service"}, "is_domain": false, "roles": [{"id": "976fef4a777a41c1be5e0e739626e10d", "name": "ResellerAdmin"}, {"id": "72ecda7bf61a480a9681b62b74a10d11", "name": "service"}], "catalog": [{"endpoints": [{"id": "4ed75c8f47514893af7467c11c0845bf", "interface": "public", "region_id": "RegionOne", "url": "https://10.4.3.150/image", "region": "RegionOne"}], "id": "3757656b43564347abedcecf4d8d707c", "type": "image", "name": "glance"}, {"endpoints": [{"id": "ab64de7fdbb8428d9242b183eaa1e127", "interface": "public", "region_id": "RegionOne", "url": "https://10.4.3.150/compute/v2/b20cf6894f5b4fdaa25118441f3d00a8", "region": "RegionOne"}], "id": "3c81400e306e44b781b074667ed48659", "type": "compute_legacy", "name": "nova_legacy"}, {"endpoints": [{"id": "d116d4537d4a41c6b3ad33959d47eb7e", "interface": "public", "region_id": "RegionOne", "url": "https://10.4.3.150/compute/v2.1", "region": "RegionOne"}], "id": "7241665dc3d64f8a9f1ed79ff625d78a", "type": "compute", "name": "nova"}, {"endpoints": [{"id": "e62844a2ef5b49c2b6bbe7340f6f1f91", "interface": "public", "region_id": "RegionOne", "url": "https://10.4.3.150/networking", "region": "RegionOne"}], "id": "834f5109afb04fcc8ec7491b1e509f81", "type": "network", "name": "neutron"}, {"endpoints": [{"id": "21b4e346e3d14980adee475d8c07964c", "interface": "public", "region_id": "RegionOne", "url": "https://10.4.3.150/identity", "region": "RegionOne"}], "id": "890571ddaf7f463887939c62811793c9", "type": "identity", "name": "keystone"}, {"endpoints": [{"id": "0983513aa18441a28a80a455e29260a2", "interface": "public", "region_id": "RegionOne", "url": "https://10.4.3.150/placement", "region": "RegionOne"}], "id": "8c9ca46f97e14ee5962abca67979ef3c", "type": "placement", "name": "placement"}, {"endpoints": [{"id": "b0ae1b51f0a7410a977b1889a000dd2e", "interface": "public", "region_id": "RegionOne", "url": "https://10.4.3.150/volume/v3", "region": "RegionOne"}], "id": "bf257f82c291497d845a85cc3a8daf58", "type": "block-storage", "name": "cinder"}, {"endpoints": [{"id": "b86943e38cbf464ab73550d0667db1f5", "interface": "admin", "region_id": "RegionOne", "url": "https://10.4.3.150:8080", "region": "RegionOne"}, {"id": "ee4c2bdea68d47a196728ea1a547f198", "interface": "public", "region_id": "RegionOne", "url": "https://10.4.3.150:8080/v1/AUTH_b20cf6894f5b4fdaa25118441f3d00a8", "region": "RegionOne"}], "id": "ed768d92980a4689af83c4bdbfcb44ec", "type": "object-store", "name": "swift"}]}} {{(pid=99927) get_auth_ref /opt/stack/data/venv/lib/python3.12/site-packages/keystoneclient/auth/identity/v3/base.py:190}}
Aug 06 01:24:47.731384 np0000006602 devstack@g-api.service[99927]: DEBUG keystoneclient.httpclient [None req-60f9f0d4-e147-4e99-8417-dccc7a4c9b6c tempest-TestImageHashVerification-943918227 tempest-TestImageHashVerification-943918227-project-member] Failed to find endpoint for management url admin endpoint for identity service not found {{(pid=99927) _process_management_url /opt/stack/data/venv/lib/python3.12/site-packages/keystoneclient/httpclient.py:670}}
Aug 06 01:24:47.829961 np0000006602 devstack@g-api.service[99927]: DEBUG swiftclient [None req-60f9f0d4-e147-4e99-8417-dccc7a4c9b6c tempest-TestImageHashVerification-943918227 tempest-TestImageHashVerification-943918227-project-member] REQ: curl -i https://10.4.3.150:8080/v1/AUTH_b20cf6894f5b4fdaa25118441f3d00a8/glance/a6a67659-f440-4a3f-ab96-05da485c743d -I -H "X-Auth-Token: gAAAAABqc-JfcGB9..." {{(pid=99927) http_log /opt/stack/data/venv/lib/python3.12/site-packages/swiftclient/client.py:160}}
Aug 06 01:24:47.830228 np0000006602 devstack@g-api.service[99927]: DEBUG swiftclient [None req-60f9f0d4-e147-4e99-8417-dccc7a4c9b6c tempest-TestImageHashVerification-943918227 tempest-TestImageHashVerification-943918227-project-member] RESP STATUS: 200 OK {{(pid=99927) http_log /opt/stack/data/venv/lib/python3.12/site-packages/swiftclient/client.py:161}}
Aug 06 01:24:47.830475 np0000006602 devstack@g-api.service[99927]: DEBUG swiftclient [None req-60f9f0d4-e147-4e99-8417-dccc7a4c9b6c tempest-TestImageHashVerification-943918227 tempest-TestImageHashVerification-943918227-project-member] RESP HEADERS: {'Date': 'Thu, 06 Aug 2026 01:24:47 GMT', 'Server': 'Apache/2.4.58 (Ubuntu)', 'Content-Type': 'application/octet-stream', 'Content-Length': '1073741824', 'X-Object-Manifest': 'glance/a6a67659-f440-4a3f-ab96-05da485c743d-', 'Last-Modified': 'Thu, 06 Aug 2026 01:24:47 GMT', 'X-Timestamp': '1785979486.37594', 'Accept-Ranges': 'bytes', 'Etag': '"e2b666a07d254dcd948713f72f2c28d8"', 'X-Trans-Id': 'txd0e407e3c1c34c528710c-006a73e25f', 'X-Openstack-Request-Id': 'txd0e407e3c1c34c528710c-006a73e25f', 'Connection': 'close'} {{(pid=99927) http_log /opt/stack/data/venv/lib/python3.12/site-packages/swiftclient/client.py:162}}
Aug 06 01:24:47.857629 np0000006602 devstack@g-api.service[99927]: DEBUG swiftclient [None req-60f9f0d4-e147-4e99-8417-dccc7a4c9b6c tempest-TestImageHashVerification-943918227 tempest-TestImageHashVerification-943918227-project-member] REQ: curl -i https://10.4.3.150:8080/v1/AUTH_b20cf6894f5b4fdaa25118441f3d00a8/glance?format=json&prefix=a6a67659-f440-4a3f-ab96-05da485c743d- -X GET -H "X-Auth-Token: gAAAAABqc-JfcGB9..." -H "Accept-Encoding: gzip" {{(pid=99927) http_log /opt/stack/data/venv/lib/python3.12/site-packages/swiftclient/client.py:160}}
Aug 06 01:24:47.857775 np0000006602 devstack@g-api.service[99927]: DEBUG swiftclient [None req-60f9f0d4-e147-4e99-8417-dccc7a4c9b6c tempest-TestImageHashVerification-943918227 tempest-TestImageHashVerification-943918227-project-member] RESP STATUS: 200 OK {{(pid=99927) http_log /opt/stack/data/venv/lib/python3.12/site-packages/swiftclient/client.py:161}}
Aug 06 01:24:47.857821 np0000006602 devstack@g-api.service[99925]: DEBUG glance.api.middleware.version_negotiation [None req-226deb13-da9a-48d0-8900-a3f302fab4e3 tempest-TestImageHashVerification-943918227 tempest-TestImageHashVerification-943918227-project-member] Determining version of request: GET /v2/schemas/image Accept: */* {{(pid=99925) process_request /opt/stack/glance/glance/api/middleware/version_negotiation.py:44}}
Aug 06 01:24:47.857993 np0000006602 devstack@g-api.service[99927]: DEBUG swiftclient [None req-60f9f0d4-e147-4e99-8417-dccc7a4c9b6c tempest-TestImageHashVerification-943918227 tempest-TestImageHashVerification-943918227-project-member] RESP HEADERS: {'Date': 'Thu, 06 Aug 2026 01:24:47 GMT', 'Server': 'Apache/2.4.58 (Ubuntu)', 'Content-Type': 'application/json; charset=utf-8', 'Content-Length': '1265', 'X-Container-Object-Count': '12', 'X-Container-Bytes-Used': '1161625600', 'X-Timestamp': '1785978988.55508', 'Last-Modified': 'Thu, 06 Aug 2026 01:16:29 GMT', 'Accept-Ranges': 'bytes', 'X-Storage-Policy': 'Policy-0', 'X-Container-Sharding': 'False', 'X-Trans-Id': 'txbd3782211e414263ab4df-006a73e25f', 'X-Openstack-Request-Id': 'txbd3782211e414263ab4df-006a73e25f', 'Connection': 'close'} {{(pid=99927) http_log /opt/stack/data/venv/lib/python3.12/site-packages/swiftclient/client.py:162}}
Aug 06 01:24:47.858078 np0000006602 devstack@g-api.service[99925]: DEBUG glance.api.middleware.version_negotiation [None req-226deb13-da9a-48d0-8900-a3f302fab4e3 tempest-TestImageHashVerification-943918227 tempest-TestImageHashVerification-943918227-project-member] Using url versioning {{(pid=99925) process_request /opt/stack/glance/glance/api/middleware/version_negotiation.py:57}}
Aug 06 01:24:47.858227 np0000006602 devstack@g-api.service[99925]: DEBUG glance.api.middleware.version_negotiation [None req-226deb13-da9a-48d0-8900-a3f302fab4e3 tempest-TestImageHashVerification-943918227 tempest-TestImageHashVerification-943918227-project-member] Matched version: v2 {{(pid=99925) process_request /opt/stack/glance/glance/api/middleware/version_negotiation.py:69}}
Aug 06 01:24:47.858381 np0000006602 devstack@g-api.service[99925]: DEBUG glance.api.middleware.version_negotiation [None req-226deb13-da9a-48d0-8900-a3f302fab4e3 tempest-TestImageHashVerification-943918227 tempest-TestImageHashVerification-943918227-project-member] new path /v2/schemas/image {{(pid=99925) process_request /opt/stack/glance/glance/api/middleware/version_negotiation.py:70}}
Aug 06 01:24:47.858574 np0000006602 devstack@g-api.service[99927]: DEBUG swiftclient [None req-60f9f0d4-e147-4e99-8417-dccc7a4c9b6c tempest-TestImageHashVerification-943918227 tempest-TestImageHashVerification-943918227-project-member] RESP BODY: b'[{"bytes": 204800000, "hash": "eda9a9889837ac4bc81d6387d92c1bec", "name": "a6a67659-f440-4a3f-ab96-05da485c743d-00001", "content_type": "application/octet-stream", "last_modified": "2026-08-06T01:24:33.716680"}, {"bytes": 204800000, "hash": "eda9a9889837ac4bc81d6387d92c1bec", "name": "a6a67659-f440-4a3f-ab96-05da485c743d-00002", "content_type": "application/octet-stream", "last_modified": "2026-08-06T01:24:36.264320"}, {"bytes": 204800000, "hash": "eda9a9889837ac4bc81d6387d92c1bec", "name": "a6a67659-f440-4a3f-ab96-05da485c743d-00003", "content_type": "application/octet-stream", "last_modified": "2026-08-06T01:24:38.955700"}, {"bytes": 204800000, "hash": "eda9a9889837ac4bc81d6387d92c1bec", "name": "a6a67659-f440-4a3f-ab96-05da485c743d-00004", "content_type": "application/octet-stream", "last_modified": "2026-08-06T01:24:41.372320"}, {"bytes": 204800000, "hash": "eda9a9889837ac4bc81d6387d92c1bec", "name": "a6a67659-f440-4a3f-ab96-05da485c743d-00005", "content_type": "application/octet-stream", "last_modified": "2026-08-06T01:24:43.693820"}, {"bytes": 49741824, "hash": "708761f3b8777ec77058e63da08eeeb6", "name": "a6a67659-f440-4a3f-ab96-05da485c743d-00006", "content_type": "application/octet-stream", "last_modified": "2026-08-06T01:24:45.812100"}]' {{(pid=99927) http_log /opt/stack/data/venv/lib/python3.12/site-packages/swiftclient/client.py:166}}
Aug 06 01:24:47.861319 np0000006602 devstack@g-api.service[99925]: [pid: 99925|app: 0|req: 84/240] 127.0.0.1 () {44 vars in 1055 bytes} [Thu Aug 6 01:24:47 2026] GET /v2/schemas/image => generated 6083 bytes in 4 msecs (HTTP/1.1 200) 4 headers in 158 bytes (1 switches on core 0)
Aug 06 01:24:47.885994 np0000006602 devstack@g-api.service[99927]: DEBUG swiftclient [None req-60f9f0d4-e147-4e99-8417-dccc7a4c9b6c tempest-TestImageHashVerification-943918227 tempest-TestImageHashVerification-943918227-project-member] REQ: curl -i https://10.4.3.150:8080/v1/AUTH_b20cf6894f5b4fdaa25118441f3d00a8/glance/a6a67659-f440-4a3f-ab96-05da485c743d-00001 DELETE -H "X-Auth-Token: gAAAAABqc-JfcGB9..." {{(pid=99927) http_log /opt/stack/data/venv/lib/python3.12/site-packages/swiftclient/client.py:160}}
Aug 06 01:24:47.886199 np0000006602 devstack@g-api.service[99927]: DEBUG swiftclient [None req-60f9f0d4-e147-4e99-8417-dccc7a4c9b6c tempest-TestImageHashVerification-943918227 tempest-TestImageHashVerification-943918227-project-member] RESP STATUS: 204 No Content {{(pid=99927) http_log /opt/stack/data/venv/lib/python3.12/site-packages/swiftclient/client.py:161}}
Aug 06 01:24:47.886422 np0000006602 devstack@g-api.service[99927]: DEBUG swiftclient [None req-60f9f0d4-e147-4e99-8417-dccc7a4c9b6c tempest-TestImageHashVerification-943918227 tempest-TestImageHashVerification-943918227-project-member] RESP HEADERS: {'Date': 'Thu, 06 Aug 2026 01:24:47 GMT', 'Server': 'Apache/2.4.58 (Ubuntu)', 'Content-Type': 'text/html; charset=UTF-8', 'X-Trans-Id': 'tx15107a1b19d14141b557b-006a73e25f', 'X-Openstack-Request-Id': 'tx15107a1b19d14141b557b-006a73e25f', 'Connection': 'close'} {{(pid=99927) http_log /opt/stack/data/venv/lib/python3.12/site-packages/swiftclient/client.py:162}}
Aug 06 01:24:47.895649 np0000006602 devstack@g-api.service[99924]: DEBUG glance.api.middleware.version_negotiation [None req-929b773d-115a-4d2f-a5d8-025d0eacb3d0 tempest-TestImageHashVerification-943918227 tempest-TestImageHashVerification-943918227-project-member] Determining version of request: POST /v2/images Accept: */* {{(pid=99924) process_request /opt/stack/glance/glance/api/middleware/version_negotiation.py:44}}
Aug 06 01:24:47.895908 np0000006602 devstack@g-api.service[99924]: DEBUG glance.api.middleware.version_negotiation [None req-929b773d-115a-4d2f-a5d8-025d0eacb3d0 tempest-TestImageHashVerification-943918227 tempest-TestImageHashVerification-943918227-project-member] Using url versioning {{(pid=99924) process_request /opt/stack/glance/glance/api/middleware/version_negotiation.py:57}}
Aug 06 01:24:47.896040 np0000006602 devstack@g-api.service[99924]: DEBUG glance.api.middleware.version_negotiation [None req-929b773d-115a-4d2f-a5d8-025d0eacb3d0 tempest-TestImageHashVerification-943918227 tempest-TestImageHashVerification-943918227-project-member] Matched version: v2 {{(pid=99924) process_request /opt/stack/glance/glance/api/middleware/version_negotiation.py:69}}
Aug 06 01:24:47.896176 np0000006602 devstack@g-api.service[99924]: DEBUG glance.api.middleware.version_negotiation [None req-929b773d-115a-4d2f-a5d8-025d0eacb3d0 tempest-TestImageHashVerification-943918227 tempest-TestImageHashVerification-943918227-project-member] new path /v2/images {{(pid=99924) process_request /opt/stack/glance/glance/api/middleware/version_negotiation.py:70}}
Aug 06 01:24:47.911191 np0000006602 devstack@g-api.service[99927]: DEBUG swiftclient [None req-60f9f0d4-e147-4e99-8417-dccc7a4c9b6c tempest-TestImageHashVerification-943918227 tempest-TestImageHashVerification-943918227-project-member] REQ: curl -i https://10.4.3.150:8080/v1/AUTH_b20cf6894f5b4fdaa25118441f3d00a8/glance/a6a67659-f440-4a3f-ab96-05da485c743d-00002 DELETE -H "X-Auth-Token: gAAAAABqc-JfcGB9..." {{(pid=99927) http_log /opt/stack/data/venv/lib/python3.12/site-packages/swiftclient/client.py:160}}
Aug 06 01:24:47.911297 np0000006602 devstack@g-api.service[99927]: DEBUG swiftclient [None req-60f9f0d4-e147-4e99-8417-dccc7a4c9b6c tempest-TestImageHashVerification-943918227 tempest-TestImageHashVerification-943918227-project-member] RESP STATUS: 204 No Content {{(pid=99927) http_log /opt/stack/data/venv/lib/python3.12/site-packages/swiftclient/client.py:161}}
Aug 06 01:24:47.911493 np0000006602 devstack@g-api.service[99927]: DEBUG swiftclient [None req-60f9f0d4-e147-4e99-8417-dccc7a4c9b6c tempest-TestImageHashVerification-943918227 tempest-TestImageHashVerification-943918227-project-member] RESP HEADERS: {'Date': 'Thu, 06 Aug 2026 01:24:47 GMT', 'Server': 'Apache/2.4.58 (Ubuntu)', 'Content-Type': 'text/html; charset=UTF-8', 'X-Trans-Id': 'txd328574a481d417e8cb5f-006a73e25f', 'X-Openstack-Request-Id': 'txd328574a481d417e8cb5f-006a73e25f', 'Connection': 'close'} {{(pid=99927) http_log /opt/stack/data/venv/lib/python3.12/site-packages/swiftclient/client.py:162}}
Aug 06 01:24:47.934286 np0000006602 devstack@g-api.service[99927]: DEBUG swiftclient [None req-60f9f0d4-e147-4e99-8417-dccc7a4c9b6c tempest-TestImageHashVerification-943918227 tempest-TestImageHashVerification-943918227-project-member] REQ: curl -i https://10.4.3.150:8080/v1/AUTH_b20cf6894f5b4fdaa25118441f3d00a8/glance/a6a67659-f440-4a3f-ab96-05da485c743d-00003 DELETE -H "X-Auth-Token: gAAAAABqc-JfcGB9..." {{(pid=99927) http_log /opt/stack/data/venv/lib/python3.12/site-packages/swiftclient/client.py:160}}
Aug 06 01:24:47.934497 np0000006602 devstack@g-api.service[99927]: DEBUG swiftclient [None req-60f9f0d4-e147-4e99-8417-dccc7a4c9b6c tempest-TestImageHashVerification-943918227 tempest-TestImageHashVerification-943918227-project-member] RESP STATUS: 204 No Content {{(pid=99927) http_log /opt/stack/data/venv/lib/python3.12/site-packages/swiftclient/client.py:161}}
Aug 06 01:24:47.934632 np0000006602 devstack@g-api.service[99927]: DEBUG swiftclient [None req-60f9f0d4-e147-4e99-8417-dccc7a4c9b6c tempest-TestImageHashVerification-943918227 tempest-TestImageHashVerification-943918227-project-member] RESP HEADERS: {'Date': 'Thu, 06 Aug 2026 01:24:47 GMT', 'Server': 'Apache/2.4.58 (Ubuntu)', 'Content-Type': 'text/html; charset=UTF-8', 'X-Trans-Id': 'tx9d7957dc9953497080e9f-006a73e25f', 'X-Openstack-Request-Id': 'tx9d7957dc9953497080e9f-006a73e25f', 'Connection': 'close'} {{(pid=99927) http_log /opt/stack/data/venv/lib/python3.12/site-packages/swiftclient/client.py:162}}
Aug 06 01:24:47.958946 np0000006602 devstack@g-api.service[99927]: DEBUG swiftclient [None req-60f9f0d4-e147-4e99-8417-dccc7a4c9b6c tempest-TestImageHashVerification-943918227 tempest-TestImageHashVerification-943918227-project-member] REQ: curl -i https://10.4.3.150:8080/v1/AUTH_b20cf6894f5b4fdaa25118441f3d00a8/glance/a6a67659-f440-4a3f-ab96-05da485c743d-00004 DELETE -H "X-Auth-Token: gAAAAABqc-JfcGB9..." {{(pid=99927) http_log /opt/stack/data/venv/lib/python3.12/site-packages/swiftclient/client.py:160}}
Aug 06 01:24:47.959199 np0000006602 devstack@g-api.service[99927]: DEBUG swiftclient [None req-60f9f0d4-e147-4e99-8417-dccc7a4c9b6c tempest-TestImageHashVerification-943918227 tempest-TestImageHashVerification-943918227-project-member] RESP STATUS: 204 No Content {{(pid=99927) http_log /opt/stack/data/venv/lib/python3.12/site-packages/swiftclient/client.py:161}}
Aug 06 01:24:47.959426 np0000006602 devstack@g-api.service[99927]: DEBUG swiftclient [None req-60f9f0d4-e147-4e99-8417-dccc7a4c9b6c tempest-TestImageHashVerification-943918227 tempest-TestImageHashVerification-943918227-project-member] RESP HEADERS: {'Date': 'Thu, 06 Aug 2026 01:24:47 GMT', 'Server': 'Apache/2.4.58 (Ubuntu)', 'Content-Type': 'text/html; charset=UTF-8', 'X-Trans-Id': 'tx8a76a65ce5e546a3b48ff-006a73e25f', 'X-Openstack-Request-Id': 'tx8a76a65ce5e546a3b48ff-006a73e25f', 'Connection': 'close'} {{(pid=99927) http_log /opt/stack/data/venv/lib/python3.12/site-packages/swiftclient/client.py:162}}
Aug 06 01:24:47.978780 np0000006602 devstack@g-api.service[99927]: DEBUG swiftclient [None req-60f9f0d4-e147-4e99-8417-dccc7a4c9b6c tempest-TestImageHashVerification-943918227 tempest-TestImageHashVerification-943918227-project-member] REQ: curl -i https://10.4.3.150:8080/v1/AUTH_b20cf6894f5b4fdaa25118441f3d00a8/glance/a6a67659-f440-4a3f-ab96-05da485c743d-00005 DELETE -H "X-Auth-Token: gAAAAABqc-JfcGB9..." {{(pid=99927) http_log /opt/stack/data/venv/lib/python3.12/site-packages/swiftclient/client.py:160}}
Aug 06 01:24:47.978988 np0000006602 devstack@g-api.service[99927]: DEBUG swiftclient [None req-60f9f0d4-e147-4e99-8417-dccc7a4c9b6c tempest-TestImageHashVerification-943918227 tempest-TestImageHashVerification-943918227-project-member] RESP STATUS: 204 No Content {{(pid=99927) http_log /opt/stack/data/venv/lib/python3.12/site-packages/swiftclient/client.py:161}}
Aug 06 01:24:47.979143 np0000006602 devstack@g-api.service[99927]: DEBUG swiftclient [None req-60f9f0d4-e147-4e99-8417-dccc7a4c9b6c tempest-TestImageHashVerification-943918227 tempest-TestImageHashVerification-943918227-project-member] RESP HEADERS: {'Date': 'Thu, 06 Aug 2026 01:24:47 GMT', 'Server': 'Apache/2.4.58 (Ubuntu)', 'Content-Type': 'text/html; charset=UTF-8', 'X-Trans-Id': 'tx66550052f34b4ad7b31a1-006a73e25f', 'X-Openstack-Request-Id': 'tx66550052f34b4ad7b31a1-006a73e25f', 'Connection': 'close'} {{(pid=99927) http_log /opt/stack/data/venv/lib/python3.12/site-packages/swiftclient/client.py:162}}
Aug 06 01:24:47.997973 np0000006602 devstack@g-api.service[99927]: DEBUG swiftclient [None req-60f9f0d4-e147-4e99-8417-dccc7a4c9b6c tempest-TestImageHashVerification-943918227 tempest-TestImageHashVerification-943918227-project-member] REQ: curl -i https://10.4.3.150:8080/v1/AUTH_b20cf6894f5b4fdaa25118441f3d00a8/glance/a6a67659-f440-4a3f-ab96-05da485c743d-00006 DELETE -H "X-Auth-Token: gAAAAABqc-JfcGB9..." {{(pid=99927) http_log /opt/stack/data/venv/lib/python3.12/site-packages/swiftclient/client.py:160}}
Aug 06 01:24:47.998169 np0000006602 devstack@g-api.service[99927]: DEBUG swiftclient [None req-60f9f0d4-e147-4e99-8417-dccc7a4c9b6c tempest-TestImageHashVerification-943918227 tempest-TestImageHashVerification-943918227-project-member] RESP STATUS: 204 No Content {{(pid=99927) http_log /opt/stack/data/venv/lib/python3.12/site-packages/swiftclient/client.py:161}}
