Aug 06 01:13:36.868663 np0000006602 systemd[1]: Starting devstack@n-api-meta.service - Devstack devstack@n-api-meta.service...
Aug 06 01:13:36.874099 np0000006602 devstack@n-api-meta.service[92971]: [uWSGI] getting INI configuration from /etc/nova/nova-metadata-uwsgi.ini
Aug 06 01:13:36.876445 np0000006602 devstack@n-api-meta.service[92971]: *** Starting uWSGI 2.0.24-debian (64bit) on [Thu Aug 6 01:13:36 2026] ***
Aug 06 01:13:36.876445 np0000006602 devstack@n-api-meta.service[92971]: compiled with version: 13.2.0 on 17 April 2024 16:23:48
Aug 06 01:13:36.876445 np0000006602 devstack@n-api-meta.service[92971]: os: Linux-6.8.0-137-generic #137-Ubuntu SMP PREEMPT_DYNAMIC Fri Jul 17 20:28:23 UTC 2026
Aug 06 01:13:36.876445 np0000006602 devstack@n-api-meta.service[92971]: nodename: np0000006602
Aug 06 01:13:36.876445 np0000006602 devstack@n-api-meta.service[92971]: machine: x86_64
Aug 06 01:13:36.876445 np0000006602 devstack@n-api-meta.service[92971]: clock source: unix
Aug 06 01:13:36.876445 np0000006602 devstack@n-api-meta.service[92971]: pcre jit disabled
Aug 06 01:13:36.876445 np0000006602 devstack@n-api-meta.service[92971]: detected number of CPU cores: 16
Aug 06 01:13:36.876445 np0000006602 devstack@n-api-meta.service[92971]: current working directory: /
Aug 06 01:13:36.876445 np0000006602 devstack@n-api-meta.service[92971]: detected binary path: /usr/bin/uwsgi-core
Aug 06 01:13:36.876445 np0000006602 devstack@n-api-meta.service[92971]: your processes number limit is 252954
Aug 06 01:13:36.876445 np0000006602 devstack@n-api-meta.service[92971]: your memory page size is 4096 bytes
Aug 06 01:13:36.876445 np0000006602 devstack@n-api-meta.service[92971]: detected max file descriptor number: 2048
Aug 06 01:13:36.876445 np0000006602 devstack@n-api-meta.service[92971]: lock engine: pthread robust mutexes
Aug 06 01:13:36.876753 np0000006602 devstack@n-api-meta.service[92971]: thunder lock: enabled
Aug 06 01:13:36.876836 np0000006602 devstack@n-api-meta.service[92971]: uWSGI http bound on 0.0.0.0:8775 fd 5
Aug 06 01:13:36.876875 np0000006602 devstack@n-api-meta.service[92971]: uwsgi socket 0 bound to TCP address 127.0.0.1:46461 (port auto-assigned) fd 4
Aug 06 01:13:36.876905 np0000006602 devstack@n-api-meta.service[92971]: Python version: 3.12.3 (main, Jun 19 2026, 12:46:00) [GCC 13.3.0]
Aug 06 01:13:36.876905 np0000006602 devstack@n-api-meta.service[92971]: PEP 405 virtualenv detected: /opt/stack/data/venv
Aug 06 01:13:36.876905 np0000006602 devstack@n-api-meta.service[92971]: Set PythonHome to /opt/stack/data/venv
Aug 06 01:13:36.909388 np0000006602 devstack@n-api-meta.service[92971]: Python main interpreter initialized at 0x71b95e6a4668
Aug 06 01:13:36.909388 np0000006602 devstack@n-api-meta.service[92971]: python threads support enabled
Aug 06 01:13:36.909388 np0000006602 devstack@n-api-meta.service[92971]: your server socket listen backlog is limited to 100 connections
Aug 06 01:13:36.909388 np0000006602 devstack@n-api-meta.service[92971]: your mercy for graceful operations on workers is 80 seconds
Aug 06 01:13:36.909809 np0000006602 devstack@n-api-meta.service[92971]: mapped 537436 bytes (524 KB) for 3 cores
Aug 06 01:13:36.909921 np0000006602 devstack@n-api-meta.service[92971]: *** Operational MODE: preforking ***
Aug 06 01:13:36.910149 np0000006602 devstack@n-api-meta.service[92971]: *** uWSGI is running in multiple interpreter mode ***
Aug 06 01:13:36.910149 np0000006602 devstack@n-api-meta.service[92971]: spawned uWSGI master process (pid: 92971)
Aug 06 01:13:36.910298 np0000006602 systemd[1]: Started devstack@n-api-meta.service - Devstack devstack@n-api-meta.service.
Aug 06 01:13:36.910714 np0000006602 devstack@n-api-meta.service[92971]: spawned uWSGI worker 1 (pid: 92976, cores: 1)
Aug 06 01:13:36.911116 np0000006602 devstack@n-api-meta.service[92971]: spawned uWSGI worker 2 (pid: 92977, cores: 1)
Aug 06 01:13:36.911537 np0000006602 devstack@n-api-meta.service[92971]: spawned uWSGI worker 3 (pid: 92978, cores: 1)
Aug 06 01:13:36.911988 np0000006602 devstack@n-api-meta.service[92971]: spawned uWSGI http 1 (pid: 92979)
Aug 06 01:13:36.911988 np0000006602 devstack@n-api-meta.service[92971]: running "unix_signal:15 gracefully_kill_them_all" (master-start)...
Aug 06 01:13:38.522613 np0000006602 devstack@n-api-meta.service[92977]: INFO dbcounter [None req-60b32d05-75a2-46d8-a897-4227f61e3907 None None] Registered counter for database nova_api
Aug 06 01:13:38.547605 np0000006602 devstack@n-api-meta.service[92978]: INFO dbcounter [None req-43400b23-bb50-48dc-9221-52306e8c75fd None None] Registered counter for database nova_api
Aug 06 01:13:38.549752 np0000006602 devstack@n-api-meta.service[92976]: INFO dbcounter [None req-89e13581-c32a-4f70-b031-ba2ff40609f1 None None] Registered counter for database nova_api
Aug 06 01:13:38.561561 np0000006602 devstack@n-api-meta.service[92977]: DEBUG oslo_db.sqlalchemy.engines [None req-60b32d05-75a2-46d8-a897-4227f61e3907 None None] MySQL server mode set to STRICT_TRANS_TABLES,STRICT_ALL_TABLES,NO_ZERO_IN_DATE,NO_ZERO_DATE,ERROR_FOR_DIVISION_BY_ZERO,TRADITIONAL,NO_ENGINE_SUBSTITUTION {{(pid=92977) _check_effective_sql_mode /opt/stack/data/venv/lib/python3.12/site-packages/oslo_db/sqlalchemy/engines.py:325}}
Aug 06 01:13:38.586430 np0000006602 devstack@n-api-meta.service[92978]: DEBUG oslo_db.sqlalchemy.engines [None req-43400b23-bb50-48dc-9221-52306e8c75fd None None] MySQL server mode set to STRICT_TRANS_TABLES,STRICT_ALL_TABLES,NO_ZERO_IN_DATE,NO_ZERO_DATE,ERROR_FOR_DIVISION_BY_ZERO,TRADITIONAL,NO_ENGINE_SUBSTITUTION {{(pid=92978) _check_effective_sql_mode /opt/stack/data/venv/lib/python3.12/site-packages/oslo_db/sqlalchemy/engines.py:325}}
Aug 06 01:13:38.590112 np0000006602 devstack@n-api-meta.service[92976]: DEBUG oslo_db.sqlalchemy.engines [None req-89e13581-c32a-4f70-b031-ba2ff40609f1 None None] MySQL server mode set to STRICT_TRANS_TABLES,STRICT_ALL_TABLES,NO_ZERO_IN_DATE,NO_ZERO_DATE,ERROR_FOR_DIVISION_BY_ZERO,TRADITIONAL,NO_ENGINE_SUBSTITUTION {{(pid=92976) _check_effective_sql_mode /opt/stack/data/venv/lib/python3.12/site-packages/oslo_db/sqlalchemy/engines.py:325}}
Aug 06 01:13:38.590219 np0000006602 devstack@n-api-meta.service[92977]: DEBUG dbcounter [-] [92977] Writer thread running {{(pid=92977) stat_writer /opt/stack/data/venv/lib/python3.12/site-packages/dbcounter.py:102}}
Aug 06 01:13:38.594065 np0000006602 devstack@n-api-meta.service[92977]: DEBUG nova.context [None req-60b32d05-75a2-46d8-a897-4227f61e3907 None None] Found 2 cells: 00000000-0000-0000-0000-000000000000(cell0),10c4c548-81e4-4c35-80bd-07e76fb60699(cell1) {{(pid=92977) load_cells /opt/stack/nova/nova/context.py:509}}
Aug 06 01:13:38.594294 np0000006602 devstack@n-api-meta.service[92977]: INFO nova.utils [None req-60b32d05-75a2-46d8-a897-4227f61e3907 None None] The cell worker thread pool MainProcess.cell_worker is initialized
Aug 06 01:13:38.595950 np0000006602 devstack@n-api-meta.service[92977]: DEBUG oslo_concurrency.lockutils [None req-60b32d05-75a2-46d8-a897-4227f61e3907 None None] Acquiring lock "00000000-0000-0000-0000-000000000000" by "nova.context.set_target_cell..get_or_set_cached_cell_and_set_connections" {{(pid=92977) inner /opt/stack/data/venv/lib/python3.12/site-packages/oslo_concurrency/lockutils.py:512}}
Aug 06 01:13:38.596115 np0000006602 devstack@n-api-meta.service[92977]: DEBUG oslo_concurrency.lockutils [None req-60b32d05-75a2-46d8-a897-4227f61e3907 None None] Lock "00000000-0000-0000-0000-000000000000" acquired by "nova.context.set_target_cell..get_or_set_cached_cell_and_set_connections" :: waited 0.000s {{(pid=92977) inner /opt/stack/data/venv/lib/python3.12/site-packages/oslo_concurrency/lockutils.py:525}}
Aug 06 01:13:38.596481 np0000006602 devstack@n-api-meta.service[92977]: DEBUG oslo_concurrency.lockutils [None req-60b32d05-75a2-46d8-a897-4227f61e3907 None None] Lock "00000000-0000-0000-0000-000000000000" "released" by "nova.context.set_target_cell..get_or_set_cached_cell_and_set_connections" :: held 0.000s {{(pid=92977) inner /opt/stack/data/venv/lib/python3.12/site-packages/oslo_concurrency/lockutils.py:544}}
Aug 06 01:13:38.597084 np0000006602 devstack@n-api-meta.service[92977]: DEBUG oslo_concurrency.lockutils [None req-60b32d05-75a2-46d8-a897-4227f61e3907 None None] Acquiring lock "10c4c548-81e4-4c35-80bd-07e76fb60699" by "nova.context.set_target_cell..get_or_set_cached_cell_and_set_connections" {{(pid=92977) inner /opt/stack/data/venv/lib/python3.12/site-packages/oslo_concurrency/lockutils.py:512}}
Aug 06 01:13:38.598952 np0000006602 devstack@n-api-meta.service[92977]: INFO dbcounter [None req-60b32d05-75a2-46d8-a897-4227f61e3907 None None] Registered counter for database nova_cell0
Aug 06 01:13:38.600193 np0000006602 devstack@n-api-meta.service[92977]: DEBUG oslo_concurrency.lockutils [None req-60b32d05-75a2-46d8-a897-4227f61e3907 None None] Lock "10c4c548-81e4-4c35-80bd-07e76fb60699" acquired by "nova.context.set_target_cell..get_or_set_cached_cell_and_set_connections" :: waited 0.002s {{(pid=92977) inner /opt/stack/data/venv/lib/python3.12/site-packages/oslo_concurrency/lockutils.py:525}}
Aug 06 01:13:38.601323 np0000006602 devstack@n-api-meta.service[92977]: DEBUG oslo_concurrency.lockutils [None req-60b32d05-75a2-46d8-a897-4227f61e3907 None None] Lock "10c4c548-81e4-4c35-80bd-07e76fb60699" "released" by "nova.context.set_target_cell..get_or_set_cached_cell_and_set_connections" :: held 0.002s {{(pid=92977) inner /opt/stack/data/venv/lib/python3.12/site-packages/oslo_concurrency/lockutils.py:544}}
Aug 06 01:13:38.602842 np0000006602 devstack@n-api-meta.service[92977]: INFO dbcounter [None req-60b32d05-75a2-46d8-a897-4227f61e3907 None None] Registered counter for database nova_cell1
Aug 06 01:13:38.615734 np0000006602 devstack@n-api-meta.service[92978]: DEBUG dbcounter [-] [92978] Writer thread running {{(pid=92978) stat_writer /opt/stack/data/venv/lib/python3.12/site-packages/dbcounter.py:102}}
Aug 06 01:13:38.618167 np0000006602 devstack@n-api-meta.service[92978]: DEBUG nova.context [None req-43400b23-bb50-48dc-9221-52306e8c75fd None None] Found 2 cells: 00000000-0000-0000-0000-000000000000(cell0),10c4c548-81e4-4c35-80bd-07e76fb60699(cell1) {{(pid=92978) load_cells /opt/stack/nova/nova/context.py:509}}
Aug 06 01:13:38.618396 np0000006602 devstack@n-api-meta.service[92978]: INFO nova.utils [None req-43400b23-bb50-48dc-9221-52306e8c75fd None None] The cell worker thread pool MainProcess.cell_worker is initialized
Aug 06 01:13:38.619744 np0000006602 devstack@n-api-meta.service[92976]: DEBUG dbcounter [-] [92976] Writer thread running {{(pid=92976) stat_writer /opt/stack/data/venv/lib/python3.12/site-packages/dbcounter.py:102}}
Aug 06 01:13:38.620072 np0000006602 devstack@n-api-meta.service[92978]: DEBUG oslo_concurrency.lockutils [None req-43400b23-bb50-48dc-9221-52306e8c75fd None None] Acquiring lock "00000000-0000-0000-0000-000000000000" by "nova.context.set_target_cell..get_or_set_cached_cell_and_set_connections" {{(pid=92978) inner /opt/stack/data/venv/lib/python3.12/site-packages/oslo_concurrency/lockutils.py:512}}
Aug 06 01:13:38.620239 np0000006602 devstack@n-api-meta.service[92978]: DEBUG oslo_concurrency.lockutils [None req-43400b23-bb50-48dc-9221-52306e8c75fd None None] Lock "00000000-0000-0000-0000-000000000000" acquired by "nova.context.set_target_cell..get_or_set_cached_cell_and_set_connections" :: waited 0.000s {{(pid=92978) inner /opt/stack/data/venv/lib/python3.12/site-packages/oslo_concurrency/lockutils.py:525}}
Aug 06 01:13:38.620621 np0000006602 devstack@n-api-meta.service[92978]: DEBUG oslo_concurrency.lockutils [None req-43400b23-bb50-48dc-9221-52306e8c75fd None None] Lock "00000000-0000-0000-0000-000000000000" "released" by "nova.context.set_target_cell..get_or_set_cached_cell_and_set_connections" :: held 0.000s {{(pid=92978) inner /opt/stack/data/venv/lib/python3.12/site-packages/oslo_concurrency/lockutils.py:544}}
Aug 06 01:13:38.621213 np0000006602 devstack@n-api-meta.service[92978]: DEBUG oslo_concurrency.lockutils [None req-43400b23-bb50-48dc-9221-52306e8c75fd None None] Acquiring lock "10c4c548-81e4-4c35-80bd-07e76fb60699" by "nova.context.set_target_cell..get_or_set_cached_cell_and_set_connections" {{(pid=92978) inner /opt/stack/data/venv/lib/python3.12/site-packages/oslo_concurrency/lockutils.py:512}}
Aug 06 01:13:38.621356 np0000006602 devstack@n-api-meta.service[92978]: DEBUG oslo_concurrency.lockutils [None req-43400b23-bb50-48dc-9221-52306e8c75fd None None] Lock "10c4c548-81e4-4c35-80bd-07e76fb60699" acquired by "nova.context.set_target_cell..get_or_set_cached_cell_and_set_connections" :: waited 0.000s {{(pid=92978) inner /opt/stack/data/venv/lib/python3.12/site-packages/oslo_concurrency/lockutils.py:525}}
Aug 06 01:13:38.622135 np0000006602 devstack@n-api-meta.service[92978]: DEBUG oslo_concurrency.lockutils [None req-43400b23-bb50-48dc-9221-52306e8c75fd None None] Lock "10c4c548-81e4-4c35-80bd-07e76fb60699" "released" by "nova.context.set_target_cell..get_or_set_cached_cell_and_set_connections" :: held 0.001s {{(pid=92978) inner /opt/stack/data/venv/lib/python3.12/site-packages/oslo_concurrency/lockutils.py:544}}
Aug 06 01:13:38.623342 np0000006602 devstack@n-api-meta.service[92976]: DEBUG nova.context [None req-89e13581-c32a-4f70-b031-ba2ff40609f1 None None] Found 2 cells: 00000000-0000-0000-0000-000000000000(cell0),10c4c548-81e4-4c35-80bd-07e76fb60699(cell1) {{(pid=92976) load_cells /opt/stack/nova/nova/context.py:509}}
Aug 06 01:13:38.623342 np0000006602 devstack@n-api-meta.service[92976]: INFO nova.utils [None req-89e13581-c32a-4f70-b031-ba2ff40609f1 None None] The cell worker thread pool MainProcess.cell_worker is initialized
Aug 06 01:13:38.623881 np0000006602 devstack@n-api-meta.service[92978]: INFO dbcounter [None req-43400b23-bb50-48dc-9221-52306e8c75fd None None] Registered counter for database nova_cell0
Aug 06 01:13:38.624778 np0000006602 devstack@n-api-meta.service[92976]: DEBUG oslo_concurrency.lockutils [None req-89e13581-c32a-4f70-b031-ba2ff40609f1 None None] Acquiring lock "00000000-0000-0000-0000-000000000000" by "nova.context.set_target_cell..get_or_set_cached_cell_and_set_connections" {{(pid=92976) inner /opt/stack/data/venv/lib/python3.12/site-packages/oslo_concurrency/lockutils.py:512}}
Aug 06 01:13:38.624778 np0000006602 devstack@n-api-meta.service[92976]: DEBUG oslo_concurrency.lockutils [None req-89e13581-c32a-4f70-b031-ba2ff40609f1 None None] Lock "00000000-0000-0000-0000-000000000000" acquired by "nova.context.set_target_cell..get_or_set_cached_cell_and_set_connections" :: waited 0.000s {{(pid=92976) inner /opt/stack/data/venv/lib/python3.12/site-packages/oslo_concurrency/lockutils.py:525}}
Aug 06 01:13:38.624902 np0000006602 devstack@n-api-meta.service[92976]: DEBUG oslo_concurrency.lockutils [None req-89e13581-c32a-4f70-b031-ba2ff40609f1 None None] Lock "00000000-0000-0000-0000-000000000000" "released" by "nova.context.set_target_cell..get_or_set_cached_cell_and_set_connections" :: held 0.000s {{(pid=92976) inner /opt/stack/data/venv/lib/python3.12/site-packages/oslo_concurrency/lockutils.py:544}}
Aug 06 01:13:38.625701 np0000006602 devstack@n-api-meta.service[92976]: DEBUG oslo_concurrency.lockutils [None req-89e13581-c32a-4f70-b031-ba2ff40609f1 None None] Acquiring lock "10c4c548-81e4-4c35-80bd-07e76fb60699" by "nova.context.set_target_cell..get_or_set_cached_cell_and_set_connections" {{(pid=92976) inner /opt/stack/data/venv/lib/python3.12/site-packages/oslo_concurrency/lockutils.py:512}}
Aug 06 01:13:38.626872 np0000006602 devstack@n-api-meta.service[92978]: INFO dbcounter [None req-43400b23-bb50-48dc-9221-52306e8c75fd None None] Registered counter for database nova_cell1
Aug 06 01:13:38.627471 np0000006602 devstack@n-api-meta.service[92976]: INFO dbcounter [None req-89e13581-c32a-4f70-b031-ba2ff40609f1 None None] Registered counter for database nova_cell0
Aug 06 01:13:38.628721 np0000006602 devstack@n-api-meta.service[92976]: DEBUG oslo_concurrency.lockutils [None req-89e13581-c32a-4f70-b031-ba2ff40609f1 None None] Lock "10c4c548-81e4-4c35-80bd-07e76fb60699" acquired by "nova.context.set_target_cell..get_or_set_cached_cell_and_set_connections" :: waited 0.002s {{(pid=92976) inner /opt/stack/data/venv/lib/python3.12/site-packages/oslo_concurrency/lockutils.py:525}}
Aug 06 01:13:38.630411 np0000006602 devstack@n-api-meta.service[92976]: DEBUG oslo_concurrency.lockutils [None req-89e13581-c32a-4f70-b031-ba2ff40609f1 None None] Lock "10c4c548-81e4-4c35-80bd-07e76fb60699" "released" by "nova.context.set_target_cell..get_or_set_cached_cell_and_set_connections" :: held 0.003s {{(pid=92976) inner /opt/stack/data/venv/lib/python3.12/site-packages/oslo_concurrency/lockutils.py:544}}
Aug 06 01:13:38.632154 np0000006602 devstack@n-api-meta.service[92976]: INFO dbcounter [None req-89e13581-c32a-4f70-b031-ba2ff40609f1 None None] Registered counter for database nova_cell1
Aug 06 01:13:38.642257 np0000006602 devstack@n-api-meta.service[92977]: DEBUG oslo_db.sqlalchemy.engines [None req-60b32d05-75a2-46d8-a897-4227f61e3907 None None] MySQL server mode set to STRICT_TRANS_TABLES,STRICT_ALL_TABLES,NO_ZERO_IN_DATE,NO_ZERO_DATE,ERROR_FOR_DIVISION_BY_ZERO,TRADITIONAL,NO_ENGINE_SUBSTITUTION {{(pid=92977) _check_effective_sql_mode /opt/stack/data/venv/lib/python3.12/site-packages/oslo_db/sqlalchemy/engines.py:325}}
Aug 06 01:13:38.652899 np0000006602 devstack@n-api-meta.service[92977]: DEBUG oslo_db.sqlalchemy.engines [None req-60b32d05-75a2-46d8-a897-4227f61e3907 None None] MySQL server mode set to STRICT_TRANS_TABLES,STRICT_ALL_TABLES,NO_ZERO_IN_DATE,NO_ZERO_DATE,ERROR_FOR_DIVISION_BY_ZERO,TRADITIONAL,NO_ENGINE_SUBSTITUTION {{(pid=92977) _check_effective_sql_mode /opt/stack/data/venv/lib/python3.12/site-packages/oslo_db/sqlalchemy/engines.py:325}}
Aug 06 01:13:38.674139 np0000006602 devstack@n-api-meta.service[92978]: DEBUG oslo_db.sqlalchemy.engines [None req-43400b23-bb50-48dc-9221-52306e8c75fd None None] MySQL server mode set to STRICT_TRANS_TABLES,STRICT_ALL_TABLES,NO_ZERO_IN_DATE,NO_ZERO_DATE,ERROR_FOR_DIVISION_BY_ZERO,TRADITIONAL,NO_ENGINE_SUBSTITUTION {{(pid=92978) _check_effective_sql_mode /opt/stack/data/venv/lib/python3.12/site-packages/oslo_db/sqlalchemy/engines.py:325}}
Aug 06 01:13:38.676947 np0000006602 devstack@n-api-meta.service[92976]: DEBUG oslo_db.sqlalchemy.engines [None req-89e13581-c32a-4f70-b031-ba2ff40609f1 None None] MySQL server mode set to STRICT_TRANS_TABLES,STRICT_ALL_TABLES,NO_ZERO_IN_DATE,NO_ZERO_DATE,ERROR_FOR_DIVISION_BY_ZERO,TRADITIONAL,NO_ENGINE_SUBSTITUTION {{(pid=92976) _check_effective_sql_mode /opt/stack/data/venv/lib/python3.12/site-packages/oslo_db/sqlalchemy/engines.py:325}}
Aug 06 01:13:38.685711 np0000006602 devstack@n-api-meta.service[92978]: DEBUG oslo_db.sqlalchemy.engines [None req-43400b23-bb50-48dc-9221-52306e8c75fd None None] MySQL server mode set to STRICT_TRANS_TABLES,STRICT_ALL_TABLES,NO_ZERO_IN_DATE,NO_ZERO_DATE,ERROR_FOR_DIVISION_BY_ZERO,TRADITIONAL,NO_ENGINE_SUBSTITUTION {{(pid=92978) _check_effective_sql_mode /opt/stack/data/venv/lib/python3.12/site-packages/oslo_db/sqlalchemy/engines.py:325}}
Aug 06 01:13:38.688678 np0000006602 devstack@n-api-meta.service[92976]: DEBUG oslo_db.sqlalchemy.engines [None req-89e13581-c32a-4f70-b031-ba2ff40609f1 None None] MySQL server mode set to STRICT_TRANS_TABLES,STRICT_ALL_TABLES,NO_ZERO_IN_DATE,NO_ZERO_DATE,ERROR_FOR_DIVISION_BY_ZERO,TRADITIONAL,NO_ENGINE_SUBSTITUTION {{(pid=92976) _check_effective_sql_mode /opt/stack/data/venv/lib/python3.12/site-packages/oslo_db/sqlalchemy/engines.py:325}}
Aug 06 01:13:38.728621 np0000006602 devstack@n-api-meta.service[92977]: DEBUG dbcounter [-] [92977] Writer thread running {{(pid=92977) stat_writer /opt/stack/data/venv/lib/python3.12/site-packages/dbcounter.py:102}}
Aug 06 01:13:38.733669 np0000006602 devstack@n-api-meta.service[92977]: DEBUG dbcounter [-] [92977] Writer thread running {{(pid=92977) stat_writer /opt/stack/data/venv/lib/python3.12/site-packages/dbcounter.py:102}}
Aug 06 01:13:38.735365 np0000006602 devstack@n-api-meta.service[92977]: INFO dbcounter [None req-60b32d05-75a2-46d8-a897-4227f61e3907 None None] Registered counter for database nova_cell0
Aug 06 01:13:38.757086 np0000006602 devstack@n-api-meta.service[92978]: DEBUG dbcounter [-] [92978] Writer thread running {{(pid=92978) stat_writer /opt/stack/data/venv/lib/python3.12/site-packages/dbcounter.py:102}}
Aug 06 01:13:38.760650 np0000006602 devstack@n-api-meta.service[92976]: DEBUG dbcounter [-] [92976] Writer thread running {{(pid=92976) stat_writer /opt/stack/data/venv/lib/python3.12/site-packages/dbcounter.py:102}}
Aug 06 01:13:38.762677 np0000006602 devstack@n-api-meta.service[92978]: DEBUG dbcounter [-] [92978] Writer thread running {{(pid=92978) stat_writer /opt/stack/data/venv/lib/python3.12/site-packages/dbcounter.py:102}}
Aug 06 01:13:38.763999 np0000006602 devstack@n-api-meta.service[92977]: DEBUG oslo_db.sqlalchemy.engines [None req-60b32d05-75a2-46d8-a897-4227f61e3907 None None] MySQL server mode set to STRICT_TRANS_TABLES,STRICT_ALL_TABLES,NO_ZERO_IN_DATE,NO_ZERO_DATE,ERROR_FOR_DIVISION_BY_ZERO,TRADITIONAL,NO_ENGINE_SUBSTITUTION {{(pid=92977) _check_effective_sql_mode /opt/stack/data/venv/lib/python3.12/site-packages/oslo_db/sqlalchemy/engines.py:325}}
Aug 06 01:13:38.766313 np0000006602 devstack@n-api-meta.service[92978]: INFO dbcounter [None req-43400b23-bb50-48dc-9221-52306e8c75fd None None] Registered counter for database nova_cell0
Aug 06 01:13:38.766411 np0000006602 devstack@n-api-meta.service[92976]: DEBUG dbcounter [-] [92976] Writer thread running {{(pid=92976) stat_writer /opt/stack/data/venv/lib/python3.12/site-packages/dbcounter.py:102}}
Aug 06 01:13:38.768974 np0000006602 devstack@n-api-meta.service[92976]: INFO dbcounter [None req-89e13581-c32a-4f70-b031-ba2ff40609f1 None None] Registered counter for database nova_cell0
Aug 06 01:13:38.769915 np0000006602 devstack@n-api-meta.service[92977]: DEBUG dbcounter [-] [92977] Writer thread running {{(pid=92977) stat_writer /opt/stack/data/venv/lib/python3.12/site-packages/dbcounter.py:102}}
Aug 06 01:13:38.797915 np0000006602 devstack@n-api-meta.service[92978]: DEBUG oslo_db.sqlalchemy.engines [None req-43400b23-bb50-48dc-9221-52306e8c75fd None None] MySQL server mode set to STRICT_TRANS_TABLES,STRICT_ALL_TABLES,NO_ZERO_IN_DATE,NO_ZERO_DATE,ERROR_FOR_DIVISION_BY_ZERO,TRADITIONAL,NO_ENGINE_SUBSTITUTION {{(pid=92978) _check_effective_sql_mode /opt/stack/data/venv/lib/python3.12/site-packages/oslo_db/sqlalchemy/engines.py:325}}
Aug 06 01:13:38.801696 np0000006602 devstack@n-api-meta.service[92976]: DEBUG oslo_db.sqlalchemy.engines [None req-89e13581-c32a-4f70-b031-ba2ff40609f1 None None] MySQL server mode set to STRICT_TRANS_TABLES,STRICT_ALL_TABLES,NO_ZERO_IN_DATE,NO_ZERO_DATE,ERROR_FOR_DIVISION_BY_ZERO,TRADITIONAL,NO_ENGINE_SUBSTITUTION {{(pid=92976) _check_effective_sql_mode /opt/stack/data/venv/lib/python3.12/site-packages/oslo_db/sqlalchemy/engines.py:325}}
Aug 06 01:13:38.804122 np0000006602 devstack@n-api-meta.service[92977]: WARNING nova.api.metadata.handler [None req-60b32d05-75a2-46d8-a897-4227f61e3907 None None] metadata_proxy_shared_secret is not configured, the metadata information returned by the proxy cannot be trusted
Aug 06 01:13:38.805292 np0000006602 devstack@n-api-meta.service[92978]: DEBUG dbcounter [-] [92978] Writer thread running {{(pid=92978) stat_writer /opt/stack/data/venv/lib/python3.12/site-packages/dbcounter.py:102}}
Aug 06 01:13:38.806128 np0000006602 devstack@n-api-meta.service[92977]: DEBUG nova.api.openstack.wsgi_app [None req-60b32d05-75a2-46d8-a897-4227f61e3907 None None] ******************************************************************************** {{(pid=92977) log_opt_values /opt/stack/data/venv/lib/python3.12/site-packages/oslo_config/cfg.py:3518}}
Aug 06 01:13:38.806250 np0000006602 devstack@n-api-meta.service[92977]: DEBUG nova.api.openstack.wsgi_app [None req-60b32d05-75a2-46d8-a897-4227f61e3907 None None] Configuration options gathered from: {{(pid=92977) log_opt_values /opt/stack/data/venv/lib/python3.12/site-packages/oslo_config/cfg.py:3519}}
Aug 06 01:13:38.806392 np0000006602 devstack@n-api-meta.service[92977]: DEBUG nova.api.openstack.wsgi_app [None req-60b32d05-75a2-46d8-a897-4227f61e3907 None None] command line args: [] {{(pid=92977) log_opt_values /opt/stack/data/venv/lib/python3.12/site-packages/oslo_config/cfg.py:3520}}
Aug 06 01:13:38.806549 np0000006602 devstack@n-api-meta.service[92977]: DEBUG nova.api.openstack.wsgi_app [None req-60b32d05-75a2-46d8-a897-4227f61e3907 None None] config files: ['/etc/nova/api-paste.ini', '/etc/nova/nova.conf'] {{(pid=92977) log_opt_values /opt/stack/data/venv/lib/python3.12/site-packages/oslo_config/cfg.py:3521}}
Aug 06 01:13:38.806679 np0000006602 devstack@n-api-meta.service[92977]: DEBUG nova.api.openstack.wsgi_app [None req-60b32d05-75a2-46d8-a897-4227f61e3907 None None] ================================================================================ {{(pid=92977) log_opt_values /opt/stack/data/venv/lib/python3.12/site-packages/oslo_config/cfg.py:3526}}
Aug 06 01:13:38.806897 np0000006602 devstack@n-api-meta.service[92977]: DEBUG nova.api.openstack.wsgi_app [None req-60b32d05-75a2-46d8-a897-4227f61e3907 None None] allow_resize_to_same_host = True {{(pid=92977) log_opt_values /opt/stack/data/venv/lib/python3.12/site-packages/oslo_config/cfg.py:3534}}
Aug 06 01:13:38.807058 np0000006602 devstack@n-api-meta.service[92977]: DEBUG nova.api.openstack.wsgi_app [None req-60b32d05-75a2-46d8-a897-4227f61e3907 None None] arq_binding_timeout = 300 {{(pid=92977) log_opt_values /opt/stack/data/venv/lib/python3.12/site-packages/oslo_config/cfg.py:3534}}
Aug 06 01:13:38.807088 np0000006602 devstack@n-api-meta.service[92976]: DEBUG dbcounter [-] [92976] Writer thread running {{(pid=92976) stat_writer /opt/stack/data/venv/lib/python3.12/site-packages/dbcounter.py:102}}
Aug 06 01:13:38.807707 np0000006602 devstack@n-api-meta.service[92977]: DEBUG nova.api.openstack.wsgi_app [None req-60b32d05-75a2-46d8-a897-4227f61e3907 None None] block_device_allocate_retries = 60 {{(pid=92977) log_opt_values /opt/stack/data/venv/lib/python3.12/site-packages/oslo_config/cfg.py:3534}}
Aug 06 01:13:38.807707 np0000006602 devstack@n-api-meta.service[92977]: DEBUG nova.api.openstack.wsgi_app [None req-60b32d05-75a2-46d8-a897-4227f61e3907 None None] block_device_allocate_retries_interval = 3 {{(pid=92977) log_opt_values /opt/stack/data/venv/lib/python3.12/site-packages/oslo_config/cfg.py:3534}}
Aug 06 01:13:38.807707 np0000006602 devstack@n-api-meta.service[92977]: DEBUG nova.api.openstack.wsgi_app [None req-60b32d05-75a2-46d8-a897-4227f61e3907 None None] cell_worker_thread_pool_size = 5 {{(pid=92977) log_opt_values /opt/stack/data/venv/lib/python3.12/site-packages/oslo_config/cfg.py:3534}}
Aug 06 01:13:38.807707 np0000006602 devstack@n-api-meta.service[92977]: DEBUG nova.api.openstack.wsgi_app [None req-60b32d05-75a2-46d8-a897-4227f61e3907 None None] cert = self.pem {{(pid=92977) log_opt_values /opt/stack/data/venv/lib/python3.12/site-packages/oslo_config/cfg.py:3534}}
Aug 06 01:13:38.807707 np0000006602 devstack@n-api-meta.service[92977]: DEBUG nova.api.openstack.wsgi_app [None req-60b32d05-75a2-46d8-a897-4227f61e3907 None None] compute_driver = libvirt.LibvirtDriver {{(pid=92977) log_opt_values /opt/stack/data/venv/lib/python3.12/site-packages/oslo_config/cfg.py:3534}}
Aug 06 01:13:38.807850 np0000006602 devstack@n-api-meta.service[92977]: DEBUG nova.api.openstack.wsgi_app [None req-60b32d05-75a2-46d8-a897-4227f61e3907 None None] compute_monitors = [] {{(pid=92977) log_opt_values /opt/stack/data/venv/lib/python3.12/site-packages/oslo_config/cfg.py:3534}}
Aug 06 01:13:38.807961 np0000006602 devstack@n-api-meta.service[92977]: DEBUG nova.api.openstack.wsgi_app [None req-60b32d05-75a2-46d8-a897-4227f61e3907 None None] concurrency_backend = auto {{(pid=92977) log_opt_values /opt/stack/data/venv/lib/python3.12/site-packages/oslo_config/cfg.py:3534}}
Aug 06 01:13:38.808082 np0000006602 devstack@n-api-meta.service[92977]: DEBUG nova.api.openstack.wsgi_app [None req-60b32d05-75a2-46d8-a897-4227f61e3907 None None] config_dir = [] {{(pid=92977) log_opt_values /opt/stack/data/venv/lib/python3.12/site-packages/oslo_config/cfg.py:3534}}
Aug 06 01:13:38.808212 np0000006602 devstack@n-api-meta.service[92977]: DEBUG nova.api.openstack.wsgi_app [None req-60b32d05-75a2-46d8-a897-4227f61e3907 None None] config_drive_format = iso9660 {{(pid=92977) log_opt_values /opt/stack/data/venv/lib/python3.12/site-packages/oslo_config/cfg.py:3534}}
Aug 06 01:13:38.808339 np0000006602 devstack@n-api-meta.service[92977]: DEBUG nova.api.openstack.wsgi_app [None req-60b32d05-75a2-46d8-a897-4227f61e3907 None None] config_file = ['/etc/nova/api-paste.ini', '/etc/nova/nova.conf'] {{(pid=92977) log_opt_values /opt/stack/data/venv/lib/python3.12/site-packages/oslo_config/cfg.py:3534}}
Aug 06 01:13:38.808484 np0000006602 devstack@n-api-meta.service[92977]: DEBUG nova.api.openstack.wsgi_app [None req-60b32d05-75a2-46d8-a897-4227f61e3907 None None] config_source = [] {{(pid=92977) log_opt_values /opt/stack/data/venv/lib/python3.12/site-packages/oslo_config/cfg.py:3534}}
Aug 06 01:13:38.808609 np0000006602 devstack@n-api-meta.service[92977]: DEBUG nova.api.openstack.wsgi_app [None req-60b32d05-75a2-46d8-a897-4227f61e3907 None None] console_host = np0000006602 {{(pid=92977) log_opt_values /opt/stack/data/venv/lib/python3.12/site-packages/oslo_config/cfg.py:3534}}
Aug 06 01:13:38.808737 np0000006602 devstack@n-api-meta.service[92977]: DEBUG nova.api.openstack.wsgi_app [None req-60b32d05-75a2-46d8-a897-4227f61e3907 None None] control_exchange = nova {{(pid=92977) log_opt_values /opt/stack/data/venv/lib/python3.12/site-packages/oslo_config/cfg.py:3534}}
Aug 06 01:13:38.808854 np0000006602 devstack@n-api-meta.service[92977]: DEBUG nova.api.openstack.wsgi_app [None req-60b32d05-75a2-46d8-a897-4227f61e3907 None None] cpu_allocation_ratio = None {{(pid=92977) log_opt_values /opt/stack/data/venv/lib/python3.12/site-packages/oslo_config/cfg.py:3534}}
Aug 06 01:13:38.808969 np0000006602 devstack@n-api-meta.service[92977]: DEBUG nova.api.openstack.wsgi_app [None req-60b32d05-75a2-46d8-a897-4227f61e3907 None None] daemon = False {{(pid=92977) log_opt_values /opt/stack/data/venv/lib/python3.12/site-packages/oslo_config/cfg.py:3534}}
Aug 06 01:13:38.809093 np0000006602 devstack@n-api-meta.service[92977]: DEBUG nova.api.openstack.wsgi_app [None req-60b32d05-75a2-46d8-a897-4227f61e3907 None None] debug = True {{(pid=92977) log_opt_values /opt/stack/data/venv/lib/python3.12/site-packages/oslo_config/cfg.py:3534}}
Aug 06 01:13:38.809223 np0000006602 devstack@n-api-meta.service[92977]: DEBUG nova.api.openstack.wsgi_app [None req-60b32d05-75a2-46d8-a897-4227f61e3907 None None] default_access_ip_network_name = None {{(pid=92977) log_opt_values /opt/stack/data/venv/lib/python3.12/site-packages/oslo_config/cfg.py:3534}}
Aug 06 01:13:38.809354 np0000006602 devstack@n-api-meta.service[92977]: DEBUG nova.api.openstack.wsgi_app [None req-60b32d05-75a2-46d8-a897-4227f61e3907 None None] default_availability_zone = nova {{(pid=92977) log_opt_values /opt/stack/data/venv/lib/python3.12/site-packages/oslo_config/cfg.py:3534}}
Aug 06 01:13:38.809520 np0000006602 devstack@n-api-meta.service[92977]: DEBUG nova.api.openstack.wsgi_app [None req-60b32d05-75a2-46d8-a897-4227f61e3907 None None] default_ephemeral_format = ext4 {{(pid=92977) log_opt_values /opt/stack/data/venv/lib/python3.12/site-packages/oslo_config/cfg.py:3534}}
Aug 06 01:13:38.809637 np0000006602 devstack@n-api-meta.service[92977]: DEBUG nova.api.openstack.wsgi_app [None req-60b32d05-75a2-46d8-a897-4227f61e3907 None None] default_green_pool_size = 1000 {{(pid=92977) log_opt_values /opt/stack/data/venv/lib/python3.12/site-packages/oslo_config/cfg.py:3534}}
Aug 06 01:13:38.809818 np0000006602 devstack@n-api-meta.service[92977]: DEBUG nova.api.openstack.wsgi_app [None req-60b32d05-75a2-46d8-a897-4227f61e3907 None None] default_log_levels = ['amqp=WARN', 'boto=WARN', 'sqlalchemy=WARN', 'suds=INFO', 'oslo.messaging=INFO', 'oslo_messaging=INFO', 'iso8601=WARN', 'requests.packages.urllib3.connectionpool=WARN', 'urllib3.connectionpool=WARN', 'websocket=WARN', 'requests.packages.urllib3.util.retry=WARN', 'urllib3.util.retry=WARN', 'keystonemiddleware=WARN', 'routes.middleware=WARN', 'stevedore=WARN', 'taskflow=WARN', 'keystoneauth=WARN', 'oslo.cache=INFO', 'oslo_policy=INFO', 'dogpile.core.dogpile=INFO', 'glanceclient=WARN', 'oslo.privsep.daemon=INFO'] {{(pid=92977) log_opt_values /opt/stack/data/venv/lib/python3.12/site-packages/oslo_config/cfg.py:3534}}
Aug 06 01:13:38.809934 np0000006602 devstack@n-api-meta.service[92977]: DEBUG nova.api.openstack.wsgi_app [None req-60b32d05-75a2-46d8-a897-4227f61e3907 None None] default_schedule_zone = None {{(pid=92977) log_opt_values /opt/stack/data/venv/lib/python3.12/site-packages/oslo_config/cfg.py:3534}}
Aug 06 01:13:38.810044 np0000006602 devstack@n-api-meta.service[92977]: DEBUG nova.api.openstack.wsgi_app [None req-60b32d05-75a2-46d8-a897-4227f61e3907 None None] default_thread_pool_size = 10 {{(pid=92977) log_opt_values /opt/stack/data/venv/lib/python3.12/site-packages/oslo_config/cfg.py:3534}}
Aug 06 01:13:38.810163 np0000006602 devstack@n-api-meta.service[92977]: DEBUG nova.api.openstack.wsgi_app [None req-60b32d05-75a2-46d8-a897-4227f61e3907 None None] disk_allocation_ratio = None {{(pid=92977) log_opt_values /opt/stack/data/venv/lib/python3.12/site-packages/oslo_config/cfg.py:3534}}
Aug 06 01:13:38.810299 np0000006602 devstack@n-api-meta.service[92977]: DEBUG nova.api.openstack.wsgi_app [None req-60b32d05-75a2-46d8-a897-4227f61e3907 None None] enable_new_services = True {{(pid=92977) log_opt_values /opt/stack/data/venv/lib/python3.12/site-packages/oslo_config/cfg.py:3534}}
Aug 06 01:13:38.810455 np0000006602 devstack@n-api-meta.service[92977]: DEBUG nova.api.openstack.wsgi_app [None req-60b32d05-75a2-46d8-a897-4227f61e3907 None None] flat_injected = False {{(pid=92977) log_opt_values /opt/stack/data/venv/lib/python3.12/site-packages/oslo_config/cfg.py:3534}}
Aug 06 01:13:38.810579 np0000006602 devstack@n-api-meta.service[92977]: DEBUG nova.api.openstack.wsgi_app [None req-60b32d05-75a2-46d8-a897-4227f61e3907 None None] force_config_drive = True {{(pid=92977) log_opt_values /opt/stack/data/venv/lib/python3.12/site-packages/oslo_config/cfg.py:3534}}
Aug 06 01:13:38.810693 np0000006602 devstack@n-api-meta.service[92977]: DEBUG nova.api.openstack.wsgi_app [None req-60b32d05-75a2-46d8-a897-4227f61e3907 None None] force_raw_images = True {{(pid=92977) log_opt_values /opt/stack/data/venv/lib/python3.12/site-packages/oslo_config/cfg.py:3534}}
Aug 06 01:13:38.810816 np0000006602 devstack@n-api-meta.service[92977]: DEBUG nova.api.openstack.wsgi_app [None req-60b32d05-75a2-46d8-a897-4227f61e3907 None None] graceful_shutdown_timeout = 5 {{(pid=92977) log_opt_values /opt/stack/data/venv/lib/python3.12/site-packages/oslo_config/cfg.py:3534}}
Aug 06 01:13:38.810935 np0000006602 devstack@n-api-meta.service[92977]: DEBUG nova.api.openstack.wsgi_app [None req-60b32d05-75a2-46d8-a897-4227f61e3907 None None] heal_instance_info_cache_interval = -1 {{(pid=92977) log_opt_values /opt/stack/data/venv/lib/python3.12/site-packages/oslo_config/cfg.py:3534}}
Aug 06 01:13:38.811094 np0000006602 devstack@n-api-meta.service[92977]: DEBUG nova.api.openstack.wsgi_app [None req-60b32d05-75a2-46d8-a897-4227f61e3907 None None] host = np0000006602 {{(pid=92977) log_opt_values /opt/stack/data/venv/lib/python3.12/site-packages/oslo_config/cfg.py:3534}}
Aug 06 01:13:38.811229 np0000006602 devstack@n-api-meta.service[92977]: DEBUG nova.api.openstack.wsgi_app [None req-60b32d05-75a2-46d8-a897-4227f61e3907 None None] initial_cpu_allocation_ratio = 4.0 {{(pid=92977) log_opt_values /opt/stack/data/venv/lib/python3.12/site-packages/oslo_config/cfg.py:3534}}
Aug 06 01:13:38.811360 np0000006602 devstack@n-api-meta.service[92977]: DEBUG nova.api.openstack.wsgi_app [None req-60b32d05-75a2-46d8-a897-4227f61e3907 None None] initial_disk_allocation_ratio = 1.0 {{(pid=92977) log_opt_values /opt/stack/data/venv/lib/python3.12/site-packages/oslo_config/cfg.py:3534}}
Aug 06 01:13:38.811500 np0000006602 devstack@n-api-meta.service[92977]: DEBUG nova.api.openstack.wsgi_app [None req-60b32d05-75a2-46d8-a897-4227f61e3907 None None] initial_ram_allocation_ratio = 1.0 {{(pid=92977) log_opt_values /opt/stack/data/venv/lib/python3.12/site-packages/oslo_config/cfg.py:3534}}
Aug 06 01:13:38.811657 np0000006602 devstack@n-api-meta.service[92977]: DEBUG nova.api.openstack.wsgi_app [None req-60b32d05-75a2-46d8-a897-4227f61e3907 None None] injected_network_template = /opt/stack/nova/nova/virt/interfaces.template {{(pid=92977) log_opt_values /opt/stack/data/venv/lib/python3.12/site-packages/oslo_config/cfg.py:3534}}
Aug 06 01:13:38.811772 np0000006602 devstack@n-api-meta.service[92977]: DEBUG nova.api.openstack.wsgi_app [None req-60b32d05-75a2-46d8-a897-4227f61e3907 None None] instance_build_timeout = 0 {{(pid=92977) log_opt_values /opt/stack/data/venv/lib/python3.12/site-packages/oslo_config/cfg.py:3534}}
Aug 06 01:13:38.811887 np0000006602 devstack@n-api-meta.service[92977]: DEBUG nova.api.openstack.wsgi_app [None req-60b32d05-75a2-46d8-a897-4227f61e3907 None None] instance_delete_interval = 300 {{(pid=92977) log_opt_values /opt/stack/data/venv/lib/python3.12/site-packages/oslo_config/cfg.py:3534}}
Aug 06 01:13:38.812005 np0000006602 devstack@n-api-meta.service[92977]: DEBUG nova.api.openstack.wsgi_app [None req-60b32d05-75a2-46d8-a897-4227f61e3907 None None] instance_format = [instance: %(uuid)s] {{(pid=92977) log_opt_values /opt/stack/data/venv/lib/python3.12/site-packages/oslo_config/cfg.py:3534}}
Aug 06 01:13:38.812123 np0000006602 devstack@n-api-meta.service[92977]: DEBUG nova.api.openstack.wsgi_app [None req-60b32d05-75a2-46d8-a897-4227f61e3907 None None] instance_name_template = instance-%08x {{(pid=92977) log_opt_values /opt/stack/data/venv/lib/python3.12/site-packages/oslo_config/cfg.py:3534}}
Aug 06 01:13:38.812252 np0000006602 devstack@n-api-meta.service[92977]: DEBUG nova.api.openstack.wsgi_app [None req-60b32d05-75a2-46d8-a897-4227f61e3907 None None] instance_usage_audit = False {{(pid=92977) log_opt_values /opt/stack/data/venv/lib/python3.12/site-packages/oslo_config/cfg.py:3534}}
Aug 06 01:13:38.812416 np0000006602 devstack@n-api-meta.service[92977]: DEBUG nova.api.openstack.wsgi_app [None req-60b32d05-75a2-46d8-a897-4227f61e3907 None None] instance_usage_audit_period = month {{(pid=92977) log_opt_values /opt/stack/data/venv/lib/python3.12/site-packages/oslo_config/cfg.py:3534}}
Aug 06 01:13:38.812538 np0000006602 devstack@n-api-meta.service[92977]: DEBUG nova.api.openstack.wsgi_app [None req-60b32d05-75a2-46d8-a897-4227f61e3907 None None] instance_uuid_format = [instance: %(uuid)s] {{(pid=92977) log_opt_values /opt/stack/data/venv/lib/python3.12/site-packages/oslo_config/cfg.py:3534}}
Aug 06 01:13:38.812659 np0000006602 devstack@n-api-meta.service[92977]: DEBUG nova.api.openstack.wsgi_app [None req-60b32d05-75a2-46d8-a897-4227f61e3907 None None] instances_path = /opt/stack/data/nova/instances {{(pid=92977) log_opt_values /opt/stack/data/venv/lib/python3.12/site-packages/oslo_config/cfg.py:3534}}
Aug 06 01:13:38.812781 np0000006602 devstack@n-api-meta.service[92977]: DEBUG nova.api.openstack.wsgi_app [None req-60b32d05-75a2-46d8-a897-4227f61e3907 None None] internal_service_availability_zone = internal {{(pid=92977) log_opt_values /opt/stack/data/venv/lib/python3.12/site-packages/oslo_config/cfg.py:3534}}
Aug 06 01:13:38.812893 np0000006602 devstack@n-api-meta.service[92977]: DEBUG nova.api.openstack.wsgi_app [None req-60b32d05-75a2-46d8-a897-4227f61e3907 None None] key = None {{(pid=92977) log_opt_values /opt/stack/data/venv/lib/python3.12/site-packages/oslo_config/cfg.py:3534}}
Aug 06 01:13:38.813006 np0000006602 devstack@n-api-meta.service[92977]: DEBUG nova.api.openstack.wsgi_app [None req-60b32d05-75a2-46d8-a897-4227f61e3907 None None] live_migration_retry_count = 30 {{(pid=92977) log_opt_values /opt/stack/data/venv/lib/python3.12/site-packages/oslo_config/cfg.py:3534}}
Aug 06 01:13:38.813130 np0000006602 devstack@n-api-meta.service[92977]: DEBUG nova.api.openstack.wsgi_app [None req-60b32d05-75a2-46d8-a897-4227f61e3907 None None] log_color = False {{(pid=92977) log_opt_values /opt/stack/data/venv/lib/python3.12/site-packages/oslo_config/cfg.py:3534}}
Aug 06 01:13:38.813265 np0000006602 devstack@n-api-meta.service[92977]: DEBUG nova.api.openstack.wsgi_app [None req-60b32d05-75a2-46d8-a897-4227f61e3907 None None] log_config_append = None {{(pid=92977) log_opt_values /opt/stack/data/venv/lib/python3.12/site-packages/oslo_config/cfg.py:3534}}
Aug 06 01:13:38.813414 np0000006602 devstack@n-api-meta.service[92977]: DEBUG nova.api.openstack.wsgi_app [None req-60b32d05-75a2-46d8-a897-4227f61e3907 None None] log_date_format = %Y-%m-%d %H:%M:%S {{(pid=92977) log_opt_values /opt/stack/data/venv/lib/python3.12/site-packages/oslo_config/cfg.py:3534}}
Aug 06 01:13:38.813533 np0000006602 devstack@n-api-meta.service[92977]: DEBUG nova.api.openstack.wsgi_app [None req-60b32d05-75a2-46d8-a897-4227f61e3907 None None] log_dir = None {{(pid=92977) log_opt_values /opt/stack/data/venv/lib/python3.12/site-packages/oslo_config/cfg.py:3534}}
Aug 06 01:13:38.813648 np0000006602 devstack@n-api-meta.service[92977]: DEBUG nova.api.openstack.wsgi_app [None req-60b32d05-75a2-46d8-a897-4227f61e3907 None None] log_file = None {{(pid=92977) log_opt_values /opt/stack/data/venv/lib/python3.12/site-packages/oslo_config/cfg.py:3534}}
Aug 06 01:13:38.813741 np0000006602 devstack@n-api-meta.service[92977]: DEBUG nova.api.openstack.wsgi_app [None req-60b32d05-75a2-46d8-a897-4227f61e3907 None None] log_options = True {{(pid=92977) log_opt_values /opt/stack/data/venv/lib/python3.12/site-packages/oslo_config/cfg.py:3534}}
Aug 06 01:13:38.813856 np0000006602 devstack@n-api-meta.service[92977]: DEBUG nova.api.openstack.wsgi_app [None req-60b32d05-75a2-46d8-a897-4227f61e3907 None None] log_rotate_interval = 1 {{(pid=92977) log_opt_values /opt/stack/data/venv/lib/python3.12/site-packages/oslo_config/cfg.py:3534}}
Aug 06 01:13:38.813977 np0000006602 devstack@n-api-meta.service[92977]: DEBUG nova.api.openstack.wsgi_app [None req-60b32d05-75a2-46d8-a897-4227f61e3907 None None] log_rotate_interval_type = days {{(pid=92977) log_opt_values /opt/stack/data/venv/lib/python3.12/site-packages/oslo_config/cfg.py:3534}}
Aug 06 01:13:38.814097 np0000006602 devstack@n-api-meta.service[92977]: DEBUG nova.api.openstack.wsgi_app [None req-60b32d05-75a2-46d8-a897-4227f61e3907 None None] log_rotation_type = none {{(pid=92977) log_opt_values /opt/stack/data/venv/lib/python3.12/site-packages/oslo_config/cfg.py:3534}}
Aug 06 01:13:38.814202 np0000006602 devstack@n-api-meta.service[92977]: DEBUG nova.api.openstack.wsgi_app [None req-60b32d05-75a2-46d8-a897-4227f61e3907 None None] logging_context_format_string = %(color)s%(levelname)s %(name)s [%(global_request_id)s %(request_id)s %(project_name)s %(user_name)s%(color)s] %(instance)s%(color)s%(message)s {{(pid=92977) log_opt_values /opt/stack/data/venv/lib/python3.12/site-packages/oslo_config/cfg.py:3534}}
Aug 06 01:13:38.814324 np0000006602 devstack@n-api-meta.service[92977]: DEBUG nova.api.openstack.wsgi_app [None req-60b32d05-75a2-46d8-a897-4227f61e3907 None None] logging_debug_format_suffix = {{(pid=%(process)d) %(funcName)s %(pathname)s:%(lineno)d}} {{(pid=92977) log_opt_values /opt/stack/data/venv/lib/python3.12/site-packages/oslo_config/cfg.py:3534}}
Aug 06 01:13:38.814476 np0000006602 devstack@n-api-meta.service[92977]: DEBUG nova.api.openstack.wsgi_app [None req-60b32d05-75a2-46d8-a897-4227f61e3907 None None] logging_default_format_string = %(color)s%(levelname)s %(name)s [-%(color)s] %(instance)s%(color)s%(message)s {{(pid=92977) log_opt_values /opt/stack/data/venv/lib/python3.12/site-packages/oslo_config/cfg.py:3534}}
Aug 06 01:13:38.814600 np0000006602 devstack@n-api-meta.service[92977]: DEBUG nova.api.openstack.wsgi_app [None req-60b32d05-75a2-46d8-a897-4227f61e3907 None None] logging_exception_prefix = ERROR %(name)s %(instance)s {{(pid=92977) log_opt_values /opt/stack/data/venv/lib/python3.12/site-packages/oslo_config/cfg.py:3534}}
Aug 06 01:13:38.814702 np0000006602 devstack@n-api-meta.service[92977]: DEBUG nova.api.openstack.wsgi_app [None req-60b32d05-75a2-46d8-a897-4227f61e3907 None None] logging_user_identity_format = %(user)s %(project)s %(domain)s %(system_scope)s %(user_domain)s %(project_domain)s {{(pid=92977) log_opt_values /opt/stack/data/venv/lib/python3.12/site-packages/oslo_config/cfg.py:3534}}
Aug 06 01:13:38.814819 np0000006602 devstack@n-api-meta.service[92977]: DEBUG nova.api.openstack.wsgi_app [None req-60b32d05-75a2-46d8-a897-4227f61e3907 None None] long_rpc_timeout = 1800 {{(pid=92977) log_opt_values /opt/stack/data/venv/lib/python3.12/site-packages/oslo_config/cfg.py:3534}}
Aug 06 01:13:38.814931 np0000006602 devstack@n-api-meta.service[92977]: DEBUG nova.api.openstack.wsgi_app [None req-60b32d05-75a2-46d8-a897-4227f61e3907 None None] manager_shutdown_timeout = 160 {{(pid=92977) log_opt_values /opt/stack/data/venv/lib/python3.12/site-packages/oslo_config/cfg.py:3534}}
Aug 06 01:13:38.815045 np0000006602 devstack@n-api-meta.service[92977]: DEBUG nova.api.openstack.wsgi_app [None req-60b32d05-75a2-46d8-a897-4227f61e3907 None None] max_concurrent_builds = 10 {{(pid=92977) log_opt_values /opt/stack/data/venv/lib/python3.12/site-packages/oslo_config/cfg.py:3534}}
Aug 06 01:13:38.815162 np0000006602 devstack@n-api-meta.service[92977]: DEBUG nova.api.openstack.wsgi_app [None req-60b32d05-75a2-46d8-a897-4227f61e3907 None None] max_concurrent_live_migrations = 1 {{(pid=92977) log_opt_values /opt/stack/data/venv/lib/python3.12/site-packages/oslo_config/cfg.py:3534}}
Aug 06 01:13:38.815290 np0000006602 devstack@n-api-meta.service[92977]: DEBUG nova.api.openstack.wsgi_app [None req-60b32d05-75a2-46d8-a897-4227f61e3907 None None] max_concurrent_snapshots = 5 {{(pid=92977) log_opt_values /opt/stack/data/venv/lib/python3.12/site-packages/oslo_config/cfg.py:3534}}
Aug 06 01:13:38.815445 np0000006602 devstack@n-api-meta.service[92977]: DEBUG nova.api.openstack.wsgi_app [None req-60b32d05-75a2-46d8-a897-4227f61e3907 None None] max_local_block_devices = 3 {{(pid=92977) log_opt_values /opt/stack/data/venv/lib/python3.12/site-packages/oslo_config/cfg.py:3534}}
Aug 06 01:13:38.815564 np0000006602 devstack@n-api-meta.service[92977]: DEBUG nova.api.openstack.wsgi_app [None req-60b32d05-75a2-46d8-a897-4227f61e3907 None None] max_logfile_count = 30 {{(pid=92977) log_opt_values /opt/stack/data/venv/lib/python3.12/site-packages/oslo_config/cfg.py:3534}}
Aug 06 01:13:38.815681 np0000006602 devstack@n-api-meta.service[92977]: DEBUG nova.api.openstack.wsgi_app [None req-60b32d05-75a2-46d8-a897-4227f61e3907 None None] max_logfile_size_mb = 200 {{(pid=92977) log_opt_values /opt/stack/data/venv/lib/python3.12/site-packages/oslo_config/cfg.py:3534}}
Aug 06 01:13:38.815851 np0000006602 devstack@n-api-meta.service[92977]: DEBUG nova.api.openstack.wsgi_app [None req-60b32d05-75a2-46d8-a897-4227f61e3907 None None] maximum_instance_delete_attempts = 5 {{(pid=92977) log_opt_values /opt/stack/data/venv/lib/python3.12/site-packages/oslo_config/cfg.py:3534}}
Aug 06 01:13:38.816023 np0000006602 devstack@n-api-meta.service[92977]: DEBUG nova.api.openstack.wsgi_app [None req-60b32d05-75a2-46d8-a897-4227f61e3907 None None] migrate_max_retries = -1 {{(pid=92977) log_opt_values /opt/stack/data/venv/lib/python3.12/site-packages/oslo_config/cfg.py:3534}}
Aug 06 01:13:38.816219 np0000006602 devstack@n-api-meta.service[92977]: DEBUG nova.api.openstack.wsgi_app [None req-60b32d05-75a2-46d8-a897-4227f61e3907 None None] mkisofs_cmd = genisoimage {{(pid=92977) log_opt_values /opt/stack/data/venv/lib/python3.12/site-packages/oslo_config/cfg.py:3534}}
Aug 06 01:13:38.816446 np0000006602 devstack@n-api-meta.service[92977]: DEBUG nova.api.openstack.wsgi_app [None req-60b32d05-75a2-46d8-a897-4227f61e3907 None None] my_block_storage_ip = 10.4.3.150 {{(pid=92977) log_opt_values /opt/stack/data/venv/lib/python3.12/site-packages/oslo_config/cfg.py:3534}}
Aug 06 01:13:38.816572 np0000006602 devstack@n-api-meta.service[92977]: DEBUG nova.api.openstack.wsgi_app [None req-60b32d05-75a2-46d8-a897-4227f61e3907 None None] my_ip = 10.4.3.150 {{(pid=92977) log_opt_values /opt/stack/data/venv/lib/python3.12/site-packages/oslo_config/cfg.py:3534}}
Aug 06 01:13:38.816771 np0000006602 devstack@n-api-meta.service[92977]: DEBUG nova.api.openstack.wsgi_app [None req-60b32d05-75a2-46d8-a897-4227f61e3907 None None] my_shared_fs_storage_ip = 10.4.3.150 {{(pid=92977) log_opt_values /opt/stack/data/venv/lib/python3.12/site-packages/oslo_config/cfg.py:3534}}
Aug 06 01:13:38.816896 np0000006602 devstack@n-api-meta.service[92977]: DEBUG nova.api.openstack.wsgi_app [None req-60b32d05-75a2-46d8-a897-4227f61e3907 None None] network_allocate_retries = 0 {{(pid=92977) log_opt_values /opt/stack/data/venv/lib/python3.12/site-packages/oslo_config/cfg.py:3534}}
Aug 06 01:13:38.817027 np0000006602 devstack@n-api-meta.service[92977]: DEBUG nova.api.openstack.wsgi_app [None req-60b32d05-75a2-46d8-a897-4227f61e3907 None None] non_inheritable_image_properties = ['cache_in_nova', 'bittorrent'] {{(pid=92977) log_opt_values /opt/stack/data/venv/lib/python3.12/site-packages/oslo_config/cfg.py:3534}}
Aug 06 01:13:38.817160 np0000006602 devstack@n-api-meta.service[92977]: DEBUG nova.api.openstack.wsgi_app [None req-60b32d05-75a2-46d8-a897-4227f61e3907 None None] osapi_compute_unique_server_name_scope = {{(pid=92977) log_opt_values /opt/stack/data/venv/lib/python3.12/site-packages/oslo_config/cfg.py:3534}}
