Jul 28 01:53:07.673266 np0000005942 nova-scheduler[96583]: DEBUG cotyledon.oslo_config_glue [-] workarounds.libvirt_disable_apic = False {{(pid=96583) log_opt_values /opt/stack/data/venv/lib/python3.12/site-packages/oslo_config/cfg.py:3253}}
Jul 28 01:53:07.673266 np0000005942 nova-scheduler[96583]: DEBUG cotyledon.oslo_config_glue [-] workarounds.never_download_image_if_on_rbd = False {{(pid=96583) log_opt_values /opt/stack/data/venv/lib/python3.12/site-packages/oslo_config/cfg.py:3253}}
Jul 28 01:53:07.673266 np0000005942 nova-scheduler[96583]: DEBUG cotyledon.oslo_config_glue [-] workarounds.qemu_monitor_announce_self_count = 3 {{(pid=96583) log_opt_values /opt/stack/data/venv/lib/python3.12/site-packages/oslo_config/cfg.py:3253}}
Jul 28 01:53:07.673266 np0000005942 nova-scheduler[96583]: DEBUG cotyledon.oslo_config_glue [-] workarounds.qemu_monitor_announce_self_interval = 1 {{(pid=96583) log_opt_values /opt/stack/data/venv/lib/python3.12/site-packages/oslo_config/cfg.py:3253}}
Jul 28 01:53:07.673266 np0000005942 nova-scheduler[96583]: DEBUG cotyledon.oslo_config_glue [-] workarounds.reserve_disk_resource_for_image_cache = False {{(pid=96583) log_opt_values /opt/stack/data/venv/lib/python3.12/site-packages/oslo_config/cfg.py:3253}}
Jul 28 01:53:07.673266 np0000005942 nova-scheduler[96583]: DEBUG cotyledon.oslo_config_glue [-] workarounds.skip_cpu_compare_at_startup = False {{(pid=96583) log_opt_values /opt/stack/data/venv/lib/python3.12/site-packages/oslo_config/cfg.py:3253}}
Jul 28 01:53:07.673266 np0000005942 nova-scheduler[96583]: DEBUG cotyledon.oslo_config_glue [-] workarounds.skip_cpu_compare_on_dest = False {{(pid=96583) log_opt_values /opt/stack/data/venv/lib/python3.12/site-packages/oslo_config/cfg.py:3253}}
Jul 28 01:53:07.673266 np0000005942 nova-scheduler[96583]: DEBUG cotyledon.oslo_config_glue [-] workarounds.skip_hypervisor_version_check_on_lm = False {{(pid=96583) log_opt_values /opt/stack/data/venv/lib/python3.12/site-packages/oslo_config/cfg.py:3253}}
Jul 28 01:53:07.673489 np0000005942 nova-scheduler[96583]: DEBUG cotyledon.oslo_config_glue [-] workarounds.skip_reserve_in_use_ironic_nodes = False {{(pid=96583) log_opt_values /opt/stack/data/venv/lib/python3.12/site-packages/oslo_config/cfg.py:3253}}
Jul 28 01:53:07.673489 np0000005942 nova-scheduler[96583]: DEBUG cotyledon.oslo_config_glue [-] workarounds.unified_limits_count_pcpu_as_vcpu = False {{(pid=96583) log_opt_values /opt/stack/data/venv/lib/python3.12/site-packages/oslo_config/cfg.py:3253}}
Jul 28 01:53:07.673489 np0000005942 nova-scheduler[96583]: DEBUG cotyledon.oslo_config_glue [-] workarounds.wait_for_vif_plugged_event_during_hard_reboot = [] {{(pid=96583) log_opt_values /opt/stack/data/venv/lib/python3.12/site-packages/oslo_config/cfg.py:3253}}
Jul 28 01:53:07.673489 np0000005942 nova-scheduler[96583]: DEBUG cotyledon.oslo_config_glue [-] wsgi.api_paste_config = /etc/nova/api-paste.ini {{(pid=96583) log_opt_values /opt/stack/data/venv/lib/python3.12/site-packages/oslo_config/cfg.py:3253}}
Jul 28 01:53:07.673489 np0000005942 nova-scheduler[96583]: DEBUG cotyledon.oslo_config_glue [-] wsgi.secure_proxy_ssl_header = None {{(pid=96583) log_opt_values /opt/stack/data/venv/lib/python3.12/site-packages/oslo_config/cfg.py:3253}}
Jul 28 01:53:07.673489 np0000005942 nova-scheduler[96583]: DEBUG cotyledon.oslo_config_glue [-] zvm.ca_file = None {{(pid=96583) log_opt_values /opt/stack/data/venv/lib/python3.12/site-packages/oslo_config/cfg.py:3253}}
Jul 28 01:53:07.673489 np0000005942 nova-scheduler[96583]: DEBUG cotyledon.oslo_config_glue [-] zvm.cloud_connector_url = None {{(pid=96583) log_opt_values /opt/stack/data/venv/lib/python3.12/site-packages/oslo_config/cfg.py:3253}}
Jul 28 01:53:07.673489 np0000005942 nova-scheduler[96583]: DEBUG cotyledon.oslo_config_glue [-] zvm.image_tmp_path = /opt/stack/data/nova/images {{(pid=96583) log_opt_values /opt/stack/data/venv/lib/python3.12/site-packages/oslo_config/cfg.py:3253}}
Jul 28 01:53:07.673489 np0000005942 nova-scheduler[96583]: DEBUG cotyledon.oslo_config_glue [-] zvm.reachable_timeout = 300 {{(pid=96583) log_opt_values /opt/stack/data/venv/lib/python3.12/site-packages/oslo_config/cfg.py:3253}}
Jul 28 01:53:07.673683 np0000005942 nova-scheduler[96583]: DEBUG cotyledon.oslo_config_glue [-] oslo_versionedobjects.fatal_exception_format_errors = False {{(pid=96583) log_opt_values /opt/stack/data/venv/lib/python3.12/site-packages/oslo_config/cfg.py:3253}}
Jul 28 01:53:07.673683 np0000005942 nova-scheduler[96583]: DEBUG cotyledon.oslo_config_glue [-] oslo_middleware.http_basic_auth_user_file = /etc/htpasswd {{(pid=96583) log_opt_values /opt/stack/data/venv/lib/python3.12/site-packages/oslo_config/cfg.py:3253}}
Jul 28 01:53:07.673683 np0000005942 nova-scheduler[96583]: DEBUG cotyledon.oslo_config_glue [-] oslo_messaging_metrics.metrics_buffer_size = 1000 {{(pid=96583) log_opt_values /opt/stack/data/venv/lib/python3.12/site-packages/oslo_config/cfg.py:3253}}
Jul 28 01:53:07.673683 np0000005942 nova-scheduler[96583]: DEBUG cotyledon.oslo_config_glue [-] oslo_messaging_metrics.metrics_enabled = False {{(pid=96583) log_opt_values /opt/stack/data/venv/lib/python3.12/site-packages/oslo_config/cfg.py:3253}}
Jul 28 01:53:07.673683 np0000005942 nova-scheduler[96583]: DEBUG cotyledon.oslo_config_glue [-] oslo_messaging_metrics.metrics_process_name = {{(pid=96583) log_opt_values /opt/stack/data/venv/lib/python3.12/site-packages/oslo_config/cfg.py:3253}}
Jul 28 01:53:07.673683 np0000005942 nova-scheduler[96583]: DEBUG cotyledon.oslo_config_glue [-] oslo_messaging_metrics.metrics_socket_file = /var/tmp/metrics_collector.sock {{(pid=96583) log_opt_values /opt/stack/data/venv/lib/python3.12/site-packages/oslo_config/cfg.py:3253}}
Jul 28 01:53:07.673683 np0000005942 nova-scheduler[96583]: DEBUG cotyledon.oslo_config_glue [-] oslo_messaging_metrics.metrics_thread_stop_timeout = 10 {{(pid=96583) log_opt_values /opt/stack/data/venv/lib/python3.12/site-packages/oslo_config/cfg.py:3253}}
Jul 28 01:53:07.673683 np0000005942 nova-scheduler[96583]: DEBUG cotyledon.oslo_config_glue [-] profiler.connection_string = messaging:// {{(pid=96583) log_opt_values /opt/stack/data/venv/lib/python3.12/site-packages/oslo_config/cfg.py:3253}}
Jul 28 01:53:07.673924 np0000005942 nova-scheduler[96583]: DEBUG cotyledon.oslo_config_glue [-] profiler.enabled = False {{(pid=96583) log_opt_values /opt/stack/data/venv/lib/python3.12/site-packages/oslo_config/cfg.py:3253}}
Jul 28 01:53:07.673924 np0000005942 nova-scheduler[96583]: DEBUG cotyledon.oslo_config_glue [-] profiler.es_doc_type = notification {{(pid=96583) log_opt_values /opt/stack/data/venv/lib/python3.12/site-packages/oslo_config/cfg.py:3253}}
Jul 28 01:53:07.673924 np0000005942 nova-scheduler[96583]: DEBUG cotyledon.oslo_config_glue [-] profiler.es_scroll_size = 10000 {{(pid=96583) log_opt_values /opt/stack/data/venv/lib/python3.12/site-packages/oslo_config/cfg.py:3253}}
Jul 28 01:53:07.673924 np0000005942 nova-scheduler[96583]: DEBUG cotyledon.oslo_config_glue [-] profiler.es_scroll_time = 2m {{(pid=96583) log_opt_values /opt/stack/data/venv/lib/python3.12/site-packages/oslo_config/cfg.py:3253}}
Jul 28 01:53:07.673924 np0000005942 nova-scheduler[96583]: DEBUG cotyledon.oslo_config_glue [-] profiler.filter_error_trace = False {{(pid=96583) log_opt_values /opt/stack/data/venv/lib/python3.12/site-packages/oslo_config/cfg.py:3253}}
Jul 28 01:53:07.673924 np0000005942 nova-scheduler[96583]: DEBUG cotyledon.oslo_config_glue [-] profiler.hmac_keys = **** {{(pid=96583) log_opt_values /opt/stack/data/venv/lib/python3.12/site-packages/oslo_config/cfg.py:3253}}
Jul 28 01:53:07.673924 np0000005942 nova-scheduler[96583]: DEBUG cotyledon.oslo_config_glue [-] profiler.sentinel_service_name = mymaster {{(pid=96583) log_opt_values /opt/stack/data/venv/lib/python3.12/site-packages/oslo_config/cfg.py:3253}}
Jul 28 01:53:07.673924 np0000005942 nova-scheduler[96583]: DEBUG cotyledon.oslo_config_glue [-] profiler.socket_timeout = 0.1 {{(pid=96583) log_opt_values /opt/stack/data/venv/lib/python3.12/site-packages/oslo_config/cfg.py:3253}}
Jul 28 01:53:07.673924 np0000005942 nova-scheduler[96583]: DEBUG cotyledon.oslo_config_glue [-] profiler.trace_requests = False {{(pid=96583) log_opt_values /opt/stack/data/venv/lib/python3.12/site-packages/oslo_config/cfg.py:3253}}
Jul 28 01:53:07.674226 np0000005942 nova-scheduler[96583]: DEBUG cotyledon.oslo_config_glue [-] profiler.trace_sqlalchemy = False {{(pid=96583) log_opt_values /opt/stack/data/venv/lib/python3.12/site-packages/oslo_config/cfg.py:3253}}
Jul 28 01:53:07.674226 np0000005942 nova-scheduler[96583]: DEBUG cotyledon.oslo_config_glue [-] profiler_jaeger.process_tags = {} {{(pid=96583) log_opt_values /opt/stack/data/venv/lib/python3.12/site-packages/oslo_config/cfg.py:3253}}
Jul 28 01:53:07.674226 np0000005942 nova-scheduler[96583]: DEBUG cotyledon.oslo_config_glue [-] profiler_jaeger.service_name_prefix = None {{(pid=96583) log_opt_values /opt/stack/data/venv/lib/python3.12/site-packages/oslo_config/cfg.py:3253}}
Jul 28 01:53:07.674226 np0000005942 nova-scheduler[96583]: DEBUG cotyledon.oslo_config_glue [-] profiler_otlp.service_name_prefix = None {{(pid=96583) log_opt_values /opt/stack/data/venv/lib/python3.12/site-packages/oslo_config/cfg.py:3253}}
Jul 28 01:53:07.674226 np0000005942 nova-scheduler[96583]: DEBUG cotyledon.oslo_config_glue [-] oslo_messaging_rabbit.amqp_auto_delete = False {{(pid=96583) log_opt_values /opt/stack/data/venv/lib/python3.12/site-packages/oslo_config/cfg.py:3253}}
Jul 28 01:53:07.674226 np0000005942 nova-scheduler[96583]: DEBUG cotyledon.oslo_config_glue [-] oslo_messaging_rabbit.amqp_durable_queues = False {{(pid=96583) log_opt_values /opt/stack/data/venv/lib/python3.12/site-packages/oslo_config/cfg.py:3253}}
Jul 28 01:53:07.674226 np0000005942 nova-scheduler[96583]: DEBUG cotyledon.oslo_config_glue [-] oslo_messaging_rabbit.conn_pool_min_size = 2 {{(pid=96583) log_opt_values /opt/stack/data/venv/lib/python3.12/site-packages/oslo_config/cfg.py:3253}}
Jul 28 01:53:07.674226 np0000005942 nova-scheduler[96583]: DEBUG cotyledon.oslo_config_glue [-] oslo_messaging_rabbit.conn_pool_ttl = 1200 {{(pid=96583) log_opt_values /opt/stack/data/venv/lib/python3.12/site-packages/oslo_config/cfg.py:3253}}
Jul 28 01:53:07.674226 np0000005942 nova-scheduler[96583]: DEBUG cotyledon.oslo_config_glue [-] oslo_messaging_rabbit.direct_mandatory_flag = True {{(pid=96583) log_opt_values /opt/stack/data/venv/lib/python3.12/site-packages/oslo_config/cfg.py:3253}}
Jul 28 01:53:07.674473 np0000005942 nova-scheduler[96583]: DEBUG cotyledon.oslo_config_glue [-] oslo_messaging_rabbit.enable_cancel_on_failover = False {{(pid=96583) log_opt_values /opt/stack/data/venv/lib/python3.12/site-packages/oslo_config/cfg.py:3253}}
Jul 28 01:53:07.674473 np0000005942 nova-scheduler[96583]: DEBUG cotyledon.oslo_config_glue [-] oslo_messaging_rabbit.heartbeat_rate = 3 {{(pid=96583) log_opt_values /opt/stack/data/venv/lib/python3.12/site-packages/oslo_config/cfg.py:3253}}
Jul 28 01:53:07.674473 np0000005942 nova-scheduler[96583]: DEBUG cotyledon.oslo_config_glue [-] oslo_messaging_rabbit.heartbeat_timeout_threshold = 60 {{(pid=96583) log_opt_values /opt/stack/data/venv/lib/python3.12/site-packages/oslo_config/cfg.py:3253}}
Jul 28 01:53:07.674473 np0000005942 nova-scheduler[96583]: DEBUG cotyledon.oslo_config_glue [-] oslo_messaging_rabbit.hostname = np0000005942 {{(pid=96583) log_opt_values /opt/stack/data/venv/lib/python3.12/site-packages/oslo_config/cfg.py:3253}}
Jul 28 01:53:07.674473 np0000005942 nova-scheduler[96583]: DEBUG cotyledon.oslo_config_glue [-] oslo_messaging_rabbit.kombu_compression = None {{(pid=96583) log_opt_values /opt/stack/data/venv/lib/python3.12/site-packages/oslo_config/cfg.py:3253}}
Jul 28 01:53:07.674473 np0000005942 nova-scheduler[96583]: DEBUG cotyledon.oslo_config_glue [-] oslo_messaging_rabbit.kombu_failover_strategy = round-robin {{(pid=96583) log_opt_values /opt/stack/data/venv/lib/python3.12/site-packages/oslo_config/cfg.py:3253}}
Jul 28 01:53:07.674473 np0000005942 nova-scheduler[96583]: DEBUG cotyledon.oslo_config_glue [-] oslo_messaging_rabbit.kombu_missing_consumer_retry_timeout = 60 {{(pid=96583) log_opt_values /opt/stack/data/venv/lib/python3.12/site-packages/oslo_config/cfg.py:3253}}
Jul 28 01:53:07.674473 np0000005942 nova-scheduler[96583]: DEBUG cotyledon.oslo_config_glue [-] oslo_messaging_rabbit.kombu_reconnect_delay = 1.0 {{(pid=96583) log_opt_values /opt/stack/data/venv/lib/python3.12/site-packages/oslo_config/cfg.py:3253}}
Jul 28 01:53:07.674473 np0000005942 nova-scheduler[96583]: DEBUG cotyledon.oslo_config_glue [-] oslo_messaging_rabbit.kombu_reconnect_splay = 0.0 {{(pid=96583) log_opt_values /opt/stack/data/venv/lib/python3.12/site-packages/oslo_config/cfg.py:3253}}
Jul 28 01:53:07.674750 np0000005942 nova-scheduler[96583]: DEBUG cotyledon.oslo_config_glue [-] oslo_messaging_rabbit.processname = nova-scheduler {{(pid=96583) log_opt_values /opt/stack/data/venv/lib/python3.12/site-packages/oslo_config/cfg.py:3253}}
Jul 28 01:53:07.674750 np0000005942 nova-scheduler[96583]: DEBUG cotyledon.oslo_config_glue [-] oslo_messaging_rabbit.rabbit_ha_queues = False {{(pid=96583) log_opt_values /opt/stack/data/venv/lib/python3.12/site-packages/oslo_config/cfg.py:3253}}
Jul 28 01:53:07.674750 np0000005942 nova-scheduler[96583]: DEBUG cotyledon.oslo_config_glue [-] oslo_messaging_rabbit.rabbit_interval_max = 30 {{(pid=96583) log_opt_values /opt/stack/data/venv/lib/python3.12/site-packages/oslo_config/cfg.py:3253}}
Jul 28 01:53:07.674750 np0000005942 nova-scheduler[96583]: DEBUG cotyledon.oslo_config_glue [-] oslo_messaging_rabbit.rabbit_login_method = AMQPLAIN {{(pid=96583) log_opt_values /opt/stack/data/venv/lib/python3.12/site-packages/oslo_config/cfg.py:3253}}
Jul 28 01:53:07.674750 np0000005942 nova-scheduler[96583]: DEBUG cotyledon.oslo_config_glue [-] oslo_messaging_rabbit.rabbit_qos_prefetch_count = 0 {{(pid=96583) log_opt_values /opt/stack/data/venv/lib/python3.12/site-packages/oslo_config/cfg.py:3253}}
Jul 28 01:53:07.674750 np0000005942 nova-scheduler[96583]: DEBUG cotyledon.oslo_config_glue [-] oslo_messaging_rabbit.rabbit_quorum_delivery_limit = 0 {{(pid=96583) log_opt_values /opt/stack/data/venv/lib/python3.12/site-packages/oslo_config/cfg.py:3253}}
Jul 28 01:53:07.674750 np0000005942 nova-scheduler[96583]: DEBUG cotyledon.oslo_config_glue [-] oslo_messaging_rabbit.rabbit_quorum_max_memory_bytes = 0 {{(pid=96583) log_opt_values /opt/stack/data/venv/lib/python3.12/site-packages/oslo_config/cfg.py:3253}}
Jul 28 01:53:07.674750 np0000005942 nova-scheduler[96583]: DEBUG cotyledon.oslo_config_glue [-] oslo_messaging_rabbit.rabbit_quorum_max_memory_length = 0 {{(pid=96583) log_opt_values /opt/stack/data/venv/lib/python3.12/site-packages/oslo_config/cfg.py:3253}}
Jul 28 01:53:07.674750 np0000005942 nova-scheduler[96583]: DEBUG cotyledon.oslo_config_glue [-] oslo_messaging_rabbit.rabbit_quorum_queue = False {{(pid=96583) log_opt_values /opt/stack/data/venv/lib/python3.12/site-packages/oslo_config/cfg.py:3253}}
Jul 28 01:53:07.674939 np0000005942 nova-scheduler[96583]: DEBUG cotyledon.oslo_config_glue [-] oslo_messaging_rabbit.rabbit_retry_backoff = 2 {{(pid=96583) log_opt_values /opt/stack/data/venv/lib/python3.12/site-packages/oslo_config/cfg.py:3253}}
Jul 28 01:53:07.674939 np0000005942 nova-scheduler[96583]: DEBUG cotyledon.oslo_config_glue [-] oslo_messaging_rabbit.rabbit_retry_interval = 1 {{(pid=96583) log_opt_values /opt/stack/data/venv/lib/python3.12/site-packages/oslo_config/cfg.py:3253}}
Jul 28 01:53:07.674939 np0000005942 nova-scheduler[96583]: DEBUG cotyledon.oslo_config_glue [-] oslo_messaging_rabbit.rabbit_stream_fanout = False {{(pid=96583) log_opt_values /opt/stack/data/venv/lib/python3.12/site-packages/oslo_config/cfg.py:3253}}
Jul 28 01:53:07.674939 np0000005942 nova-scheduler[96583]: DEBUG cotyledon.oslo_config_glue [-] oslo_messaging_rabbit.rabbit_transient_queues_ttl = 1800 {{(pid=96583) log_opt_values /opt/stack/data/venv/lib/python3.12/site-packages/oslo_config/cfg.py:3253}}
Jul 28 01:53:07.674939 np0000005942 nova-scheduler[96583]: DEBUG cotyledon.oslo_config_glue [-] oslo_messaging_rabbit.rabbit_transient_quorum_queue = False {{(pid=96583) log_opt_values /opt/stack/data/venv/lib/python3.12/site-packages/oslo_config/cfg.py:3253}}
Jul 28 01:53:07.674939 np0000005942 nova-scheduler[96583]: DEBUG cotyledon.oslo_config_glue [-] oslo_messaging_rabbit.rpc_conn_pool_size = 30 {{(pid=96583) log_opt_values /opt/stack/data/venv/lib/python3.12/site-packages/oslo_config/cfg.py:3253}}
Jul 28 01:53:07.674939 np0000005942 nova-scheduler[96583]: DEBUG cotyledon.oslo_config_glue [-] oslo_messaging_rabbit.ssl = False {{(pid=96583) log_opt_values /opt/stack/data/venv/lib/python3.12/site-packages/oslo_config/cfg.py:3253}}
Jul 28 01:53:07.674939 np0000005942 nova-scheduler[96583]: DEBUG cotyledon.oslo_config_glue [-] oslo_messaging_rabbit.ssl_ca_file = {{(pid=96583) log_opt_values /opt/stack/data/venv/lib/python3.12/site-packages/oslo_config/cfg.py:3253}}
Jul 28 01:53:07.674939 np0000005942 nova-scheduler[96583]: DEBUG cotyledon.oslo_config_glue [-] oslo_messaging_rabbit.ssl_cert_file = {{(pid=96583) log_opt_values /opt/stack/data/venv/lib/python3.12/site-packages/oslo_config/cfg.py:3253}}
Jul 28 01:53:07.675105 np0000005942 nova-scheduler[96583]: DEBUG cotyledon.oslo_config_glue [-] oslo_messaging_rabbit.ssl_enforce_fips_mode = False {{(pid=96583) log_opt_values /opt/stack/data/venv/lib/python3.12/site-packages/oslo_config/cfg.py:3253}}
Jul 28 01:53:07.675105 np0000005942 nova-scheduler[96583]: DEBUG cotyledon.oslo_config_glue [-] oslo_messaging_rabbit.ssl_enforce_hostname_verification = True {{(pid=96583) log_opt_values /opt/stack/data/venv/lib/python3.12/site-packages/oslo_config/cfg.py:3253}}
Jul 28 01:53:07.675105 np0000005942 nova-scheduler[96583]: DEBUG cotyledon.oslo_config_glue [-] oslo_messaging_rabbit.ssl_key_file = {{(pid=96583) log_opt_values /opt/stack/data/venv/lib/python3.12/site-packages/oslo_config/cfg.py:3253}}
Jul 28 01:53:07.675105 np0000005942 nova-scheduler[96583]: DEBUG cotyledon.oslo_config_glue [-] oslo_messaging_rabbit.ssl_version = {{(pid=96583) log_opt_values /opt/stack/data/venv/lib/python3.12/site-packages/oslo_config/cfg.py:3253}}
Jul 28 01:53:07.675105 np0000005942 nova-scheduler[96583]: DEBUG cotyledon.oslo_config_glue [-] oslo_messaging_rabbit.use_queue_manager = False {{(pid=96583) log_opt_values /opt/stack/data/venv/lib/python3.12/site-packages/oslo_config/cfg.py:3253}}
Jul 28 01:53:07.675105 np0000005942 nova-scheduler[96583]: DEBUG cotyledon.oslo_config_glue [-] oslo_messaging_notifications.driver = ['messagingv2'] {{(pid=96583) log_opt_values /opt/stack/data/venv/lib/python3.12/site-packages/oslo_config/cfg.py:3253}}
Jul 28 01:53:07.675105 np0000005942 nova-scheduler[96583]: DEBUG cotyledon.oslo_config_glue [-] oslo_messaging_notifications.retry = -1 {{(pid=96583) log_opt_values /opt/stack/data/venv/lib/python3.12/site-packages/oslo_config/cfg.py:3253}}
Jul 28 01:53:07.675105 np0000005942 nova-scheduler[96583]: DEBUG cotyledon.oslo_config_glue [-] oslo_messaging_notifications.topics = ['notifications'] {{(pid=96583) log_opt_values /opt/stack/data/venv/lib/python3.12/site-packages/oslo_config/cfg.py:3253}}
Jul 28 01:53:07.675105 np0000005942 nova-scheduler[96583]: DEBUG cotyledon.oslo_config_glue [-] oslo_messaging_notifications.transport_url = **** {{(pid=96583) log_opt_values /opt/stack/data/venv/lib/python3.12/site-packages/oslo_config/cfg.py:3253}}
Jul 28 01:53:07.675314 np0000005942 nova-scheduler[96583]: DEBUG cotyledon.oslo_config_glue [-] oslo_limit.auth_section = None {{(pid=96583) log_opt_values /opt/stack/data/venv/lib/python3.12/site-packages/oslo_config/cfg.py:3253}}
Jul 28 01:53:07.675314 np0000005942 nova-scheduler[96583]: DEBUG cotyledon.oslo_config_glue [-] oslo_limit.auth_type = None {{(pid=96583) log_opt_values /opt/stack/data/venv/lib/python3.12/site-packages/oslo_config/cfg.py:3253}}
Jul 28 01:53:07.675314 np0000005942 nova-scheduler[96583]: DEBUG cotyledon.oslo_config_glue [-] oslo_limit.cafile = None {{(pid=96583) log_opt_values /opt/stack/data/venv/lib/python3.12/site-packages/oslo_config/cfg.py:3253}}
Jul 28 01:53:07.675314 np0000005942 nova-scheduler[96583]: DEBUG cotyledon.oslo_config_glue [-] oslo_limit.certfile = None {{(pid=96583) log_opt_values /opt/stack/data/venv/lib/python3.12/site-packages/oslo_config/cfg.py:3253}}
Jul 28 01:53:07.675314 np0000005942 nova-scheduler[96583]: DEBUG cotyledon.oslo_config_glue [-] oslo_limit.collect_timing = False {{(pid=96583) log_opt_values /opt/stack/data/venv/lib/python3.12/site-packages/oslo_config/cfg.py:3253}}
Jul 28 01:53:07.675314 np0000005942 nova-scheduler[96583]: DEBUG cotyledon.oslo_config_glue [-] oslo_limit.connect_retries = None {{(pid=96583) log_opt_values /opt/stack/data/venv/lib/python3.12/site-packages/oslo_config/cfg.py:3253}}
Jul 28 01:53:07.675314 np0000005942 nova-scheduler[96583]: DEBUG cotyledon.oslo_config_glue [-] oslo_limit.connect_retry_delay = None {{(pid=96583) log_opt_values /opt/stack/data/venv/lib/python3.12/site-packages/oslo_config/cfg.py:3253}}
Jul 28 01:53:07.675314 np0000005942 nova-scheduler[96583]: DEBUG cotyledon.oslo_config_glue [-] oslo_limit.endpoint_id = None {{(pid=96583) log_opt_values /opt/stack/data/venv/lib/python3.12/site-packages/oslo_config/cfg.py:3253}}
Jul 28 01:53:07.675314 np0000005942 nova-scheduler[96583]: DEBUG cotyledon.oslo_config_glue [-] oslo_limit.endpoint_interface = public {{(pid=96583) log_opt_values /opt/stack/data/venv/lib/python3.12/site-packages/oslo_config/cfg.py:3253}}
Jul 28 01:53:07.675505 np0000005942 nova-scheduler[96583]: DEBUG cotyledon.oslo_config_glue [-] oslo_limit.endpoint_override = None {{(pid=96583) log_opt_values /opt/stack/data/venv/lib/python3.12/site-packages/oslo_config/cfg.py:3253}}
Jul 28 01:53:07.675505 np0000005942 nova-scheduler[96583]: DEBUG cotyledon.oslo_config_glue [-] oslo_limit.endpoint_region_name = None {{(pid=96583) log_opt_values /opt/stack/data/venv/lib/python3.12/site-packages/oslo_config/cfg.py:3253}}
Jul 28 01:53:07.675505 np0000005942 nova-scheduler[96583]: DEBUG cotyledon.oslo_config_glue [-] oslo_limit.endpoint_service_name = None {{(pid=96583) log_opt_values /opt/stack/data/venv/lib/python3.12/site-packages/oslo_config/cfg.py:3253}}
Jul 28 01:53:07.675505 np0000005942 nova-scheduler[96583]: DEBUG cotyledon.oslo_config_glue [-] oslo_limit.endpoint_service_type = None {{(pid=96583) log_opt_values /opt/stack/data/venv/lib/python3.12/site-packages/oslo_config/cfg.py:3253}}
Jul 28 01:53:07.675505 np0000005942 nova-scheduler[96583]: DEBUG cotyledon.oslo_config_glue [-] oslo_limit.insecure = False {{(pid=96583) log_opt_values /opt/stack/data/venv/lib/python3.12/site-packages/oslo_config/cfg.py:3253}}
Jul 28 01:53:07.675505 np0000005942 nova-scheduler[96583]: DEBUG cotyledon.oslo_config_glue [-] oslo_limit.keyfile = None {{(pid=96583) log_opt_values /opt/stack/data/venv/lib/python3.12/site-packages/oslo_config/cfg.py:3253}}
Jul 28 01:53:07.675505 np0000005942 nova-scheduler[96583]: DEBUG cotyledon.oslo_config_glue [-] oslo_limit.max_version = None {{(pid=96583) log_opt_values /opt/stack/data/venv/lib/python3.12/site-packages/oslo_config/cfg.py:3253}}
Jul 28 01:53:07.675505 np0000005942 nova-scheduler[96583]: DEBUG cotyledon.oslo_config_glue [-] oslo_limit.min_version = None {{(pid=96583) log_opt_values /opt/stack/data/venv/lib/python3.12/site-packages/oslo_config/cfg.py:3253}}
Jul 28 01:53:07.675505 np0000005942 nova-scheduler[96583]: DEBUG cotyledon.oslo_config_glue [-] oslo_limit.region_name = None {{(pid=96583) log_opt_values /opt/stack/data/venv/lib/python3.12/site-packages/oslo_config/cfg.py:3253}}
Jul 28 01:53:07.675669 np0000005942 nova-scheduler[96583]: DEBUG cotyledon.oslo_config_glue [-] oslo_limit.retriable_status_codes = None {{(pid=96583) log_opt_values /opt/stack/data/venv/lib/python3.12/site-packages/oslo_config/cfg.py:3253}}
Jul 28 01:53:07.675669 np0000005942 nova-scheduler[96583]: DEBUG cotyledon.oslo_config_glue [-] oslo_limit.service_name = None {{(pid=96583) log_opt_values /opt/stack/data/venv/lib/python3.12/site-packages/oslo_config/cfg.py:3253}}
Jul 28 01:53:07.675712 np0000005942 nova-scheduler[96575]: DEBUG oslo_db.sqlalchemy.engines [None req-5d758a9e-7780-4acf-9610-822ca7a24f7f None None] MySQL server mode set to STRICT_TRANS_TABLES,STRICT_ALL_TABLES,NO_ZERO_IN_DATE,NO_ZERO_DATE,ERROR_FOR_DIVISION_BY_ZERO,TRADITIONAL,NO_ENGINE_SUBSTITUTION {{(pid=96575) _check_effective_sql_mode /opt/stack/data/venv/lib/python3.12/site-packages/oslo_db/sqlalchemy/engines.py:325}}
Jul 28 01:53:07.675740 np0000005942 nova-scheduler[96583]: DEBUG cotyledon.oslo_config_glue [-] oslo_limit.service_type = None {{(pid=96583) log_opt_values /opt/stack/data/venv/lib/python3.12/site-packages/oslo_config/cfg.py:3253}}
Jul 28 01:53:07.675740 np0000005942 nova-scheduler[96583]: DEBUG cotyledon.oslo_config_glue [-] oslo_limit.split_loggers = False {{(pid=96583) log_opt_values /opt/stack/data/venv/lib/python3.12/site-packages/oslo_config/cfg.py:3253}}
Jul 28 01:53:07.675740 np0000005942 nova-scheduler[96583]: DEBUG cotyledon.oslo_config_glue [-] oslo_limit.status_code_retries = None {{(pid=96583) log_opt_values /opt/stack/data/venv/lib/python3.12/site-packages/oslo_config/cfg.py:3253}}
Jul 28 01:53:07.675740 np0000005942 nova-scheduler[96583]: DEBUG cotyledon.oslo_config_glue [-] oslo_limit.status_code_retry_delay = None {{(pid=96583) log_opt_values /opt/stack/data/venv/lib/python3.12/site-packages/oslo_config/cfg.py:3253}}
Jul 28 01:53:07.675740 np0000005942 nova-scheduler[96583]: DEBUG cotyledon.oslo_config_glue [-] oslo_limit.timeout = None {{(pid=96583) log_opt_values /opt/stack/data/venv/lib/python3.12/site-packages/oslo_config/cfg.py:3253}}
Jul 28 01:53:07.675740 np0000005942 nova-scheduler[96583]: DEBUG cotyledon.oslo_config_glue [-] oslo_limit.valid_interfaces = None {{(pid=96583) log_opt_values /opt/stack/data/venv/lib/python3.12/site-packages/oslo_config/cfg.py:3253}}
Jul 28 01:53:07.675740 np0000005942 nova-scheduler[96583]: DEBUG cotyledon.oslo_config_glue [-] oslo_limit.version = None {{(pid=96583) log_opt_values /opt/stack/data/venv/lib/python3.12/site-packages/oslo_config/cfg.py:3253}}
Jul 28 01:53:07.675740 np0000005942 nova-scheduler[96583]: DEBUG cotyledon.oslo_config_glue [-] oslo_reports.file_event_handler = None {{(pid=96583) log_opt_values /opt/stack/data/venv/lib/python3.12/site-packages/oslo_config/cfg.py:3253}}
Jul 28 01:53:07.675740 np0000005942 nova-scheduler[96583]: DEBUG cotyledon.oslo_config_glue [-] oslo_reports.file_event_handler_interval = 1 {{(pid=96583) log_opt_values /opt/stack/data/venv/lib/python3.12/site-packages/oslo_config/cfg.py:3253}}
Jul 28 01:53:07.675972 np0000005942 nova-scheduler[96583]: DEBUG cotyledon.oslo_config_glue [-] oslo_reports.log_dir = None {{(pid=96583) log_opt_values /opt/stack/data/venv/lib/python3.12/site-packages/oslo_config/cfg.py:3253}}
Jul 28 01:53:07.675972 np0000005942 nova-scheduler[96583]: DEBUG cotyledon.oslo_config_glue [-] ******************************************************************************** {{(pid=96583) log_opt_values /opt/stack/data/venv/lib/python3.12/site-packages/oslo_config/cfg.py:3260}}
Jul 28 01:53:07.675972 np0000005942 nova-scheduler[96583]: DEBUG cotyledon._service_worker [-] Run service ServiceWrapper(3) [96583] {{(pid=96583) wait_forever /opt/stack/data/venv/lib/python3.12/site-packages/cotyledon/_service_worker.py:218}}
Jul 28 01:53:07.675972 np0000005942 nova-scheduler[96583]: INFO nova.service [-] Starting scheduler node (version 33.1.0)
Jul 28 01:53:07.675972 np0000005942 nova-scheduler[96583]: INFO dbcounter [None req-dcc8611c-9e6b-4339-ac5d-348b4b0ca641 None None] Registered counter for database nova_cell0
Jul 28 01:53:07.676104 np0000005942 nova-scheduler[96575]: DEBUG dbcounter [-] [96575] Writer thread running {{(pid=96575) stat_writer /opt/stack/data/venv/lib/python3.12/site-packages/dbcounter.py:102}}
Jul 28 01:53:07.676104 np0000005942 nova-scheduler[96575]: DEBUG nova.service [None req-5d758a9e-7780-4acf-9610-822ca7a24f7f None None] Creating RPC server for service: nova-scheduler on topic: scheduler {{(pid=96575) start /opt/stack/nova/nova/service.py:196}}
Jul 28 01:53:07.676196 np0000005942 nova-scheduler[96573]: DEBUG oslo_db.sqlalchemy.engines [None req-462dba3b-45ab-4dd0-8eb6-2bb8b8d35b2d None None] MySQL server mode set to STRICT_TRANS_TABLES,STRICT_ALL_TABLES,NO_ZERO_IN_DATE,NO_ZERO_DATE,ERROR_FOR_DIVISION_BY_ZERO,TRADITIONAL,NO_ENGINE_SUBSTITUTION {{(pid=96573) _check_effective_sql_mode /opt/stack/data/venv/lib/python3.12/site-packages/oslo_db/sqlalchemy/engines.py:325}}
Jul 28 01:53:07.676196 np0000005942 nova-scheduler[96573]: DEBUG dbcounter [-] [96573] Writer thread running {{(pid=96573) stat_writer /opt/stack/data/venv/lib/python3.12/site-packages/dbcounter.py:102}}
Jul 28 01:53:07.678922 np0000005942 nova-scheduler[96573]: DEBUG nova.service [None req-462dba3b-45ab-4dd0-8eb6-2bb8b8d35b2d None None] Creating RPC server for service: nova-scheduler on topic: scheduler {{(pid=96573) start /opt/stack/nova/nova/service.py:196}}
Jul 28 01:53:07.682742 np0000005942 nova-scheduler[96577]: DEBUG oslo_db.sqlalchemy.engines [None req-f58d1b0b-74cf-4e0f-a20e-a46514281b8c None None] MySQL server mode set to STRICT_TRANS_TABLES,STRICT_ALL_TABLES,NO_ZERO_IN_DATE,NO_ZERO_DATE,ERROR_FOR_DIVISION_BY_ZERO,TRADITIONAL,NO_ENGINE_SUBSTITUTION {{(pid=96577) _check_effective_sql_mode /opt/stack/data/venv/lib/python3.12/site-packages/oslo_db/sqlalchemy/engines.py:325}}
Jul 28 01:53:07.683636 np0000005942 nova-scheduler[96575]: DEBUG nova.service [None req-5d758a9e-7780-4acf-9610-822ca7a24f7f None None] Join ServiceGroup membership for this service scheduler {{(pid=96575) start /opt/stack/nova/nova/service.py:222}}
Jul 28 01:53:07.683849 np0000005942 nova-scheduler[96575]: DEBUG nova.servicegroup.drivers.db [None req-5d758a9e-7780-4acf-9610-822ca7a24f7f None None] DB_Driver: join new ServiceGroup member np0000005942 to the scheduler group, service = {{(pid=96575) join /opt/stack/nova/nova/servicegroup/drivers/db.py:44}}
Jul 28 01:53:07.685777 np0000005942 nova-scheduler[96575]: DEBUG oslo.service.backend._threading.loopingcall [None req-0ff314bf-798e-4016-91bf-520ab21600d7 None None] Dynamic interval looping call 'nova.service.Service.periodic_tasks' sleeping for 60.00 seconds {{(pid=96575) _run_loop /opt/stack/data/venv/lib/python3.12/site-packages/oslo_service/backend/_threading/loopingcall.py:125}}
Jul 28 01:53:07.686409 np0000005942 nova-scheduler[96583]: DEBUG oslo_db.sqlalchemy.engines [None req-dcc8611c-9e6b-4339-ac5d-348b4b0ca641 None None] MySQL server mode set to STRICT_TRANS_TABLES,STRICT_ALL_TABLES,NO_ZERO_IN_DATE,NO_ZERO_DATE,ERROR_FOR_DIVISION_BY_ZERO,TRADITIONAL,NO_ENGINE_SUBSTITUTION {{(pid=96583) _check_effective_sql_mode /opt/stack/data/venv/lib/python3.12/site-packages/oslo_db/sqlalchemy/engines.py:325}}
Jul 28 01:53:07.693302 np0000005942 nova-scheduler[96577]: DEBUG dbcounter [-] [96577] Writer thread running {{(pid=96577) stat_writer /opt/stack/data/venv/lib/python3.12/site-packages/dbcounter.py:102}}
Jul 28 01:53:07.695698 np0000005942 nova-scheduler[96573]: DEBUG nova.service [None req-462dba3b-45ab-4dd0-8eb6-2bb8b8d35b2d None None] Join ServiceGroup membership for this service scheduler {{(pid=96573) start /opt/stack/nova/nova/service.py:222}}
Jul 28 01:53:07.695891 np0000005942 nova-scheduler[96573]: DEBUG nova.servicegroup.drivers.db [None req-462dba3b-45ab-4dd0-8eb6-2bb8b8d35b2d None None] DB_Driver: join new ServiceGroup member np0000005942 to the scheduler group, service = {{(pid=96573) join /opt/stack/nova/nova/servicegroup/drivers/db.py:44}}
Jul 28 01:53:07.696240 np0000005942 nova-scheduler[96577]: DEBUG nova.service [None req-f58d1b0b-74cf-4e0f-a20e-a46514281b8c None None] Creating RPC server for service: nova-scheduler on topic: scheduler {{(pid=96577) start /opt/stack/nova/nova/service.py:196}}
Jul 28 01:53:07.696532 np0000005942 nova-scheduler[96583]: DEBUG dbcounter [-] [96583] Writer thread running {{(pid=96583) stat_writer /opt/stack/data/venv/lib/python3.12/site-packages/dbcounter.py:102}}
Jul 28 01:53:07.699777 np0000005942 nova-scheduler[96583]: DEBUG nova.service [None req-dcc8611c-9e6b-4339-ac5d-348b4b0ca641 None None] Creating RPC server for service: nova-scheduler on topic: scheduler {{(pid=96583) start /opt/stack/nova/nova/service.py:196}}
Jul 28 01:53:07.718381 np0000005942 nova-scheduler[96583]: DEBUG nova.service [None req-dcc8611c-9e6b-4339-ac5d-348b4b0ca641 None None] Join ServiceGroup membership for this service scheduler {{(pid=96583) start /opt/stack/nova/nova/service.py:222}}
Jul 28 01:53:07.718548 np0000005942 nova-scheduler[96577]: DEBUG nova.service [None req-f58d1b0b-74cf-4e0f-a20e-a46514281b8c None None] Join ServiceGroup membership for this service scheduler {{(pid=96577) start /opt/stack/nova/nova/service.py:222}}
Jul 28 01:53:07.718607 np0000005942 nova-scheduler[96583]: DEBUG nova.servicegroup.drivers.db [None req-dcc8611c-9e6b-4339-ac5d-348b4b0ca641 None None] DB_Driver: join new ServiceGroup member np0000005942 to the scheduler group, service = {{(pid=96583) join /opt/stack/nova/nova/servicegroup/drivers/db.py:44}}
Jul 28 01:53:07.718843 np0000005942 nova-scheduler[96577]: DEBUG nova.servicegroup.drivers.db [None req-f58d1b0b-74cf-4e0f-a20e-a46514281b8c None None] DB_Driver: join new ServiceGroup member np0000005942 to the scheduler group, service = {{(pid=96577) join /opt/stack/nova/nova/servicegroup/drivers/db.py:44}}
Jul 28 01:53:09.698592 np0000005942 nova-scheduler[96573]: DEBUG oslo.service.backend._threading.loopingcall [None req-2c615448-6f1e-47f0-8d45-43ede9d18fc1 None None] Dynamic interval looping call 'nova.service.Service.periodic_tasks' sleeping for 60.00 seconds {{(pid=96573) _run_loop /opt/stack/data/venv/lib/python3.12/site-packages/oslo_service/backend/_threading/loopingcall.py:125}}
Jul 28 01:53:12.699227 np0000005942 nova-scheduler[96575]: DEBUG oslo.service.backend._threading.loopingcall [-] Fixed interval looping call 'nova.servicegroup.drivers.db.DbDriver._report_state' sleeping for 119.99 seconds {{(pid=96575) _run_loop /opt/stack/data/venv/lib/python3.12/site-packages/oslo_service/backend/_threading/loopingcall.py:125}}
Jul 28 01:53:12.706965 np0000005942 nova-scheduler[96573]: DEBUG oslo.service.backend._threading.loopingcall [-] Fixed interval looping call 'nova.servicegroup.drivers.db.DbDriver._report_state' sleeping for 119.99 seconds {{(pid=96573) _run_loop /opt/stack/data/venv/lib/python3.12/site-packages/oslo_service/backend/_threading/loopingcall.py:125}}
Jul 28 01:53:12.729018 np0000005942 nova-scheduler[96583]: DEBUG oslo.service.backend._threading.loopingcall [-] Fixed interval looping call 'nova.servicegroup.drivers.db.DbDriver._report_state' sleeping for 119.99 seconds {{(pid=96583) _run_loop /opt/stack/data/venv/lib/python3.12/site-packages/oslo_service/backend/_threading/loopingcall.py:125}}
Jul 28 01:53:12.732035 np0000005942 nova-scheduler[96577]: DEBUG oslo.service.backend._threading.loopingcall [-] Fixed interval looping call 'nova.servicegroup.drivers.db.DbDriver._report_state' sleeping for 119.99 seconds {{(pid=96577) _run_loop /opt/stack/data/venv/lib/python3.12/site-packages/oslo_service/backend/_threading/loopingcall.py:125}}
Jul 28 01:53:16.240760 np0000005942 nova-scheduler[95378]: DEBUG dbcounter [-] [95378] Writing DB stats nova_api:SELECT=3 {{(pid=95378) stat_writer /opt/stack/data/venv/lib/python3.12/site-packages/dbcounter.py:115}}
Jul 28 01:53:16.384046 np0000005942 nova-scheduler[95378]: DEBUG dbcounter [-] [95378] Writing DB stats nova_cell0:SELECT=1 {{(pid=95378) stat_writer /opt/stack/data/venv/lib/python3.12/site-packages/dbcounter.py:115}}
Jul 28 01:53:16.387436 np0000005942 nova-scheduler[95378]: DEBUG dbcounter [-] [95378] Writing DB stats nova_cell1:SELECT=1 {{(pid=95378) stat_writer /opt/stack/data/venv/lib/python3.12/site-packages/dbcounter.py:115}}
Jul 28 01:53:22.693347 np0000005942 nova-scheduler[96575]: DEBUG dbcounter [-] [96575] Writing DB stats nova_cell0:SELECT=4,nova_cell0:INSERT=1,nova_cell0:UPDATE=1 {{(pid=96575) stat_writer /opt/stack/data/venv/lib/python3.12/site-packages/dbcounter.py:115}}
Jul 28 01:53:22.707190 np0000005942 nova-scheduler[96573]: DEBUG dbcounter [-] [96573] Writing DB stats nova_cell0:SELECT=3 {{(pid=96573) stat_writer /opt/stack/data/venv/lib/python3.12/site-packages/dbcounter.py:115}}
Jul 28 01:53:22.725971 np0000005942 nova-scheduler[96583]: DEBUG dbcounter [-] [96583] Writing DB stats nova_cell0:SELECT=3 {{(pid=96583) stat_writer /opt/stack/data/venv/lib/python3.12/site-packages/dbcounter.py:115}}
Jul 28 01:53:22.728690 np0000005942 nova-scheduler[96577]: DEBUG dbcounter [-] [96577] Writing DB stats nova_cell0:SELECT=3 {{(pid=96577) stat_writer /opt/stack/data/venv/lib/python3.12/site-packages/dbcounter.py:115}}
Jul 28 01:53:50.720731 np0000005942 nova-scheduler[96583]: DEBUG oslo.service.backend._threading.loopingcall [None req-9ea68cd4-57a2-4c8b-b8c8-01b99592a9b5 None None] Dynamic interval looping call 'nova.service.Service.periodic_tasks' sleeping for 60.00 seconds {{(pid=96583) _run_loop /opt/stack/data/venv/lib/python3.12/site-packages/oslo_service/backend/_threading/loopingcall.py:125}}
Jul 28 01:54:03.721433 np0000005942 nova-scheduler[96577]: DEBUG oslo.service.backend._threading.loopingcall [None req-537d2645-1b1c-4448-beaa-c1de9bdd1e98 None None] Dynamic interval looping call 'nova.service.Service.periodic_tasks' sleeping for 60.00 seconds {{(pid=96577) _run_loop /opt/stack/data/venv/lib/python3.12/site-packages/oslo_service/backend/_threading/loopingcall.py:125}}
Jul 28 01:54:07.686286 np0000005942 nova-scheduler[96575]: DEBUG oslo.service.backend._threading.loopingcall [None req-0ff314bf-798e-4016-91bf-520ab21600d7 None None] Dynamic interval looping call 'nova.service.Service.periodic_tasks' sleeping for 60.00 seconds {{(pid=96575) _run_loop /opt/stack/data/venv/lib/python3.12/site-packages/oslo_service/backend/_threading/loopingcall.py:125}}
Jul 28 01:54:09.699093 np0000005942 nova-scheduler[96573]: DEBUG oslo.service.backend._threading.loopingcall [None req-2c615448-6f1e-47f0-8d45-43ede9d18fc1 None None] Dynamic interval looping call 'nova.service.Service.periodic_tasks' sleeping for 60.00 seconds {{(pid=96573) _run_loop /opt/stack/data/venv/lib/python3.12/site-packages/oslo_service/backend/_threading/loopingcall.py:125}}
Jul 28 01:54:50.721188 np0000005942 nova-scheduler[96583]: DEBUG oslo.service.backend._threading.loopingcall [None req-9ea68cd4-57a2-4c8b-b8c8-01b99592a9b5 None None] Dynamic interval looping call 'nova.service.Service.periodic_tasks' sleeping for 60.00 seconds {{(pid=96583) _run_loop /opt/stack/data/venv/lib/python3.12/site-packages/oslo_service/backend/_threading/loopingcall.py:125}}
Jul 28 01:55:03.721891 np0000005942 nova-scheduler[96577]: DEBUG oslo.service.backend._threading.loopingcall [None req-537d2645-1b1c-4448-beaa-c1de9bdd1e98 None None] Dynamic interval looping call 'nova.service.Service.periodic_tasks' sleeping for 60.00 seconds {{(pid=96577) _run_loop /opt/stack/data/venv/lib/python3.12/site-packages/oslo_service/backend/_threading/loopingcall.py:125}}
Jul 28 01:55:07.686852 np0000005942 nova-scheduler[96575]: DEBUG oslo.service.backend._threading.loopingcall [None req-0ff314bf-798e-4016-91bf-520ab21600d7 None None] Dynamic interval looping call 'nova.service.Service.periodic_tasks' sleeping for 60.00 seconds {{(pid=96575) _run_loop /opt/stack/data/venv/lib/python3.12/site-packages/oslo_service/backend/_threading/loopingcall.py:125}}
Jul 28 01:55:09.699636 np0000005942 nova-scheduler[96573]: DEBUG oslo.service.backend._threading.loopingcall [None req-2c615448-6f1e-47f0-8d45-43ede9d18fc1 None None] Dynamic interval looping call 'nova.service.Service.periodic_tasks' sleeping for 60.00 seconds {{(pid=96573) _run_loop /opt/stack/data/venv/lib/python3.12/site-packages/oslo_service/backend/_threading/loopingcall.py:125}}
Jul 28 01:55:12.696796 np0000005942 nova-scheduler[96575]: DEBUG oslo.service.backend._threading.loopingcall [-] Fixed interval looping call 'nova.servicegroup.drivers.db.DbDriver._report_state' sleeping for 119.99 seconds {{(pid=96575) _run_loop /opt/stack/data/venv/lib/python3.12/site-packages/oslo_service/backend/_threading/loopingcall.py:125}}
Jul 28 01:55:12.702506 np0000005942 nova-scheduler[96573]: DEBUG oslo.service.backend._threading.loopingcall [-] Fixed interval looping call 'nova.servicegroup.drivers.db.DbDriver._report_state' sleeping for 120.00 seconds {{(pid=96573) _run_loop /opt/stack/data/venv/lib/python3.12/site-packages/oslo_service/backend/_threading/loopingcall.py:125}}
Jul 28 01:55:12.723842 np0000005942 nova-scheduler[96583]: DEBUG oslo.service.backend._threading.loopingcall [-] Fixed interval looping call 'nova.servicegroup.drivers.db.DbDriver._report_state' sleeping for 120.00 seconds {{(pid=96583) _run_loop /opt/stack/data/venv/lib/python3.12/site-packages/oslo_service/backend/_threading/loopingcall.py:125}}
Jul 28 01:55:12.725761 np0000005942 nova-scheduler[96577]: DEBUG oslo.service.backend._threading.loopingcall [-] Fixed interval looping call 'nova.servicegroup.drivers.db.DbDriver._report_state' sleeping for 120.00 seconds {{(pid=96577) _run_loop /opt/stack/data/venv/lib/python3.12/site-packages/oslo_service/backend/_threading/loopingcall.py:125}}
Jul 28 01:55:22.693345 np0000005942 nova-scheduler[96575]: DEBUG dbcounter [-] [96575] Writing DB stats nova_cell0:SELECT=1,nova_cell0:UPDATE=1 {{(pid=96575) stat_writer /opt/stack/data/venv/lib/python3.12/site-packages/dbcounter.py:115}}
Jul 28 01:55:22.700393 np0000005942 nova-scheduler[96573]: DEBUG dbcounter [-] [96573] Writing DB stats nova_cell0:SELECT=1 {{(pid=96573) stat_writer /opt/stack/data/venv/lib/python3.12/site-packages/dbcounter.py:115}}
Jul 28 01:55:22.721367 np0000005942 nova-scheduler[96583]: DEBUG dbcounter [-] [96583] Writing DB stats nova_cell0:SELECT=1 {{(pid=96583) stat_writer /opt/stack/data/venv/lib/python3.12/site-packages/dbcounter.py:115}}
Jul 28 01:55:22.723967 np0000005942 nova-scheduler[96577]: DEBUG dbcounter [-] [96577] Writing DB stats nova_cell0:SELECT=1 {{(pid=96577) stat_writer /opt/stack/data/venv/lib/python3.12/site-packages/dbcounter.py:115}}
Jul 28 01:55:50.721798 np0000005942 nova-scheduler[96583]: DEBUG oslo.service.backend._threading.loopingcall [None req-9ea68cd4-57a2-4c8b-b8c8-01b99592a9b5 None None] Dynamic interval looping call 'nova.service.Service.periodic_tasks' sleeping for 60.00 seconds {{(pid=96583) _run_loop /opt/stack/data/venv/lib/python3.12/site-packages/oslo_service/backend/_threading/loopingcall.py:125}}
Jul 28 01:56:03.722516 np0000005942 nova-scheduler[96577]: DEBUG oslo.service.backend._threading.loopingcall [None req-537d2645-1b1c-4448-beaa-c1de9bdd1e98 None None] Dynamic interval looping call 'nova.service.Service.periodic_tasks' sleeping for 60.00 seconds {{(pid=96577) _run_loop /opt/stack/data/venv/lib/python3.12/site-packages/oslo_service/backend/_threading/loopingcall.py:125}}
Jul 28 01:56:07.687469 np0000005942 nova-scheduler[96575]: DEBUG oslo.service.backend._threading.loopingcall [None req-0ff314bf-798e-4016-91bf-520ab21600d7 None None] Dynamic interval looping call 'nova.service.Service.periodic_tasks' sleeping for 60.00 seconds {{(pid=96575) _run_loop /opt/stack/data/venv/lib/python3.12/site-packages/oslo_service/backend/_threading/loopingcall.py:125}}
Jul 28 01:56:09.700242 np0000005942 nova-scheduler[96573]: DEBUG oslo.service.backend._threading.loopingcall [None req-2c615448-6f1e-47f0-8d45-43ede9d18fc1 None None] Dynamic interval looping call 'nova.service.Service.periodic_tasks' sleeping for 60.00 seconds {{(pid=96573) _run_loop /opt/stack/data/venv/lib/python3.12/site-packages/oslo_service/backend/_threading/loopingcall.py:125}}
Jul 28 01:56:13.296880 np0000005942 nova-scheduler[96575]: DEBUG nova.scheduler.manager [None req-19e4980f-94ab-428a-a88e-6c389afdc8d5 tempest-DeleteServersTestJSON-1167548822 tempest-DeleteServersTestJSON-1167548822-project-member] Starting to schedule for instances: ['d4475c6f-b524-4de9-864e-7b6183309960'] {{(pid=96575) select_destinations /opt/stack/nova/nova/scheduler/manager.py:209}}
Jul 28 01:56:13.299073 np0000005942 nova-scheduler[96575]: DEBUG nova.scheduler.request_filter [None req-19e4980f-94ab-428a-a88e-6c389afdc8d5 tempest-DeleteServersTestJSON-1167548822 tempest-DeleteServersTestJSON-1167548822-project-member] compute_status_filter request filter added forbidden trait COMPUTE_STATUS_DISABLED {{(pid=96575) compute_status_filter /opt/stack/nova/nova/scheduler/request_filter.py:253}}
Jul 28 01:56:13.299073 np0000005942 nova-scheduler[96575]: DEBUG nova.scheduler.request_filter [None req-19e4980f-94ab-428a-a88e-6c389afdc8d5 tempest-DeleteServersTestJSON-1167548822 tempest-DeleteServersTestJSON-1167548822-project-member] Request filter 'compute_status_filter' took 0.0 seconds {{(pid=96575) wrapper /opt/stack/nova/nova/scheduler/request_filter.py:46}}
Jul 28 01:56:13.299073 np0000005942 nova-scheduler[96575]: DEBUG nova.scheduler.request_filter [None req-19e4980f-94ab-428a-a88e-6c389afdc8d5 tempest-DeleteServersTestJSON-1167548822 tempest-DeleteServersTestJSON-1167548822-project-member] Request filter 'accelerators_filter' took 0.0 seconds {{(pid=96575) wrapper /opt/stack/nova/nova/scheduler/request_filter.py:46}}
Jul 28 01:56:13.299073 np0000005942 nova-scheduler[96575]: DEBUG nova.scheduler.request_filter [None req-19e4980f-94ab-428a-a88e-6c389afdc8d5 tempest-DeleteServersTestJSON-1167548822 tempest-DeleteServersTestJSON-1167548822-project-member] Request filter 'packed_virtqueue_filter' took 0.0 seconds {{(pid=96575) wrapper /opt/stack/nova/nova/scheduler/request_filter.py:46}}
Jul 28 01:56:13.299073 np0000005942 nova-scheduler[96575]: DEBUG nova.scheduler.request_filter [None req-19e4980f-94ab-428a-a88e-6c389afdc8d5 tempest-DeleteServersTestJSON-1167548822 tempest-DeleteServersTestJSON-1167548822-project-member] Request filter 'remote_managed_ports_filter' took 0.0 seconds {{(pid=96575) wrapper /opt/stack/nova/nova/scheduler/request_filter.py:46}}
Jul 28 01:56:13.299339 np0000005942 nova-scheduler[96575]: DEBUG nova.scheduler.request_filter [None req-19e4980f-94ab-428a-a88e-6c389afdc8d5 tempest-DeleteServersTestJSON-1167548822 tempest-DeleteServersTestJSON-1167548822-project-member] ephemeral_encryption_filter skipped {{(pid=96575) ephemeral_encryption_filter /opt/stack/nova/nova/scheduler/request_filter.py:426}}
Jul 28 01:56:13.299339 np0000005942 nova-scheduler[96575]: DEBUG nova.scheduler.request_filter [None req-19e4980f-94ab-428a-a88e-6c389afdc8d5 tempest-DeleteServersTestJSON-1167548822 tempest-DeleteServersTestJSON-1167548822-project-member] virtio_sound_filter skipped {{(pid=96575) virtio_sound_filter /opt/stack/nova/nova/scheduler/request_filter.py:460}}
Jul 28 01:56:13.299339 np0000005942 nova-scheduler[96575]: DEBUG nova.scheduler.request_filter [None req-19e4980f-94ab-428a-a88e-6c389afdc8d5 tempest-DeleteServersTestJSON-1167548822 tempest-DeleteServersTestJSON-1167548822-project-member] tpm_secret_security_filter skipped {{(pid=96575) tpm_secret_security_filter /opt/stack/nova/nova/scheduler/request_filter.py:477}}
Jul 28 01:56:13.925185 np0000005942 nova-scheduler[96575]: INFO nova.utils [None req-19e4980f-94ab-428a-a88e-6c389afdc8d5 tempest-DeleteServersTestJSON-1167548822 tempest-DeleteServersTestJSON-1167548822-project-member] The cell worker thread pool ForkProcess-2.cell_worker is initialized
Jul 28 01:56:13.925701 np0000005942 nova-scheduler[96575]: DEBUG oslo_concurrency.lockutils [None req-19e4980f-94ab-428a-a88e-6c389afdc8d5 tempest-DeleteServersTestJSON-1167548822 tempest-DeleteServersTestJSON-1167548822-project-member] Acquiring lock "4bc1ad95-a330-485c-8365-7a6c3c22115b" by "nova.context.set_target_cell..get_or_set_cached_cell_and_set_connections" {{(pid=96575) inner /opt/stack/data/venv/lib/python3.12/site-packages/oslo_concurrency/lockutils.py:512}}
Jul 28 01:56:13.925892 np0000005942 nova-scheduler[96575]: DEBUG oslo_concurrency.lockutils [None req-19e4980f-94ab-428a-a88e-6c389afdc8d5 tempest-DeleteServersTestJSON-1167548822 tempest-DeleteServersTestJSON-1167548822-project-member] Lock "4bc1ad95-a330-485c-8365-7a6c3c22115b" acquired by "nova.context.set_target_cell..get_or_set_cached_cell_and_set_connections" :: waited 0.000s {{(pid=96575) inner /opt/stack/data/venv/lib/python3.12/site-packages/oslo_concurrency/lockutils.py:525}}
Jul 28 01:56:13.927388 np0000005942 nova-scheduler[96575]: DEBUG oslo_concurrency.lockutils [None req-19e4980f-94ab-428a-a88e-6c389afdc8d5 tempest-DeleteServersTestJSON-1167548822 tempest-DeleteServersTestJSON-1167548822-project-member] Lock "4bc1ad95-a330-485c-8365-7a6c3c22115b" "released" by "nova.context.set_target_cell..get_or_set_cached_cell_and_set_connections" :: held 0.001s {{(pid=96575) inner /opt/stack/data/venv/lib/python3.12/site-packages/oslo_concurrency/lockutils.py:544}}
Jul 28 01:56:13.929616 np0000005942 nova-scheduler[96575]: INFO dbcounter [None req-19e4980f-94ab-428a-a88e-6c389afdc8d5 tempest-DeleteServersTestJSON-1167548822 tempest-DeleteServersTestJSON-1167548822-project-member] Registered counter for database nova_cell1
Jul 28 01:56:13.980995 np0000005942 nova-scheduler[96575]: DEBUG oslo_db.sqlalchemy.engines [None req-19e4980f-94ab-428a-a88e-6c389afdc8d5 tempest-DeleteServersTestJSON-1167548822 tempest-DeleteServersTestJSON-1167548822-project-member] MySQL server mode set to STRICT_TRANS_TABLES,STRICT_ALL_TABLES,NO_ZERO_IN_DATE,NO_ZERO_DATE,ERROR_FOR_DIVISION_BY_ZERO,TRADITIONAL,NO_ENGINE_SUBSTITUTION {{(pid=96575) _check_effective_sql_mode /opt/stack/data/venv/lib/python3.12/site-packages/oslo_db/sqlalchemy/engines.py:325}}
