Jul 28 01:52:41.923612 np0000005942 devstack@neutron-api.service[90746]: DEBUG neutron.api.extensions [None req-5ad8cc4f-799e-43e2-a961-f427c30b973a None None] Extended resource: quotas {{(pid=90746) __init__ /opt/stack/neutron/neutron/api/extensions.py:156}}
Jul 28 01:52:41.923837 np0000005942 devstack@neutron-api.service[90747]: DEBUG neutron_lib.callbacks.manager [None req-5c91c078-acae-448c-8917-28e98db7c354 None None] Subscribe: > process after_init 55550001, True {{(pid=90747) subscribe /opt/stack/data/venv/lib/python3.12/site-packages/neutron_lib/callbacks/manager.py:52}}
Jul 28 01:52:41.923837 np0000005942 devstack@neutron-api.service[90747]: DEBUG neutron.manager [None req-5c91c078-acae-448c-8917-28e98db7c354 None None] Successfully loaded L3_ROUTER_NAT plugin. Description: L3 Router Service Plugin for basic L3 forwarding using OVN {{(pid=90747) _create_and_add_service_plugin /opt/stack/neutron/neutron/manager.py:236}}
Jul 28 01:52:41.923837 np0000005942 devstack@neutron-api.service[90747]: INFO neutron.manager [None req-5c91c078-acae-448c-8917-28e98db7c354 None None] Loading Plugin: auto_allocate
Jul 28 01:52:41.924009 np0000005942 devstack@neutron-api.service[90746]: DEBUG neutron.api.extensions [None req-5ad8cc4f-799e-43e2-a961-f427c30b973a None None] Extended resource: quotas {{(pid=90746) __init__ /opt/stack/neutron/neutron/api/extensions.py:156}}
Jul 28 01:52:41.924009 np0000005942 devstack@neutron-api.service[90746]: DEBUG neutron.api.extensions [None req-5ad8cc4f-799e-43e2-a961-f427c30b973a None None] Extended resource: rbac-policies {{(pid=90746) __init__ /opt/stack/neutron/neutron/api/extensions.py:156}}
Jul 28 01:52:41.924308 np0000005942 devstack@neutron-api.service[90747]: DEBUG neutron_lib.callbacks.manager [None req-5c91c078-acae-448c-8917-28e98db7c354 None None] Subscribe: network precommit_update 55550000, False {{(pid=90747) subscribe /opt/stack/data/venv/lib/python3.12/site-packages/neutron_lib/callbacks/manager.py:52}}
Jul 28 01:52:41.924308 np0000005942 devstack@neutron-api.service[90747]: DEBUG neutron_lib.callbacks.manager [None req-5c91c078-acae-448c-8917-28e98db7c354 None None] Subscribe: network precommit_create 55550000, False {{(pid=90747) subscribe /opt/stack/data/venv/lib/python3.12/site-packages/neutron_lib/callbacks/manager.py:52}}
Jul 28 01:52:41.924308 np0000005942 devstack@neutron-api.service[90747]: DEBUG neutron.manager [None req-5c91c078-acae-448c-8917-28e98db7c354 None None] Successfully loaded auto-allocated-topology plugin. Description: Auto Allocated Topology - aka get me a network. {{(pid=90747) _create_and_add_service_plugin /opt/stack/neutron/neutron/manager.py:236}}
Jul 28 01:52:41.924631 np0000005942 devstack@neutron-api.service[90746]: DEBUG neutron.api.extensions [None req-5ad8cc4f-799e-43e2-a961-f427c30b973a None None] Extended resource: default-security-group-rules {{(pid=90746) __init__ /opt/stack/neutron/neutron/api/extensions.py:156}}
Jul 28 01:52:41.924892 np0000005942 devstack@neutron-api.service[90747]: INFO neutron.manager [None req-5c91c078-acae-448c-8917-28e98db7c354 None None] Loading Plugin: tag
Jul 28 01:52:41.925038 np0000005942 devstack@neutron-api.service[90746]: DEBUG neutron.api.extensions [None req-5ad8cc4f-799e-43e2-a961-f427c30b973a None None] Extended resource: security-groups-default-statefulness {{(pid=90746) __init__ /opt/stack/neutron/neutron/api/extensions.py:156}}
Jul 28 01:52:41.925038 np0000005942 devstack@neutron-api.service[90746]: DEBUG neutron.api.extensions [None req-5ad8cc4f-799e-43e2-a961-f427c30b973a None None] Extended resource: security-groups {{(pid=90746) __init__ /opt/stack/neutron/neutron/api/extensions.py:156}}
Jul 28 01:52:41.925314 np0000005942 devstack@neutron-api.service[90746]: DEBUG neutron.api.extensions [None req-5ad8cc4f-799e-43e2-a961-f427c30b973a None None] Extended resource: security-group-rules {{(pid=90746) __init__ /opt/stack/neutron/neutron/api/extensions.py:156}}
Jul 28 01:52:41.925880 np0000005942 devstack@neutron-api.service[90746]: DEBUG neutron.api.extensions [None req-5ad8cc4f-799e-43e2-a961-f427c30b973a None None] Extended resource: service-providers {{(pid=90746) __init__ /opt/stack/neutron/neutron/api/extensions.py:156}}
Jul 28 01:52:41.926682 np0000005942 devstack@neutron-api.service[90746]: DEBUG neutron.api.extensions [None req-5ad8cc4f-799e-43e2-a961-f427c30b973a None None] Extended resource: subnetpools {{(pid=90746) __init__ /opt/stack/neutron/neutron/api/extensions.py:156}}
Jul 28 01:52:41.927520 np0000005942 devstack@neutron-api.service[90747]: DEBUG neutron.manager [None req-5c91c078-acae-448c-8917-28e98db7c354 None None] Successfully loaded TAG plugin. Description: Tag support {{(pid=90747) _create_and_add_service_plugin /opt/stack/neutron/neutron/manager.py:236}}
Jul 28 01:52:41.927520 np0000005942 devstack@neutron-api.service[90747]: INFO neutron.manager [None req-5c91c078-acae-448c-8917-28e98db7c354 None None] Loading Plugin: timestamp
Jul 28 01:52:41.927787 np0000005942 devstack@neutron-api.service[90746]: DEBUG neutron.api.extensions [None req-5ad8cc4f-799e-43e2-a961-f427c30b973a None None] Extended resource: subnetpools {{(pid=90746) __init__ /opt/stack/neutron/neutron/api/extensions.py:156}}
Jul 28 01:52:41.928588 np0000005942 devstack@neutron-api.service[90746]: DEBUG neutron.api.extensions [None req-5ad8cc4f-799e-43e2-a961-f427c30b973a None None] Extended resource: tags {{(pid=90746) __init__ /opt/stack/neutron/neutron/api/extensions.py:156}}
Jul 28 01:52:41.929995 np0000005942 devstack@neutron-api.service[90747]: DEBUG neutron.manager [None req-5c91c078-acae-448c-8917-28e98db7c354 None None] Successfully loaded timestamp plugin. Description: Adds timestamps to Neutron resources with standard attributes {{(pid=90747) _create_and_add_service_plugin /opt/stack/neutron/neutron/manager.py:236}}
Jul 28 01:52:41.929995 np0000005942 devstack@neutron-api.service[90747]: INFO neutron.manager [None req-5c91c078-acae-448c-8917-28e98db7c354 None None] Loading Plugin: network_ip_availability
Jul 28 01:52:41.930473 np0000005942 devstack@neutron-api.service[90746]: DEBUG neutron.api.extensions [None req-5ad8cc4f-799e-43e2-a961-f427c30b973a None None] Extended resource: tags {{(pid=90746) __init__ /opt/stack/neutron/neutron/api/extensions.py:156}}
Jul 28 01:52:41.930780 np0000005942 devstack@neutron-api.service[90746]: DEBUG neutron.api.extensions [None req-5ad8cc4f-799e-43e2-a961-f427c30b973a None None] Extended resource: tags {{(pid=90746) __init__ /opt/stack/neutron/neutron/api/extensions.py:156}}
Jul 28 01:52:41.931890 np0000005942 devstack@neutron-api.service[90747]: DEBUG neutron.manager [None req-5c91c078-acae-448c-8917-28e98db7c354 None None] Successfully loaded network-ip-availability plugin. Description: Provides IP availability data for each network and subnet. {{(pid=90747) _create_and_add_service_plugin /opt/stack/neutron/neutron/manager.py:236}}
Jul 28 01:52:41.932111 np0000005942 devstack@neutron-api.service[90746]: DEBUG neutron.api.extensions [None req-5ad8cc4f-799e-43e2-a961-f427c30b973a None None] Extended resource: tags {{(pid=90746) __init__ /opt/stack/neutron/neutron/api/extensions.py:156}}
Jul 28 01:52:41.932306 np0000005942 devstack@neutron-api.service[90747]: INFO neutron.manager [None req-5c91c078-acae-448c-8917-28e98db7c354 None None] Loading Plugin: flavors
Jul 28 01:52:41.932916 np0000005942 devstack@neutron-api.service[90746]: DEBUG neutron.api.extensions [None req-5ad8cc4f-799e-43e2-a961-f427c30b973a None None] Extended resource: tags {{(pid=90746) __init__ /opt/stack/neutron/neutron/api/extensions.py:156}}
Jul 28 01:52:41.933729 np0000005942 devstack@neutron-api.service[90747]: DEBUG neutron.manager [None req-5c91c078-acae-448c-8917-28e98db7c354 None None] Successfully loaded FLAVORS plugin. Description: Neutron Flavors and Service Profiles manager plugin {{(pid=90747) _create_and_add_service_plugin /opt/stack/neutron/neutron/manager.py:236}}
Jul 28 01:52:41.933729 np0000005942 devstack@neutron-api.service[90747]: INFO neutron.manager [None req-5c91c078-acae-448c-8917-28e98db7c354 None None] Loading Plugin: revisions
Jul 28 01:52:41.934044 np0000005942 devstack@neutron-api.service[90745]: DEBUG neutron_lib.callbacks.manager [None req-13359d06-7ff9-4451-be2d-5151e3e0dea7 None None] Subscribe: > router before_delete 55550000, False {{(pid=90745) subscribe /opt/stack/data/venv/lib/python3.12/site-packages/neutron_lib/callbacks/manager.py:52}}
Jul 28 01:52:41.934044 np0000005942 devstack@neutron-api.service[90745]: DEBUG neutron_lib.callbacks.manager [None req-13359d06-7ff9-4451-be2d-5151e3e0dea7 None None] Subscribe: port before_update 55550000, False {{(pid=90745) subscribe /opt/stack/data/venv/lib/python3.12/site-packages/neutron_lib/callbacks/manager.py:52}}
Jul 28 01:52:41.934380 np0000005942 devstack@neutron-api.service[90746]: DEBUG neutron.api.extensions [None req-5ad8cc4f-799e-43e2-a961-f427c30b973a None None] Extended resource: tags {{(pid=90746) __init__ /opt/stack/neutron/neutron/api/extensions.py:156}}
Jul 28 01:52:41.934594 np0000005942 devstack@neutron-api.service[90745]: DEBUG neutron_lib.callbacks.manager [None req-13359d06-7ff9-4451-be2d-5151e3e0dea7 None None] Subscribe: port after_update 55550000, False {{(pid=90745) subscribe /opt/stack/data/venv/lib/python3.12/site-packages/neutron_lib/callbacks/manager.py:52}}
Jul 28 01:52:41.934594 np0000005942 devstack@neutron-api.service[90745]: DEBUG neutron_lib.callbacks.manager [None req-13359d06-7ff9-4451-be2d-5151e3e0dea7 None None] Subscribe: > port precommit_delete 55550000, False {{(pid=90745) subscribe /opt/stack/data/venv/lib/python3.12/site-packages/neutron_lib/callbacks/manager.py:52}}
Jul 28 01:52:41.934594 np0000005942 devstack@neutron-api.service[90745]: DEBUG neutron_lib.callbacks.manager [None req-13359d06-7ff9-4451-be2d-5151e3e0dea7 None None] Subscribe: port before_update 55550000, False {{(pid=90745) subscribe /opt/stack/data/venv/lib/python3.12/site-packages/neutron_lib/callbacks/manager.py:52}}
Jul 28 01:52:41.934594 np0000005942 devstack@neutron-api.service[90745]: DEBUG neutron_lib.callbacks.manager [None req-13359d06-7ff9-4451-be2d-5151e3e0dea7 None None] Subscribe: port before_delete 55550000, False {{(pid=90745) subscribe /opt/stack/data/venv/lib/python3.12/site-packages/neutron_lib/callbacks/manager.py:52}}
Jul 28 01:52:41.934594 np0000005942 devstack@neutron-api.service[90745]: DEBUG neutron_lib.callbacks.manager [None req-13359d06-7ff9-4451-be2d-5151e3e0dea7 None None] Subscribe: > router precommit_create 55550000, False {{(pid=90745) subscribe /opt/stack/data/venv/lib/python3.12/site-packages/neutron_lib/callbacks/manager.py:52}}
Jul 28 01:52:41.935017 np0000005942 devstack@neutron-api.service[90746]: DEBUG neutron.api.extensions [None req-5ad8cc4f-799e-43e2-a961-f427c30b973a None None] Extended resource: tags {{(pid=90746) __init__ /opt/stack/neutron/neutron/api/extensions.py:156}}
Jul 28 01:52:41.935348 np0000005942 devstack@neutron-api.service[90745]: DEBUG neutron_lib.callbacks.manager [None req-13359d06-7ff9-4451-be2d-5151e3e0dea7 None None] Subscribe: > router precommit_create 55550000, False {{(pid=90745) subscribe /opt/stack/data/venv/lib/python3.12/site-packages/neutron_lib/callbacks/manager.py:52}}
Jul 28 01:52:41.935558 np0000005942 devstack@neutron-api.service[90747]: DEBUG neutron.manager [None req-5c91c078-acae-448c-8917-28e98db7c354 None None] Successfully loaded revision_plugin plugin. Description: Adds revision numbers to resources. {{(pid=90747) _create_and_add_service_plugin /opt/stack/neutron/neutron/manager.py:236}}
Jul 28 01:52:41.935780 np0000005942 devstack@neutron-api.service[90745]: DEBUG neutron_lib.callbacks.manager [None req-13359d06-7ff9-4451-be2d-5151e3e0dea7 None None] Subscribe: > router precommit_update 55550000, False {{(pid=90745) subscribe /opt/stack/data/venv/lib/python3.12/site-packages/neutron_lib/callbacks/manager.py:52}}
Jul 28 01:52:41.936056 np0000005942 devstack@neutron-api.service[90747]: DEBUG oslo_concurrency.lockutils [None req-5c91c078-acae-448c-8917-28e98db7c354 None None] Lock "manager" "released" by "neutron.manager.NeutronManager._create_instance" :: held 4.473s {{(pid=90747) inner /opt/stack/data/venv/lib/python3.12/site-packages/oslo_concurrency/lockutils.py:544}}
Jul 28 01:52:41.936284 np0000005942 devstack@neutron-api.service[90745]: DEBUG neutron_lib.callbacks.manager [None req-13359d06-7ff9-4451-be2d-5151e3e0dea7 None None] Subscribe: subnet after_update 55550000, False {{(pid=90745) subscribe /opt/stack/data/venv/lib/python3.12/site-packages/neutron_lib/callbacks/manager.py:52}}
Jul 28 01:52:41.936619 np0000005942 devstack@neutron-api.service[90747]: DEBUG neutron.api.extensions [None req-5c91c078-acae-448c-8917-28e98db7c354 None None] get_extension_paths = OrderedDict({'/opt/stack/neutron/neutron/extensions': 1}) {{(pid=90747) get_extensions_path /opt/stack/neutron/neutron/api/extensions.py:640}}
Jul 28 01:52:41.936903 np0000005942 devstack@neutron-api.service[90746]: DEBUG neutron.api.extensions [None req-5ad8cc4f-799e-43e2-a961-f427c30b973a None None] Extended resource: tags {{(pid=90746) __init__ /opt/stack/neutron/neutron/api/extensions.py:156}}
Jul 28 01:52:41.937117 np0000005942 devstack@neutron-api.service[90747]: INFO neutron.api.extensions [None req-5c91c078-acae-448c-8917-28e98db7c354 None None] Initializing extension manager.
Jul 28 01:52:41.937368 np0000005942 devstack@neutron-api.service[90745]: DEBUG neutron.quota.resource_registry [None req-13359d06-7ff9-4451-be2d-5151e3e0dea7 None None] Tracking information for resource: router configured {{(pid=90745) set_tracked_resource /opt/stack/neutron/neutron/quota/resource_registry.py:203}}
Jul 28 01:52:41.937368 np0000005942 devstack@neutron-api.service[90745]: DEBUG neutron.quota.resource_registry [None req-13359d06-7ff9-4451-be2d-5151e3e0dea7 None None] Tracking information for resource: floatingip configured {{(pid=90745) set_tracked_resource /opt/stack/neutron/neutron/quota/resource_registry.py:203}}
Jul 28 01:52:41.937368 np0000005942 devstack@neutron-api.service[90745]: INFO neutron.services.ovn_l3.plugin [None req-13359d06-7ff9-4451-be2d-5151e3e0dea7 None None] Starting OVNL3RouterPlugin
Jul 28 01:52:41.937700 np0000005942 devstack@neutron-api.service[90747]: DEBUG neutron.api.extensions [None req-5c91c078-acae-448c-8917-28e98db7c354 None None] Loading extension file: __init__.py {{(pid=90747) _load_all_extensions_from_path /opt/stack/neutron/neutron/api/extensions.py:449}}
Jul 28 01:52:41.937700 np0000005942 devstack@neutron-api.service[90747]: DEBUG neutron.api.extensions [None req-5c91c078-acae-448c-8917-28e98db7c354 None None] Loading extension file: __pycache__ {{(pid=90747) _load_all_extensions_from_path /opt/stack/neutron/neutron/api/extensions.py:449}}
Jul 28 01:52:41.937700 np0000005942 devstack@neutron-api.service[90747]: DEBUG neutron.api.extensions [None req-5c91c078-acae-448c-8917-28e98db7c354 None None] Loading extension file: aap_reject_multicast.py {{(pid=90747) _load_all_extensions_from_path /opt/stack/neutron/neutron/api/extensions.py:449}}
Jul 28 01:52:41.937940 np0000005942 devstack@neutron-api.service[90746]: DEBUG neutron.api.extensions [None req-5ad8cc4f-799e-43e2-a961-f427c30b973a None None] Extended resource: tags {{(pid=90746) __init__ /opt/stack/neutron/neutron/api/extensions.py:156}}
Jul 28 01:52:41.938204 np0000005942 devstack@neutron-api.service[90745]: DEBUG neutron_lib.callbacks.manager [None req-13359d06-7ff9-4451-be2d-5151e3e0dea7 None None] Subscribe: > port_forwarding_plugin after_init 55550000, False {{(pid=90745) subscribe /opt/stack/data/venv/lib/python3.12/site-packages/neutron_lib/callbacks/manager.py:52}}
Jul 28 01:52:41.938204 np0000005942 devstack@neutron-api.service[90745]: DEBUG neutron_lib.callbacks.manager [None req-13359d06-7ff9-4451-be2d-5151e3e0dea7 None None] Subscribe: > router before_create 55550100, False {{(pid=90745) subscribe /opt/stack/data/venv/lib/python3.12/site-packages/neutron_lib/callbacks/manager.py:52}}
Jul 28 01:52:41.938884 np0000005942 devstack@neutron-api.service[90747]: DEBUG neutron.api.extensions [None req-5c91c078-acae-448c-8917-28e98db7c354 None None] Ext name="Allowed address pairs reject multicast extension" alias="aap-reject-multicast" description="Reject multicast addresses in Allowed Address Pairs" updated="2026-04-01T00:00:00-00:00" {{(pid=90747) _check_extension /opt/stack/neutron/neutron/api/extensions.py:415}}
Jul 28 01:52:41.939103 np0000005942 devstack@neutron-api.service[90745]: DEBUG neutron_lib.callbacks.manager [None req-13359d06-7ff9-4451-be2d-5151e3e0dea7 None None] Subscribe: > router precommit_delete 55550100, False {{(pid=90745) subscribe /opt/stack/data/venv/lib/python3.12/site-packages/neutron_lib/callbacks/manager.py:52}}
Jul 28 01:52:41.939103 np0000005942 devstack@neutron-api.service[90745]: DEBUG neutron_lib.callbacks.manager [None req-13359d06-7ff9-4451-be2d-5151e3e0dea7 None None] Subscribe: > router precommit_create 55550100, False {{(pid=90745) subscribe /opt/stack/data/venv/lib/python3.12/site-packages/neutron_lib/callbacks/manager.py:52}}
Jul 28 01:52:41.939504 np0000005942 devstack@neutron-api.service[90747]: INFO neutron.api.extensions [None req-5c91c078-acae-448c-8917-28e98db7c354 None None] Extension aap-reject-multicast not supported by any of loaded plugins
Jul 28 01:52:41.940036 np0000005942 devstack@neutron-api.service[90746]: DEBUG neutron.api.extensions [None req-5ad8cc4f-799e-43e2-a961-f427c30b973a None None] Extended resource: tags {{(pid=90746) __init__ /opt/stack/neutron/neutron/api/extensions.py:156}}
Jul 28 01:52:41.940304 np0000005942 devstack@neutron-api.service[90745]: DEBUG neutron_lib.callbacks.manager [None req-13359d06-7ff9-4451-be2d-5151e3e0dea7 None None] Subscribe: > router precommit_update 55550100, False {{(pid=90745) subscribe /opt/stack/data/venv/lib/python3.12/site-packages/neutron_lib/callbacks/manager.py:52}}
Jul 28 01:52:41.940602 np0000005942 devstack@neutron-api.service[90747]: DEBUG neutron.api.extensions [None req-5c91c078-acae-448c-8917-28e98db7c354 None None] Loading extension file: address_group.py {{(pid=90747) _load_all_extensions_from_path /opt/stack/neutron/neutron/api/extensions.py:449}}
Jul 28 01:52:41.940602 np0000005942 devstack@neutron-api.service[90747]: DEBUG neutron.api.extensions [None req-5c91c078-acae-448c-8917-28e98db7c354 None None] Ext name="Address group" alias="address-group" description="Support address group" updated="2020-07-15T10:00:00-00:00" {{(pid=90747) _check_extension /opt/stack/neutron/neutron/api/extensions.py:415}}
Jul 28 01:52:41.940602 np0000005942 devstack@neutron-api.service[90747]: INFO neutron.api.extensions [None req-5c91c078-acae-448c-8917-28e98db7c354 None None] Loaded extension: address-group
Jul 28 01:52:41.940602 np0000005942 devstack@neutron-api.service[90747]: DEBUG neutron.api.extensions [None req-5c91c078-acae-448c-8917-28e98db7c354 None None] Loading extension file: address_scope.py {{(pid=90747) _load_all_extensions_from_path /opt/stack/neutron/neutron/api/extensions.py:449}}
Jul 28 01:52:41.940602 np0000005942 devstack@neutron-api.service[90747]: DEBUG neutron.api.extensions [None req-5c91c078-acae-448c-8917-28e98db7c354 None None] Ext name="Address scope" alias="address-scope" description="Address scopes extension." updated="2015-07-26T10:00:00-00:00" {{(pid=90747) _check_extension /opt/stack/neutron/neutron/api/extensions.py:415}}
Jul 28 01:52:41.940602 np0000005942 devstack@neutron-api.service[90747]: INFO neutron.api.extensions [None req-5c91c078-acae-448c-8917-28e98db7c354 None None] Loaded extension: address-scope
Jul 28 01:52:41.940602 np0000005942 devstack@neutron-api.service[90747]: DEBUG neutron.api.extensions [None req-5c91c078-acae-448c-8917-28e98db7c354 None None] Loading extension file: admin_state_down_before_update.py {{(pid=90747) _load_all_extensions_from_path /opt/stack/neutron/neutron/api/extensions.py:449}}
Jul 28 01:52:41.941161 np0000005942 devstack@neutron-api.service[90747]: DEBUG neutron.api.extensions [None req-5c91c078-acae-448c-8917-28e98db7c354 None None] Ext name="Enforce Router's Admin State Down Before Update Extension" alias="router-admin-state-down-before-update" description="Ensure that the admin state of a router is DOWN (admin_state_up=False) before updating the distributed attribute" updated="2019-07-02T15:56:00" {{(pid=90747) _check_extension /opt/stack/neutron/neutron/api/extensions.py:415}}
Jul 28 01:52:41.941161 np0000005942 devstack@neutron-api.service[90747]: INFO neutron.api.extensions [None req-5c91c078-acae-448c-8917-28e98db7c354 None None] Extension router-admin-state-down-before-update not supported by any of loaded plugins
Jul 28 01:52:41.941161 np0000005942 devstack@neutron-api.service[90747]: DEBUG neutron.api.extensions [None req-5c91c078-acae-448c-8917-28e98db7c354 None None] Loading extension file: agent.py {{(pid=90747) _load_all_extensions_from_path /opt/stack/neutron/neutron/api/extensions.py:449}}
Jul 28 01:52:41.941161 np0000005942 devstack@neutron-api.service[90747]: DEBUG neutron.api.extensions [None req-5c91c078-acae-448c-8917-28e98db7c354 None None] Ext name="agent" alias="agent" description="The agent management extension." updated="2013-02-03T10:00:00-00:00" {{(pid=90747) _check_extension /opt/stack/neutron/neutron/api/extensions.py:415}}
Jul 28 01:52:41.941161 np0000005942 devstack@neutron-api.service[90747]: INFO neutron.api.extensions [None req-5c91c078-acae-448c-8917-28e98db7c354 None None] Loaded extension: agent
Jul 28 01:52:41.941161 np0000005942 devstack@neutron-api.service[90747]: DEBUG neutron.api.extensions [None req-5c91c078-acae-448c-8917-28e98db7c354 None None] Loading extension file: agent_resources_synced.py {{(pid=90747) _load_all_extensions_from_path /opt/stack/neutron/neutron/api/extensions.py:449}}
Jul 28 01:52:41.941714 np0000005942 devstack@neutron-api.service[90747]: DEBUG neutron.api.extensions [None req-5c91c078-acae-448c-8917-28e98db7c354 None None] Ext name="Agent's Resource View Synced to Placement" alias="agent-resources-synced" description="Stores success/failure of last sync to Placement" updated="2018-12-19T00:00:00-00:00" {{(pid=90747) _check_extension /opt/stack/neutron/neutron/api/extensions.py:415}}
Jul 28 01:52:41.941714 np0000005942 devstack@neutron-api.service[90747]: INFO neutron.api.extensions [None req-5c91c078-acae-448c-8917-28e98db7c354 None None] Extension agent-resources-synced not supported by any of loaded plugins
Jul 28 01:52:41.941714 np0000005942 devstack@neutron-api.service[90747]: DEBUG neutron.api.extensions [None req-5c91c078-acae-448c-8917-28e98db7c354 None None] Loading extension file: agent_sort_key.py {{(pid=90747) _load_all_extensions_from_path /opt/stack/neutron/neutron/api/extensions.py:449}}
Jul 28 01:52:41.941714 np0000005942 devstack@neutron-api.service[90747]: DEBUG neutron.api.extensions [None req-5c91c078-acae-448c-8917-28e98db7c354 None None] Ext name="Agents Sort Key" alias="agent_sort_key" description="Enabling the keyword sort_key for sorting in agents." updated="2013-02-03T10:00:00-00:00" {{(pid=90747) _check_extension /opt/stack/neutron/neutron/api/extensions.py:415}}
Jul 28 01:52:41.941714 np0000005942 devstack@neutron-api.service[90747]: INFO neutron.api.extensions [None req-5c91c078-acae-448c-8917-28e98db7c354 None None] Extension agent_sort_key not supported by any of loaded plugins
Jul 28 01:52:41.941714 np0000005942 devstack@neutron-api.service[90747]: DEBUG neutron.api.extensions [None req-5c91c078-acae-448c-8917-28e98db7c354 None None] Loading extension file: allowedaddresspairs.py {{(pid=90747) _load_all_extensions_from_path /opt/stack/neutron/neutron/api/extensions.py:449}}
Jul 28 01:52:41.942216 np0000005942 devstack@neutron-api.service[90745]: DEBUG neutron.services.provider_configuration [None req-13359d06-7ff9-4451-be2d-5151e3e0dea7 None None] Service providers = [] {{(pid=90745) parse_service_provider_opt /opt/stack/neutron/neutron/services/provider_configuration.py:170}}
Jul 28 01:52:41.942216 np0000005942 devstack@neutron-api.service[90745]: DEBUG neutron.db.servicetype_db [None req-13359d06-7ff9-4451-be2d-5151e3e0dea7 None None] Adding provider configuration for service L3_ROUTER_NAT {{(pid=90745) add_provider_configuration /opt/stack/neutron/neutron/db/servicetype_db.py:45}}
Jul 28 01:52:41.942569 np0000005942 devstack@neutron-api.service[90747]: DEBUG neutron.api.extensions [None req-5c91c078-acae-448c-8917-28e98db7c354 None None] Ext name="Allowed Address Pairs" alias="allowed-address-pairs" description="Provides allowed address pairs" updated="2013-07-23T10:00:00-00:00" {{(pid=90747) _check_extension /opt/stack/neutron/neutron/api/extensions.py:415}}
Jul 28 01:52:41.942569 np0000005942 devstack@neutron-api.service[90747]: INFO neutron.api.extensions [None req-5c91c078-acae-448c-8917-28e98db7c354 None None] Loaded extension: allowed-address-pairs
Jul 28 01:52:41.942569 np0000005942 devstack@neutron-api.service[90747]: DEBUG neutron.api.extensions [None req-5c91c078-acae-448c-8917-28e98db7c354 None None] Loading extension file: auto_allocated_topology.py {{(pid=90747) _load_all_extensions_from_path /opt/stack/neutron/neutron/api/extensions.py:449}}
Jul 28 01:52:41.942569 np0000005942 devstack@neutron-api.service[90747]: DEBUG neutron.api.extensions [None req-5c91c078-acae-448c-8917-28e98db7c354 None None] Ext name="Auto Allocated Topology Services" alias="auto-allocated-topology" description="Auto Allocated Topology Services." updated="2016-01-01T00:00:00-00:00" {{(pid=90747) _check_extension /opt/stack/neutron/neutron/api/extensions.py:415}}
Jul 28 01:52:41.942989 np0000005942 devstack@neutron-api.service[90747]: INFO neutron.api.extensions [None req-5c91c078-acae-448c-8917-28e98db7c354 None None] Loaded extension: auto-allocated-topology
Jul 28 01:52:41.943216 np0000005942 devstack@neutron-api.service[90745]: DEBUG neutron_lib.callbacks.manager [None req-13359d06-7ff9-4451-be2d-5151e3e0dea7 None None] Subscribe: > router precommit_create 55549900, False {{(pid=90745) subscribe /opt/stack/data/venv/lib/python3.12/site-packages/neutron_lib/callbacks/manager.py:52}}
Jul 28 01:52:41.943699 np0000005942 devstack@neutron-api.service[90747]: DEBUG neutron.api.extensions [None req-5c91c078-acae-448c-8917-28e98db7c354 None None] Loading extension file: availability_zone.py {{(pid=90747) _load_all_extensions_from_path /opt/stack/neutron/neutron/api/extensions.py:449}}
Jul 28 01:52:41.943898 np0000005942 devstack@neutron-api.service[90745]: DEBUG neutron_lib.callbacks.manager [None req-13359d06-7ff9-4451-be2d-5151e3e0dea7 None None] Subscribe: > router_interface after_create 55550000, False {{(pid=90745) subscribe /opt/stack/data/venv/lib/python3.12/site-packages/neutron_lib/callbacks/manager.py:52}}
Jul 28 01:52:41.943898 np0000005942 devstack@neutron-api.service[90745]: DEBUG neutron_lib.callbacks.manager [None req-13359d06-7ff9-4451-be2d-5151e3e0dea7 None None] Subscribe: > floatingip after_create 55550000, False {{(pid=90745) subscribe /opt/stack/data/venv/lib/python3.12/site-packages/neutron_lib/callbacks/manager.py:52}}
Jul 28 01:52:41.943898 np0000005942 devstack@neutron-api.service[90745]: DEBUG neutron_lib.callbacks.manager [None req-13359d06-7ff9-4451-be2d-5151e3e0dea7 None None] Subscribe: > floatingip precommit_create 55550000, False {{(pid=90745) subscribe /opt/stack/data/venv/lib/python3.12/site-packages/neutron_lib/callbacks/manager.py:52}}
Jul 28 01:52:41.943898 np0000005942 devstack@neutron-api.service[90745]: DEBUG neutron_lib.callbacks.manager [None req-13359d06-7ff9-4451-be2d-5151e3e0dea7 None None] Subscribe: > floatingip precommit_update 55550000, False {{(pid=90745) subscribe /opt/stack/data/venv/lib/python3.12/site-packages/neutron_lib/callbacks/manager.py:52}}
Jul 28 01:52:41.944356 np0000005942 devstack@neutron-api.service[90747]: DEBUG neutron.api.extensions [None req-5c91c078-acae-448c-8917-28e98db7c354 None None] Ext name="Availability Zone" alias="availability_zone" description="The availability zone extension." updated="2015-01-01T10:00:00-00:00" {{(pid=90747) _check_extension /opt/stack/neutron/neutron/api/extensions.py:415}}
Jul 28 01:52:41.944580 np0000005942 devstack@neutron-api.service[90745]: DEBUG neutron_lib.callbacks.manager [None req-13359d06-7ff9-4451-be2d-5151e3e0dea7 None None] Subscribe: > floatingip after_delete 55550000, False {{(pid=90745) subscribe /opt/stack/data/venv/lib/python3.12/site-packages/neutron_lib/callbacks/manager.py:52}}
Jul 28 01:52:41.944827 np0000005942 devstack@neutron-api.service[90747]: INFO neutron.api.extensions [None req-5c91c078-acae-448c-8917-28e98db7c354 None None] Loaded extension: availability_zone
Jul 28 01:52:41.945023 np0000005942 devstack@neutron-api.service[90745]: DEBUG neutron_lib.callbacks.manager [None req-13359d06-7ff9-4451-be2d-5151e3e0dea7 None None] Subscribe: > floatingip after_status_update 55550000, False {{(pid=90745) subscribe /opt/stack/data/venv/lib/python3.12/site-packages/neutron_lib/callbacks/manager.py:52}}
Jul 28 01:52:41.945235 np0000005942 devstack@neutron-api.service[90747]: DEBUG neutron.api.extensions [None req-5c91c078-acae-448c-8917-28e98db7c354 None None] Loading extension file: availability_zone_filter.py {{(pid=90747) _load_all_extensions_from_path /opt/stack/neutron/neutron/api/extensions.py:449}}
Jul 28 01:52:41.945453 np0000005942 devstack@neutron-api.service[90745]: DEBUG neutron_lib.callbacks.manager [None req-13359d06-7ff9-4451-be2d-5151e3e0dea7 None None] Subscribe: > floatingip after_update 55550000, False {{(pid=90745) subscribe /opt/stack/data/venv/lib/python3.12/site-packages/neutron_lib/callbacks/manager.py:52}}
Jul 28 01:52:41.945453 np0000005942 devstack@neutron-api.service[90745]: DEBUG neutron_lib.callbacks.manager [None req-13359d06-7ff9-4451-be2d-5151e3e0dea7 None None] Subscribe: > port_forwarding after_create 55550000, False {{(pid=90745) subscribe /opt/stack/data/venv/lib/python3.12/site-packages/neutron_lib/callbacks/manager.py:52}}
Jul 28 01:52:41.945453 np0000005942 devstack@neutron-api.service[90745]: DEBUG neutron_lib.callbacks.manager [None req-13359d06-7ff9-4451-be2d-5151e3e0dea7 None None] Subscribe: > router_interface after_delete 55550000, False {{(pid=90745) subscribe /opt/stack/data/venv/lib/python3.12/site-packages/neutron_lib/callbacks/manager.py:52}}
Jul 28 01:52:41.945453 np0000005942 devstack@neutron-api.service[90745]: DEBUG neutron_lib.callbacks.manager [None req-13359d06-7ff9-4451-be2d-5151e3e0dea7 None None] Subscribe: > router after_create 55550000, False {{(pid=90745) subscribe /opt/stack/data/venv/lib/python3.12/site-packages/neutron_lib/callbacks/manager.py:52}}
Jul 28 01:52:41.945884 np0000005942 devstack@neutron-api.service[90745]: DEBUG neutron_lib.callbacks.manager [None req-13359d06-7ff9-4451-be2d-5151e3e0dea7 None None] Subscribe: > router precommit_create 55550000, False {{(pid=90745) subscribe /opt/stack/data/venv/lib/python3.12/site-packages/neutron_lib/callbacks/manager.py:52}}
Jul 28 01:52:41.946067 np0000005942 devstack@neutron-api.service[90747]: DEBUG neutron.api.extensions [None req-5c91c078-acae-448c-8917-28e98db7c354 None None] Ext name="Availability Zone Filter Extension" alias="availability_zone_filter" description="Add filter parameters to AvailabilityZone resource" updated="2018-06-22T10:00:00-00:00" {{(pid=90747) _check_extension /opt/stack/neutron/neutron/api/extensions.py:415}}
Jul 28 01:52:41.946276 np0000005942 devstack@neutron-api.service[90745]: DEBUG neutron_lib.callbacks.manager [None req-13359d06-7ff9-4451-be2d-5151e3e0dea7 None None] Subscribe: > router after_delete 55550000, False {{(pid=90745) subscribe /opt/stack/data/venv/lib/python3.12/site-packages/neutron_lib/callbacks/manager.py:52}}
Jul 28 01:52:41.946276 np0000005942 devstack@neutron-api.service[90745]: DEBUG neutron_lib.callbacks.manager [None req-13359d06-7ff9-4451-be2d-5151e3e0dea7 None None] Subscribe: > router after_update 55550000, False {{(pid=90745) subscribe /opt/stack/data/venv/lib/python3.12/site-packages/neutron_lib/callbacks/manager.py:52}}
Jul 28 01:52:41.946594 np0000005942 devstack@neutron-api.service[90747]: INFO neutron.api.extensions [None req-5c91c078-acae-448c-8917-28e98db7c354 None None] Extension availability_zone_filter not supported by any of loaded plugins
Jul 28 01:52:41.946755 np0000005942 devstack@neutron-api.service[90745]: DEBUG neutron.services.service_base [None req-13359d06-7ff9-4451-be2d-5151e3e0dea7 None None] Loaded 'neutron.services.ovn_l3.service_providers.ovn.OvnDriver' provider for service L3_ROUTER_NAT {{(pid=90745) load_drivers /opt/stack/neutron/neutron/services/service_base.py:49}}
Jul 28 01:52:41.947017 np0000005942 devstack@neutron-api.service[90747]: DEBUG neutron.api.extensions [None req-5c91c078-acae-448c-8917-28e98db7c354 None None] Loading extension file: data_plane_status.py {{(pid=90747) _load_all_extensions_from_path /opt/stack/neutron/neutron/api/extensions.py:449}}
Jul 28 01:52:41.947302 np0000005942 devstack@neutron-api.service[90745]: DEBUG neutron_lib.callbacks.manager [None req-13359d06-7ff9-4451-be2d-5151e3e0dea7 None None] Subscribe: > process after_init 55550001, True {{(pid=90745) subscribe /opt/stack/data/venv/lib/python3.12/site-packages/neutron_lib/callbacks/manager.py:52}}
Jul 28 01:52:41.947561 np0000005942 devstack@neutron-api.service[90747]: DEBUG neutron.api.extensions [None req-5c91c078-acae-448c-8917-28e98db7c354 None None] Ext name="Port data plane status extension" alias="data-plane-status" description="Expose status of underlying data plane" updated="2017-01-24T10:00:00-00:00" {{(pid=90747) _check_extension /opt/stack/neutron/neutron/api/extensions.py:415}}
Jul 28 01:52:41.947821 np0000005942 devstack@neutron-api.service[90745]: DEBUG neutron.manager [None req-13359d06-7ff9-4451-be2d-5151e3e0dea7 None None] Successfully loaded L3_ROUTER_NAT plugin. Description: L3 Router Service Plugin for basic L3 forwarding using OVN {{(pid=90745) _create_and_add_service_plugin /opt/stack/neutron/neutron/manager.py:236}}
Jul 28 01:52:41.947821 np0000005942 devstack@neutron-api.service[90745]: INFO neutron.manager [None req-13359d06-7ff9-4451-be2d-5151e3e0dea7 None None] Loading Plugin: auto_allocate
Jul 28 01:52:41.948036 np0000005942 devstack@neutron-api.service[90747]: INFO neutron.api.extensions [None req-5c91c078-acae-448c-8917-28e98db7c354 None None] Extension data-plane-status not supported by any of loaded plugins
Jul 28 01:52:41.948036 np0000005942 devstack@neutron-api.service[90747]: DEBUG neutron.api.extensions [None req-5c91c078-acae-448c-8917-28e98db7c354 None None] Loading extension file: default_subnetpools.py {{(pid=90747) _load_all_extensions_from_path /opt/stack/neutron/neutron/api/extensions.py:449}}
Jul 28 01:52:41.948036 np0000005942 devstack@neutron-api.service[90747]: DEBUG neutron.api.extensions [None req-5c91c078-acae-448c-8917-28e98db7c354 None None] Ext name="Default Subnetpools" alias="default-subnetpools" description="Provides ability to mark and use a subnetpool as the default." updated="2016-02-18T18:00:00-00:00" {{(pid=90747) _check_extension /opt/stack/neutron/neutron/api/extensions.py:415}}
Jul 28 01:52:41.948036 np0000005942 devstack@neutron-api.service[90747]: INFO neutron.api.extensions [None req-5c91c078-acae-448c-8917-28e98db7c354 None None] Loaded extension: default-subnetpools
Jul 28 01:52:41.948036 np0000005942 devstack@neutron-api.service[90747]: DEBUG neutron.api.extensions [None req-5c91c078-acae-448c-8917-28e98db7c354 None None] Loading extension file: dhcpagentscheduler.py {{(pid=90747) _load_all_extensions_from_path /opt/stack/neutron/neutron/api/extensions.py:449}}
Jul 28 01:52:41.948036 np0000005942 devstack@neutron-api.service[90747]: DEBUG neutron.api.extensions [None req-5c91c078-acae-448c-8917-28e98db7c354 None None] Ext name="DHCP Agent Scheduler" alias="dhcp_agent_scheduler" description="Schedule networks among dhcp agents" updated="2013-02-07T10:00:00-00:00" {{(pid=90747) _check_extension /opt/stack/neutron/neutron/api/extensions.py:415}}
Jul 28 01:52:41.948685 np0000005942 devstack@neutron-api.service[90746]: DEBUG neutron_lib.callbacks.manager [None req-5ad8cc4f-799e-43e2-a961-f427c30b973a None None] Publish callbacks ['neutron.plugins.ml2.drivers.ovn.mech_driver.mech_driver.OVNMechanismDriver.pre_fork_initialize-365181'] for process (None), before_spawn {{(pid=90746) _notify_loop /opt/stack/data/venv/lib/python3.12/site-packages/neutron_lib/callbacks/manager.py:184}}
Jul 28 01:52:41.949019 np0000005942 devstack@neutron-api.service[90745]: DEBUG neutron_lib.callbacks.manager [None req-13359d06-7ff9-4451-be2d-5151e3e0dea7 None None] Subscribe: network precommit_update 55550000, False {{(pid=90745) subscribe /opt/stack/data/venv/lib/python3.12/site-packages/neutron_lib/callbacks/manager.py:52}}
Jul 28 01:52:41.949019 np0000005942 devstack@neutron-api.service[90745]: DEBUG neutron_lib.callbacks.manager [None req-13359d06-7ff9-4451-be2d-5151e3e0dea7 None None] Subscribe: network precommit_create 55550000, False {{(pid=90745) subscribe /opt/stack/data/venv/lib/python3.12/site-packages/neutron_lib/callbacks/manager.py:52}}
Jul 28 01:52:41.949293 np0000005942 devstack@neutron-api.service[90747]: INFO neutron.api.extensions [None req-5c91c078-acae-448c-8917-28e98db7c354 None None] Loaded extension: dhcp_agent_scheduler
Jul 28 01:52:41.949293 np0000005942 devstack@neutron-api.service[90747]: DEBUG neutron.api.extensions [None req-5c91c078-acae-448c-8917-28e98db7c354 None None] Loading extension file: dns.py {{(pid=90747) _load_all_extensions_from_path /opt/stack/neutron/neutron/api/extensions.py:449}}
Jul 28 01:52:41.949567 np0000005942 devstack@neutron-api.service[90746]: DEBUG oslo_concurrency.processutils [None req-5ad8cc4f-799e-43e2-a961-f427c30b973a None None] Running cmd (subprocess): ovsdb-client transact ssl:10.4.3.138:6641 --timeout 180 -p /opt/stack/data/CA/int-ca/private/devstack-cert.key -c /opt/stack/data/CA/int-ca/devstack-cert.crt -C /opt/stack/data/CA/int-ca/ca-chain.pem ["OVN_Northbound", {"op": "wait", "timeout": 0, "table": "Port_Group", "where": [["name", "==", "neutron_pg_drop"]], "until": "==", "rows": []}, {"op": "insert", "table": "ACL", "row": {"action": "drop", "direction": "to-lport", "match": "outport == @neutron_pg_drop && ip", "priority": 1001}, "uuid-name": "droptoport"}, {"op": "insert", "table": "ACL", "row": {"action": "drop", "direction": "from-lport", "match": "inport == @neutron_pg_drop && ip", "priority": 1001}, "uuid-name": "dropfromport"}, {"op": "insert", "table": "Port_Group", "row": {"name": "neutron_pg_drop", "acls": ["set", [["named-uuid", "droptoport"], ["named-uuid", "dropfromport"]]]}}] {{(pid=90746) execute /opt/stack/data/venv/lib/python3.12/site-packages/oslo_concurrency/processutils.py:440}}
Jul 28 01:52:41.949945 np0000005942 devstack@neutron-api.service[90745]: DEBUG neutron.manager [None req-13359d06-7ff9-4451-be2d-5151e3e0dea7 None None] Successfully loaded auto-allocated-topology plugin. Description: Auto Allocated Topology - aka get me a network. {{(pid=90745) _create_and_add_service_plugin /opt/stack/neutron/neutron/manager.py:236}}
Jul 28 01:52:41.950202 np0000005942 devstack@neutron-api.service[90747]: DEBUG neutron.api.extensions [None req-5c91c078-acae-448c-8917-28e98db7c354 None None] Ext name="DNS Integration" alias="dns-integration" description="Provides integration with DNS." updated="2015-08-15T18:00:00-00:00" {{(pid=90747) _check_extension /opt/stack/neutron/neutron/api/extensions.py:415}}
Jul 28 01:52:41.950420 np0000005942 devstack@neutron-api.service[90745]: INFO neutron.manager [None req-13359d06-7ff9-4451-be2d-5151e3e0dea7 None None] Loading Plugin: tag
Jul 28 01:52:41.950878 np0000005942 devstack@neutron-api.service[90747]: INFO neutron.api.extensions [None req-5c91c078-acae-448c-8917-28e98db7c354 None None] Loaded extension: dns-integration
Jul 28 01:52:41.950878 np0000005942 devstack@neutron-api.service[90747]: DEBUG neutron.api.extensions [None req-5c91c078-acae-448c-8917-28e98db7c354 None None] Loading extension file: dns_domain_ports.py {{(pid=90747) _load_all_extensions_from_path /opt/stack/neutron/neutron/api/extensions.py:449}}
Jul 28 01:52:41.950878 np0000005942 devstack@neutron-api.service[90747]: DEBUG neutron.api.extensions [None req-5c91c078-acae-448c-8917-28e98db7c354 None None] Ext name="dns_domain for ports" alias="dns-domain-ports" description="Allows the DNS domain to be specified for a network port." updated="2017-04-24T10:00:00-00:00" {{(pid=90747) _check_extension /opt/stack/neutron/neutron/api/extensions.py:415}}
Jul 28 01:52:41.950878 np0000005942 devstack@neutron-api.service[90747]: INFO neutron.api.extensions [None req-5c91c078-acae-448c-8917-28e98db7c354 None None] Loaded extension: dns-domain-ports
Jul 28 01:52:41.950878 np0000005942 devstack@neutron-api.service[90747]: DEBUG neutron.api.extensions [None req-5c91c078-acae-448c-8917-28e98db7c354 None None] Loading extension file: dns_integration_domain_keywords.py {{(pid=90747) _load_all_extensions_from_path /opt/stack/neutron/neutron/api/extensions.py:449}}
Jul 28 01:52:41.950878 np0000005942 devstack@neutron-api.service[90747]: DEBUG neutron.api.extensions [None req-5c91c078-acae-448c-8917-28e98db7c354 None None] Ext name="DNS domain names with keywords allowed" alias="dns-integration-domain-keywords" description="Allows to use keywords like , , and as DNS domain name" updated="2020-06-15T18:00:00-00:00" {{(pid=90747) _check_extension /opt/stack/neutron/neutron/api/extensions.py:415}}
Jul 28 01:52:41.950878 np0000005942 devstack@neutron-api.service[90747]: INFO neutron.api.extensions [None req-5c91c078-acae-448c-8917-28e98db7c354 None None] Loaded extension: dns-integration-domain-keywords
Jul 28 01:52:41.951327 np0000005942 devstack@neutron-api.service[90747]: DEBUG neutron.api.extensions [None req-5c91c078-acae-448c-8917-28e98db7c354 None None] Loading extension file: dvr.py {{(pid=90747) _load_all_extensions_from_path /opt/stack/neutron/neutron/api/extensions.py:449}}
Jul 28 01:52:41.951327 np0000005942 devstack@neutron-api.service[90747]: DEBUG neutron.api.extensions [None req-5c91c078-acae-448c-8917-28e98db7c354 None None] Ext name="Distributed Virtual Router" alias="dvr" description="Enables configuration of Distributed Virtual Routers." updated="2014-06-1T10:00:00-00:00" {{(pid=90747) _check_extension /opt/stack/neutron/neutron/api/extensions.py:415}}
Jul 28 01:52:41.951327 np0000005942 devstack@neutron-api.service[90747]: INFO neutron.api.extensions [None req-5c91c078-acae-448c-8917-28e98db7c354 None None] Extension dvr not supported by any of loaded plugins
Jul 28 01:52:41.951327 np0000005942 devstack@neutron-api.service[90747]: DEBUG neutron.api.extensions [None req-5c91c078-acae-448c-8917-28e98db7c354 None None] Loading extension file: ecmp_routes.py {{(pid=90747) _load_all_extensions_from_path /opt/stack/neutron/neutron/api/extensions.py:449}}
Jul 28 01:52:41.951327 np0000005942 devstack@neutron-api.service[90747]: DEBUG neutron.api.extensions [None req-5c91c078-acae-448c-8917-28e98db7c354 None None] Ext name="Equal Cost Multipath Routing" alias="ecmp_routes" description="Allows traffic to reach thesame destination via multiple different links " updated="2020-11-26T18:00:00-00:00" {{(pid=90747) _check_extension /opt/stack/neutron/neutron/api/extensions.py:415}}
Jul 28 01:52:41.951327 np0000005942 devstack@neutron-api.service[90747]: INFO neutron.api.extensions [None req-5c91c078-acae-448c-8917-28e98db7c354 None None] Extension ecmp_routes not supported by any of loaded plugins
Jul 28 01:52:41.951327 np0000005942 devstack@neutron-api.service[90747]: DEBUG neutron.api.extensions [None req-5c91c078-acae-448c-8917-28e98db7c354 None None] Loading extension file: empty_string_filtering.py {{(pid=90747) _load_all_extensions_from_path /opt/stack/neutron/neutron/api/extensions.py:449}}
Jul 28 01:52:41.951802 np0000005942 devstack@neutron-api.service[90747]: DEBUG neutron.api.extensions [None req-5c91c078-acae-448c-8917-28e98db7c354 None None] Ext name="Empty String Filtering Extension" alias="empty-string-filtering" description="Allow filtering by attributes with empty string value" updated="2018-05-01T10:00:00-00:00" {{(pid=90747) _check_extension /opt/stack/neutron/neutron/api/extensions.py:415}}
Jul 28 01:52:41.951802 np0000005942 devstack@neutron-api.service[90747]: INFO neutron.api.extensions [None req-5c91c078-acae-448c-8917-28e98db7c354 None None] Loaded extension: empty-string-filtering
Jul 28 01:52:41.951802 np0000005942 devstack@neutron-api.service[90747]: DEBUG neutron.api.extensions [None req-5c91c078-acae-448c-8917-28e98db7c354 None None] Loading extension file: evpn.py {{(pid=90747) _load_all_extensions_from_path /opt/stack/neutron/neutron/api/extensions.py:449}}
Jul 28 01:52:41.952062 np0000005942 devstack@neutron-api.service[90745]: DEBUG neutron.manager [None req-13359d06-7ff9-4451-be2d-5151e3e0dea7 None None] Successfully loaded TAG plugin. Description: Tag support {{(pid=90745) _create_and_add_service_plugin /opt/stack/neutron/neutron/manager.py:236}}
Jul 28 01:52:41.952062 np0000005942 devstack@neutron-api.service[90745]: INFO neutron.manager [None req-13359d06-7ff9-4451-be2d-5151e3e0dea7 None None] Loading Plugin: timestamp
Jul 28 01:52:41.952270 np0000005942 devstack@neutron-api.service[90747]: DEBUG neutron.api.extensions [None req-5c91c078-acae-448c-8917-28e98db7c354 None None] Ext name="EVPN" alias="evpn" description="Router extension to support EVPN Type-5 route advertisement" updated="2026-04-28T00:00:00-00:00" {{(pid=90747) _check_extension /opt/stack/neutron/neutron/api/extensions.py:415}}
Jul 28 01:52:41.952270 np0000005942 devstack@neutron-api.service[90747]: INFO neutron.api.extensions [None req-5c91c078-acae-448c-8917-28e98db7c354 None None] Extension evpn not supported by any of loaded plugins
Jul 28 01:52:41.952270 np0000005942 devstack@neutron-api.service[90747]: DEBUG neutron.api.extensions [None req-5c91c078-acae-448c-8917-28e98db7c354 None None] Loading extension file: expose_l3_conntrack_helper.py {{(pid=90747) _load_all_extensions_from_path /opt/stack/neutron/neutron/api/extensions.py:449}}
Jul 28 01:52:41.952270 np0000005942 devstack@neutron-api.service[90747]: DEBUG neutron.api.extensions [None req-5c91c078-acae-448c-8917-28e98db7c354 None None] Ext name="Expose CT target rules for conntrack helper" alias="expose-l3-conntrack-helper" description="Expose allow adding CT target rules for conntrack helper" updated="2019-04-04T10:00:00-00:00" {{(pid=90747) _check_extension /opt/stack/neutron/neutron/api/extensions.py:415}}
Jul 28 01:52:41.952270 np0000005942 devstack@neutron-api.service[90747]: INFO neutron.api.extensions [None req-5c91c078-acae-448c-8917-28e98db7c354 None None] Extension expose-l3-conntrack-helper not supported by any of loaded plugins
Jul 28 01:52:41.952270 np0000005942 devstack@neutron-api.service[90747]: DEBUG neutron.api.extensions [None req-5c91c078-acae-448c-8917-28e98db7c354 None None] Loading extension file: expose_port_forwarding_in_fip.py {{(pid=90747) _load_all_extensions_from_path /opt/stack/neutron/neutron/api/extensions.py:449}}
Jul 28 01:52:41.952632 np0000005942 devstack@neutron-api.service[90745]: DEBUG neutron.manager [None req-13359d06-7ff9-4451-be2d-5151e3e0dea7 None None] Successfully loaded timestamp plugin. Description: Adds timestamps to Neutron resources with standard attributes {{(pid=90745) _create_and_add_service_plugin /opt/stack/neutron/neutron/manager.py:236}}
Jul 28 01:52:41.952839 np0000005942 devstack@neutron-api.service[90747]: DEBUG neutron.api.extensions [None req-5c91c078-acae-448c-8917-28e98db7c354 None None] Ext name="Expose Floating IP port forwardings" alias="expose-port-forwarding-in-fip" description="Expose port forwarding fields in floating IP response" updated="2018-06-28T16:00:00-00:00" {{(pid=90747) _check_extension /opt/stack/neutron/neutron/api/extensions.py:415}}
Jul 28 01:52:41.953313 np0000005942 devstack@neutron-api.service[90745]: INFO neutron.manager [None req-13359d06-7ff9-4451-be2d-5151e3e0dea7 None None] Loading Plugin: network_ip_availability
Jul 28 01:52:41.953542 np0000005942 devstack@neutron-api.service[90747]: INFO neutron.api.extensions [None req-5c91c078-acae-448c-8917-28e98db7c354 None None] Extension expose-port-forwarding-in-fip not supported by any of loaded plugins
Jul 28 01:52:41.953542 np0000005942 devstack@neutron-api.service[90747]: DEBUG neutron.api.extensions [None req-5c91c078-acae-448c-8917-28e98db7c354 None None] Loading extension file: external_net.py {{(pid=90747) _load_all_extensions_from_path /opt/stack/neutron/neutron/api/extensions.py:449}}
Jul 28 01:52:41.953542 np0000005942 devstack@neutron-api.service[90747]: DEBUG neutron.api.extensions [None req-5c91c078-acae-448c-8917-28e98db7c354 None None] Ext name="Neutron external network" alias="external-net" description="Adds external network attribute to network resource." updated="2013-01-14T10:00:00-00:00" {{(pid=90747) _check_extension /opt/stack/neutron/neutron/api/extensions.py:415}}
Jul 28 01:52:41.953542 np0000005942 devstack@neutron-api.service[90747]: INFO neutron.api.extensions [None req-5c91c078-acae-448c-8917-28e98db7c354 None None] Loaded extension: external-net
Jul 28 01:52:41.953542 np0000005942 devstack@neutron-api.service[90747]: DEBUG neutron.api.extensions [None req-5c91c078-acae-448c-8917-28e98db7c354 None None] Loading extension file: extra_dhcp_opt.py {{(pid=90747) _load_all_extensions_from_path /opt/stack/neutron/neutron/api/extensions.py:449}}
