Aug 16 17:27:23.646282 np0000007382 devstack@g-api.service[99720]: DEBUG glance.api.middleware.version_negotiation [None req-4a9e417a-690f-4e7a-a6a5-4528d0cf1d5e tempest-TaggedBootDevicesTest_v242-2104972425 tempest-TaggedBootDevicesTest_v242-2104972425-project-member] Using url versioning {{(pid=99720) process_request /opt/stack/glance/glance/api/middleware/version_negotiation.py:57}}
Aug 16 17:27:23.646431 np0000007382 devstack@g-api.service[99720]: DEBUG glance.api.middleware.version_negotiation [None req-4a9e417a-690f-4e7a-a6a5-4528d0cf1d5e tempest-TaggedBootDevicesTest_v242-2104972425 tempest-TaggedBootDevicesTest_v242-2104972425-project-member] Matched version: v2 {{(pid=99720) process_request /opt/stack/glance/glance/api/middleware/version_negotiation.py:69}}
Aug 16 17:27:23.646983 np0000007382 devstack@g-api.service[99720]: DEBUG glance.api.middleware.version_negotiation [None req-4a9e417a-690f-4e7a-a6a5-4528d0cf1d5e tempest-TaggedBootDevicesTest_v242-2104972425 tempest-TaggedBootDevicesTest_v242-2104972425-project-member] new path /v2/images/7751e032-d3ce-41e5-b4db-cf00e0e3285d {{(pid=99720) process_request /opt/stack/glance/glance/api/middleware/version_negotiation.py:70}}
Aug 16 17:27:23.801159 np0000007382 devstack@g-api.service[99719]: DEBUG glance.api.middleware.version_negotiation [None req-68c9c141-af59-4322-9f18-f586e50f0f34 tempest-TaggedBootDevicesTest-1256244536 tempest-TaggedBootDevicesTest-1256244536-project-member] Determining version of request: GET /v2/images/7751e032-d3ce-41e5-b4db-cf00e0e3285d Accept: */* {{(pid=99719) process_request /opt/stack/glance/glance/api/middleware/version_negotiation.py:44}}
Aug 16 17:27:23.801537 np0000007382 devstack@g-api.service[99719]: DEBUG glance.api.middleware.version_negotiation [None req-68c9c141-af59-4322-9f18-f586e50f0f34 tempest-TaggedBootDevicesTest-1256244536 tempest-TaggedBootDevicesTest-1256244536-project-member] Using url versioning {{(pid=99719) process_request /opt/stack/glance/glance/api/middleware/version_negotiation.py:57}}
Aug 16 17:27:23.801589 np0000007382 devstack@g-api.service[99719]: DEBUG glance.api.middleware.version_negotiation [None req-68c9c141-af59-4322-9f18-f586e50f0f34 tempest-TaggedBootDevicesTest-1256244536 tempest-TaggedBootDevicesTest-1256244536-project-member] Matched version: v2 {{(pid=99719) process_request /opt/stack/glance/glance/api/middleware/version_negotiation.py:69}}
Aug 16 17:27:23.801727 np0000007382 devstack@g-api.service[99719]: DEBUG glance.api.middleware.version_negotiation [None req-68c9c141-af59-4322-9f18-f586e50f0f34 tempest-TaggedBootDevicesTest-1256244536 tempest-TaggedBootDevicesTest-1256244536-project-member] new path /v2/images/7751e032-d3ce-41e5-b4db-cf00e0e3285d {{(pid=99719) process_request /opt/stack/glance/glance/api/middleware/version_negotiation.py:70}}
Aug 16 17:27:23.816161 np0000007382 devstack@g-api.service[99719]: [pid: 99719|app: 0|req: 18/54] 127.0.0.1 () {44 vars in 1111 bytes} [Sun Aug 16 17:27:23 2026] GET /v2/images/7751e032-d3ce-41e5-b4db-cf00e0e3285d => generated 1044 bytes in 16 msecs (HTTP/1.1 200) 4 headers in 158 bytes (1 switches on core 0)
Aug 16 17:27:23.828039 np0000007382 devstack@g-api.service[99718]: DEBUG glance.api.middleware.version_negotiation [None req-68c9c141-af59-4322-9f18-f586e50f0f34 tempest-TaggedBootDevicesTest-1256244536 tempest-TaggedBootDevicesTest-1256244536-project-member] Determining version of request: GET /v2/schemas/image Accept: */* {{(pid=99718) process_request /opt/stack/glance/glance/api/middleware/version_negotiation.py:44}}
Aug 16 17:27:23.828252 np0000007382 devstack@g-api.service[99718]: DEBUG glance.api.middleware.version_negotiation [None req-68c9c141-af59-4322-9f18-f586e50f0f34 tempest-TaggedBootDevicesTest-1256244536 tempest-TaggedBootDevicesTest-1256244536-project-member] Using url versioning {{(pid=99718) process_request /opt/stack/glance/glance/api/middleware/version_negotiation.py:57}}
Aug 16 17:27:23.828407 np0000007382 devstack@g-api.service[99718]: DEBUG glance.api.middleware.version_negotiation [None req-68c9c141-af59-4322-9f18-f586e50f0f34 tempest-TaggedBootDevicesTest-1256244536 tempest-TaggedBootDevicesTest-1256244536-project-member] Matched version: v2 {{(pid=99718) process_request /opt/stack/glance/glance/api/middleware/version_negotiation.py:69}}
Aug 16 17:27:23.828499 np0000007382 devstack@g-api.service[99718]: DEBUG glance.api.middleware.version_negotiation [None req-68c9c141-af59-4322-9f18-f586e50f0f34 tempest-TaggedBootDevicesTest-1256244536 tempest-TaggedBootDevicesTest-1256244536-project-member] new path /v2/schemas/image {{(pid=99718) process_request /opt/stack/glance/glance/api/middleware/version_negotiation.py:70}}
Aug 16 17:27:23.830936 np0000007382 devstack@g-api.service[99718]: [pid: 99718|app: 0|req: 18/55] 127.0.0.1 () {44 vars in 1051 bytes} [Sun Aug 16 17:27:23 2026] GET /v2/schemas/image => generated 6083 bytes in 3 msecs (HTTP/1.1 200) 4 headers in 158 bytes (1 switches on core 0)
Aug 16 17:27:23.973787 np0000007382 devstack@g-api.service[99720]: [pid: 99720|app: 0|req: 20/56] 127.0.0.1 () {40 vars in 834 bytes} [Sun Aug 16 17:27:23 2026] GET /v2/images/7751e032-d3ce-41e5-b4db-cf00e0e3285d => generated 1044 bytes in 329 msecs (HTTP/1.1 200) 4 headers in 158 bytes (1 switches on core 0)
Aug 16 17:27:23.980804 np0000007382 devstack@g-api.service[99719]: DEBUG glance.api.middleware.version_negotiation [None req-68c9c141-af59-4322-9f18-f586e50f0f34 tempest-TaggedBootDevicesTest-1256244536 tempest-TaggedBootDevicesTest-1256244536-project-member] Determining version of request: GET /v2/images/7751e032-d3ce-41e5-b4db-cf00e0e3285d/file Accept: application/json {{(pid=99719) process_request /opt/stack/glance/glance/api/middleware/version_negotiation.py:44}}
Aug 16 17:27:23.981021 np0000007382 devstack@g-api.service[99719]: DEBUG glance.api.middleware.version_negotiation [None req-68c9c141-af59-4322-9f18-f586e50f0f34 tempest-TaggedBootDevicesTest-1256244536 tempest-TaggedBootDevicesTest-1256244536-project-member] Using url versioning {{(pid=99719) process_request /opt/stack/glance/glance/api/middleware/version_negotiation.py:57}}
Aug 16 17:27:23.981249 np0000007382 devstack@g-api.service[99719]: DEBUG glance.api.middleware.version_negotiation [None req-68c9c141-af59-4322-9f18-f586e50f0f34 tempest-TaggedBootDevicesTest-1256244536 tempest-TaggedBootDevicesTest-1256244536-project-member] Matched version: v2 {{(pid=99719) process_request /opt/stack/glance/glance/api/middleware/version_negotiation.py:69}}
Aug 16 17:27:23.981416 np0000007382 devstack@g-api.service[99719]: DEBUG glance.api.middleware.version_negotiation [None req-68c9c141-af59-4322-9f18-f586e50f0f34 tempest-TaggedBootDevicesTest-1256244536 tempest-TaggedBootDevicesTest-1256244536-project-member] new path /v2/images/7751e032-d3ce-41e5-b4db-cf00e0e3285d/file {{(pid=99719) process_request /opt/stack/glance/glance/api/middleware/version_negotiation.py:70}}
Aug 16 17:27:24.020713 np0000007382 devstack@g-api.service[99718]: DEBUG glance.api.middleware.version_negotiation [None req-68c9c141-af59-4322-9f18-f586e50f0f34 tempest-TaggedBootDevicesTest-1256244536 tempest-TaggedBootDevicesTest-1256244536-project-member] Determining version of request: GET /v2/images/7751e032-d3ce-41e5-b4db-cf00e0e3285d Accept: */* {{(pid=99718) process_request /opt/stack/glance/glance/api/middleware/version_negotiation.py:44}}
Aug 16 17:27:24.021304 np0000007382 devstack@g-api.service[99718]: DEBUG glance.api.middleware.version_negotiation [None req-68c9c141-af59-4322-9f18-f586e50f0f34 tempest-TaggedBootDevicesTest-1256244536 tempest-TaggedBootDevicesTest-1256244536-project-member] Using url versioning {{(pid=99718) process_request /opt/stack/glance/glance/api/middleware/version_negotiation.py:57}}
Aug 16 17:27:24.021587 np0000007382 devstack@g-api.service[99718]: DEBUG glance.api.middleware.version_negotiation [None req-68c9c141-af59-4322-9f18-f586e50f0f34 tempest-TaggedBootDevicesTest-1256244536 tempest-TaggedBootDevicesTest-1256244536-project-member] Matched version: v2 {{(pid=99718) process_request /opt/stack/glance/glance/api/middleware/version_negotiation.py:69}}
Aug 16 17:27:24.022162 np0000007382 devstack@g-api.service[99718]: DEBUG glance.api.middleware.version_negotiation [None req-68c9c141-af59-4322-9f18-f586e50f0f34 tempest-TaggedBootDevicesTest-1256244536 tempest-TaggedBootDevicesTest-1256244536-project-member] new path /v2/images/7751e032-d3ce-41e5-b4db-cf00e0e3285d {{(pid=99718) process_request /opt/stack/glance/glance/api/middleware/version_negotiation.py:70}}
Aug 16 17:27:24.216718 np0000007382 devstack@g-api.service[99718]: [pid: 99718|app: 0|req: 19/57] 127.0.0.1 () {44 vars in 1111 bytes} [Sun Aug 16 17:27:24 2026] GET /v2/images/7751e032-d3ce-41e5-b4db-cf00e0e3285d => generated 1044 bytes in 196 msecs (HTTP/1.1 200) 4 headers in 158 bytes (1 switches on core 0)
Aug 16 17:27:24.262914 np0000007382 devstack@g-api.service[99720]: DEBUG glance.api.middleware.version_negotiation [None req-f56d916d-4008-422a-acb7-e479e4ba6c7f tempest-AttachSCSIVolumeTestJSON-1893351581 tempest-AttachSCSIVolumeTestJSON-1893351581-project-reader] Determining version of request: GET /v2/images/7751e032-d3ce-41e5-b4db-cf00e0e3285d/file Accept: */* {{(pid=99720) process_request /opt/stack/glance/glance/api/middleware/version_negotiation.py:44}}
Aug 16 17:27:24.263091 np0000007382 devstack@g-api.service[99720]: DEBUG glance.api.middleware.version_negotiation [None req-f56d916d-4008-422a-acb7-e479e4ba6c7f tempest-AttachSCSIVolumeTestJSON-1893351581 tempest-AttachSCSIVolumeTestJSON-1893351581-project-reader] Using url versioning {{(pid=99720) process_request /opt/stack/glance/glance/api/middleware/version_negotiation.py:57}}
Aug 16 17:27:24.263188 np0000007382 devstack@g-api.service[99719]: DEBUG glance.api.middleware.cache [None req-27b4c771-d2ea-4ef2-9afe-a28a22ce2811 tempest-AttachSCSIVolumeTestJSON-1912243025 tempest-AttachSCSIVolumeTestJSON-1912243025-project-admin] Cache hit for image '7751e032-d3ce-41e5-b4db-cf00e0e3285d' {{(pid=99719) process_request /opt/stack/glance/glance/api/middleware/cache.py:160}}
Aug 16 17:27:24.263250 np0000007382 devstack@g-api.service[99720]: DEBUG glance.api.middleware.version_negotiation [None req-f56d916d-4008-422a-acb7-e479e4ba6c7f tempest-AttachSCSIVolumeTestJSON-1893351581 tempest-AttachSCSIVolumeTestJSON-1893351581-project-reader] Matched version: v2 {{(pid=99720) process_request /opt/stack/glance/glance/api/middleware/version_negotiation.py:69}}
Aug 16 17:27:24.263374 np0000007382 devstack@g-api.service[99720]: DEBUG glance.api.middleware.version_negotiation [None req-f56d916d-4008-422a-acb7-e479e4ba6c7f tempest-AttachSCSIVolumeTestJSON-1893351581 tempest-AttachSCSIVolumeTestJSON-1893351581-project-reader] new path /v2/images/7751e032-d3ce-41e5-b4db-cf00e0e3285d/file {{(pid=99720) process_request /opt/stack/glance/glance/api/middleware/version_negotiation.py:70}}
Aug 16 17:27:24.272075 np0000007382 devstack@g-api.service[99720]: DEBUG glance.api.middleware.cache [None req-8dc5e9c8-3a20-418a-95d2-2e7d0a583bed tempest-ServerBootFromVolumeStableRescueTest-1458094330 tempest-ServerBootFromVolumeStableRescueTest-1458094330-project-member] Cache hit for image '7751e032-d3ce-41e5-b4db-cf00e0e3285d' {{(pid=99720) process_request /opt/stack/glance/glance/api/middleware/cache.py:160}}
Aug 16 17:27:24.279092 np0000007382 devstack@g-api.service[99718]: DEBUG glance.api.middleware.version_negotiation [None req-8dc5e9c8-3a20-418a-95d2-2e7d0a583bed tempest-ServerBootFromVolumeStableRescueTest-1458094330 tempest-ServerBootFromVolumeStableRescueTest-1458094330-project-member] Determining version of request: POST /v2/images Accept: application/json {{(pid=99718) process_request /opt/stack/glance/glance/api/middleware/version_negotiation.py:44}}
Aug 16 17:27:24.279092 np0000007382 devstack@g-api.service[99718]: DEBUG glance.api.middleware.version_negotiation [None req-8dc5e9c8-3a20-418a-95d2-2e7d0a583bed tempest-ServerBootFromVolumeStableRescueTest-1458094330 tempest-ServerBootFromVolumeStableRescueTest-1458094330-project-member] Using url versioning {{(pid=99718) process_request /opt/stack/glance/glance/api/middleware/version_negotiation.py:57}}
Aug 16 17:27:24.279092 np0000007382 devstack@g-api.service[99718]: DEBUG glance.api.middleware.version_negotiation [None req-8dc5e9c8-3a20-418a-95d2-2e7d0a583bed tempest-ServerBootFromVolumeStableRescueTest-1458094330 tempest-ServerBootFromVolumeStableRescueTest-1458094330-project-member] Matched version: v2 {{(pid=99718) process_request /opt/stack/glance/glance/api/middleware/version_negotiation.py:69}}
Aug 16 17:27:24.279092 np0000007382 devstack@g-api.service[99718]: DEBUG glance.api.middleware.version_negotiation [None req-8dc5e9c8-3a20-418a-95d2-2e7d0a583bed tempest-ServerBootFromVolumeStableRescueTest-1458094330 tempest-ServerBootFromVolumeStableRescueTest-1458094330-project-member] new path /v2/images {{(pid=99718) process_request /opt/stack/glance/glance/api/middleware/version_negotiation.py:70}}
Aug 16 17:27:24.339173 np0000007382 devstack@g-api.service[99720]: [pid: 99720|app: 0|req: 21/58] 127.0.0.1 () {44 vars in 1121 bytes} [Sun Aug 16 17:27:24 2026] GET /v2/images/7751e032-d3ce-41e5-b4db-cf00e0e3285d/file => generated 21692416 bytes in 76 msecs (HTTP/1.1 200) 5 headers in 217 bytes (340 switches on core 0)
Aug 16 17:27:24.439958 np0000007382 devstack@g-api.service[99720]: DEBUG glance.api.middleware.version_negotiation [None req-8dc5e9c8-3a20-418a-95d2-2e7d0a583bed tempest-ServerBootFromVolumeStableRescueTest-1458094330 tempest-ServerBootFromVolumeStableRescueTest-1458094330-project-member] Determining version of request: GET /v2/images/7751e032-d3ce-41e5-b4db-cf00e0e3285d Accept: */* {{(pid=99720) process_request /opt/stack/glance/glance/api/middleware/version_negotiation.py:44}}
Aug 16 17:27:24.440123 np0000007382 devstack@g-api.service[99720]: DEBUG glance.api.middleware.version_negotiation [None req-8dc5e9c8-3a20-418a-95d2-2e7d0a583bed tempest-ServerBootFromVolumeStableRescueTest-1458094330 tempest-ServerBootFromVolumeStableRescueTest-1458094330-project-member] Using url versioning {{(pid=99720) process_request /opt/stack/glance/glance/api/middleware/version_negotiation.py:57}}
Aug 16 17:27:24.440367 np0000007382 devstack@g-api.service[99720]: DEBUG glance.api.middleware.version_negotiation [None req-8dc5e9c8-3a20-418a-95d2-2e7d0a583bed tempest-ServerBootFromVolumeStableRescueTest-1458094330 tempest-ServerBootFromVolumeStableRescueTest-1458094330-project-member] Matched version: v2 {{(pid=99720) process_request /opt/stack/glance/glance/api/middleware/version_negotiation.py:69}}
Aug 16 17:27:24.440367 np0000007382 devstack@g-api.service[99720]: DEBUG glance.api.middleware.version_negotiation [None req-8dc5e9c8-3a20-418a-95d2-2e7d0a583bed tempest-ServerBootFromVolumeStableRescueTest-1458094330 tempest-ServerBootFromVolumeStableRescueTest-1458094330-project-member] new path /v2/images/7751e032-d3ce-41e5-b4db-cf00e0e3285d {{(pid=99720) process_request /opt/stack/glance/glance/api/middleware/version_negotiation.py:70}}
Aug 16 17:27:24.449427 np0000007382 devstack@g-api.service[99720]: [pid: 99720|app: 0|req: 22/59] 127.0.0.1 () {44 vars in 1111 bytes} [Sun Aug 16 17:27:24 2026] GET /v2/images/7751e032-d3ce-41e5-b4db-cf00e0e3285d => generated 1044 bytes in 10 msecs (HTTP/1.1 200) 4 headers in 158 bytes (1 switches on core 0)
Aug 16 17:27:24.475664 np0000007382 devstack@g-api.service[99720]: DEBUG glance.api.middleware.version_negotiation [None req-8dc5e9c8-3a20-418a-95d2-2e7d0a583bed tempest-ServerBootFromVolumeStableRescueTest-1458094330 tempest-ServerBootFromVolumeStableRescueTest-1458094330-project-member] Determining version of request: GET /v2/schemas/image Accept: */* {{(pid=99720) process_request /opt/stack/glance/glance/api/middleware/version_negotiation.py:44}}
Aug 16 17:27:24.475819 np0000007382 devstack@g-api.service[99720]: DEBUG glance.api.middleware.version_negotiation [None req-8dc5e9c8-3a20-418a-95d2-2e7d0a583bed tempest-ServerBootFromVolumeStableRescueTest-1458094330 tempest-ServerBootFromVolumeStableRescueTest-1458094330-project-member] Using url versioning {{(pid=99720) process_request /opt/stack/glance/glance/api/middleware/version_negotiation.py:57}}
Aug 16 17:27:24.475959 np0000007382 devstack@g-api.service[99720]: DEBUG glance.api.middleware.version_negotiation [None req-8dc5e9c8-3a20-418a-95d2-2e7d0a583bed tempest-ServerBootFromVolumeStableRescueTest-1458094330 tempest-ServerBootFromVolumeStableRescueTest-1458094330-project-member] Matched version: v2 {{(pid=99720) process_request /opt/stack/glance/glance/api/middleware/version_negotiation.py:69}}
Aug 16 17:27:24.476070 np0000007382 devstack@g-api.service[99720]: DEBUG glance.api.middleware.version_negotiation [None req-8dc5e9c8-3a20-418a-95d2-2e7d0a583bed tempest-ServerBootFromVolumeStableRescueTest-1458094330 tempest-ServerBootFromVolumeStableRescueTest-1458094330-project-member] new path /v2/schemas/image {{(pid=99720) process_request /opt/stack/glance/glance/api/middleware/version_negotiation.py:70}}
Aug 16 17:27:24.479367 np0000007382 devstack@g-api.service[99720]: [pid: 99720|app: 0|req: 23/60] 127.0.0.1 () {44 vars in 1051 bytes} [Sun Aug 16 17:27:24 2026] GET /v2/schemas/image => generated 6083 bytes in 4 msecs (HTTP/1.1 200) 4 headers in 158 bytes (1 switches on core 0)
Aug 16 17:27:24.999710 np0000007382 devstack@g-api.service[99720]: DEBUG glance.api.middleware.version_negotiation [None req-8dc5e9c8-3a20-418a-95d2-2e7d0a583bed tempest-ServerBootFromVolumeStableRescueTest-1458094330 tempest-ServerBootFromVolumeStableRescueTest-1458094330-project-member] Determining version of request: GET /v2/images/7751e032-d3ce-41e5-b4db-cf00e0e3285d Accept: */* {{(pid=99720) process_request /opt/stack/glance/glance/api/middleware/version_negotiation.py:44}}
Aug 16 17:27:25.000791 np0000007382 devstack@g-api.service[99720]: DEBUG glance.api.middleware.version_negotiation [None req-8dc5e9c8-3a20-418a-95d2-2e7d0a583bed tempest-ServerBootFromVolumeStableRescueTest-1458094330 tempest-ServerBootFromVolumeStableRescueTest-1458094330-project-member] Using url versioning {{(pid=99720) process_request /opt/stack/glance/glance/api/middleware/version_negotiation.py:57}}
Aug 16 17:27:25.000791 np0000007382 devstack@g-api.service[99720]: DEBUG glance.api.middleware.version_negotiation [None req-8dc5e9c8-3a20-418a-95d2-2e7d0a583bed tempest-ServerBootFromVolumeStableRescueTest-1458094330 tempest-ServerBootFromVolumeStableRescueTest-1458094330-project-member] Matched version: v2 {{(pid=99720) process_request /opt/stack/glance/glance/api/middleware/version_negotiation.py:69}}
Aug 16 17:27:25.000791 np0000007382 devstack@g-api.service[99720]: DEBUG glance.api.middleware.version_negotiation [None req-8dc5e9c8-3a20-418a-95d2-2e7d0a583bed tempest-ServerBootFromVolumeStableRescueTest-1458094330 tempest-ServerBootFromVolumeStableRescueTest-1458094330-project-member] new path /v2/images/7751e032-d3ce-41e5-b4db-cf00e0e3285d {{(pid=99720) process_request /opt/stack/glance/glance/api/middleware/version_negotiation.py:70}}
Aug 16 17:27:25.012961 np0000007382 devstack@g-api.service[99720]: [pid: 99720|app: 0|req: 24/61] 127.0.0.1 () {44 vars in 1111 bytes} [Sun Aug 16 17:27:24 2026] GET /v2/images/7751e032-d3ce-41e5-b4db-cf00e0e3285d => generated 1044 bytes in 13 msecs (HTTP/1.1 200) 4 headers in 158 bytes (1 switches on core 0)
Aug 16 17:27:25.028719 np0000007382 devstack@g-api.service[99720]: DEBUG glance.api.middleware.version_negotiation [None req-68c9c141-af59-4322-9f18-f586e50f0f34 tempest-TaggedBootDevicesTest-1256244536 tempest-TaggedBootDevicesTest-1256244536-project-member] Determining version of request: GET /v2/schemas/image Accept: */* {{(pid=99720) process_request /opt/stack/glance/glance/api/middleware/version_negotiation.py:44}}
Aug 16 17:27:25.029177 np0000007382 devstack@g-api.service[99720]: DEBUG glance.api.middleware.version_negotiation [None req-68c9c141-af59-4322-9f18-f586e50f0f34 tempest-TaggedBootDevicesTest-1256244536 tempest-TaggedBootDevicesTest-1256244536-project-member] Using url versioning {{(pid=99720) process_request /opt/stack/glance/glance/api/middleware/version_negotiation.py:57}}
Aug 16 17:27:25.030503 np0000007382 devstack@g-api.service[99720]: DEBUG glance.api.middleware.version_negotiation [None req-68c9c141-af59-4322-9f18-f586e50f0f34 tempest-TaggedBootDevicesTest-1256244536 tempest-TaggedBootDevicesTest-1256244536-project-member] Matched version: v2 {{(pid=99720) process_request /opt/stack/glance/glance/api/middleware/version_negotiation.py:69}}
Aug 16 17:27:25.031566 np0000007382 devstack@g-api.service[99720]: DEBUG glance.api.middleware.version_negotiation [None req-68c9c141-af59-4322-9f18-f586e50f0f34 tempest-TaggedBootDevicesTest-1256244536 tempest-TaggedBootDevicesTest-1256244536-project-member] new path /v2/schemas/image {{(pid=99720) process_request /opt/stack/glance/glance/api/middleware/version_negotiation.py:70}}
Aug 16 17:27:25.033938 np0000007382 devstack@g-api.service[99720]: [pid: 99720|app: 0|req: 25/62] 127.0.0.1 () {44 vars in 1051 bytes} [Sun Aug 16 17:27:25 2026] GET /v2/schemas/image => generated 6083 bytes in 5 msecs (HTTP/1.1 200) 4 headers in 158 bytes (1 switches on core 0)
Aug 16 17:27:25.080012 np0000007382 devstack@g-api.service[99718]: [pid: 99718|app: 0|req: 20/63] 127.0.0.1 () {42 vars in 782 bytes} [Sun Aug 16 17:27:24 2026] POST /v2/images => generated 690 bytes in 802 msecs (HTTP/1.1 201) 6 headers in 315 bytes (1 switches on core 0)
Aug 16 17:27:25.090501 np0000007382 devstack@g-api.service[99720]: DEBUG glance.api.middleware.version_negotiation [None req-68c9c141-af59-4322-9f18-f586e50f0f34 tempest-TaggedBootDevicesTest-1256244536 tempest-TaggedBootDevicesTest-1256244536-project-member] Determining version of request: PUT /v2/images/60e164de-eec6-4b1a-a041-0748b9acf3d4/file Accept: {{(pid=99720) process_request /opt/stack/glance/glance/api/middleware/version_negotiation.py:44}}
Aug 16 17:27:25.090694 np0000007382 devstack@g-api.service[99720]: DEBUG glance.api.middleware.version_negotiation [None req-68c9c141-af59-4322-9f18-f586e50f0f34 tempest-TaggedBootDevicesTest-1256244536 tempest-TaggedBootDevicesTest-1256244536-project-member] Using url versioning {{(pid=99720) process_request /opt/stack/glance/glance/api/middleware/version_negotiation.py:57}}
Aug 16 17:27:25.090876 np0000007382 devstack@g-api.service[99720]: DEBUG glance.api.middleware.version_negotiation [None req-68c9c141-af59-4322-9f18-f586e50f0f34 tempest-TaggedBootDevicesTest-1256244536 tempest-TaggedBootDevicesTest-1256244536-project-member] Matched version: v2 {{(pid=99720) process_request /opt/stack/glance/glance/api/middleware/version_negotiation.py:69}}
Aug 16 17:27:25.091018 np0000007382 devstack@g-api.service[99720]: DEBUG glance.api.middleware.version_negotiation [None req-68c9c141-af59-4322-9f18-f586e50f0f34 tempest-TaggedBootDevicesTest-1256244536 tempest-TaggedBootDevicesTest-1256244536-project-member] new path /v2/images/60e164de-eec6-4b1a-a041-0748b9acf3d4/file {{(pid=99720) process_request /opt/stack/glance/glance/api/middleware/version_negotiation.py:70}}
Aug 16 17:27:25.145236 np0000007382 devstack@g-api.service[99719]: [pid: 99719|app: 0|req: 19/64] 127.0.0.1 () {40 vars in 844 bytes} [Sun Aug 16 17:27:23 2026] GET /v2/images/7751e032-d3ce-41e5-b4db-cf00e0e3285d/file => generated 21692416 bytes in 1164 msecs (HTTP/1.1 200) 5 headers in 217 bytes (339 switches on core 0)
Aug 16 17:27:25.813446 np0000007382 devstack@g-api.service[99720]: INFO glance.api.v2.image_data [None req-44df8525-b7f3-4cc5-899f-0cd7f4f0e119 tempest-AttachSCSIVolumeTestJSON-1912243025 tempest-AttachSCSIVolumeTestJSON-1912243025-project-admin] Unable to create trust: no such option collect_timing in group [keystone_authtoken] Use the existing user token.
Aug 16 17:27:26.488155 np0000007382 devstack@g-api.service[99720]: DEBUG glance.location [None req-44df8525-b7f3-4cc5-899f-0cd7f4f0e119 tempest-AttachSCSIVolumeTestJSON-1912243025 tempest-AttachSCSIVolumeTestJSON-1912243025-project-admin] Enabling in-flight format inspection for qcow2 {{(pid=99720) set_data /opt/stack/glance/glance/location.py:596}}
Aug 16 17:27:26.488600 np0000007382 devstack@g-api.service[99720]: DEBUG glance_store.backend [None req-44df8525-b7f3-4cc5-899f-0cd7f4f0e119 tempest-AttachSCSIVolumeTestJSON-1912243025 tempest-AttachSCSIVolumeTestJSON-1912243025-project-admin] Attempting to import store swift {{(pid=99720) _load_store /opt/stack/data/venv/lib/python3.12/site-packages/glance_store/backend.py:215}}
Aug 16 17:27:26.489925 np0000007382 devstack@g-api.service[99720]: DEBUG glance_store.capabilities [None req-44df8525-b7f3-4cc5-899f-0cd7f4f0e119 tempest-AttachSCSIVolumeTestJSON-1912243025 tempest-AttachSCSIVolumeTestJSON-1912243025-project-admin] Store glance_store._drivers.swift.store.SingleTenantStore doesn't support updating dynamic storage capabilities. Please overwrite 'update_capabilities' method of the store to implement updating logics if needed. {{(pid=99720) update_capabilities /opt/stack/data/venv/lib/python3.12/site-packages/glance_store/capabilities.py:91}}
Aug 16 17:27:26.490017 np0000007382 devstack@g-api.service[99720]: DEBUG glance_store.driver [None req-44df8525-b7f3-4cc5-899f-0cd7f4f0e119 tempest-AttachSCSIVolumeTestJSON-1912243025 tempest-AttachSCSIVolumeTestJSON-1912243025-project-admin] Late loading location class glance_store._drivers.swift.store.StoreLocation {{(pid=99720) get_store_location_class /opt/stack/data/venv/lib/python3.12/site-packages/glance_store/driver.py:134}}
Aug 16 17:27:26.490107 np0000007382 devstack@g-api.service[99720]: DEBUG glance_store.location [None req-44df8525-b7f3-4cc5-899f-0cd7f4f0e119 tempest-AttachSCSIVolumeTestJSON-1912243025 tempest-AttachSCSIVolumeTestJSON-1912243025-project-admin] Registering scheme swift+https with {'store': , 'location_class': , 'store_entry': 'swift'} {{(pid=99720) register_scheme_map /opt/stack/data/venv/lib/python3.12/site-packages/glance_store/location.py:146}}
Aug 16 17:27:26.490210 np0000007382 devstack@g-api.service[99720]: DEBUG glance_store.location [None req-44df8525-b7f3-4cc5-899f-0cd7f4f0e119 tempest-AttachSCSIVolumeTestJSON-1912243025 tempest-AttachSCSIVolumeTestJSON-1912243025-project-admin] Registering scheme swift+https with {'store': , 'location_class': , 'store_entry': 'swift'} {{(pid=99720) register_scheme_map /opt/stack/data/venv/lib/python3.12/site-packages/glance_store/location.py:146}}
Aug 16 17:27:26.490271 np0000007382 devstack@g-api.service[99720]: DEBUG glance_store.location [None req-44df8525-b7f3-4cc5-899f-0cd7f4f0e119 tempest-AttachSCSIVolumeTestJSON-1912243025 tempest-AttachSCSIVolumeTestJSON-1912243025-project-admin] Registering scheme swift with {'store': , 'location_class': , 'store_entry': 'swift'} {{(pid=99720) register_scheme_map /opt/stack/data/venv/lib/python3.12/site-packages/glance_store/location.py:146}}
Aug 16 17:27:26.490419 np0000007382 devstack@g-api.service[99720]: DEBUG glance_store.location [None req-44df8525-b7f3-4cc5-899f-0cd7f4f0e119 tempest-AttachSCSIVolumeTestJSON-1912243025 tempest-AttachSCSIVolumeTestJSON-1912243025-project-admin] Registering scheme swift+https with {'store': , 'location_class': , 'store_entry': 'swift'} {{(pid=99720) register_scheme_map /opt/stack/data/venv/lib/python3.12/site-packages/glance_store/location.py:146}}
Aug 16 17:27:26.490512 np0000007382 devstack@g-api.service[99720]: DEBUG glance_store.location [None req-44df8525-b7f3-4cc5-899f-0cd7f4f0e119 tempest-AttachSCSIVolumeTestJSON-1912243025 tempest-AttachSCSIVolumeTestJSON-1912243025-project-admin] Registering scheme swift with {'store': , 'location_class': , 'store_entry': 'swift'} {{(pid=99720) register_scheme_map /opt/stack/data/venv/lib/python3.12/site-packages/glance_store/location.py:146}}
Aug 16 17:27:26.490512 np0000007382 devstack@g-api.service[99720]: DEBUG glance_store.location [None req-44df8525-b7f3-4cc5-899f-0cd7f4f0e119 tempest-AttachSCSIVolumeTestJSON-1912243025 tempest-AttachSCSIVolumeTestJSON-1912243025-project-admin] Registering scheme swift+http with {'store': , 'location_class': , 'store_entry': 'swift'} {{(pid=99720) register_scheme_map /opt/stack/data/venv/lib/python3.12/site-packages/glance_store/location.py:146}}
Aug 16 17:27:26.490582 np0000007382 devstack@g-api.service[99720]: DEBUG glance_store.location [None req-44df8525-b7f3-4cc5-899f-0cd7f4f0e119 tempest-AttachSCSIVolumeTestJSON-1912243025 tempest-AttachSCSIVolumeTestJSON-1912243025-project-admin] Registering scheme swift+https with {'store': , 'location_class': , 'store_entry': 'swift'} {{(pid=99720) register_scheme_map /opt/stack/data/venv/lib/python3.12/site-packages/glance_store/location.py:146}}
Aug 16 17:27:26.490656 np0000007382 devstack@g-api.service[99720]: DEBUG glance_store.location [None req-44df8525-b7f3-4cc5-899f-0cd7f4f0e119 tempest-AttachSCSIVolumeTestJSON-1912243025 tempest-AttachSCSIVolumeTestJSON-1912243025-project-admin] Registering scheme swift with {'store': , 'location_class': , 'store_entry': 'swift'} {{(pid=99720) register_scheme_map /opt/stack/data/venv/lib/python3.12/site-packages/glance_store/location.py:146}}
Aug 16 17:27:26.490748 np0000007382 devstack@g-api.service[99720]: DEBUG glance_store.location [None req-44df8525-b7f3-4cc5-899f-0cd7f4f0e119 tempest-AttachSCSIVolumeTestJSON-1912243025 tempest-AttachSCSIVolumeTestJSON-1912243025-project-admin] Registering scheme swift+http with {'store': , 'location_class': , 'store_entry': 'swift'} {{(pid=99720) register_scheme_map /opt/stack/data/venv/lib/python3.12/site-packages/glance_store/location.py:146}}
Aug 16 17:27:26.490820 np0000007382 devstack@g-api.service[99720]: DEBUG glance_store.location [None req-44df8525-b7f3-4cc5-899f-0cd7f4f0e119 tempest-AttachSCSIVolumeTestJSON-1912243025 tempest-AttachSCSIVolumeTestJSON-1912243025-project-admin] Registering scheme swift+config with {'store': , 'location_class': , 'store_entry': 'swift'} {{(pid=99720) register_scheme_map /opt/stack/data/venv/lib/python3.12/site-packages/glance_store/location.py:146}}
Aug 16 17:27:26.846778 np0000007382 devstack@g-api.service[99718]: DEBUG glance.api.middleware.version_negotiation [None req-dbbbf858-852f-42a8-a614-fcac41f70479 tempest-AttachSCSIVolumeTestJSON-1912243025 tempest-AttachSCSIVolumeTestJSON-1912243025-project-admin] Determining version of request: GET / Accept: application/json {{(pid=99718) process_request /opt/stack/glance/glance/api/middleware/version_negotiation.py:44}}
Aug 16 17:27:26.849342 np0000007382 devstack@g-api.service[99718]: DEBUG glance.api.middleware.version_negotiation [None req-dbbbf858-852f-42a8-a614-fcac41f70479 tempest-AttachSCSIVolumeTestJSON-1912243025 tempest-AttachSCSIVolumeTestJSON-1912243025-project-admin] Using url versioning {{(pid=99718) process_request /opt/stack/glance/glance/api/middleware/version_negotiation.py:57}}
Aug 16 17:27:26.849342 np0000007382 devstack@g-api.service[99718]: DEBUG glance.api.middleware.version_negotiation [None req-dbbbf858-852f-42a8-a614-fcac41f70479 tempest-AttachSCSIVolumeTestJSON-1912243025 tempest-AttachSCSIVolumeTestJSON-1912243025-project-admin] Unknown version. Returning version choices. {{(pid=99718) process_request /opt/stack/glance/glance/api/middleware/version_negotiation.py:64}}
Aug 16 17:27:26.849342 np0000007382 devstack@g-api.service[99718]: [pid: 99718|app: 0|req: 21/65] 127.0.0.1 () {36 vars in 555 bytes} [Sun Aug 16 17:27:26 2026] GET / => generated 1501 bytes in 2 msecs (HTTP/1.1 300) 3 headers in 106 bytes (1 switches on core 0)
Aug 16 17:27:26.880828 np0000007382 devstack@g-api.service[99720]: DEBUG swiftclient [None req-44df8525-b7f3-4cc5-899f-0cd7f4f0e119 tempest-AttachSCSIVolumeTestJSON-1912243025 tempest-AttachSCSIVolumeTestJSON-1912243025-project-admin] REQ: curl -i https://10.4.3.15:8080/v1/AUTH_b543880cc8a742699c4df09fe1cf7408/glance -I -H "X-Auth-Token: gAAAAABqgfL-Qxx8..." {{(pid=99720) http_log /opt/stack/data/venv/lib/python3.12/site-packages/swiftclient/client.py:160}}
Aug 16 17:27:26.880986 np0000007382 devstack@g-api.service[99720]: DEBUG swiftclient [None req-44df8525-b7f3-4cc5-899f-0cd7f4f0e119 tempest-AttachSCSIVolumeTestJSON-1912243025 tempest-AttachSCSIVolumeTestJSON-1912243025-project-admin] RESP STATUS: 204 No Content {{(pid=99720) http_log /opt/stack/data/venv/lib/python3.12/site-packages/swiftclient/client.py:161}}
Aug 16 17:27:26.881197 np0000007382 devstack@g-api.service[99720]: DEBUG swiftclient [None req-44df8525-b7f3-4cc5-899f-0cd7f4f0e119 tempest-AttachSCSIVolumeTestJSON-1912243025 tempest-AttachSCSIVolumeTestJSON-1912243025-project-admin] RESP HEADERS: {'Date': 'Sun, 16 Aug 2026 17:27:26 GMT', 'Server': 'Apache/2.4.58 (Ubuntu)', 'Content-Type': 'text/plain; charset=utf-8', 'X-Container-Object-Count': '3', 'X-Container-Bytes-Used': '64356352', 'X-Timestamp': '1786901118.39937', 'Last-Modified': 'Sun, 16 Aug 2026 17:25:19 GMT', 'Accept-Ranges': 'bytes', 'X-Storage-Policy': 'Policy-0', 'X-Container-Sharding': 'False', 'Vary': 'Accept', 'X-Trans-Id': 'txb6d14bacb1204c2b9a2f5-006a81f2fe', 'X-Openstack-Request-Id': 'txb6d14bacb1204c2b9a2f5-006a81f2fe', 'Connection': 'close'} {{(pid=99720) http_log /opt/stack/data/venv/lib/python3.12/site-packages/swiftclient/client.py:162}}
Aug 16 17:27:26.881424 np0000007382 devstack@g-api.service[99720]: DEBUG glance_store._drivers.swift.store [None req-44df8525-b7f3-4cc5-899f-0cd7f4f0e119 tempest-AttachSCSIVolumeTestJSON-1912243025 tempest-AttachSCSIVolumeTestJSON-1912243025-project-admin] Adding image object '60e164de-eec6-4b1a-a041-0748b9acf3d4' to Swift {{(pid=99720) add /opt/stack/data/venv/lib/python3.12/site-packages/glance_store/_drivers/swift/store.py:970}}
Aug 16 17:27:26.881542 np0000007382 devstack@g-api.service[99720]: DEBUG glance_store._drivers.swift.store [None req-44df8525-b7f3-4cc5-899f-0cd7f4f0e119 tempest-AttachSCSIVolumeTestJSON-1912243025 tempest-AttachSCSIVolumeTestJSON-1912243025-project-admin] Cannot determine image size because it is either not provided in the request or chunked-transfer encoding is used. Adding image as a segmented object to Swift. {{(pid=99720) add /opt/stack/data/venv/lib/python3.12/site-packages/glance_store/_drivers/swift/store.py:994}}
Aug 16 17:27:26.890589 np0000007382 devstack@g-api.service[99719]: DEBUG glance.api.middleware.version_negotiation [None req-27b4c771-d2ea-4ef2-9afe-a28a22ce2811 tempest-AttachSCSIVolumeTestJSON-1912243025 tempest-AttachSCSIVolumeTestJSON-1912243025-project-admin] Determining version of request: GET /v2/images/7751e032-d3ce-41e5-b4db-cf00e0e3285d Accept: */* {{(pid=99719) process_request /opt/stack/glance/glance/api/middleware/version_negotiation.py:44}}
Aug 16 17:27:26.890899 np0000007382 devstack@g-api.service[99719]: DEBUG glance.api.middleware.version_negotiation [None req-27b4c771-d2ea-4ef2-9afe-a28a22ce2811 tempest-AttachSCSIVolumeTestJSON-1912243025 tempest-AttachSCSIVolumeTestJSON-1912243025-project-admin] Using url versioning {{(pid=99719) process_request /opt/stack/glance/glance/api/middleware/version_negotiation.py:57}}
Aug 16 17:27:26.890899 np0000007382 devstack@g-api.service[99719]: DEBUG glance.api.middleware.version_negotiation [None req-27b4c771-d2ea-4ef2-9afe-a28a22ce2811 tempest-AttachSCSIVolumeTestJSON-1912243025 tempest-AttachSCSIVolumeTestJSON-1912243025-project-admin] Matched version: v2 {{(pid=99719) process_request /opt/stack/glance/glance/api/middleware/version_negotiation.py:69}}
Aug 16 17:27:26.891087 np0000007382 devstack@g-api.service[99719]: DEBUG glance.api.middleware.version_negotiation [None req-27b4c771-d2ea-4ef2-9afe-a28a22ce2811 tempest-AttachSCSIVolumeTestJSON-1912243025 tempest-AttachSCSIVolumeTestJSON-1912243025-project-admin] new path /v2/images/7751e032-d3ce-41e5-b4db-cf00e0e3285d {{(pid=99719) process_request /opt/stack/glance/glance/api/middleware/version_negotiation.py:70}}
Aug 16 17:27:26.891678 np0000007382 devstack@g-api.service[99720]: DEBUG oslo_utils.imageutils.format_inspector [None req-44df8525-b7f3-4cc5-899f-0cd7f4f0e119 tempest-AttachSCSIVolumeTestJSON-1912243025 tempest-AttachSCSIVolumeTestJSON-1912243025-project-admin] Format inspector for vmdk does not match, excluding from consideration (Signature KDMV not found: b'QFI\xfb') {{(pid=99720) _process_chunk /opt/stack/data/venv/lib/python3.12/site-packages/oslo_utils/imageutils/format_inspector.py:1758}}
Aug 16 17:27:26.894638 np0000007382 devstack@g-api.service[99720]: DEBUG oslo_utils.imageutils.format_inspector [None req-44df8525-b7f3-4cc5-899f-0cd7f4f0e119 tempest-AttachSCSIVolumeTestJSON-1912243025 tempest-AttachSCSIVolumeTestJSON-1912243025-project-admin] Format inspector for vhdx does not match, excluding from consideration (Region signature not found at 30000) {{(pid=99720) _process_chunk /opt/stack/data/venv/lib/python3.12/site-packages/oslo_utils/imageutils/format_inspector.py:1758}}
Aug 16 17:27:26.904424 np0000007382 devstack@g-api.service[99719]: [pid: 99719|app: 0|req: 20/66] 127.0.0.1 () {44 vars in 1111 bytes} [Sun Aug 16 17:27:26 2026] GET /v2/images/7751e032-d3ce-41e5-b4db-cf00e0e3285d => generated 1044 bytes in 13 msecs (HTTP/1.1 200) 4 headers in 158 bytes (1 switches on core 0)
Aug 16 17:27:26.939809 np0000007382 devstack@g-api.service[99718]: DEBUG glance.api.middleware.version_negotiation [None req-dbbbf858-852f-42a8-a614-fcac41f70479 tempest-AttachSCSIVolumeTestJSON-1912243025 tempest-AttachSCSIVolumeTestJSON-1912243025-project-admin] Determining version of request: GET /v2/schemas/image Accept: */* {{(pid=99718) process_request /opt/stack/glance/glance/api/middleware/version_negotiation.py:44}}
Aug 16 17:27:26.940001 np0000007382 devstack@g-api.service[99718]: DEBUG glance.api.middleware.version_negotiation [None req-dbbbf858-852f-42a8-a614-fcac41f70479 tempest-AttachSCSIVolumeTestJSON-1912243025 tempest-AttachSCSIVolumeTestJSON-1912243025-project-admin] Using url versioning {{(pid=99718) process_request /opt/stack/glance/glance/api/middleware/version_negotiation.py:57}}
Aug 16 17:27:26.940201 np0000007382 devstack@g-api.service[99718]: DEBUG glance.api.middleware.version_negotiation [None req-dbbbf858-852f-42a8-a614-fcac41f70479 tempest-AttachSCSIVolumeTestJSON-1912243025 tempest-AttachSCSIVolumeTestJSON-1912243025-project-admin] Matched version: v2 {{(pid=99718) process_request /opt/stack/glance/glance/api/middleware/version_negotiation.py:69}}
Aug 16 17:27:26.940340 np0000007382 devstack@g-api.service[99718]: DEBUG glance.api.middleware.version_negotiation [None req-dbbbf858-852f-42a8-a614-fcac41f70479 tempest-AttachSCSIVolumeTestJSON-1912243025 tempest-AttachSCSIVolumeTestJSON-1912243025-project-admin] new path /v2/schemas/image {{(pid=99718) process_request /opt/stack/glance/glance/api/middleware/version_negotiation.py:70}}
Aug 16 17:27:26.943334 np0000007382 devstack@g-api.service[99718]: [pid: 99718|app: 0|req: 22/67] 127.0.0.1 () {44 vars in 1051 bytes} [Sun Aug 16 17:27:26 2026] GET /v2/schemas/image => generated 6083 bytes in 4 msecs (HTTP/1.1 200) 4 headers in 158 bytes (1 switches on core 0)
Aug 16 17:27:27.182700 np0000007382 devstack@g-api.service[99720]: DEBUG swiftclient [None req-44df8525-b7f3-4cc5-899f-0cd7f4f0e119 tempest-AttachSCSIVolumeTestJSON-1912243025 tempest-AttachSCSIVolumeTestJSON-1912243025-project-admin] REQ: curl -i https://10.4.3.15:8080/v1/AUTH_b543880cc8a742699c4df09fe1cf7408/glance/60e164de-eec6-4b1a-a041-0748b9acf3d4-00001 -X PUT -H "X-Auth-Token: gAAAAABqgfL-Qxx8..." {{(pid=99720) http_log /opt/stack/data/venv/lib/python3.12/site-packages/swiftclient/client.py:160}}
Aug 16 17:27:27.182815 np0000007382 devstack@g-api.service[99720]: DEBUG swiftclient [None req-44df8525-b7f3-4cc5-899f-0cd7f4f0e119 tempest-AttachSCSIVolumeTestJSON-1912243025 tempest-AttachSCSIVolumeTestJSON-1912243025-project-admin] RESP STATUS: 201 Created {{(pid=99720) http_log /opt/stack/data/venv/lib/python3.12/site-packages/swiftclient/client.py:161}}
Aug 16 17:27:27.182971 np0000007382 devstack@g-api.service[99720]: DEBUG swiftclient [None req-44df8525-b7f3-4cc5-899f-0cd7f4f0e119 tempest-AttachSCSIVolumeTestJSON-1912243025 tempest-AttachSCSIVolumeTestJSON-1912243025-project-admin] RESP HEADERS: {'Date': 'Sun, 16 Aug 2026 17:27:27 GMT', 'Server': 'Apache/2.4.58 (Ubuntu)', 'Content-Type': 'text/html; charset=UTF-8', 'Content-Length': '0', 'Etag': '87617e24a5e30cb3b87fda8c0764838f', 'Last-Modified': 'Sun, 16 Aug 2026 17:27:27 GMT', 'X-Trans-Id': 'tx590494e441f245c797a27-006a81f2fe', 'X-Openstack-Request-Id': 'tx590494e441f245c797a27-006a81f2fe', 'Connection': 'close'} {{(pid=99720) http_log /opt/stack/data/venv/lib/python3.12/site-packages/swiftclient/client.py:162}}
Aug 16 17:27:27.183164 np0000007382 devstack@g-api.service[99720]: DEBUG glance_store._drivers.swift.store [None req-44df8525-b7f3-4cc5-899f-0cd7f4f0e119 tempest-AttachSCSIVolumeTestJSON-1912243025 tempest-AttachSCSIVolumeTestJSON-1912243025-project-admin] Wrote chunk 60e164de-eec6-4b1a-a041-0748b9acf3d4-00001 (1/?) of length 21692416 to Swift returning MD5 of content: 87617e24a5e30cb3b87fda8c0764838f {{(pid=99720) add /opt/stack/data/venv/lib/python3.12/site-packages/glance_store/_drivers/swift/store.py:1059}}
Aug 16 17:27:27.183506 np0000007382 devstack@g-api.service[99720]: DEBUG glance_store._drivers.swift.store [None req-44df8525-b7f3-4cc5-899f-0cd7f4f0e119 tempest-AttachSCSIVolumeTestJSON-1912243025 tempest-AttachSCSIVolumeTestJSON-1912243025-project-admin] Not writing zero-length chunk. {{(pid=99720) add /opt/stack/data/venv/lib/python3.12/site-packages/glance_store/_drivers/swift/store.py:1028}}
Aug 16 17:27:27.215273 np0000007382 devstack@g-api.service[99720]: DEBUG swiftclient [None req-44df8525-b7f3-4cc5-899f-0cd7f4f0e119 tempest-AttachSCSIVolumeTestJSON-1912243025 tempest-AttachSCSIVolumeTestJSON-1912243025-project-admin] REQ: curl -i https://10.4.3.15:8080/v1/AUTH_b543880cc8a742699c4df09fe1cf7408/glance/60e164de-eec6-4b1a-a041-0748b9acf3d4 -X PUT -H "X-Object-Manifest: glance/60e164de-eec6-4b1a-a041-0748b9acf3d4-" -H "X-Auth-Token: gAAAAABqgfL-Qxx8..." -H "Content-Length: 0" {{(pid=99720) http_log /opt/stack/data/venv/lib/python3.12/site-packages/swiftclient/client.py:160}}
Aug 16 17:27:27.215479 np0000007382 devstack@g-api.service[99720]: DEBUG swiftclient [None req-44df8525-b7f3-4cc5-899f-0cd7f4f0e119 tempest-AttachSCSIVolumeTestJSON-1912243025 tempest-AttachSCSIVolumeTestJSON-1912243025-project-admin] RESP STATUS: 201 Created {{(pid=99720) http_log /opt/stack/data/venv/lib/python3.12/site-packages/swiftclient/client.py:161}}
Aug 16 17:27:27.215663 np0000007382 devstack@g-api.service[99720]: DEBUG swiftclient [None req-44df8525-b7f3-4cc5-899f-0cd7f4f0e119 tempest-AttachSCSIVolumeTestJSON-1912243025 tempest-AttachSCSIVolumeTestJSON-1912243025-project-admin] RESP HEADERS: {'Date': 'Sun, 16 Aug 2026 17:27:27 GMT', 'Server': 'Apache/2.4.58 (Ubuntu)', 'Content-Type': 'text/html; charset=UTF-8', 'Content-Length': '0', 'Etag': 'd41d8cd98f00b204e9800998ecf8427e', 'Last-Modified': 'Sun, 16 Aug 2026 17:27:28 GMT', 'X-Trans-Id': 'tx490a3482cbbc43dba7d3f-006a81f2ff', 'X-Openstack-Request-Id': 'tx490a3482cbbc43dba7d3f-006a81f2ff', 'Connection': 'close'} {{(pid=99720) http_log /opt/stack/data/venv/lib/python3.12/site-packages/swiftclient/client.py:162}}
Aug 16 17:27:27.216066 np0000007382 devstack@g-api.service[99720]: INFO glance.location [None req-44df8525-b7f3-4cc5-899f-0cd7f4f0e119 tempest-AttachSCSIVolumeTestJSON-1912243025 tempest-AttachSCSIVolumeTestJSON-1912243025-project-admin] Image format matched and virtual size computed: 117440512
Aug 16 17:27:27.242352 np0000007382 devstack@g-api.service[99720]: DEBUG glance_store.backend [None req-44df8525-b7f3-4cc5-899f-0cd7f4f0e119 tempest-AttachSCSIVolumeTestJSON-1912243025 tempest-AttachSCSIVolumeTestJSON-1912243025-project-admin] Attempting to import store swift {{(pid=99720) _load_store /opt/stack/data/venv/lib/python3.12/site-packages/glance_store/backend.py:215}}
Aug 16 17:27:27.244452 np0000007382 devstack@g-api.service[99720]: DEBUG glance_store.capabilities [None req-44df8525-b7f3-4cc5-899f-0cd7f4f0e119 tempest-AttachSCSIVolumeTestJSON-1912243025 tempest-AttachSCSIVolumeTestJSON-1912243025-project-admin] Store glance_store._drivers.swift.store.SingleTenantStore doesn't support updating dynamic storage capabilities. Please overwrite 'update_capabilities' method of the store to implement updating logics if needed. {{(pid=99720) update_capabilities /opt/stack/data/venv/lib/python3.12/site-packages/glance_store/capabilities.py:91}}
Aug 16 17:27:27.245469 np0000007382 devstack@g-api.service[99720]: DEBUG glance_store.driver [None req-44df8525-b7f3-4cc5-899f-0cd7f4f0e119 tempest-AttachSCSIVolumeTestJSON-1912243025 tempest-AttachSCSIVolumeTestJSON-1912243025-project-admin] Late loading location class glance_store._drivers.swift.store.StoreLocation {{(pid=99720) get_store_location_class /opt/stack/data/venv/lib/python3.12/site-packages/glance_store/driver.py:134}}
Aug 16 17:27:27.245469 np0000007382 devstack@g-api.service[99720]: DEBUG glance_store.location [None req-44df8525-b7f3-4cc5-899f-0cd7f4f0e119 tempest-AttachSCSIVolumeTestJSON-1912243025 tempest-AttachSCSIVolumeTestJSON-1912243025-project-admin] Registering scheme swift+https with {'store': , 'location_class': , 'store_entry': 'swift'} {{(pid=99720) register_scheme_map /opt/stack/data/venv/lib/python3.12/site-packages/glance_store/location.py:146}}
Aug 16 17:27:27.245469 np0000007382 devstack@g-api.service[99720]: DEBUG glance_store.location [None req-44df8525-b7f3-4cc5-899f-0cd7f4f0e119 tempest-AttachSCSIVolumeTestJSON-1912243025 tempest-AttachSCSIVolumeTestJSON-1912243025-project-admin] Registering scheme swift+https with {'store': , 'location_class': , 'store_entry': 'swift'} {{(pid=99720) register_scheme_map /opt/stack/data/venv/lib/python3.12/site-packages/glance_store/location.py:146}}
Aug 16 17:27:27.245637 np0000007382 devstack@g-api.service[99720]: DEBUG glance_store.location [None req-44df8525-b7f3-4cc5-899f-0cd7f4f0e119 tempest-AttachSCSIVolumeTestJSON-1912243025 tempest-AttachSCSIVolumeTestJSON-1912243025-project-admin] Registering scheme swift with {'store': , 'location_class': , 'store_entry': 'swift'} {{(pid=99720) register_scheme_map /opt/stack/data/venv/lib/python3.12/site-packages/glance_store/location.py:146}}
Aug 16 17:27:27.245637 np0000007382 devstack@g-api.service[99720]: DEBUG glance_store.location [None req-44df8525-b7f3-4cc5-899f-0cd7f4f0e119 tempest-AttachSCSIVolumeTestJSON-1912243025 tempest-AttachSCSIVolumeTestJSON-1912243025-project-admin] Registering scheme swift+https with {'store': , 'location_class': , 'store_entry': 'swift'} {{(pid=99720) register_scheme_map /opt/stack/data/venv/lib/python3.12/site-packages/glance_store/location.py:146}}
Aug 16 17:27:27.245637 np0000007382 devstack@g-api.service[99720]: DEBUG glance_store.location [None req-44df8525-b7f3-4cc5-899f-0cd7f4f0e119 tempest-AttachSCSIVolumeTestJSON-1912243025 tempest-AttachSCSIVolumeTestJSON-1912243025-project-admin] Registering scheme swift with {'store': , 'location_class': , 'store_entry': 'swift'} {{(pid=99720) register_scheme_map /opt/stack/data/venv/lib/python3.12/site-packages/glance_store/location.py:146}}
Aug 16 17:27:27.245749 np0000007382 devstack@g-api.service[99720]: DEBUG glance_store.location [None req-44df8525-b7f3-4cc5-899f-0cd7f4f0e119 tempest-AttachSCSIVolumeTestJSON-1912243025 tempest-AttachSCSIVolumeTestJSON-1912243025-project-admin] Registering scheme swift+http with {'store': , 'location_class': , 'store_entry': 'swift'} {{(pid=99720) register_scheme_map /opt/stack/data/venv/lib/python3.12/site-packages/glance_store/location.py:146}}
Aug 16 17:27:27.245749 np0000007382 devstack@g-api.service[99720]: DEBUG glance_store.location [None req-44df8525-b7f3-4cc5-899f-0cd7f4f0e119 tempest-AttachSCSIVolumeTestJSON-1912243025 tempest-AttachSCSIVolumeTestJSON-1912243025-project-admin] Registering scheme swift+https with {'store': , 'location_class': , 'store_entry': 'swift'} {{(pid=99720) register_scheme_map /opt/stack/data/venv/lib/python3.12/site-packages/glance_store/location.py:146}}
Aug 16 17:27:27.245749 np0000007382 devstack@g-api.service[99720]: DEBUG glance_store.location [None req-44df8525-b7f3-4cc5-899f-0cd7f4f0e119 tempest-AttachSCSIVolumeTestJSON-1912243025 tempest-AttachSCSIVolumeTestJSON-1912243025-project-admin] Registering scheme swift with {'store': , 'location_class': , 'store_entry': 'swift'} {{(pid=99720) register_scheme_map /opt/stack/data/venv/lib/python3.12/site-packages/glance_store/location.py:146}}
Aug 16 17:27:27.245849 np0000007382 devstack@g-api.service[99720]: DEBUG glance_store.location [None req-44df8525-b7f3-4cc5-899f-0cd7f4f0e119 tempest-AttachSCSIVolumeTestJSON-1912243025 tempest-AttachSCSIVolumeTestJSON-1912243025-project-admin] Registering scheme swift+http with {'store': , 'location_class': , 'store_entry': 'swift'} {{(pid=99720) register_scheme_map /opt/stack/data/venv/lib/python3.12/site-packages/glance_store/location.py:146}}
Aug 16 17:27:27.245849 np0000007382 devstack@g-api.service[99720]: DEBUG glance_store.location [None req-44df8525-b7f3-4cc5-899f-0cd7f4f0e119 tempest-AttachSCSIVolumeTestJSON-1912243025 tempest-AttachSCSIVolumeTestJSON-1912243025-project-admin] Registering scheme swift+config with {'store': , 'location_class': , 'store_entry': 'swift'} {{(pid=99720) register_scheme_map /opt/stack/data/venv/lib/python3.12/site-packages/glance_store/location.py:146}}
Aug 16 17:27:27.245849 np0000007382 devstack@g-api.service[99720]: DEBUG glance_store.backend [None req-44df8525-b7f3-4cc5-899f-0cd7f4f0e119 tempest-AttachSCSIVolumeTestJSON-1912243025 tempest-AttachSCSIVolumeTestJSON-1912243025-project-admin] Skipping store.set_acls... not implemented. {{(pid=99720) set_acls /opt/stack/data/venv/lib/python3.12/site-packages/glance_store/backend.py:507}}
