Aug 16 17:31:14.781422 np0000007382 devstack@g-api.service[99719]: [pid: 99719|app: 0|req: 91/275] 127.0.0.1 () {44 vars in 1111 bytes} [Sun Aug 16 17:31:14 2026] GET /v2/images/7751e032-d3ce-41e5-b4db-cf00e0e3285d => generated 1044 bytes in 12 msecs (HTTP/1.1 200) 4 headers in 158 bytes (1 switches on core 0)
Aug 16 17:31:14.788584 np0000007382 devstack@g-api.service[99720]: DEBUG glance.api.middleware.version_negotiation [None req-792460b5-0fe6-4d10-aa77-ed6056b7df69 tempest-VolumesImageMetadata-236289978 tempest-VolumesImageMetadata-236289978-project-member] Determining version of request: GET /v2/schemas/image Accept: */* {{(pid=99720) process_request /opt/stack/glance/glance/api/middleware/version_negotiation.py:44}}
Aug 16 17:31:14.788718 np0000007382 devstack@g-api.service[99720]: DEBUG glance.api.middleware.version_negotiation [None req-792460b5-0fe6-4d10-aa77-ed6056b7df69 tempest-VolumesImageMetadata-236289978 tempest-VolumesImageMetadata-236289978-project-member] Using url versioning {{(pid=99720) process_request /opt/stack/glance/glance/api/middleware/version_negotiation.py:57}}
Aug 16 17:31:14.788840 np0000007382 devstack@g-api.service[99720]: DEBUG glance.api.middleware.version_negotiation [None req-792460b5-0fe6-4d10-aa77-ed6056b7df69 tempest-VolumesImageMetadata-236289978 tempest-VolumesImageMetadata-236289978-project-member] Matched version: v2 {{(pid=99720) process_request /opt/stack/glance/glance/api/middleware/version_negotiation.py:69}}
Aug 16 17:31:14.788957 np0000007382 devstack@g-api.service[99720]: DEBUG glance.api.middleware.version_negotiation [None req-792460b5-0fe6-4d10-aa77-ed6056b7df69 tempest-VolumesImageMetadata-236289978 tempest-VolumesImageMetadata-236289978-project-member] new path /v2/schemas/image {{(pid=99720) process_request /opt/stack/glance/glance/api/middleware/version_negotiation.py:70}}
Aug 16 17:31:14.791271 np0000007382 devstack@g-api.service[99720]: [pid: 99720|app: 0|req: 97/276] 127.0.0.1 () {44 vars in 1051 bytes} [Sun Aug 16 17:31:14 2026] GET /v2/schemas/image => generated 6083 bytes in 3 msecs (HTTP/1.1 200) 4 headers in 158 bytes (1 switches on core 0)
Aug 16 17:31:14.799394 np0000007382 devstack@g-api.service[99718]: DEBUG glance.api.middleware.version_negotiation [None req-792460b5-0fe6-4d10-aa77-ed6056b7df69 service glance] Determining version of request: GET /v2/schemas/image Accept: */* {{(pid=99718) process_request /opt/stack/glance/glance/api/middleware/version_negotiation.py:44}}
Aug 16 17:31:14.799394 np0000007382 devstack@g-api.service[99718]: DEBUG glance.api.middleware.version_negotiation [None req-792460b5-0fe6-4d10-aa77-ed6056b7df69 service glance] Using url versioning {{(pid=99718) process_request /opt/stack/glance/glance/api/middleware/version_negotiation.py:57}}
Aug 16 17:31:14.799394 np0000007382 devstack@g-api.service[99718]: DEBUG glance.api.middleware.version_negotiation [None req-792460b5-0fe6-4d10-aa77-ed6056b7df69 service glance] Matched version: v2 {{(pid=99718) process_request /opt/stack/glance/glance/api/middleware/version_negotiation.py:69}}
Aug 16 17:31:14.799394 np0000007382 devstack@g-api.service[99718]: DEBUG glance.api.middleware.version_negotiation [None req-792460b5-0fe6-4d10-aa77-ed6056b7df69 service glance] new path /v2/schemas/image {{(pid=99718) process_request /opt/stack/glance/glance/api/middleware/version_negotiation.py:70}}
Aug 16 17:31:14.802038 np0000007382 devstack@g-api.service[99718]: [pid: 99718|app: 0|req: 89/277] 127.0.0.1 () {44 vars in 1051 bytes} [Sun Aug 16 17:31:14 2026] GET /v2/schemas/image => generated 6083 bytes in 4 msecs (HTTP/1.1 200) 4 headers in 158 bytes (1 switches on core 0)
Aug 16 17:31:21.408990 np0000007382 devstack@g-api.service[99719]: DEBUG glance.api.middleware.version_negotiation [None req-792460b5-0fe6-4d10-aa77-ed6056b7df69 tempest-VolumesImageMetadata-236289978 tempest-VolumesImageMetadata-236289978-project-member] Determining version of request: DELETE /v2/images/3490afd2-5b16-4eea-9626-a93e18c6e9aa Accept: */* {{(pid=99719) process_request /opt/stack/glance/glance/api/middleware/version_negotiation.py:44}}
Aug 16 17:31:21.409429 np0000007382 devstack@g-api.service[99719]: DEBUG glance.api.middleware.version_negotiation [None req-792460b5-0fe6-4d10-aa77-ed6056b7df69 tempest-VolumesImageMetadata-236289978 tempest-VolumesImageMetadata-236289978-project-member] Using url versioning {{(pid=99719) process_request /opt/stack/glance/glance/api/middleware/version_negotiation.py:57}}
Aug 16 17:31:21.409429 np0000007382 devstack@g-api.service[99719]: DEBUG glance.api.middleware.version_negotiation [None req-792460b5-0fe6-4d10-aa77-ed6056b7df69 tempest-VolumesImageMetadata-236289978 tempest-VolumesImageMetadata-236289978-project-member] Matched version: v2 {{(pid=99719) process_request /opt/stack/glance/glance/api/middleware/version_negotiation.py:69}}
Aug 16 17:31:21.409429 np0000007382 devstack@g-api.service[99719]: DEBUG glance.api.middleware.version_negotiation [None req-792460b5-0fe6-4d10-aa77-ed6056b7df69 tempest-VolumesImageMetadata-236289978 tempest-VolumesImageMetadata-236289978-project-member] new path /v2/images/3490afd2-5b16-4eea-9626-a93e18c6e9aa {{(pid=99719) process_request /opt/stack/glance/glance/api/middleware/version_negotiation.py:70}}
Aug 16 17:31:21.420288 np0000007382 devstack@g-api.service[99719]: WARNING glance.api.v2.images [None req-2372c19f-4d9a-47b5-8c09-29b3779ad375 tempest-ServerStableDeviceRescueTest-1106067026 tempest-ServerStableDeviceRescueTest-1106067026-project-member] After upload to backend, deletion of staged image data has failed because it cannot be found at /tmp/staging//3490afd2-5b16-4eea-9626-a93e18c6e9aa
Aug 16 17:31:21.420990 np0000007382 devstack@g-api.service[99719]: DEBUG glance_store.backend [None req-2372c19f-4d9a-47b5-8c09-29b3779ad375 tempest-ServerStableDeviceRescueTest-1106067026 tempest-ServerStableDeviceRescueTest-1106067026-project-member] Attempting to import store swift {{(pid=99719) _load_store /opt/stack/data/venv/lib/python3.12/site-packages/glance_store/backend.py:215}}
Aug 16 17:31:21.423193 np0000007382 devstack@g-api.service[99719]: DEBUG glance_store.capabilities [None req-2372c19f-4d9a-47b5-8c09-29b3779ad375 tempest-ServerStableDeviceRescueTest-1106067026 tempest-ServerStableDeviceRescueTest-1106067026-project-member] Store glance_store._drivers.swift.store.SingleTenantStore doesn't support updating dynamic storage capabilities. Please overwrite 'update_capabilities' method of the store to implement updating logics if needed. {{(pid=99719) update_capabilities /opt/stack/data/venv/lib/python3.12/site-packages/glance_store/capabilities.py:91}}
Aug 16 17:31:21.423377 np0000007382 devstack@g-api.service[99719]: DEBUG glance_store.driver [None req-2372c19f-4d9a-47b5-8c09-29b3779ad375 tempest-ServerStableDeviceRescueTest-1106067026 tempest-ServerStableDeviceRescueTest-1106067026-project-member] Late loading location class glance_store._drivers.swift.store.StoreLocation {{(pid=99719) get_store_location_class /opt/stack/data/venv/lib/python3.12/site-packages/glance_store/driver.py:134}}
Aug 16 17:31:21.423498 np0000007382 devstack@g-api.service[99719]: DEBUG glance_store.location [None req-2372c19f-4d9a-47b5-8c09-29b3779ad375 tempest-ServerStableDeviceRescueTest-1106067026 tempest-ServerStableDeviceRescueTest-1106067026-project-member] Registering scheme swift+https with {'store': , 'location_class': , 'store_entry': 'swift'} {{(pid=99719) register_scheme_map /opt/stack/data/venv/lib/python3.12/site-packages/glance_store/location.py:146}}
Aug 16 17:31:21.423609 np0000007382 devstack@g-api.service[99719]: DEBUG glance_store.location [None req-2372c19f-4d9a-47b5-8c09-29b3779ad375 tempest-ServerStableDeviceRescueTest-1106067026 tempest-ServerStableDeviceRescueTest-1106067026-project-member] Registering scheme swift+https with {'store': , 'location_class': , 'store_entry': 'swift'} {{(pid=99719) register_scheme_map /opt/stack/data/venv/lib/python3.12/site-packages/glance_store/location.py:146}}
Aug 16 17:31:21.423709 np0000007382 devstack@g-api.service[99719]: DEBUG glance_store.location [None req-2372c19f-4d9a-47b5-8c09-29b3779ad375 tempest-ServerStableDeviceRescueTest-1106067026 tempest-ServerStableDeviceRescueTest-1106067026-project-member] Registering scheme swift with {'store': , 'location_class': , 'store_entry': 'swift'} {{(pid=99719) register_scheme_map /opt/stack/data/venv/lib/python3.12/site-packages/glance_store/location.py:146}}
Aug 16 17:31:21.423816 np0000007382 devstack@g-api.service[99719]: DEBUG glance_store.location [None req-2372c19f-4d9a-47b5-8c09-29b3779ad375 tempest-ServerStableDeviceRescueTest-1106067026 tempest-ServerStableDeviceRescueTest-1106067026-project-member] Registering scheme swift+https with {'store': , 'location_class': , 'store_entry': 'swift'} {{(pid=99719) register_scheme_map /opt/stack/data/venv/lib/python3.12/site-packages/glance_store/location.py:146}}
Aug 16 17:31:21.423897 np0000007382 devstack@g-api.service[99719]: DEBUG glance_store.location [None req-2372c19f-4d9a-47b5-8c09-29b3779ad375 tempest-ServerStableDeviceRescueTest-1106067026 tempest-ServerStableDeviceRescueTest-1106067026-project-member] Registering scheme swift with {'store': , 'location_class': , 'store_entry': 'swift'} {{(pid=99719) register_scheme_map /opt/stack/data/venv/lib/python3.12/site-packages/glance_store/location.py:146}}
Aug 16 17:31:21.423979 np0000007382 devstack@g-api.service[99719]: DEBUG glance_store.location [None req-2372c19f-4d9a-47b5-8c09-29b3779ad375 tempest-ServerStableDeviceRescueTest-1106067026 tempest-ServerStableDeviceRescueTest-1106067026-project-member] Registering scheme swift+http with {'store': , 'location_class': , 'store_entry': 'swift'} {{(pid=99719) register_scheme_map /opt/stack/data/venv/lib/python3.12/site-packages/glance_store/location.py:146}}
Aug 16 17:31:21.424069 np0000007382 devstack@g-api.service[99719]: DEBUG glance_store.location [None req-2372c19f-4d9a-47b5-8c09-29b3779ad375 tempest-ServerStableDeviceRescueTest-1106067026 tempest-ServerStableDeviceRescueTest-1106067026-project-member] Registering scheme swift+https with {'store': , 'location_class': , 'store_entry': 'swift'} {{(pid=99719) register_scheme_map /opt/stack/data/venv/lib/python3.12/site-packages/glance_store/location.py:146}}
Aug 16 17:31:21.424185 np0000007382 devstack@g-api.service[99719]: DEBUG glance_store.location [None req-2372c19f-4d9a-47b5-8c09-29b3779ad375 tempest-ServerStableDeviceRescueTest-1106067026 tempest-ServerStableDeviceRescueTest-1106067026-project-member] Registering scheme swift with {'store': , 'location_class': , 'store_entry': 'swift'} {{(pid=99719) register_scheme_map /opt/stack/data/venv/lib/python3.12/site-packages/glance_store/location.py:146}}
Aug 16 17:31:21.424294 np0000007382 devstack@g-api.service[99719]: DEBUG glance_store.location [None req-2372c19f-4d9a-47b5-8c09-29b3779ad375 tempest-ServerStableDeviceRescueTest-1106067026 tempest-ServerStableDeviceRescueTest-1106067026-project-member] Registering scheme swift+http with {'store': , 'location_class': , 'store_entry': 'swift'} {{(pid=99719) register_scheme_map /opt/stack/data/venv/lib/python3.12/site-packages/glance_store/location.py:146}}
Aug 16 17:31:21.424390 np0000007382 devstack@g-api.service[99719]: DEBUG glance_store.location [None req-2372c19f-4d9a-47b5-8c09-29b3779ad375 tempest-ServerStableDeviceRescueTest-1106067026 tempest-ServerStableDeviceRescueTest-1106067026-project-member] Registering scheme swift+config with {'store': , 'location_class': , 'store_entry': 'swift'} {{(pid=99719) register_scheme_map /opt/stack/data/venv/lib/python3.12/site-packages/glance_store/location.py:146}}
Aug 16 17:31:21.425066 np0000007382 devstack@g-api.service[99719]: DEBUG keystoneclient.auth.identity.v3.base [None req-2372c19f-4d9a-47b5-8c09-29b3779ad375 tempest-ServerStableDeviceRescueTest-1106067026 tempest-ServerStableDeviceRescueTest-1106067026-project-member] Making authentication request to https://10.4.3.15/identity/v3/auth/tokens {{(pid=99719) get_auth_ref /opt/stack/data/venv/lib/python3.12/site-packages/keystoneclient/auth/identity/v3/base.py:185}}
Aug 16 17:31:21.500161 np0000007382 devstack@g-api.service[99719]: DEBUG keystoneclient.auth.identity.v3.base [None req-2372c19f-4d9a-47b5-8c09-29b3779ad375 tempest-ServerStableDeviceRescueTest-1106067026 tempest-ServerStableDeviceRescueTest-1106067026-project-member] {"token": {"methods": ["password"], "user": {"domain": {"id": "default", "name": "Default"}, "id": "e0991b910edd472ea7cf3d20b8b57b75", "name": "glance-swift", "password_expires_at": null}, "audit_ids": ["EQ9O5MNjTnyvkJIuppq5_Q"], "expires_at": "2026-08-16T18:31:21.000000Z", "issued_at": "2026-08-16T17:31:21.000000Z", "project": {"domain": {"id": "default", "name": "Default"}, "id": "b543880cc8a742699c4df09fe1cf7408", "name": "service"}, "is_domain": false, "roles": [{"id": "5423bc294aaf4d7c8efce060914335ba", "name": "service"}, {"id": "ea0bfdf5bb7d4f94b89c4cd843141257", "name": "ResellerAdmin"}], "catalog": [{"endpoints": [{"id": "cdc8ff6d8d524cf1a8b640eb7f23fba4", "interface": "public", "region_id": "RegionOne", "url": "https://10.4.3.15/image", "region": "RegionOne"}], "id": "127b4dcef56f4bf3a068a9cb328c9251", "type": "image", "name": "glance"}, {"endpoints": [{"id": "346e9cf5a60042188013bebe1e6a0a9c", "interface": "public", "region_id": "RegionOne", "url": "https://10.4.3.15/compute/v2/b543880cc8a742699c4df09fe1cf7408", "region": "RegionOne"}], "id": "44f7127a5ed24e01b1710d46d1eaaf18", "type": "compute_legacy", "name": "nova_legacy"}, {"endpoints": [{"id": "2641c3284a4942bc9f79b9f9913c1f0b", "interface": "public", "region_id": "RegionOne", "url": "https://10.4.3.15/placement", "region": "RegionOne"}], "id": "52b6900d55b7469ca6d261c2f12b9b4a", "type": "placement", "name": "placement"}, {"endpoints": [{"id": "205961b51f44467fa30f5c4ecc589869", "interface": "public", "region_id": "RegionOne", "url": "https://10.4.3.15/volume/v3", "region": "RegionOne"}], "id": "610e44e43007426a95afbd55f9ab58f1", "type": "block-storage", "name": "cinder"}, {"endpoints": [{"id": "3d7786e096174bc0861046b09af0ac02", "interface": "public", "region_id": "RegionOne", "url": "https://10.4.3.15:8080/v1/AUTH_b543880cc8a742699c4df09fe1cf7408", "region": "RegionOne"}, {"id": "eae2d58440ee42abb82ffc9399aeae98", "interface": "admin", "region_id": "RegionOne", "url": "https://10.4.3.15:8080", "region": "RegionOne"}], "id": "643756563c2648518470d5f28bb93aa0", "type": "object-store", "name": "swift"}, {"endpoints": [{"id": "5918b2cad62544429a48cef13922761e", "interface": "public", "region_id": "RegionOne", "url": "https://10.4.3.15/identity", "region": "RegionOne"}], "id": "75f811313b314a60a8f7943c7ef6a21f", "type": "identity", "name": "keystone"}, {"endpoints": [{"id": "3dd5767af95f4351b187ad7d7df2f641", "interface": "public", "region_id": "RegionOne", "url": "https://10.4.3.15/compute/v2.1", "region": "RegionOne"}], "id": "cc8cf1547a4a40578485a9dee4d85cb9", "type": "compute", "name": "nova"}, {"endpoints": [{"id": "abb9a36a34834b9d8df1cf5698532220", "interface": "public", "region_id": "RegionOne", "url": "https://10.4.3.15/networking", "region": "RegionOne"}], "id": "ddecb58bc14244b29ed2cb363ab2fc58", "type": "network", "name": "neutron"}]}} {{(pid=99719) get_auth_ref /opt/stack/data/venv/lib/python3.12/site-packages/keystoneclient/auth/identity/v3/base.py:190}}
Aug 16 17:31:21.501026 np0000007382 devstack@g-api.service[99719]: DEBUG keystoneclient.httpclient [None req-2372c19f-4d9a-47b5-8c09-29b3779ad375 tempest-ServerStableDeviceRescueTest-1106067026 tempest-ServerStableDeviceRescueTest-1106067026-project-member] Failed to find endpoint for management url admin endpoint for identity service not found {{(pid=99719) _process_management_url /opt/stack/data/venv/lib/python3.12/site-packages/keystoneclient/httpclient.py:670}}
Aug 16 17:31:21.604091 np0000007382 devstack@g-api.service[99719]: DEBUG swiftclient [None req-2372c19f-4d9a-47b5-8c09-29b3779ad375 tempest-ServerStableDeviceRescueTest-1106067026 tempest-ServerStableDeviceRescueTest-1106067026-project-member] REQ: curl -i https://10.4.3.15:8080/v1/AUTH_b543880cc8a742699c4df09fe1cf7408/glance/3490afd2-5b16-4eea-9626-a93e18c6e9aa -I -H "X-Auth-Token: gAAAAABqgfPpRGsD..." {{(pid=99719) http_log /opt/stack/data/venv/lib/python3.12/site-packages/swiftclient/client.py:160}}
Aug 16 17:31:21.604228 np0000007382 devstack@g-api.service[99719]: DEBUG swiftclient [None req-2372c19f-4d9a-47b5-8c09-29b3779ad375 tempest-ServerStableDeviceRescueTest-1106067026 tempest-ServerStableDeviceRescueTest-1106067026-project-member] RESP STATUS: 200 OK {{(pid=99719) http_log /opt/stack/data/venv/lib/python3.12/site-packages/swiftclient/client.py:161}}
Aug 16 17:31:21.604491 np0000007382 devstack@g-api.service[99719]: DEBUG swiftclient [None req-2372c19f-4d9a-47b5-8c09-29b3779ad375 tempest-ServerStableDeviceRescueTest-1106067026 tempest-ServerStableDeviceRescueTest-1106067026-project-member] RESP HEADERS: {'Date': 'Sun, 16 Aug 2026 17:31:21 GMT', 'Server': 'Apache/2.4.58 (Ubuntu)', 'Content-Type': 'application/octet-stream', 'Content-Length': '53673984', 'X-Object-Manifest': 'glance/3490afd2-5b16-4eea-9626-a93e18c6e9aa-', 'Last-Modified': 'Sun, 16 Aug 2026 17:30:35 GMT', 'X-Timestamp': '1786901434.53497', 'Accept-Ranges': 'bytes', 'Etag': '"ff264e69ec7ad26f57b144ed4c20dbd0"', 'X-Trans-Id': 'tx13a7c3b8d7464176acb63-006a81f3e9', 'X-Openstack-Request-Id': 'tx13a7c3b8d7464176acb63-006a81f3e9', 'Connection': 'close'} {{(pid=99719) http_log /opt/stack/data/venv/lib/python3.12/site-packages/swiftclient/client.py:162}}
Aug 16 17:31:21.619429 np0000007382 devstack@g-api.service[99719]: DEBUG swiftclient [None req-2372c19f-4d9a-47b5-8c09-29b3779ad375 tempest-ServerStableDeviceRescueTest-1106067026 tempest-ServerStableDeviceRescueTest-1106067026-project-member] REQ: curl -i https://10.4.3.15:8080/v1/AUTH_b543880cc8a742699c4df09fe1cf7408/glance?format=json&prefix=3490afd2-5b16-4eea-9626-a93e18c6e9aa- -X GET -H "X-Auth-Token: gAAAAABqgfPpRGsD..." -H "Accept-Encoding: gzip" {{(pid=99719) http_log /opt/stack/data/venv/lib/python3.12/site-packages/swiftclient/client.py:160}}
Aug 16 17:31:21.619588 np0000007382 devstack@g-api.service[99719]: DEBUG swiftclient [None req-2372c19f-4d9a-47b5-8c09-29b3779ad375 tempest-ServerStableDeviceRescueTest-1106067026 tempest-ServerStableDeviceRescueTest-1106067026-project-member] RESP STATUS: 200 OK {{(pid=99719) http_log /opt/stack/data/venv/lib/python3.12/site-packages/swiftclient/client.py:161}}
Aug 16 17:31:21.619793 np0000007382 devstack@g-api.service[99719]: DEBUG swiftclient [None req-2372c19f-4d9a-47b5-8c09-29b3779ad375 tempest-ServerStableDeviceRescueTest-1106067026 tempest-ServerStableDeviceRescueTest-1106067026-project-member] RESP HEADERS: {'Date': 'Sun, 16 Aug 2026 17:31:21 GMT', 'Server': 'Apache/2.4.58 (Ubuntu)', 'Content-Type': 'application/json; charset=utf-8', 'Content-Length': '210', 'X-Container-Object-Count': '7', 'X-Container-Bytes-Used': '139722752', 'X-Timestamp': '1786901118.39937', 'Last-Modified': 'Sun, 16 Aug 2026 17:25:19 GMT', 'Accept-Ranges': 'bytes', 'X-Storage-Policy': 'Policy-0', 'X-Container-Sharding': 'False', 'X-Trans-Id': 'tx60d5282e3163474d8eb27-006a81f3e9', 'X-Openstack-Request-Id': 'tx60d5282e3163474d8eb27-006a81f3e9', 'Connection': 'close'} {{(pid=99719) http_log /opt/stack/data/venv/lib/python3.12/site-packages/swiftclient/client.py:162}}
Aug 16 17:31:21.620399 np0000007382 devstack@g-api.service[99719]: DEBUG swiftclient [None req-2372c19f-4d9a-47b5-8c09-29b3779ad375 tempest-ServerStableDeviceRescueTest-1106067026 tempest-ServerStableDeviceRescueTest-1106067026-project-member] RESP BODY: b'[{"bytes": 53673984, "hash": "a5b57d55106a76e32d4d8567c951396c", "name": "3490afd2-5b16-4eea-9626-a93e18c6e9aa-00001", "content_type": "application/octet-stream", "last_modified": "2026-08-16T17:30:34.014900"}]' {{(pid=99719) http_log /opt/stack/data/venv/lib/python3.12/site-packages/swiftclient/client.py:166}}
Aug 16 17:31:21.641284 np0000007382 devstack@g-api.service[99719]: DEBUG swiftclient [None req-2372c19f-4d9a-47b5-8c09-29b3779ad375 tempest-ServerStableDeviceRescueTest-1106067026 tempest-ServerStableDeviceRescueTest-1106067026-project-member] REQ: curl -i https://10.4.3.15:8080/v1/AUTH_b543880cc8a742699c4df09fe1cf7408/glance/3490afd2-5b16-4eea-9626-a93e18c6e9aa-00001 DELETE -H "X-Auth-Token: gAAAAABqgfPpRGsD..." {{(pid=99719) http_log /opt/stack/data/venv/lib/python3.12/site-packages/swiftclient/client.py:160}}
Aug 16 17:31:21.641441 np0000007382 devstack@g-api.service[99719]: DEBUG swiftclient [None req-2372c19f-4d9a-47b5-8c09-29b3779ad375 tempest-ServerStableDeviceRescueTest-1106067026 tempest-ServerStableDeviceRescueTest-1106067026-project-member] RESP STATUS: 204 No Content {{(pid=99719) http_log /opt/stack/data/venv/lib/python3.12/site-packages/swiftclient/client.py:161}}
Aug 16 17:31:21.641486 np0000007382 devstack@g-api.service[99719]: DEBUG swiftclient [None req-2372c19f-4d9a-47b5-8c09-29b3779ad375 tempest-ServerStableDeviceRescueTest-1106067026 tempest-ServerStableDeviceRescueTest-1106067026-project-member] RESP HEADERS: {'Date': 'Sun, 16 Aug 2026 17:31:21 GMT', 'Server': 'Apache/2.4.58 (Ubuntu)', 'Content-Type': 'text/html; charset=UTF-8', 'X-Trans-Id': 'tx8a08933a312146f2b7e30-006a81f3e9', 'X-Openstack-Request-Id': 'tx8a08933a312146f2b7e30-006a81f3e9', 'Connection': 'close'} {{(pid=99719) http_log /opt/stack/data/venv/lib/python3.12/site-packages/swiftclient/client.py:162}}
Aug 16 17:31:21.660614 np0000007382 devstack@g-api.service[99719]: DEBUG swiftclient [None req-2372c19f-4d9a-47b5-8c09-29b3779ad375 tempest-ServerStableDeviceRescueTest-1106067026 tempest-ServerStableDeviceRescueTest-1106067026-project-member] REQ: curl -i https://10.4.3.15:8080/v1/AUTH_b543880cc8a742699c4df09fe1cf7408/glance/3490afd2-5b16-4eea-9626-a93e18c6e9aa DELETE -H "X-Auth-Token: gAAAAABqgfPpRGsD..." {{(pid=99719) http_log /opt/stack/data/venv/lib/python3.12/site-packages/swiftclient/client.py:160}}
Aug 16 17:31:21.660772 np0000007382 devstack@g-api.service[99719]: DEBUG swiftclient [None req-2372c19f-4d9a-47b5-8c09-29b3779ad375 tempest-ServerStableDeviceRescueTest-1106067026 tempest-ServerStableDeviceRescueTest-1106067026-project-member] RESP STATUS: 204 No Content {{(pid=99719) http_log /opt/stack/data/venv/lib/python3.12/site-packages/swiftclient/client.py:161}}
Aug 16 17:31:21.660965 np0000007382 devstack@g-api.service[99719]: DEBUG swiftclient [None req-2372c19f-4d9a-47b5-8c09-29b3779ad375 tempest-ServerStableDeviceRescueTest-1106067026 tempest-ServerStableDeviceRescueTest-1106067026-project-member] RESP HEADERS: {'Date': 'Sun, 16 Aug 2026 17:31:21 GMT', 'Server': 'Apache/2.4.58 (Ubuntu)', 'Content-Type': 'text/html; charset=UTF-8', 'X-Trans-Id': 'tx77852bccb5974516a08bb-006a81f3e9', 'X-Openstack-Request-Id': 'tx77852bccb5974516a08bb-006a81f3e9', 'Connection': 'close'} {{(pid=99719) http_log /opt/stack/data/venv/lib/python3.12/site-packages/swiftclient/client.py:162}}
Aug 16 17:31:21.763187 np0000007382 devstack@g-api.service[99719]: DEBUG glance.api.middleware.cache [None req-2372c19f-4d9a-47b5-8c09-29b3779ad375 tempest-ServerStableDeviceRescueTest-1106067026 tempest-ServerStableDeviceRescueTest-1106067026-project-member] Removing image 3490afd2-5b16-4eea-9626-a93e18c6e9aa from cache {{(pid=99719) _process_DELETE_response /opt/stack/glance/glance/api/middleware/cache.py:264}}
Aug 16 17:31:21.763422 np0000007382 devstack@g-api.service[99719]: DEBUG glance.image_cache.drivers.centralized_db [None req-2372c19f-4d9a-47b5-8c09-29b3779ad375 tempest-ServerStableDeviceRescueTest-1106067026 tempest-ServerStableDeviceRescueTest-1106067026-project-member] Deleting image cache file '/opt/stack/data/glance/cache/3490afd2-5b16-4eea-9626-a93e18c6e9aa' {{(pid=99719) delete_cached_file /opt/stack/glance/glance/image_cache/drivers/centralized_db.py:400}}
Aug 16 17:31:21.782509 np0000007382 devstack@g-api.service[99719]: [pid: 99719|app: 0|req: 92/278] 127.0.0.1 () {46 vars in 1133 bytes} [Sun Aug 16 17:31:21 2026] DELETE /v2/images/3490afd2-5b16-4eea-9626-a93e18c6e9aa => generated 0 bytes in 374 msecs (HTTP/1.1 204) 4 headers in 171 bytes (1 switches on core 0)
Aug 16 17:31:24.390419 np0000007382 devstack@g-api.service[99720]: DEBUG dbcounter [-] [99720] Writing DB stats glance:SELECT=6 {{(pid=99720) stat_writer /opt/stack/data/venv/lib/python3.12/site-packages/dbcounter.py:115}}
Aug 16 17:31:24.761887 np0000007382 devstack@g-api.service[99718]: DEBUG dbcounter [-] [99718] Writing DB stats glance:SELECT=2 {{(pid=99718) stat_writer /opt/stack/data/venv/lib/python3.12/site-packages/dbcounter.py:115}}
Aug 16 17:31:28.370412 np0000007382 devstack@g-api.service[99720]: DEBUG glance.api.middleware.version_negotiation [None req-792460b5-0fe6-4d10-aa77-ed6056b7df69 tempest-VolumesImageMetadata-236289978 tempest-VolumesImageMetadata-236289978-project-member] Determining version of request: GET /v2/images/7751e032-d3ce-41e5-b4db-cf00e0e3285d Accept: */* {{(pid=99720) process_request /opt/stack/glance/glance/api/middleware/version_negotiation.py:44}}
Aug 16 17:31:28.370760 np0000007382 devstack@g-api.service[99720]: DEBUG glance.api.middleware.version_negotiation [None req-792460b5-0fe6-4d10-aa77-ed6056b7df69 tempest-VolumesImageMetadata-236289978 tempest-VolumesImageMetadata-236289978-project-member] Using url versioning {{(pid=99720) process_request /opt/stack/glance/glance/api/middleware/version_negotiation.py:57}}
Aug 16 17:31:28.371193 np0000007382 devstack@g-api.service[99720]: DEBUG glance.api.middleware.version_negotiation [None req-792460b5-0fe6-4d10-aa77-ed6056b7df69 tempest-VolumesImageMetadata-236289978 tempest-VolumesImageMetadata-236289978-project-member] Matched version: v2 {{(pid=99720) process_request /opt/stack/glance/glance/api/middleware/version_negotiation.py:69}}
Aug 16 17:31:28.371592 np0000007382 devstack@g-api.service[99720]: DEBUG glance.api.middleware.version_negotiation [None req-792460b5-0fe6-4d10-aa77-ed6056b7df69 tempest-VolumesImageMetadata-236289978 tempest-VolumesImageMetadata-236289978-project-member] new path /v2/images/7751e032-d3ce-41e5-b4db-cf00e0e3285d {{(pid=99720) process_request /opt/stack/glance/glance/api/middleware/version_negotiation.py:70}}
Aug 16 17:31:28.393851 np0000007382 devstack@g-api.service[99720]: [pid: 99720|app: 0|req: 98/279] 127.0.0.1 () {44 vars in 1111 bytes} [Sun Aug 16 17:31:28 2026] GET /v2/images/7751e032-d3ce-41e5-b4db-cf00e0e3285d => generated 1044 bytes in 23 msecs (HTTP/1.1 200) 4 headers in 158 bytes (1 switches on core 0)
Aug 16 17:31:28.408531 np0000007382 devstack@g-api.service[99718]: DEBUG glance.api.middleware.version_negotiation [None req-792460b5-0fe6-4d10-aa77-ed6056b7df69 tempest-VolumesImageMetadata-236289978 tempest-VolumesImageMetadata-236289978-project-member] Determining version of request: GET /v2/schemas/image Accept: */* {{(pid=99718) process_request /opt/stack/glance/glance/api/middleware/version_negotiation.py:44}}
Aug 16 17:31:28.409056 np0000007382 devstack@g-api.service[99718]: DEBUG glance.api.middleware.version_negotiation [None req-792460b5-0fe6-4d10-aa77-ed6056b7df69 tempest-VolumesImageMetadata-236289978 tempest-VolumesImageMetadata-236289978-project-member] Using url versioning {{(pid=99718) process_request /opt/stack/glance/glance/api/middleware/version_negotiation.py:57}}
Aug 16 17:31:28.409056 np0000007382 devstack@g-api.service[99718]: DEBUG glance.api.middleware.version_negotiation [None req-792460b5-0fe6-4d10-aa77-ed6056b7df69 tempest-VolumesImageMetadata-236289978 tempest-VolumesImageMetadata-236289978-project-member] Matched version: v2 {{(pid=99718) process_request /opt/stack/glance/glance/api/middleware/version_negotiation.py:69}}
Aug 16 17:31:28.409056 np0000007382 devstack@g-api.service[99718]: DEBUG glance.api.middleware.version_negotiation [None req-792460b5-0fe6-4d10-aa77-ed6056b7df69 tempest-VolumesImageMetadata-236289978 tempest-VolumesImageMetadata-236289978-project-member] new path /v2/schemas/image {{(pid=99718) process_request /opt/stack/glance/glance/api/middleware/version_negotiation.py:70}}
Aug 16 17:31:28.413614 np0000007382 devstack@g-api.service[99718]: [pid: 99718|app: 0|req: 90/280] 127.0.0.1 () {44 vars in 1051 bytes} [Sun Aug 16 17:31:28 2026] GET /v2/schemas/image => generated 6083 bytes in 5 msecs (HTTP/1.1 200) 4 headers in 158 bytes (1 switches on core 0)
Aug 16 17:31:28.426153 np0000007382 devstack@g-api.service[99719]: DEBUG glance.api.middleware.version_negotiation [None req-2372c19f-4d9a-47b5-8c09-29b3779ad375 tempest-ServerStableDeviceRescueTest-1106067026 tempest-ServerStableDeviceRescueTest-1106067026-project-member] Determining version of request: GET /v2/schemas/image Accept: */* {{(pid=99719) process_request /opt/stack/glance/glance/api/middleware/version_negotiation.py:44}}
Aug 16 17:31:28.426522 np0000007382 devstack@g-api.service[99719]: DEBUG glance.api.middleware.version_negotiation [None req-2372c19f-4d9a-47b5-8c09-29b3779ad375 tempest-ServerStableDeviceRescueTest-1106067026 tempest-ServerStableDeviceRescueTest-1106067026-project-member] Using url versioning {{(pid=99719) process_request /opt/stack/glance/glance/api/middleware/version_negotiation.py:57}}
Aug 16 17:31:28.426522 np0000007382 devstack@g-api.service[99719]: DEBUG glance.api.middleware.version_negotiation [None req-2372c19f-4d9a-47b5-8c09-29b3779ad375 tempest-ServerStableDeviceRescueTest-1106067026 tempest-ServerStableDeviceRescueTest-1106067026-project-member] Matched version: v2 {{(pid=99719) process_request /opt/stack/glance/glance/api/middleware/version_negotiation.py:69}}
Aug 16 17:31:28.427340 np0000007382 devstack@g-api.service[99719]: DEBUG glance.api.middleware.version_negotiation [None req-2372c19f-4d9a-47b5-8c09-29b3779ad375 tempest-ServerStableDeviceRescueTest-1106067026 tempest-ServerStableDeviceRescueTest-1106067026-project-member] new path /v2/schemas/image {{(pid=99719) process_request /opt/stack/glance/glance/api/middleware/version_negotiation.py:70}}
Aug 16 17:31:28.430329 np0000007382 devstack@g-api.service[99719]: [pid: 99719|app: 0|req: 93/281] 127.0.0.1 () {44 vars in 1051 bytes} [Sun Aug 16 17:31:28 2026] GET /v2/schemas/image => generated 6083 bytes in 4 msecs (HTTP/1.1 200) 4 headers in 158 bytes (1 switches on core 0)
Aug 16 17:31:28.438749 np0000007382 devstack@g-api.service[99720]: DEBUG glance.api.middleware.version_negotiation [None req-5b0a983f-5384-486e-91e2-008b2b8d93c0 tempest-ServerActionsTestOtherA-1074287771 tempest-ServerActionsTestOtherA-1074287771-project-member] Determining version of request: GET /v2/images/7751e032-d3ce-41e5-b4db-cf00e0e3285d Accept: */* {{(pid=99720) process_request /opt/stack/glance/glance/api/middleware/version_negotiation.py:44}}
Aug 16 17:31:28.438868 np0000007382 devstack@g-api.service[99720]: DEBUG glance.api.middleware.version_negotiation [None req-5b0a983f-5384-486e-91e2-008b2b8d93c0 tempest-ServerActionsTestOtherA-1074287771 tempest-ServerActionsTestOtherA-1074287771-project-member] Using url versioning {{(pid=99720) process_request /opt/stack/glance/glance/api/middleware/version_negotiation.py:57}}
Aug 16 17:31:28.438989 np0000007382 devstack@g-api.service[99720]: DEBUG glance.api.middleware.version_negotiation [None req-5b0a983f-5384-486e-91e2-008b2b8d93c0 tempest-ServerActionsTestOtherA-1074287771 tempest-ServerActionsTestOtherA-1074287771-project-member] Matched version: v2 {{(pid=99720) process_request /opt/stack/glance/glance/api/middleware/version_negotiation.py:69}}
Aug 16 17:31:28.439114 np0000007382 devstack@g-api.service[99720]: DEBUG glance.api.middleware.version_negotiation [None req-5b0a983f-5384-486e-91e2-008b2b8d93c0 tempest-ServerActionsTestOtherA-1074287771 tempest-ServerActionsTestOtherA-1074287771-project-member] new path /v2/images/7751e032-d3ce-41e5-b4db-cf00e0e3285d {{(pid=99720) process_request /opt/stack/glance/glance/api/middleware/version_negotiation.py:70}}
Aug 16 17:31:28.453279 np0000007382 devstack@g-api.service[99720]: [pid: 99720|app: 0|req: 99/282] 127.0.0.1 () {44 vars in 1111 bytes} [Sun Aug 16 17:31:28 2026] GET /v2/images/7751e032-d3ce-41e5-b4db-cf00e0e3285d => generated 1044 bytes in 14 msecs (HTTP/1.1 200) 4 headers in 158 bytes (1 switches on core 0)
Aug 16 17:31:28.461379 np0000007382 devstack@g-api.service[99718]: DEBUG glance.api.middleware.version_negotiation [None req-5b0a983f-5384-486e-91e2-008b2b8d93c0 tempest-ServerActionsTestOtherA-1074287771 tempest-ServerActionsTestOtherA-1074287771-project-member] Determining version of request: GET /v2/schemas/image Accept: */* {{(pid=99718) process_request /opt/stack/glance/glance/api/middleware/version_negotiation.py:44}}
Aug 16 17:31:28.461522 np0000007382 devstack@g-api.service[99718]: DEBUG glance.api.middleware.version_negotiation [None req-5b0a983f-5384-486e-91e2-008b2b8d93c0 tempest-ServerActionsTestOtherA-1074287771 tempest-ServerActionsTestOtherA-1074287771-project-member] Using url versioning {{(pid=99718) process_request /opt/stack/glance/glance/api/middleware/version_negotiation.py:57}}
Aug 16 17:31:28.461673 np0000007382 devstack@g-api.service[99718]: DEBUG glance.api.middleware.version_negotiation [None req-5b0a983f-5384-486e-91e2-008b2b8d93c0 tempest-ServerActionsTestOtherA-1074287771 tempest-ServerActionsTestOtherA-1074287771-project-member] Matched version: v2 {{(pid=99718) process_request /opt/stack/glance/glance/api/middleware/version_negotiation.py:69}}
Aug 16 17:31:28.461935 np0000007382 devstack@g-api.service[99718]: DEBUG glance.api.middleware.version_negotiation [None req-5b0a983f-5384-486e-91e2-008b2b8d93c0 tempest-ServerActionsTestOtherA-1074287771 tempest-ServerActionsTestOtherA-1074287771-project-member] new path /v2/schemas/image {{(pid=99718) process_request /opt/stack/glance/glance/api/middleware/version_negotiation.py:70}}
Aug 16 17:31:28.464385 np0000007382 devstack@g-api.service[99718]: [pid: 99718|app: 0|req: 91/283] 127.0.0.1 () {44 vars in 1051 bytes} [Sun Aug 16 17:31:28 2026] GET /v2/schemas/image => generated 6083 bytes in 3 msecs (HTTP/1.1 200) 4 headers in 158 bytes (1 switches on core 0)
Aug 16 17:31:28.475908 np0000007382 devstack@g-api.service[99719]: DEBUG glance.api.middleware.version_negotiation [None req-5b0a983f-5384-486e-91e2-008b2b8d93c0 tempest-ServerActionsTestOtherA-1074287771 tempest-ServerActionsTestOtherA-1074287771-project-member] Determining version of request: GET /v2/schemas/image Accept: */* {{(pid=99719) process_request /opt/stack/glance/glance/api/middleware/version_negotiation.py:44}}
Aug 16 17:31:28.476078 np0000007382 devstack@g-api.service[99719]: DEBUG glance.api.middleware.version_negotiation [None req-5b0a983f-5384-486e-91e2-008b2b8d93c0 tempest-ServerActionsTestOtherA-1074287771 tempest-ServerActionsTestOtherA-1074287771-project-member] Using url versioning {{(pid=99719) process_request /opt/stack/glance/glance/api/middleware/version_negotiation.py:57}}
Aug 16 17:31:28.476253 np0000007382 devstack@g-api.service[99719]: DEBUG glance.api.middleware.version_negotiation [None req-5b0a983f-5384-486e-91e2-008b2b8d93c0 tempest-ServerActionsTestOtherA-1074287771 tempest-ServerActionsTestOtherA-1074287771-project-member] Matched version: v2 {{(pid=99719) process_request /opt/stack/glance/glance/api/middleware/version_negotiation.py:69}}
Aug 16 17:31:28.476358 np0000007382 devstack@g-api.service[99719]: DEBUG glance.api.middleware.version_negotiation [None req-5b0a983f-5384-486e-91e2-008b2b8d93c0 tempest-ServerActionsTestOtherA-1074287771 tempest-ServerActionsTestOtherA-1074287771-project-member] new path /v2/schemas/image {{(pid=99719) process_request /opt/stack/glance/glance/api/middleware/version_negotiation.py:70}}
Aug 16 17:31:28.478663 np0000007382 devstack@g-api.service[99719]: [pid: 99719|app: 0|req: 94/284] 127.0.0.1 () {44 vars in 1051 bytes} [Sun Aug 16 17:31:28 2026] GET /v2/schemas/image => generated 6083 bytes in 3 msecs (HTTP/1.1 200) 4 headers in 158 bytes (1 switches on core 0)
Aug 16 17:31:28.506079 np0000007382 devstack@g-api.service[99720]: DEBUG glance.api.middleware.version_negotiation [None req-5b0a983f-5384-486e-91e2-008b2b8d93c0 tempest-ServerActionsTestOtherA-1074287771 tempest-ServerActionsTestOtherA-1074287771-project-member] Determining version of request: GET /v2/images/7751e032-d3ce-41e5-b4db-cf00e0e3285d Accept: */* {{(pid=99720) process_request /opt/stack/glance/glance/api/middleware/version_negotiation.py:44}}
Aug 16 17:31:28.506272 np0000007382 devstack@g-api.service[99720]: DEBUG glance.api.middleware.version_negotiation [None req-5b0a983f-5384-486e-91e2-008b2b8d93c0 tempest-ServerActionsTestOtherA-1074287771 tempest-ServerActionsTestOtherA-1074287771-project-member] Using url versioning {{(pid=99720) process_request /opt/stack/glance/glance/api/middleware/version_negotiation.py:57}}
Aug 16 17:31:28.506384 np0000007382 devstack@g-api.service[99720]: DEBUG glance.api.middleware.version_negotiation [None req-5b0a983f-5384-486e-91e2-008b2b8d93c0 tempest-ServerActionsTestOtherA-1074287771 tempest-ServerActionsTestOtherA-1074287771-project-member] Matched version: v2 {{(pid=99720) process_request /opt/stack/glance/glance/api/middleware/version_negotiation.py:69}}
Aug 16 17:31:28.506483 np0000007382 devstack@g-api.service[99720]: DEBUG glance.api.middleware.version_negotiation [None req-5b0a983f-5384-486e-91e2-008b2b8d93c0 tempest-ServerActionsTestOtherA-1074287771 tempest-ServerActionsTestOtherA-1074287771-project-member] new path /v2/images/7751e032-d3ce-41e5-b4db-cf00e0e3285d {{(pid=99720) process_request /opt/stack/glance/glance/api/middleware/version_negotiation.py:70}}
Aug 16 17:31:28.516106 np0000007382 devstack@g-api.service[99720]: [pid: 99720|app: 0|req: 100/285] 127.0.0.1 () {44 vars in 1111 bytes} [Sun Aug 16 17:31:28 2026] GET /v2/images/7751e032-d3ce-41e5-b4db-cf00e0e3285d => generated 1044 bytes in 10 msecs (HTTP/1.1 200) 4 headers in 158 bytes (1 switches on core 0)
Aug 16 17:31:28.524168 np0000007382 devstack@g-api.service[99718]: DEBUG glance.api.middleware.version_negotiation [None req-5b0a983f-5384-486e-91e2-008b2b8d93c0 tempest-ServerActionsTestOtherA-1074287771 tempest-ServerActionsTestOtherA-1074287771-project-member] Determining version of request: GET /v2/schemas/image Accept: */* {{(pid=99718) process_request /opt/stack/glance/glance/api/middleware/version_negotiation.py:44}}
Aug 16 17:31:28.524423 np0000007382 devstack@g-api.service[99718]: DEBUG glance.api.middleware.version_negotiation [None req-5b0a983f-5384-486e-91e2-008b2b8d93c0 tempest-ServerActionsTestOtherA-1074287771 tempest-ServerActionsTestOtherA-1074287771-project-member] Using url versioning {{(pid=99718) process_request /opt/stack/glance/glance/api/middleware/version_negotiation.py:57}}
Aug 16 17:31:28.524591 np0000007382 devstack@g-api.service[99718]: DEBUG glance.api.middleware.version_negotiation [None req-5b0a983f-5384-486e-91e2-008b2b8d93c0 tempest-ServerActionsTestOtherA-1074287771 tempest-ServerActionsTestOtherA-1074287771-project-member] Matched version: v2 {{(pid=99718) process_request /opt/stack/glance/glance/api/middleware/version_negotiation.py:69}}
Aug 16 17:31:28.524763 np0000007382 devstack@g-api.service[99718]: DEBUG glance.api.middleware.version_negotiation [None req-5b0a983f-5384-486e-91e2-008b2b8d93c0 tempest-ServerActionsTestOtherA-1074287771 tempest-ServerActionsTestOtherA-1074287771-project-member] new path /v2/schemas/image {{(pid=99718) process_request /opt/stack/glance/glance/api/middleware/version_negotiation.py:70}}
Aug 16 17:31:28.536345 np0000007382 devstack@g-api.service[99718]: [pid: 99718|app: 0|req: 92/286] 127.0.0.1 () {44 vars in 1051 bytes} [Sun Aug 16 17:31:28 2026] GET /v2/schemas/image => generated 6083 bytes in 12 msecs (HTTP/1.1 200) 4 headers in 158 bytes (1 switches on core 0)
Aug 16 17:31:29.016038 np0000007382 devstack@g-api.service[99719]: DEBUG glance.api.middleware.version_negotiation [None req-5b0a983f-5384-486e-91e2-008b2b8d93c0 tempest-ServerActionsTestOtherA-1074287771 tempest-ServerActionsTestOtherA-1074287771-project-member] Determining version of request: GET /versions Accept: */* {{(pid=99719) process_request /opt/stack/glance/glance/api/middleware/version_negotiation.py:44}}
Aug 16 17:31:29.016942 np0000007382 devstack@g-api.service[99719]: [pid: 99719|app: 0|req: 95/287] 127.0.0.1 () {44 vars in 1035 bytes} [Sun Aug 16 17:31:29 2026] GET /versions => generated 1501 bytes in 1 msecs (HTTP/1.1 200) 3 headers in 92 bytes (1 switches on core 0)
Aug 16 17:31:29.024860 np0000007382 devstack@g-api.service[99720]: DEBUG glance.api.middleware.version_negotiation [None req-5b0a983f-5384-486e-91e2-008b2b8d93c0 tempest-ServerActionsTestOtherA-1074287771 tempest-ServerActionsTestOtherA-1074287771-project-member] Determining version of request: GET /v2/images/7751e032-d3ce-41e5-b4db-cf00e0e3285d/locations Accept: */* {{(pid=99720) process_request /opt/stack/glance/glance/api/middleware/version_negotiation.py:44}}
Aug 16 17:31:29.026104 np0000007382 devstack@g-api.service[99720]: DEBUG glance.api.middleware.version_negotiation [None req-5b0a983f-5384-486e-91e2-008b2b8d93c0 tempest-ServerActionsTestOtherA-1074287771 tempest-ServerActionsTestOtherA-1074287771-project-member] Using url versioning {{(pid=99720) process_request /opt/stack/glance/glance/api/middleware/version_negotiation.py:57}}
Aug 16 17:31:29.026104 np0000007382 devstack@g-api.service[99720]: DEBUG glance.api.middleware.version_negotiation [None req-5b0a983f-5384-486e-91e2-008b2b8d93c0 tempest-ServerActionsTestOtherA-1074287771 tempest-ServerActionsTestOtherA-1074287771-project-member] Matched version: v2 {{(pid=99720) process_request /opt/stack/glance/glance/api/middleware/version_negotiation.py:69}}
Aug 16 17:31:29.026104 np0000007382 devstack@g-api.service[99720]: DEBUG glance.api.middleware.version_negotiation [None req-5b0a983f-5384-486e-91e2-008b2b8d93c0 tempest-ServerActionsTestOtherA-1074287771 tempest-ServerActionsTestOtherA-1074287771-project-member] new path /v2/images/7751e032-d3ce-41e5-b4db-cf00e0e3285d/locations {{(pid=99720) process_request /opt/stack/glance/glance/api/middleware/version_negotiation.py:70}}
Aug 16 17:31:29.104336 np0000007382 devstack@g-api.service[99720]: [pid: 99720|app: 0|req: 101/288] 127.0.0.1 () {44 vars in 1131 bytes} [Sun Aug 16 17:31:29 2026] GET /v2/images/7751e032-d3ce-41e5-b4db-cf00e0e3285d/locations => generated 92 bytes in 80 msecs (HTTP/1.1 200) 4 headers in 156 bytes (1 switches on core 0)
Aug 16 17:31:29.113781 np0000007382 devstack@g-api.service[99718]: DEBUG glance.api.middleware.version_negotiation [None req-5b0a983f-5384-486e-91e2-008b2b8d93c0 tempest-ServerActionsTestOtherA-1074287771 tempest-ServerActionsTestOtherA-1074287771-project-member] Determining version of request: GET /v2/images/7751e032-d3ce-41e5-b4db-cf00e0e3285d Accept: */* {{(pid=99718) process_request /opt/stack/glance/glance/api/middleware/version_negotiation.py:44}}
Aug 16 17:31:29.113998 np0000007382 devstack@g-api.service[99718]: DEBUG glance.api.middleware.version_negotiation [None req-5b0a983f-5384-486e-91e2-008b2b8d93c0 tempest-ServerActionsTestOtherA-1074287771 tempest-ServerActionsTestOtherA-1074287771-project-member] Using url versioning {{(pid=99718) process_request /opt/stack/glance/glance/api/middleware/version_negotiation.py:57}}
Aug 16 17:31:29.114167 np0000007382 devstack@g-api.service[99718]: DEBUG glance.api.middleware.version_negotiation [None req-5b0a983f-5384-486e-91e2-008b2b8d93c0 tempest-ServerActionsTestOtherA-1074287771 tempest-ServerActionsTestOtherA-1074287771-project-member] Matched version: v2 {{(pid=99718) process_request /opt/stack/glance/glance/api/middleware/version_negotiation.py:69}}
Aug 16 17:31:29.114296 np0000007382 devstack@g-api.service[99718]: DEBUG glance.api.middleware.version_negotiation [None req-5b0a983f-5384-486e-91e2-008b2b8d93c0 tempest-ServerActionsTestOtherA-1074287771 tempest-ServerActionsTestOtherA-1074287771-project-member] new path /v2/images/7751e032-d3ce-41e5-b4db-cf00e0e3285d {{(pid=99718) process_request /opt/stack/glance/glance/api/middleware/version_negotiation.py:70}}
Aug 16 17:31:29.127024 np0000007382 devstack@g-api.service[99718]: [pid: 99718|app: 0|req: 93/289] 127.0.0.1 () {44 vars in 1111 bytes} [Sun Aug 16 17:31:29 2026] GET /v2/images/7751e032-d3ce-41e5-b4db-cf00e0e3285d => generated 1044 bytes in 13 msecs (HTTP/1.1 200) 4 headers in 158 bytes (1 switches on core 0)
Aug 16 17:31:29.138359 np0000007382 devstack@g-api.service[99719]: DEBUG glance.api.middleware.version_negotiation [None req-5b0a983f-5384-486e-91e2-008b2b8d93c0 tempest-ServerActionsTestOtherA-1074287771 tempest-ServerActionsTestOtherA-1074287771-project-member] Determining version of request: GET /v2/schemas/image Accept: */* {{(pid=99719) process_request /opt/stack/glance/glance/api/middleware/version_negotiation.py:44}}
Aug 16 17:31:29.138459 np0000007382 devstack@g-api.service[99719]: DEBUG glance.api.middleware.version_negotiation [None req-5b0a983f-5384-486e-91e2-008b2b8d93c0 tempest-ServerActionsTestOtherA-1074287771 tempest-ServerActionsTestOtherA-1074287771-project-member] Using url versioning {{(pid=99719) process_request /opt/stack/glance/glance/api/middleware/version_negotiation.py:57}}
Aug 16 17:31:29.138540 np0000007382 devstack@g-api.service[99719]: DEBUG glance.api.middleware.version_negotiation [None req-5b0a983f-5384-486e-91e2-008b2b8d93c0 tempest-ServerActionsTestOtherA-1074287771 tempest-ServerActionsTestOtherA-1074287771-project-member] Matched version: v2 {{(pid=99719) process_request /opt/stack/glance/glance/api/middleware/version_negotiation.py:69}}
Aug 16 17:31:29.138632 np0000007382 devstack@g-api.service[99719]: DEBUG glance.api.middleware.version_negotiation [None req-5b0a983f-5384-486e-91e2-008b2b8d93c0 tempest-ServerActionsTestOtherA-1074287771 tempest-ServerActionsTestOtherA-1074287771-project-member] new path /v2/schemas/image {{(pid=99719) process_request /opt/stack/glance/glance/api/middleware/version_negotiation.py:70}}
Aug 16 17:31:29.141819 np0000007382 devstack@g-api.service[99719]: [pid: 99719|app: 0|req: 96/290] 127.0.0.1 () {44 vars in 1051 bytes} [Sun Aug 16 17:31:29 2026] GET /v2/schemas/image => generated 6083 bytes in 3 msecs (HTTP/1.1 200) 4 headers in 158 bytes (1 switches on core 0)
Aug 16 17:31:29.152660 np0000007382 devstack@g-api.service[99720]: DEBUG glance.api.middleware.version_negotiation [None req-5b0a983f-5384-486e-91e2-008b2b8d93c0 service glance] Determining version of request: GET /v2/schemas/image Accept: */* {{(pid=99720) process_request /opt/stack/glance/glance/api/middleware/version_negotiation.py:44}}
Aug 16 17:31:29.152660 np0000007382 devstack@g-api.service[99720]: DEBUG glance.api.middleware.version_negotiation [None req-5b0a983f-5384-486e-91e2-008b2b8d93c0 service glance] Using url versioning {{(pid=99720) process_request /opt/stack/glance/glance/api/middleware/version_negotiation.py:57}}
Aug 16 17:31:29.152660 np0000007382 devstack@g-api.service[99720]: DEBUG glance.api.middleware.version_negotiation [None req-5b0a983f-5384-486e-91e2-008b2b8d93c0 service glance] Matched version: v2 {{(pid=99720) process_request /opt/stack/glance/glance/api/middleware/version_negotiation.py:69}}
Aug 16 17:31:29.152660 np0000007382 devstack@g-api.service[99720]: DEBUG glance.api.middleware.version_negotiation [None req-5b0a983f-5384-486e-91e2-008b2b8d93c0 service glance] new path /v2/schemas/image {{(pid=99720) process_request /opt/stack/glance/glance/api/middleware/version_negotiation.py:70}}
Aug 16 17:31:29.154876 np0000007382 devstack@g-api.service[99720]: [pid: 99720|app: 0|req: 102/291] 127.0.0.1 () {44 vars in 1051 bytes} [Sun Aug 16 17:31:29 2026] GET /v2/schemas/image => generated 6083 bytes in 3 msecs (HTTP/1.1 200) 4 headers in 158 bytes (1 switches on core 0)
Aug 16 17:31:31.778627 np0000007382 devstack@g-api.service[99719]: DEBUG dbcounter [-] [99719] Writing DB stats glance:SELECT=34,glance:UPDATE=27,glance:DELETE=1 {{(pid=99719) stat_writer /opt/stack/data/venv/lib/python3.12/site-packages/dbcounter.py:115}}
Aug 16 17:31:33.887684 np0000007382 devstack@g-api.service[99718]: DEBUG glance.api.middleware.version_negotiation [None req-5b0a983f-5384-486e-91e2-008b2b8d93c0 tempest-ServerActionsTestOtherA-1074287771 tempest-ServerActionsTestOtherA-1074287771-project-member] Determining version of request: GET /v2/images/7751e032-d3ce-41e5-b4db-cf00e0e3285d Accept: */* {{(pid=99718) process_request /opt/stack/glance/glance/api/middleware/version_negotiation.py:44}}
Aug 16 17:31:33.888105 np0000007382 devstack@g-api.service[99718]: DEBUG glance.api.middleware.version_negotiation [None req-5b0a983f-5384-486e-91e2-008b2b8d93c0 tempest-ServerActionsTestOtherA-1074287771 tempest-ServerActionsTestOtherA-1074287771-project-member] Using url versioning {{(pid=99718) process_request /opt/stack/glance/glance/api/middleware/version_negotiation.py:57}}
Aug 16 17:31:33.888105 np0000007382 devstack@g-api.service[99718]: DEBUG glance.api.middleware.version_negotiation [None req-5b0a983f-5384-486e-91e2-008b2b8d93c0 tempest-ServerActionsTestOtherA-1074287771 tempest-ServerActionsTestOtherA-1074287771-project-member] Matched version: v2 {{(pid=99718) process_request /opt/stack/glance/glance/api/middleware/version_negotiation.py:69}}
Aug 16 17:31:33.888105 np0000007382 devstack@g-api.service[99718]: DEBUG glance.api.middleware.version_negotiation [None req-5b0a983f-5384-486e-91e2-008b2b8d93c0 tempest-ServerActionsTestOtherA-1074287771 tempest-ServerActionsTestOtherA-1074287771-project-member] new path /v2/images/7751e032-d3ce-41e5-b4db-cf00e0e3285d {{(pid=99718) process_request /opt/stack/glance/glance/api/middleware/version_negotiation.py:70}}
