Aug 16 17:24:50.530105 np0000007382 nova-scheduler[93351]: DEBUG cotyledon.oslo_config_glue [-] oslo_messaging_rabbit.rabbit_quorum_delivery_limit = 0 {{(pid=93351) log_opt_values /opt/stack/data/venv/lib/python3.12/site-packages/oslo_config/cfg.py:3560}}
Aug 16 17:24:50.530105 np0000007382 nova-scheduler[93351]: DEBUG cotyledon.oslo_config_glue [-] oslo_messaging_rabbit.rabbit_quorum_max_memory_bytes = 0 {{(pid=93351) log_opt_values /opt/stack/data/venv/lib/python3.12/site-packages/oslo_config/cfg.py:3560}}
Aug 16 17:24:50.530105 np0000007382 nova-scheduler[93351]: DEBUG cotyledon.oslo_config_glue [-] oslo_messaging_rabbit.rabbit_quorum_max_memory_length = 0 {{(pid=93351) log_opt_values /opt/stack/data/venv/lib/python3.12/site-packages/oslo_config/cfg.py:3560}}
Aug 16 17:24:50.530105 np0000007382 nova-scheduler[93351]: DEBUG cotyledon.oslo_config_glue [-] oslo_messaging_rabbit.rabbit_quorum_queue = False {{(pid=93351) log_opt_values /opt/stack/data/venv/lib/python3.12/site-packages/oslo_config/cfg.py:3560}}
Aug 16 17:24:50.530105 np0000007382 nova-scheduler[93351]: DEBUG cotyledon.oslo_config_glue [-] oslo_messaging_rabbit.rabbit_retry_backoff = 2 {{(pid=93351) log_opt_values /opt/stack/data/venv/lib/python3.12/site-packages/oslo_config/cfg.py:3560}}
Aug 16 17:24:50.530105 np0000007382 nova-scheduler[93351]: DEBUG cotyledon.oslo_config_glue [-] oslo_messaging_rabbit.rabbit_retry_interval = 1 {{(pid=93351) log_opt_values /opt/stack/data/venv/lib/python3.12/site-packages/oslo_config/cfg.py:3560}}
Aug 16 17:24:50.530105 np0000007382 nova-scheduler[93351]: DEBUG cotyledon.oslo_config_glue [-] oslo_messaging_rabbit.rabbit_stream_fanout = False {{(pid=93351) log_opt_values /opt/stack/data/venv/lib/python3.12/site-packages/oslo_config/cfg.py:3560}}
Aug 16 17:24:50.530431 np0000007382 nova-scheduler[93351]: DEBUG cotyledon.oslo_config_glue [-] oslo_messaging_rabbit.rabbit_transient_queues_ttl = 1800 {{(pid=93351) log_opt_values /opt/stack/data/venv/lib/python3.12/site-packages/oslo_config/cfg.py:3560}}
Aug 16 17:24:50.530431 np0000007382 nova-scheduler[93351]: DEBUG cotyledon.oslo_config_glue [-] oslo_messaging_rabbit.rabbit_transient_quorum_queue = False {{(pid=93351) log_opt_values /opt/stack/data/venv/lib/python3.12/site-packages/oslo_config/cfg.py:3560}}
Aug 16 17:24:50.530431 np0000007382 nova-scheduler[93351]: DEBUG cotyledon.oslo_config_glue [-] oslo_messaging_rabbit.rpc_conn_pool_size = 30 {{(pid=93351) log_opt_values /opt/stack/data/venv/lib/python3.12/site-packages/oslo_config/cfg.py:3560}}
Aug 16 17:24:50.530431 np0000007382 nova-scheduler[93351]: DEBUG cotyledon.oslo_config_glue [-] oslo_messaging_rabbit.ssl = False {{(pid=93351) log_opt_values /opt/stack/data/venv/lib/python3.12/site-packages/oslo_config/cfg.py:3560}}
Aug 16 17:24:50.530431 np0000007382 nova-scheduler[93351]: DEBUG cotyledon.oslo_config_glue [-] oslo_messaging_rabbit.ssl_ca_file = {{(pid=93351) log_opt_values /opt/stack/data/venv/lib/python3.12/site-packages/oslo_config/cfg.py:3560}}
Aug 16 17:24:50.530431 np0000007382 nova-scheduler[93351]: DEBUG cotyledon.oslo_config_glue [-] oslo_messaging_rabbit.ssl_cert_file = {{(pid=93351) log_opt_values /opt/stack/data/venv/lib/python3.12/site-packages/oslo_config/cfg.py:3560}}
Aug 16 17:24:50.530431 np0000007382 nova-scheduler[93351]: DEBUG cotyledon.oslo_config_glue [-] oslo_messaging_rabbit.ssl_enforce_fips_mode = False {{(pid=93351) log_opt_values /opt/stack/data/venv/lib/python3.12/site-packages/oslo_config/cfg.py:3560}}
Aug 16 17:24:50.530431 np0000007382 nova-scheduler[93351]: DEBUG cotyledon.oslo_config_glue [-] oslo_messaging_rabbit.ssl_enforce_hostname_verification = True {{(pid=93351) log_opt_values /opt/stack/data/venv/lib/python3.12/site-packages/oslo_config/cfg.py:3560}}
Aug 16 17:24:50.530431 np0000007382 nova-scheduler[93351]: DEBUG cotyledon.oslo_config_glue [-] oslo_messaging_rabbit.ssl_key_file = {{(pid=93351) log_opt_values /opt/stack/data/venv/lib/python3.12/site-packages/oslo_config/cfg.py:3560}}
Aug 16 17:24:50.530635 np0000007382 nova-scheduler[93351]: DEBUG cotyledon.oslo_config_glue [-] oslo_messaging_rabbit.ssl_version = {{(pid=93351) log_opt_values /opt/stack/data/venv/lib/python3.12/site-packages/oslo_config/cfg.py:3560}}
Aug 16 17:24:50.530635 np0000007382 nova-scheduler[93351]: DEBUG cotyledon.oslo_config_glue [-] oslo_messaging_rabbit.use_queue_manager = False {{(pid=93351) log_opt_values /opt/stack/data/venv/lib/python3.12/site-packages/oslo_config/cfg.py:3560}}
Aug 16 17:24:50.530635 np0000007382 nova-scheduler[93351]: DEBUG cotyledon.oslo_config_glue [-] oslo_messaging_notifications.driver = ['messagingv2'] {{(pid=93351) log_opt_values /opt/stack/data/venv/lib/python3.12/site-packages/oslo_config/cfg.py:3560}}
Aug 16 17:24:50.530635 np0000007382 nova-scheduler[93351]: DEBUG cotyledon.oslo_config_glue [-] oslo_messaging_notifications.retry = -1 {{(pid=93351) log_opt_values /opt/stack/data/venv/lib/python3.12/site-packages/oslo_config/cfg.py:3560}}
Aug 16 17:24:50.530635 np0000007382 nova-scheduler[93351]: DEBUG cotyledon.oslo_config_glue [-] oslo_messaging_notifications.topics = ['notifications'] {{(pid=93351) log_opt_values /opt/stack/data/venv/lib/python3.12/site-packages/oslo_config/cfg.py:3560}}
Aug 16 17:24:50.530635 np0000007382 nova-scheduler[93351]: DEBUG cotyledon.oslo_config_glue [-] oslo_messaging_notifications.transport_url = **** {{(pid=93351) log_opt_values /opt/stack/data/venv/lib/python3.12/site-packages/oslo_config/cfg.py:3560}}
Aug 16 17:24:50.530635 np0000007382 nova-scheduler[93351]: DEBUG cotyledon.oslo_config_glue [-] oslo_limit.auth_section = None {{(pid=93351) log_opt_values /opt/stack/data/venv/lib/python3.12/site-packages/oslo_config/cfg.py:3560}}
Aug 16 17:24:50.530635 np0000007382 nova-scheduler[93351]: DEBUG cotyledon.oslo_config_glue [-] oslo_limit.auth_type = None {{(pid=93351) log_opt_values /opt/stack/data/venv/lib/python3.12/site-packages/oslo_config/cfg.py:3560}}
Aug 16 17:24:50.530635 np0000007382 nova-scheduler[93351]: DEBUG cotyledon.oslo_config_glue [-] oslo_limit.cafile = None {{(pid=93351) log_opt_values /opt/stack/data/venv/lib/python3.12/site-packages/oslo_config/cfg.py:3560}}
Aug 16 17:24:50.530859 np0000007382 nova-scheduler[93351]: DEBUG cotyledon.oslo_config_glue [-] oslo_limit.certfile = None {{(pid=93351) log_opt_values /opt/stack/data/venv/lib/python3.12/site-packages/oslo_config/cfg.py:3560}}
Aug 16 17:24:50.530859 np0000007382 nova-scheduler[93351]: DEBUG cotyledon.oslo_config_glue [-] oslo_limit.collect_timing = False {{(pid=93351) log_opt_values /opt/stack/data/venv/lib/python3.12/site-packages/oslo_config/cfg.py:3560}}
Aug 16 17:24:50.530859 np0000007382 nova-scheduler[93351]: DEBUG cotyledon.oslo_config_glue [-] oslo_limit.connect_retries = None {{(pid=93351) log_opt_values /opt/stack/data/venv/lib/python3.12/site-packages/oslo_config/cfg.py:3560}}
Aug 16 17:24:50.530859 np0000007382 nova-scheduler[93351]: DEBUG cotyledon.oslo_config_glue [-] oslo_limit.connect_retry_delay = None {{(pid=93351) log_opt_values /opt/stack/data/venv/lib/python3.12/site-packages/oslo_config/cfg.py:3560}}
Aug 16 17:24:50.530859 np0000007382 nova-scheduler[93351]: DEBUG cotyledon.oslo_config_glue [-] oslo_limit.endpoint_id = None {{(pid=93351) log_opt_values /opt/stack/data/venv/lib/python3.12/site-packages/oslo_config/cfg.py:3560}}
Aug 16 17:24:50.530859 np0000007382 nova-scheduler[93351]: DEBUG cotyledon.oslo_config_glue [-] oslo_limit.endpoint_interface = public {{(pid=93351) log_opt_values /opt/stack/data/venv/lib/python3.12/site-packages/oslo_config/cfg.py:3560}}
Aug 16 17:24:50.530859 np0000007382 nova-scheduler[93351]: DEBUG cotyledon.oslo_config_glue [-] oslo_limit.endpoint_override = None {{(pid=93351) log_opt_values /opt/stack/data/venv/lib/python3.12/site-packages/oslo_config/cfg.py:3560}}
Aug 16 17:24:50.530859 np0000007382 nova-scheduler[93351]: DEBUG cotyledon.oslo_config_glue [-] oslo_limit.endpoint_region_name = None {{(pid=93351) log_opt_values /opt/stack/data/venv/lib/python3.12/site-packages/oslo_config/cfg.py:3560}}
Aug 16 17:24:50.530859 np0000007382 nova-scheduler[93351]: DEBUG cotyledon.oslo_config_glue [-] oslo_limit.endpoint_service_name = None {{(pid=93351) log_opt_values /opt/stack/data/venv/lib/python3.12/site-packages/oslo_config/cfg.py:3560}}
Aug 16 17:24:50.531052 np0000007382 nova-scheduler[93351]: DEBUG cotyledon.oslo_config_glue [-] oslo_limit.endpoint_service_type = None {{(pid=93351) log_opt_values /opt/stack/data/venv/lib/python3.12/site-packages/oslo_config/cfg.py:3560}}
Aug 16 17:24:50.531052 np0000007382 nova-scheduler[93351]: DEBUG cotyledon.oslo_config_glue [-] oslo_limit.insecure = False {{(pid=93351) log_opt_values /opt/stack/data/venv/lib/python3.12/site-packages/oslo_config/cfg.py:3560}}
Aug 16 17:24:50.531052 np0000007382 nova-scheduler[93351]: DEBUG cotyledon.oslo_config_glue [-] oslo_limit.keyfile = None {{(pid=93351) log_opt_values /opt/stack/data/venv/lib/python3.12/site-packages/oslo_config/cfg.py:3560}}
Aug 16 17:24:50.531052 np0000007382 nova-scheduler[93351]: DEBUG cotyledon.oslo_config_glue [-] oslo_limit.max_version = None {{(pid=93351) log_opt_values /opt/stack/data/venv/lib/python3.12/site-packages/oslo_config/cfg.py:3560}}
Aug 16 17:24:50.531052 np0000007382 nova-scheduler[93351]: DEBUG cotyledon.oslo_config_glue [-] oslo_limit.min_version = None {{(pid=93351) log_opt_values /opt/stack/data/venv/lib/python3.12/site-packages/oslo_config/cfg.py:3560}}
Aug 16 17:24:50.531052 np0000007382 nova-scheduler[93351]: DEBUG cotyledon.oslo_config_glue [-] oslo_limit.region_name = None {{(pid=93351) log_opt_values /opt/stack/data/venv/lib/python3.12/site-packages/oslo_config/cfg.py:3560}}
Aug 16 17:24:50.531052 np0000007382 nova-scheduler[93351]: DEBUG cotyledon.oslo_config_glue [-] oslo_limit.retriable_status_codes = None {{(pid=93351) log_opt_values /opt/stack/data/venv/lib/python3.12/site-packages/oslo_config/cfg.py:3560}}
Aug 16 17:24:50.531052 np0000007382 nova-scheduler[93351]: DEBUG cotyledon.oslo_config_glue [-] oslo_limit.service_name = None {{(pid=93351) log_opt_values /opt/stack/data/venv/lib/python3.12/site-packages/oslo_config/cfg.py:3560}}
Aug 16 17:24:50.531052 np0000007382 nova-scheduler[93351]: DEBUG cotyledon.oslo_config_glue [-] oslo_limit.service_type = None {{(pid=93351) log_opt_values /opt/stack/data/venv/lib/python3.12/site-packages/oslo_config/cfg.py:3560}}
Aug 16 17:24:50.531317 np0000007382 nova-scheduler[93351]: DEBUG cotyledon.oslo_config_glue [-] oslo_limit.split_loggers = False {{(pid=93351) log_opt_values /opt/stack/data/venv/lib/python3.12/site-packages/oslo_config/cfg.py:3560}}
Aug 16 17:24:50.531317 np0000007382 nova-scheduler[93351]: DEBUG cotyledon.oslo_config_glue [-] oslo_limit.status_code_retries = None {{(pid=93351) log_opt_values /opt/stack/data/venv/lib/python3.12/site-packages/oslo_config/cfg.py:3560}}
Aug 16 17:24:50.531317 np0000007382 nova-scheduler[93351]: DEBUG cotyledon.oslo_config_glue [-] oslo_limit.status_code_retry_delay = None {{(pid=93351) log_opt_values /opt/stack/data/venv/lib/python3.12/site-packages/oslo_config/cfg.py:3560}}
Aug 16 17:24:50.531317 np0000007382 nova-scheduler[93351]: DEBUG cotyledon.oslo_config_glue [-] oslo_limit.timeout = None {{(pid=93351) log_opt_values /opt/stack/data/venv/lib/python3.12/site-packages/oslo_config/cfg.py:3560}}
Aug 16 17:24:50.531317 np0000007382 nova-scheduler[93351]: DEBUG cotyledon.oslo_config_glue [-] oslo_limit.valid_interfaces = None {{(pid=93351) log_opt_values /opt/stack/data/venv/lib/python3.12/site-packages/oslo_config/cfg.py:3560}}
Aug 16 17:24:50.531317 np0000007382 nova-scheduler[93351]: DEBUG cotyledon.oslo_config_glue [-] oslo_limit.version = None {{(pid=93351) log_opt_values /opt/stack/data/venv/lib/python3.12/site-packages/oslo_config/cfg.py:3560}}
Aug 16 17:24:50.531317 np0000007382 nova-scheduler[93351]: DEBUG cotyledon.oslo_config_glue [-] oslo_reports.file_event_handler = None {{(pid=93351) log_opt_values /opt/stack/data/venv/lib/python3.12/site-packages/oslo_config/cfg.py:3560}}
Aug 16 17:24:50.531317 np0000007382 nova-scheduler[93351]: DEBUG cotyledon.oslo_config_glue [-] oslo_reports.file_event_handler_interval = 1 {{(pid=93351) log_opt_values /opt/stack/data/venv/lib/python3.12/site-packages/oslo_config/cfg.py:3560}}
Aug 16 17:24:50.531317 np0000007382 nova-scheduler[93351]: DEBUG cotyledon.oslo_config_glue [-] oslo_reports.log_dir = None {{(pid=93351) log_opt_values /opt/stack/data/venv/lib/python3.12/site-packages/oslo_config/cfg.py:3560}}
Aug 16 17:24:50.531500 np0000007382 nova-scheduler[93351]: DEBUG cotyledon.oslo_config_glue [-] ******************************************************************************** {{(pid=93351) log_opt_values /opt/stack/data/venv/lib/python3.12/site-packages/oslo_config/cfg.py:3567}}
Aug 16 17:24:50.531500 np0000007382 nova-scheduler[93351]: DEBUG cotyledon._service_worker [-] Run service ServiceWrapper(1) [93351] {{(pid=93351) wait_forever /opt/stack/data/venv/lib/python3.12/site-packages/cotyledon/_service_worker.py:218}}
Aug 16 17:24:50.531500 np0000007382 nova-scheduler[93351]: INFO nova.service [-] Starting scheduler node (version 33.1.0)
Aug 16 17:24:50.531564 np0000007382 nova-scheduler[93353]: INFO dbcounter [None req-9a15a0e9-2388-4c6a-9430-29c7e879edf8 None None] Registered counter for database nova_cell0
Aug 16 17:24:50.531589 np0000007382 nova-scheduler[93351]: INFO dbcounter [None req-1cfaaf40-edd3-4f25-9196-87b1eb5d425b None None] Registered counter for database nova_cell0
Aug 16 17:24:50.531613 np0000007382 nova-scheduler[93348]: DEBUG oslo_db.sqlalchemy.engines [None req-17529739-8c9c-4640-b838-16ca1ce1d16c None None] MySQL server mode set to STRICT_TRANS_TABLES,STRICT_ALL_TABLES,NO_ZERO_IN_DATE,NO_ZERO_DATE,ERROR_FOR_DIVISION_BY_ZERO,TRADITIONAL,NO_ENGINE_SUBSTITUTION {{(pid=93348) _check_effective_sql_mode /opt/stack/data/venv/lib/python3.12/site-packages/oslo_db/sqlalchemy/engines.py:325}}
Aug 16 17:24:50.540318 np0000007382 nova-scheduler[93348]: DEBUG dbcounter [-] [93348] Writer thread running {{(pid=93348) stat_writer /opt/stack/data/venv/lib/python3.12/site-packages/dbcounter.py:102}}
Aug 16 17:24:50.543077 np0000007382 nova-scheduler[93353]: DEBUG oslo_db.sqlalchemy.engines [None req-9a15a0e9-2388-4c6a-9430-29c7e879edf8 None None] MySQL server mode set to STRICT_TRANS_TABLES,STRICT_ALL_TABLES,NO_ZERO_IN_DATE,NO_ZERO_DATE,ERROR_FOR_DIVISION_BY_ZERO,TRADITIONAL,NO_ENGINE_SUBSTITUTION {{(pid=93353) _check_effective_sql_mode /opt/stack/data/venv/lib/python3.12/site-packages/oslo_db/sqlalchemy/engines.py:325}}
Aug 16 17:24:50.552377 np0000007382 nova-scheduler[93353]: DEBUG dbcounter [-] [93353] Writer thread running {{(pid=93353) stat_writer /opt/stack/data/venv/lib/python3.12/site-packages/dbcounter.py:102}}
Aug 16 17:24:50.554440 np0000007382 nova-scheduler[93348]: DEBUG nova.service [None req-17529739-8c9c-4640-b838-16ca1ce1d16c None None] Creating RPC server for service: nova-scheduler on topic: scheduler {{(pid=93348) start /opt/stack/nova/nova/service.py:262}}
Aug 16 17:24:50.555379 np0000007382 nova-scheduler[93353]: DEBUG nova.service [None req-9a15a0e9-2388-4c6a-9430-29c7e879edf8 None None] Creating RPC server for service: nova-scheduler on topic: scheduler {{(pid=93353) start /opt/stack/nova/nova/service.py:262}}
Aug 16 17:24:50.557053 np0000007382 nova-scheduler[93351]: DEBUG oslo_db.sqlalchemy.engines [None req-1cfaaf40-edd3-4f25-9196-87b1eb5d425b None None] MySQL server mode set to STRICT_TRANS_TABLES,STRICT_ALL_TABLES,NO_ZERO_IN_DATE,NO_ZERO_DATE,ERROR_FOR_DIVISION_BY_ZERO,TRADITIONAL,NO_ENGINE_SUBSTITUTION {{(pid=93351) _check_effective_sql_mode /opt/stack/data/venv/lib/python3.12/site-packages/oslo_db/sqlalchemy/engines.py:325}}
Aug 16 17:24:50.566305 np0000007382 nova-scheduler[93351]: DEBUG dbcounter [-] [93351] Writer thread running {{(pid=93351) stat_writer /opt/stack/data/venv/lib/python3.12/site-packages/dbcounter.py:102}}
Aug 16 17:24:50.569294 np0000007382 nova-scheduler[93351]: DEBUG nova.service [None req-1cfaaf40-edd3-4f25-9196-87b1eb5d425b None None] Creating RPC server for service: nova-scheduler on topic: scheduler {{(pid=93351) start /opt/stack/nova/nova/service.py:262}}
Aug 16 17:24:50.576041 np0000007382 nova-scheduler[93353]: DEBUG nova.service [None req-9a15a0e9-2388-4c6a-9430-29c7e879edf8 None None] Join ServiceGroup membership for this service scheduler {{(pid=93353) start /opt/stack/nova/nova/service.py:288}}
Aug 16 17:24:50.576237 np0000007382 nova-scheduler[93353]: DEBUG nova.servicegroup.drivers.db [None req-9a15a0e9-2388-4c6a-9430-29c7e879edf8 None None] DB_Driver: join new ServiceGroup member np0000007382 to the scheduler group, service = {{(pid=93353) join /opt/stack/nova/nova/servicegroup/drivers/db.py:44}}
Aug 16 17:24:50.580850 np0000007382 nova-scheduler[93348]: DEBUG nova.service [None req-17529739-8c9c-4640-b838-16ca1ce1d16c None None] Join ServiceGroup membership for this service scheduler {{(pid=93348) start /opt/stack/nova/nova/service.py:288}}
Aug 16 17:24:50.581070 np0000007382 nova-scheduler[93348]: DEBUG nova.servicegroup.drivers.db [None req-17529739-8c9c-4640-b838-16ca1ce1d16c None None] DB_Driver: join new ServiceGroup member np0000007382 to the scheduler group, service = {{(pid=93348) join /opt/stack/nova/nova/servicegroup/drivers/db.py:44}}
Aug 16 17:24:50.585899 np0000007382 nova-scheduler[93351]: DEBUG nova.service [None req-1cfaaf40-edd3-4f25-9196-87b1eb5d425b None None] Join ServiceGroup membership for this service scheduler {{(pid=93351) start /opt/stack/nova/nova/service.py:288}}
Aug 16 17:24:50.586126 np0000007382 nova-scheduler[93351]: DEBUG nova.servicegroup.drivers.db [None req-1cfaaf40-edd3-4f25-9196-87b1eb5d425b None None] DB_Driver: join new ServiceGroup member np0000007382 to the scheduler group, service = {{(pid=93351) join /opt/stack/nova/nova/servicegroup/drivers/db.py:44}}
Aug 16 17:24:55.592311 np0000007382 nova-scheduler[93353]: DEBUG oslo.service.backend._threading.loopingcall [-] Fixed interval looping call 'nova.servicegroup.drivers.db.DbDriver._report_state' sleeping for 119.99 seconds {{(pid=93353) _run_loop /opt/stack/data/venv/lib/python3.12/site-packages/oslo_service/backend/_threading/loopingcall.py:125}}
Aug 16 17:24:55.593665 np0000007382 nova-scheduler[93348]: DEBUG oslo.service.backend._threading.loopingcall [-] Fixed interval looping call 'nova.servicegroup.drivers.db.DbDriver._report_state' sleeping for 119.99 seconds {{(pid=93348) _run_loop /opt/stack/data/venv/lib/python3.12/site-packages/oslo_service/backend/_threading/loopingcall.py:125}}
Aug 16 17:24:55.607964 np0000007382 nova-scheduler[93351]: DEBUG oslo.service.backend._threading.loopingcall [-] Fixed interval looping call 'nova.servicegroup.drivers.db.DbDriver._report_state' sleeping for 119.98 seconds {{(pid=93351) _run_loop /opt/stack/data/venv/lib/python3.12/site-packages/oslo_service/backend/_threading/loopingcall.py:125}}
Aug 16 17:24:59.140325 np0000007382 nova-scheduler[92140]: DEBUG dbcounter [-] [92140] Writing DB stats nova_api:SELECT=3 {{(pid=92140) stat_writer /opt/stack/data/venv/lib/python3.12/site-packages/dbcounter.py:115}}
Aug 16 17:24:59.284761 np0000007382 nova-scheduler[92140]: DEBUG dbcounter [-] [92140] Writing DB stats nova_cell1:SELECT=1 {{(pid=92140) stat_writer /opt/stack/data/venv/lib/python3.12/site-packages/dbcounter.py:115}}
Aug 16 17:24:59.289399 np0000007382 nova-scheduler[92140]: DEBUG dbcounter [-] [92140] Writing DB stats nova_cell0:SELECT=1 {{(pid=92140) stat_writer /opt/stack/data/venv/lib/python3.12/site-packages/dbcounter.py:115}}
Aug 16 17:25:05.588622 np0000007382 nova-scheduler[93353]: DEBUG dbcounter [-] [93353] Writing DB stats nova_cell0:SELECT=3,nova_cell0:UPDATE=1 {{(pid=93353) stat_writer /opt/stack/data/venv/lib/python3.12/site-packages/dbcounter.py:115}}
Aug 16 17:25:05.595511 np0000007382 nova-scheduler[93348]: DEBUG dbcounter [-] [93348] Writing DB stats nova_cell0:SELECT=4,nova_cell0:INSERT=1,nova_cell0:UPDATE=1 {{(pid=93348) stat_writer /opt/stack/data/venv/lib/python3.12/site-packages/dbcounter.py:115}}
Aug 16 17:25:05.597931 np0000007382 nova-scheduler[93351]: DEBUG dbcounter [-] [93351] Writing DB stats nova_cell0:SELECT=3 {{(pid=93351) stat_writer /opt/stack/data/venv/lib/python3.12/site-packages/dbcounter.py:115}}
Aug 16 17:25:08.583416 np0000007382 nova-scheduler[93348]: DEBUG oslo.service.backend._threading.loopingcall [None req-ac4852ec-ca98-41ff-aad4-0a53ed15f7bb None None] Dynamic interval looping call 'nova.service.Service.periodic_tasks' sleeping for 60.00 seconds {{(pid=93348) _run_loop /opt/stack/data/venv/lib/python3.12/site-packages/oslo_service/backend/_threading/loopingcall.py:125}}
Aug 16 17:25:17.587881 np0000007382 nova-scheduler[93351]: DEBUG oslo.service.backend._threading.loopingcall [None req-39dc83ed-09d5-462d-9806-e39fb235342f None None] Dynamic interval looping call 'nova.service.Service.periodic_tasks' sleeping for 60.00 seconds {{(pid=93351) _run_loop /opt/stack/data/venv/lib/python3.12/site-packages/oslo_service/backend/_threading/loopingcall.py:125}}
Aug 16 17:25:41.578157 np0000007382 nova-scheduler[93353]: DEBUG oslo.service.backend._threading.loopingcall [None req-f061266a-3cbf-474e-a582-4a2c045809cd None None] Dynamic interval looping call 'nova.service.Service.periodic_tasks' sleeping for 60.00 seconds {{(pid=93353) _run_loop /opt/stack/data/venv/lib/python3.12/site-packages/oslo_service/backend/_threading/loopingcall.py:125}}
Aug 16 17:26:08.583971 np0000007382 nova-scheduler[93348]: DEBUG oslo.service.backend._threading.loopingcall [None req-ac4852ec-ca98-41ff-aad4-0a53ed15f7bb None None] Dynamic interval looping call 'nova.service.Service.periodic_tasks' sleeping for 60.00 seconds {{(pid=93348) _run_loop /opt/stack/data/venv/lib/python3.12/site-packages/oslo_service/backend/_threading/loopingcall.py:125}}
Aug 16 17:26:17.588409 np0000007382 nova-scheduler[93351]: DEBUG oslo.service.backend._threading.loopingcall [None req-39dc83ed-09d5-462d-9806-e39fb235342f None None] Dynamic interval looping call 'nova.service.Service.periodic_tasks' sleeping for 60.00 seconds {{(pid=93351) _run_loop /opt/stack/data/venv/lib/python3.12/site-packages/oslo_service/backend/_threading/loopingcall.py:125}}
Aug 16 17:26:41.578670 np0000007382 nova-scheduler[93353]: DEBUG oslo.service.backend._threading.loopingcall [None req-f061266a-3cbf-474e-a582-4a2c045809cd None None] Dynamic interval looping call 'nova.service.Service.periodic_tasks' sleeping for 60.00 seconds {{(pid=93353) _run_loop /opt/stack/data/venv/lib/python3.12/site-packages/oslo_service/backend/_threading/loopingcall.py:125}}
Aug 16 17:26:55.591693 np0000007382 nova-scheduler[93353]: DEBUG oslo.service.backend._threading.loopingcall [-] Fixed interval looping call 'nova.servicegroup.drivers.db.DbDriver._report_state' sleeping for 119.99 seconds {{(pid=93353) _run_loop /opt/stack/data/venv/lib/python3.12/site-packages/oslo_service/backend/_threading/loopingcall.py:125}}
Aug 16 17:26:55.592377 np0000007382 nova-scheduler[93348]: DEBUG oslo.service.backend._threading.loopingcall [-] Fixed interval looping call 'nova.servicegroup.drivers.db.DbDriver._report_state' sleeping for 119.99 seconds {{(pid=93348) _run_loop /opt/stack/data/venv/lib/python3.12/site-packages/oslo_service/backend/_threading/loopingcall.py:125}}
Aug 16 17:26:55.595171 np0000007382 nova-scheduler[93351]: DEBUG oslo.service.backend._threading.loopingcall [-] Fixed interval looping call 'nova.servicegroup.drivers.db.DbDriver._report_state' sleeping for 119.99 seconds {{(pid=93351) _run_loop /opt/stack/data/venv/lib/python3.12/site-packages/oslo_service/backend/_threading/loopingcall.py:125}}
Aug 16 17:27:05.588724 np0000007382 nova-scheduler[93353]: DEBUG dbcounter [-] [93353] Writing DB stats nova_cell0:SELECT=1,nova_cell0:UPDATE=1 {{(pid=93353) stat_writer /opt/stack/data/venv/lib/python3.12/site-packages/dbcounter.py:115}}
Aug 16 17:27:05.590087 np0000007382 nova-scheduler[93348]: DEBUG dbcounter [-] [93348] Writing DB stats nova_cell0:SELECT=1,nova_cell0:UPDATE=1 {{(pid=93348) stat_writer /opt/stack/data/venv/lib/python3.12/site-packages/dbcounter.py:115}}
Aug 16 17:27:05.593179 np0000007382 nova-scheduler[93351]: DEBUG dbcounter [-] [93351] Writing DB stats nova_cell0:SELECT=1 {{(pid=93351) stat_writer /opt/stack/data/venv/lib/python3.12/site-packages/dbcounter.py:115}}
Aug 16 17:27:08.584654 np0000007382 nova-scheduler[93348]: DEBUG oslo.service.backend._threading.loopingcall [None req-ac4852ec-ca98-41ff-aad4-0a53ed15f7bb None None] Dynamic interval looping call 'nova.service.Service.periodic_tasks' sleeping for 60.00 seconds {{(pid=93348) _run_loop /opt/stack/data/venv/lib/python3.12/site-packages/oslo_service/backend/_threading/loopingcall.py:125}}
Aug 16 17:27:17.589332 np0000007382 nova-scheduler[93351]: DEBUG oslo.service.backend._threading.loopingcall [None req-39dc83ed-09d5-462d-9806-e39fb235342f None None] Dynamic interval looping call 'nova.service.Service.periodic_tasks' sleeping for 60.00 seconds {{(pid=93351) _run_loop /opt/stack/data/venv/lib/python3.12/site-packages/oslo_service/backend/_threading/loopingcall.py:125}}
Aug 16 17:27:22.073506 np0000007382 nova-scheduler[93353]: DEBUG nova.scheduler.manager [None req-8dc5e9c8-3a20-418a-95d2-2e7d0a583bed tempest-ServerBootFromVolumeStableRescueTest-1458094330 tempest-ServerBootFromVolumeStableRescueTest-1458094330-project-member] Starting to schedule for instances: ['d9333ceb-475d-4dbf-a383-810625da9af2'] {{(pid=93353) select_destinations /opt/stack/nova/nova/scheduler/manager.py:197}}
Aug 16 17:27:22.074111 np0000007382 nova-scheduler[93353]: DEBUG nova.scheduler.request_filter [None req-8dc5e9c8-3a20-418a-95d2-2e7d0a583bed tempest-ServerBootFromVolumeStableRescueTest-1458094330 tempest-ServerBootFromVolumeStableRescueTest-1458094330-project-member] compute_status_filter request filter added forbidden trait COMPUTE_STATUS_DISABLED {{(pid=93353) compute_status_filter /opt/stack/nova/nova/scheduler/request_filter.py:253}}
Aug 16 17:27:22.074385 np0000007382 nova-scheduler[93353]: DEBUG nova.scheduler.request_filter [None req-8dc5e9c8-3a20-418a-95d2-2e7d0a583bed tempest-ServerBootFromVolumeStableRescueTest-1458094330 tempest-ServerBootFromVolumeStableRescueTest-1458094330-project-member] Request filter 'compute_status_filter' took 0.0 seconds {{(pid=93353) wrapper /opt/stack/nova/nova/scheduler/request_filter.py:46}}
Aug 16 17:27:22.074890 np0000007382 nova-scheduler[93353]: DEBUG nova.scheduler.request_filter [None req-8dc5e9c8-3a20-418a-95d2-2e7d0a583bed tempest-ServerBootFromVolumeStableRescueTest-1458094330 tempest-ServerBootFromVolumeStableRescueTest-1458094330-project-member] Request filter 'accelerators_filter' took 0.0 seconds {{(pid=93353) wrapper /opt/stack/nova/nova/scheduler/request_filter.py:46}}
Aug 16 17:27:22.075065 np0000007382 nova-scheduler[93353]: DEBUG nova.scheduler.request_filter [None req-8dc5e9c8-3a20-418a-95d2-2e7d0a583bed tempest-ServerBootFromVolumeStableRescueTest-1458094330 tempest-ServerBootFromVolumeStableRescueTest-1458094330-project-member] Request filter 'packed_virtqueue_filter' took 0.0 seconds {{(pid=93353) wrapper /opt/stack/nova/nova/scheduler/request_filter.py:46}}
Aug 16 17:27:22.075623 np0000007382 nova-scheduler[93353]: DEBUG nova.scheduler.request_filter [None req-8dc5e9c8-3a20-418a-95d2-2e7d0a583bed tempest-ServerBootFromVolumeStableRescueTest-1458094330 tempest-ServerBootFromVolumeStableRescueTest-1458094330-project-member] Request filter 'remote_managed_ports_filter' took 0.0 seconds {{(pid=93353) wrapper /opt/stack/nova/nova/scheduler/request_filter.py:46}}
Aug 16 17:27:22.075623 np0000007382 nova-scheduler[93353]: DEBUG nova.scheduler.request_filter [None req-8dc5e9c8-3a20-418a-95d2-2e7d0a583bed tempest-ServerBootFromVolumeStableRescueTest-1458094330 tempest-ServerBootFromVolumeStableRescueTest-1458094330-project-member] ephemeral_encryption_filter skipped {{(pid=93353) ephemeral_encryption_filter /opt/stack/nova/nova/scheduler/request_filter.py:426}}
Aug 16 17:27:22.075713 np0000007382 nova-scheduler[93353]: DEBUG nova.scheduler.request_filter [None req-8dc5e9c8-3a20-418a-95d2-2e7d0a583bed tempest-ServerBootFromVolumeStableRescueTest-1458094330 tempest-ServerBootFromVolumeStableRescueTest-1458094330-project-member] virtio_sound_filter skipped {{(pid=93353) virtio_sound_filter /opt/stack/nova/nova/scheduler/request_filter.py:460}}
Aug 16 17:27:22.075787 np0000007382 nova-scheduler[93353]: DEBUG nova.scheduler.request_filter [None req-8dc5e9c8-3a20-418a-95d2-2e7d0a583bed tempest-ServerBootFromVolumeStableRescueTest-1458094330 tempest-ServerBootFromVolumeStableRescueTest-1458094330-project-member] tpm_secret_security_filter skipped {{(pid=93353) tpm_secret_security_filter /opt/stack/nova/nova/scheduler/request_filter.py:477}}
Aug 16 17:27:22.576792 np0000007382 nova-scheduler[93353]: INFO nova.utils [None req-8dc5e9c8-3a20-418a-95d2-2e7d0a583bed tempest-ServerBootFromVolumeStableRescueTest-1458094330 tempest-ServerBootFromVolumeStableRescueTest-1458094330-project-member] The cell worker thread pool ForkProcess-3.cell_worker is initialized
Aug 16 17:27:22.577161 np0000007382 nova-scheduler[93353]: DEBUG oslo_concurrency.lockutils [None req-8dc5e9c8-3a20-418a-95d2-2e7d0a583bed tempest-ServerBootFromVolumeStableRescueTest-1458094330 tempest-ServerBootFromVolumeStableRescueTest-1458094330-project-member] Acquiring lock "b090d29d-c4fe-4a4d-930e-216a4d857cce" by "nova.context.set_target_cell..get_or_set_cached_cell_and_set_connections" {{(pid=93353) inner /opt/stack/data/venv/lib/python3.12/site-packages/oslo_concurrency/lockutils.py:512}}
Aug 16 17:27:22.577437 np0000007382 nova-scheduler[93353]: DEBUG oslo_concurrency.lockutils [None req-8dc5e9c8-3a20-418a-95d2-2e7d0a583bed tempest-ServerBootFromVolumeStableRescueTest-1458094330 tempest-ServerBootFromVolumeStableRescueTest-1458094330-project-member] Lock "b090d29d-c4fe-4a4d-930e-216a4d857cce" acquired by "nova.context.set_target_cell..get_or_set_cached_cell_and_set_connections" :: waited 0.000s {{(pid=93353) inner /opt/stack/data/venv/lib/python3.12/site-packages/oslo_concurrency/lockutils.py:525}}
Aug 16 17:27:22.578737 np0000007382 nova-scheduler[93353]: DEBUG oslo_concurrency.lockutils [None req-8dc5e9c8-3a20-418a-95d2-2e7d0a583bed tempest-ServerBootFromVolumeStableRescueTest-1458094330 tempest-ServerBootFromVolumeStableRescueTest-1458094330-project-member] Lock "b090d29d-c4fe-4a4d-930e-216a4d857cce" "released" by "nova.context.set_target_cell..get_or_set_cached_cell_and_set_connections" :: held 0.001s {{(pid=93353) inner /opt/stack/data/venv/lib/python3.12/site-packages/oslo_concurrency/lockutils.py:544}}
Aug 16 17:27:22.580488 np0000007382 nova-scheduler[93353]: INFO dbcounter [None req-8dc5e9c8-3a20-418a-95d2-2e7d0a583bed tempest-ServerBootFromVolumeStableRescueTest-1458094330 tempest-ServerBootFromVolumeStableRescueTest-1458094330-project-member] Registered counter for database nova_cell1
Aug 16 17:27:22.625711 np0000007382 nova-scheduler[93353]: DEBUG oslo_db.sqlalchemy.engines [None req-8dc5e9c8-3a20-418a-95d2-2e7d0a583bed tempest-ServerBootFromVolumeStableRescueTest-1458094330 tempest-ServerBootFromVolumeStableRescueTest-1458094330-project-member] MySQL server mode set to STRICT_TRANS_TABLES,STRICT_ALL_TABLES,NO_ZERO_IN_DATE,NO_ZERO_DATE,ERROR_FOR_DIVISION_BY_ZERO,TRADITIONAL,NO_ENGINE_SUBSTITUTION {{(pid=93353) _check_effective_sql_mode /opt/stack/data/venv/lib/python3.12/site-packages/oslo_db/sqlalchemy/engines.py:325}}
Aug 16 17:27:22.636311 np0000007382 nova-scheduler[93353]: DEBUG dbcounter [-] [93353] Writer thread running {{(pid=93353) stat_writer /opt/stack/data/venv/lib/python3.12/site-packages/dbcounter.py:102}}
Aug 16 17:27:22.649818 np0000007382 nova-scheduler[93353]: DEBUG oslo_db.sqlalchemy.engines [None req-8dc5e9c8-3a20-418a-95d2-2e7d0a583bed tempest-ServerBootFromVolumeStableRescueTest-1458094330 tempest-ServerBootFromVolumeStableRescueTest-1458094330-project-member] Parent process 92140 forked (93353) with an open database connection, which is being discarded and recreated. {{(pid=93353) checkout /opt/stack/data/venv/lib/python3.12/site-packages/oslo_db/sqlalchemy/engines.py:402}}
Aug 16 17:27:22.698226 np0000007382 nova-scheduler[93353]: DEBUG dbcounter [-] [93353] Writer thread running {{(pid=93353) stat_writer /opt/stack/data/venv/lib/python3.12/site-packages/dbcounter.py:102}}
Aug 16 17:27:22.700949 np0000007382 nova-scheduler[93353]: DEBUG oslo_concurrency.lockutils [None req-8dc5e9c8-3a20-418a-95d2-2e7d0a583bed tempest-ServerBootFromVolumeStableRescueTest-1458094330 tempest-ServerBootFromVolumeStableRescueTest-1458094330-project-member] Acquiring lock "b090d29d-c4fe-4a4d-930e-216a4d857cce" by "nova.context.set_target_cell..get_or_set_cached_cell_and_set_connections" {{(pid=93353) inner /opt/stack/data/venv/lib/python3.12/site-packages/oslo_concurrency/lockutils.py:512}}
Aug 16 17:27:22.701227 np0000007382 nova-scheduler[93353]: DEBUG oslo_concurrency.lockutils [None req-8dc5e9c8-3a20-418a-95d2-2e7d0a583bed tempest-ServerBootFromVolumeStableRescueTest-1458094330 tempest-ServerBootFromVolumeStableRescueTest-1458094330-project-member] Lock "b090d29d-c4fe-4a4d-930e-216a4d857cce" acquired by "nova.context.set_target_cell..get_or_set_cached_cell_and_set_connections" :: waited 0.000s {{(pid=93353) inner /opt/stack/data/venv/lib/python3.12/site-packages/oslo_concurrency/lockutils.py:525}}
Aug 16 17:27:22.701356 np0000007382 nova-scheduler[93353]: DEBUG oslo_concurrency.lockutils [None req-8dc5e9c8-3a20-418a-95d2-2e7d0a583bed tempest-ServerBootFromVolumeStableRescueTest-1458094330 tempest-ServerBootFromVolumeStableRescueTest-1458094330-project-member] Lock "b090d29d-c4fe-4a4d-930e-216a4d857cce" "released" by "nova.context.set_target_cell..get_or_set_cached_cell_and_set_connections" :: held 0.000s {{(pid=93353) inner /opt/stack/data/venv/lib/python3.12/site-packages/oslo_concurrency/lockutils.py:544}}
Aug 16 17:27:22.704872 np0000007382 nova-scheduler[93353]: DEBUG oslo_concurrency.lockutils [None req-8dc5e9c8-3a20-418a-95d2-2e7d0a583bed tempest-ServerBootFromVolumeStableRescueTest-1458094330 tempest-ServerBootFromVolumeStableRescueTest-1458094330-project-member] Acquiring lock "np0000007382-np0000007382" by "nova.scheduler.host_manager.HostState.update.._locked_update" {{(pid=93353) inner /opt/stack/data/venv/lib/python3.12/site-packages/oslo_concurrency/lockutils.py:512}}
Aug 16 17:27:22.705041 np0000007382 nova-scheduler[93353]: DEBUG oslo_concurrency.lockutils [None req-8dc5e9c8-3a20-418a-95d2-2e7d0a583bed tempest-ServerBootFromVolumeStableRescueTest-1458094330 tempest-ServerBootFromVolumeStableRescueTest-1458094330-project-member] Lock "np0000007382-np0000007382" acquired by "nova.scheduler.host_manager.HostState.update.._locked_update" :: waited 0.000s {{(pid=93353) inner /opt/stack/data/venv/lib/python3.12/site-packages/oslo_concurrency/lockutils.py:525}}
Aug 16 17:27:22.705887 np0000007382 nova-scheduler[93353]: DEBUG nova.scheduler.host_manager [None req-8dc5e9c8-3a20-418a-95d2-2e7d0a583bed tempest-ServerBootFromVolumeStableRescueTest-1458094330 tempest-ServerBootFromVolumeStableRescueTest-1458094330-project-member] Update host state from compute node: ComputeNode(cpu_allocation_ratio=4.0,cpu_info='{"arch": "x86_64", "model": "EPYC-Milan", "vendor": "AMD", "topology": {"cells": 1, "sockets": 16, "cores": 1, "threads": 1}, "maxphysaddr": {"mode": "emulate", "bits": 40}, "features": ["fsrm", "sha-ni", "pat", "fpu", "lfence-always-serializing", "clzero", "smap", "pcid", "xgetbv1", "abm", "svme-addr-chk", "pclmuldq", "gds-no", "lbrv", "flushbyasid", "clflush", "sse", "cx16", "ibrs", "vmcb-clean", "mmx", "msr", "xsaveerptr", "ssbd", "rdtscp", "tsc-scale", "erms", "pause-filter", "stibp", "f16c", "amd-psfd", "hypervisor", "pdpe1gb", "tsc_adjust", "stibp-always-on", "lahf_lm", "bmi2", "sse4.1", "cx8", "npt", "mtrr", "syscall", "3dnowprefetch", "vgif", "ibpb", "cmov", "rdrand", "pni", "ssse3", "perfctr_core", "wbnoinvd", "vme", "v-vmsave-vmload", "rdseed", "umip", "avx2", "pge", "sse4a", "osvw", "skip-l1dfl-vmentry", "apic", "pschange-mc-no", "sep", "misalignsse", "tsc", "bmi1", "xsaves", "arat", "clwb", "virt-ssbd", "cmp_legacy", "rdpid", "pse36", "tsc-deadline", "de", "lm", "adx", "no-nested-data-bp", "smep", "null-sel-clr-base", "svm", "vaes", "xsave", "mca", "pfthreshold", "invpcid", "arch-capabilities", "popcnt", "mce", "fsgsbase", "pse", "rdctl-no", "sse2", "sse4.2", "xsavec", "mmxext", "topoext", "mds-no", "nrip-save", "amd-stibp", "x2apic", "nx", "pku", "amd-ssbd", "fma", "cr8legacy", "xsaveopt", "movbe", "avx", "clflushopt", "vpclmulqdq", "fxsr", "aes", "spec-ctrl", "fxsr_opt", "pae"]}',created_at=2026-08-16T17:25:11Z,current_workload=0,deleted=False,deleted_at=None,disk_allocation_ratio=1.0,disk_available_least=73,free_disk_gb=95,free_ram_mb=62765,host='np0000007382',host_ip=10.4.3.15,hypervisor_hostname='np0000007382',hypervisor_type='QEMU',hypervisor_version=8002002,id=1,local_gb=95,local_gb_used=0,mapped=1,memory_mb=63277,memory_mb_used=512,metrics='[]',numa_topology='{"nova_object.name": "NUMATopology", "nova_object.namespace": "nova", "nova_object.version": "1.2", "nova_object.data": {"cells": [{"nova_object.name": "NUMACell", "nova_object.namespace": "nova", "nova_object.version": "1.5", "nova_object.data": {"id": 0, "cpuset": [0, 1, 2, 3, 4, 5, 6, 7, 8, 9, 10, 11, 12, 13, 14, 15], "pcpuset": [0, 1, 2, 3, 4, 5, 6, 7, 8, 9, 10, 11, 12, 13, 14, 15], "memory": 63277, "cpu_usage": 0, "memory_usage": 0, "pinned_cpus": [], "siblings": [[6], [12], [2], [15], [5], [11], [8], [14], [4], [1], [7], [10], [0], [13], [3], [9]], "mempages": [{"nova_object.name": "NUMAPagesTopology", "nova_object.namespace": "nova", "nova_object.version": "1.1", "nova_object.data": {"size_kb": 4, "total": 16177928, "used": 0, "reserved": 0}, "nova_object.changes": ["reserved", "size_kb", "total", "used"]}, {"nova_object.name": "NUMAPagesTopology", "nova_object.namespace": "nova", "nova_object.version": "1.1", "nova_object.data": {"size_kb": 2048, "total": 41, "used": 0, "reserved": 0}, "nova_object.changes": ["reserved", "size_kb", "total", "used"]}, {"nova_object.name": "NUMAPagesTopology", "nova_object.namespace": "nova", "nova_object.version": "1.1", "nova_object.data": {"size_kb": 1048576, "total": 0, "used": 0, "reserved": 0}, "nova_object.changes": ["reserved", "size_kb", "total", "used"]}], "network_metadata": {"nova_object.name": "NetworkMetadata", "nova_object.namespace": "nova", "nova_object.version": "1.0", "nova_object.data": {"physnets": [], "tunneled": false}, "nova_object.changes": ["physnets", "tunneled"]}, "socket": null}, "nova_object.changes": ["cpuset", "socket", "memory_usage", "network_metadata", "mempages", "memory", "cpu_usage", "siblings", "pinned_cpus", "pcpuset", "id"]}]}, "nova_object.changes": ["cells"]}',pci_device_pools=PciDevicePoolList,ram_allocation_ratio=1.0,running_vms=0,service_id=2,stats={failed_builds='0',uptime=' 17:27:00 up 13 min, 2 users, load average: 1.81, 1.46, 0.81
Aug 16 17:27:22.705887 np0000007382 nova-scheduler[93353]: '},supported_hv_specs=[HVSpec,HVSpec,HVSpec,HVSpec,HVSpec,HVSpec,HVSpec,HVSpec,HVSpec,HVSpec,HVSpec,HVSpec,HVSpec,HVSpec,HVSpec,HVSpec,HVSpec,HVSpec,HVSpec,HVSpec,HVSpec,HVSpec,HVSpec,HVSpec,HVSpec],updated_at=2026-08-16T17:27:00Z,uuid=a3d21eff-e0ed-4b2d-b0e7-8b9958016840,vcpus=16,vcpus_used=0) {{(pid=93353) _locked_update /opt/stack/nova/nova/scheduler/host_manager.py:168}}
Aug 16 17:27:22.706672 np0000007382 nova-scheduler[93353]: DEBUG nova.scheduler.host_manager [None req-8dc5e9c8-3a20-418a-95d2-2e7d0a583bed tempest-ServerBootFromVolumeStableRescueTest-1458094330 tempest-ServerBootFromVolumeStableRescueTest-1458094330-project-member] Update host state with aggregates: [] {{(pid=93353) _locked_update /opt/stack/nova/nova/scheduler/host_manager.py:171}}
Aug 16 17:27:22.706730 np0000007382 nova-scheduler[93353]: DEBUG nova.scheduler.host_manager [None req-8dc5e9c8-3a20-418a-95d2-2e7d0a583bed tempest-ServerBootFromVolumeStableRescueTest-1458094330 tempest-ServerBootFromVolumeStableRescueTest-1458094330-project-member] Update host state with service dict: {'id': 2, 'uuid': '277346de-8481-4eb1-bf5f-f2eb7cbe21f7', 'host': 'np0000007382', 'binary': 'nova-compute', 'topic': 'compute', 'report_count': 2, 'disabled': False, 'disabled_reason': None, 'last_seen_up': datetime.datetime(2026, 8, 16, 17, 27, 17, tzinfo=datetime.timezone.utc), 'forced_down': False, 'version': 72, 'created_at': datetime.datetime(2026, 8, 16, 17, 25, 11, tzinfo=datetime.timezone.utc), 'updated_at': datetime.datetime(2026, 8, 16, 17, 27, 17, tzinfo=datetime.timezone.utc), 'deleted_at': None, 'deleted': False} {{(pid=93353) _locked_update /opt/stack/nova/nova/scheduler/host_manager.py:174}}
Aug 16 17:27:22.706833 np0000007382 nova-scheduler[93353]: DEBUG nova.scheduler.host_manager [None req-8dc5e9c8-3a20-418a-95d2-2e7d0a583bed tempest-ServerBootFromVolumeStableRescueTest-1458094330 tempest-ServerBootFromVolumeStableRescueTest-1458094330-project-member] Update host state with instances: [] {{(pid=93353) _locked_update /opt/stack/nova/nova/scheduler/host_manager.py:177}}
Aug 16 17:27:22.706923 np0000007382 nova-scheduler[93353]: DEBUG oslo_concurrency.lockutils [None req-8dc5e9c8-3a20-418a-95d2-2e7d0a583bed tempest-ServerBootFromVolumeStableRescueTest-1458094330 tempest-ServerBootFromVolumeStableRescueTest-1458094330-project-member] Lock "np0000007382-np0000007382" "released" by "nova.scheduler.host_manager.HostState.update.._locked_update" :: held 0.002s {{(pid=93353) inner /opt/stack/data/venv/lib/python3.12/site-packages/oslo_concurrency/lockutils.py:544}}
Aug 16 17:27:22.707331 np0000007382 nova-scheduler[93353]: DEBUG nova.filters [None req-8dc5e9c8-3a20-418a-95d2-2e7d0a583bed tempest-ServerBootFromVolumeStableRescueTest-1458094330 tempest-ServerBootFromVolumeStableRescueTest-1458094330-project-member] Starting with 1 host(s) {{(pid=93353) get_filtered_objects /opt/stack/nova/nova/filters.py:70}}
Aug 16 17:27:22.707544 np0000007382 nova-scheduler[93353]: DEBUG nova.filters [None req-8dc5e9c8-3a20-418a-95d2-2e7d0a583bed tempest-ServerBootFromVolumeStableRescueTest-1458094330 tempest-ServerBootFromVolumeStableRescueTest-1458094330-project-member] Filter ComputeFilter returned 1 host(s) {{(pid=93353) get_filtered_objects /opt/stack/nova/nova/filters.py:102}}
Aug 16 17:27:22.707730 np0000007382 nova-scheduler[93353]: DEBUG nova.filters [None req-8dc5e9c8-3a20-418a-95d2-2e7d0a583bed tempest-ServerBootFromVolumeStableRescueTest-1458094330 tempest-ServerBootFromVolumeStableRescueTest-1458094330-project-member] Filter ComputeCapabilitiesFilter returned 1 host(s) {{(pid=93353) get_filtered_objects /opt/stack/nova/nova/filters.py:102}}
Aug 16 17:27:22.707841 np0000007382 nova-scheduler[93353]: DEBUG nova.filters [None req-8dc5e9c8-3a20-418a-95d2-2e7d0a583bed tempest-ServerBootFromVolumeStableRescueTest-1458094330 tempest-ServerBootFromVolumeStableRescueTest-1458094330-project-member] Filter ImagePropertiesFilter returned 1 host(s) {{(pid=93353) get_filtered_objects /opt/stack/nova/nova/filters.py:102}}
Aug 16 17:27:22.707957 np0000007382 nova-scheduler[93353]: DEBUG nova.filters [None req-8dc5e9c8-3a20-418a-95d2-2e7d0a583bed tempest-ServerBootFromVolumeStableRescueTest-1458094330 tempest-ServerBootFromVolumeStableRescueTest-1458094330-project-member] Filter ServerGroupAntiAffinityFilter returned 1 host(s) {{(pid=93353) get_filtered_objects /opt/stack/nova/nova/filters.py:102}}
Aug 16 17:27:22.708503 np0000007382 nova-scheduler[93353]: DEBUG nova.filters [None req-8dc5e9c8-3a20-418a-95d2-2e7d0a583bed tempest-ServerBootFromVolumeStableRescueTest-1458094330 tempest-ServerBootFromVolumeStableRescueTest-1458094330-project-member] Filter ServerGroupAffinityFilter returned 1 host(s) {{(pid=93353) get_filtered_objects /opt/stack/nova/nova/filters.py:102}}
Aug 16 17:27:22.708503 np0000007382 nova-scheduler[93353]: DEBUG nova.filters [None req-8dc5e9c8-3a20-418a-95d2-2e7d0a583bed tempest-ServerBootFromVolumeStableRescueTest-1458094330 tempest-ServerBootFromVolumeStableRescueTest-1458094330-project-member] Filter SameHostFilter returned 1 host(s) {{(pid=93353) get_filtered_objects /opt/stack/nova/nova/filters.py:102}}
Aug 16 17:27:22.708503 np0000007382 nova-scheduler[93353]: DEBUG nova.filters [None req-8dc5e9c8-3a20-418a-95d2-2e7d0a583bed tempest-ServerBootFromVolumeStableRescueTest-1458094330 tempest-ServerBootFromVolumeStableRescueTest-1458094330-project-member] Filter DifferentHostFilter returned 1 host(s) {{(pid=93353) get_filtered_objects /opt/stack/nova/nova/filters.py:102}}
Aug 16 17:27:22.708824 np0000007382 nova-scheduler[93353]: DEBUG nova.scheduler.manager [None req-8dc5e9c8-3a20-418a-95d2-2e7d0a583bed tempest-ServerBootFromVolumeStableRescueTest-1458094330 tempest-ServerBootFromVolumeStableRescueTest-1458094330-project-member] Filtered [(np0000007382, np0000007382) ram: 62765MB disk: 74752MB io_ops: 0 instances: 0, allocation_candidates: 1] {{(pid=93353) _get_sorted_hosts /opt/stack/nova/nova/scheduler/manager.py:730}}
Aug 16 17:27:22.708824 np0000007382 nova-scheduler[93353]: DEBUG nova.scheduler.manager [None req-8dc5e9c8-3a20-418a-95d2-2e7d0a583bed tempest-ServerBootFromVolumeStableRescueTest-1458094330 tempest-ServerBootFromVolumeStableRescueTest-1458094330-project-member] Weighed [WeighedHost [host: (np0000007382, np0000007382) ram: 62765MB disk: 74752MB io_ops: 0 instances: 0, allocation_candidates: 1, weight: 0.0]] {{(pid=93353) _get_sorted_hosts /opt/stack/nova/nova/scheduler/manager.py:752}}
Aug 16 17:27:22.708824 np0000007382 nova-scheduler[93353]: DEBUG nova.scheduler.utils [None req-8dc5e9c8-3a20-418a-95d2-2e7d0a583bed tempest-ServerBootFromVolumeStableRescueTest-1458094330 tempest-ServerBootFromVolumeStableRescueTest-1458094330-project-member] Attempting to claim resources in the placement API for instance d9333ceb-475d-4dbf-a383-810625da9af2 {{(pid=93353) claim_resources /opt/stack/nova/nova/scheduler/utils.py:1345}}
Aug 16 17:27:22.863501 np0000007382 nova-scheduler[93353]: DEBUG nova.scheduler.manager [None req-8dc5e9c8-3a20-418a-95d2-2e7d0a583bed tempest-ServerBootFromVolumeStableRescueTest-1458094330 tempest-ServerBootFromVolumeStableRescueTest-1458094330-project-member] [instance: d9333ceb-475d-4dbf-a383-810625da9af2] Selected host: (np0000007382, np0000007382) ram: 62765MB disk: 74752MB io_ops: 0 instances: 0, allocation_candidates: 1 {{(pid=93353) _consume_selected_host /opt/stack/nova/nova/scheduler/manager.py:612}}
Aug 16 17:27:22.863826 np0000007382 nova-scheduler[93353]: DEBUG oslo_concurrency.lockutils [None req-8dc5e9c8-3a20-418a-95d2-2e7d0a583bed tempest-ServerBootFromVolumeStableRescueTest-1458094330 tempest-ServerBootFromVolumeStableRescueTest-1458094330-project-member] Acquiring lock "np0000007382-np0000007382" by "nova.scheduler.host_manager.HostState.consume_from_request.._locked" {{(pid=93353) inner /opt/stack/data/venv/lib/python3.12/site-packages/oslo_concurrency/lockutils.py:512}}
Aug 16 17:27:22.863984 np0000007382 nova-scheduler[93353]: DEBUG oslo_concurrency.lockutils [None req-8dc5e9c8-3a20-418a-95d2-2e7d0a583bed tempest-ServerBootFromVolumeStableRescueTest-1458094330 tempest-ServerBootFromVolumeStableRescueTest-1458094330-project-member] Lock "np0000007382-np0000007382" acquired by "nova.scheduler.host_manager.HostState.consume_from_request.._locked" :: waited 0.000s {{(pid=93353) inner /opt/stack/data/venv/lib/python3.12/site-packages/oslo_concurrency/lockutils.py:525}}
Aug 16 17:27:22.864514 np0000007382 nova-scheduler[93353]: DEBUG oslo_concurrency.lockutils [None req-8dc5e9c8-3a20-418a-95d2-2e7d0a583bed tempest-ServerBootFromVolumeStableRescueTest-1458094330 tempest-ServerBootFromVolumeStableRescueTest-1458094330-project-member] Lock "np0000007382-np0000007382" "released" by "nova.scheduler.host_manager.HostState.consume_from_request.._locked" :: held 0.000s {{(pid=93353) inner /opt/stack/data/venv/lib/python3.12/site-packages/oslo_concurrency/lockutils.py:544}}
Aug 16 17:27:32.699163 np0000007382 nova-scheduler[93353]: DEBUG dbcounter [-] [93353] Writing DB stats nova_api:SELECT=1 {{(pid=93353) stat_writer /opt/stack/data/venv/lib/python3.12/site-packages/dbcounter.py:115}}
Aug 16 17:27:32.703853 np0000007382 nova-scheduler[93353]: DEBUG dbcounter [-] [93353] Writing DB stats nova_cell1:SELECT=3 {{(pid=93353) stat_writer /opt/stack/data/venv/lib/python3.12/site-packages/dbcounter.py:115}}
Aug 16 17:27:33.049033 np0000007382 nova-scheduler[93348]: DEBUG nova.scheduler.manager [None req-12d9d6af-86df-4fbc-ab6f-215bb7278e4a tempest-TaggedAttachmentsTest-1161248542 tempest-TaggedAttachmentsTest-1161248542-project-member] Starting to schedule for instances: ['4565867e-db49-4a7e-8610-4a5f7c0ab210'] {{(pid=93348) select_destinations /opt/stack/nova/nova/scheduler/manager.py:197}}
Aug 16 17:27:33.049527 np0000007382 nova-scheduler[93348]: DEBUG nova.scheduler.request_filter [None req-12d9d6af-86df-4fbc-ab6f-215bb7278e4a tempest-TaggedAttachmentsTest-1161248542 tempest-TaggedAttachmentsTest-1161248542-project-member] compute_status_filter request filter added forbidden trait COMPUTE_STATUS_DISABLED {{(pid=93348) compute_status_filter /opt/stack/nova/nova/scheduler/request_filter.py:253}}
Aug 16 17:27:33.049660 np0000007382 nova-scheduler[93348]: DEBUG nova.scheduler.request_filter [None req-12d9d6af-86df-4fbc-ab6f-215bb7278e4a tempest-TaggedAttachmentsTest-1161248542 tempest-TaggedAttachmentsTest-1161248542-project-member] Request filter 'compute_status_filter' took 0.0 seconds {{(pid=93348) wrapper /opt/stack/nova/nova/scheduler/request_filter.py:46}}
