Aug 16 17:24:55.675419 np0000007382 nova-conductor[95799]: DEBUG cotyledon.oslo_config_glue [-] oslo_messaging_rabbit.rabbit_quorum_delivery_limit = 0 {{(pid=95799) log_opt_values /opt/stack/data/venv/lib/python3.12/site-packages/oslo_config/cfg.py:3560}}
Aug 16 17:24:55.675419 np0000007382 nova-conductor[95799]: DEBUG cotyledon.oslo_config_glue [-] oslo_messaging_rabbit.rabbit_quorum_max_memory_bytes = 0 {{(pid=95799) log_opt_values /opt/stack/data/venv/lib/python3.12/site-packages/oslo_config/cfg.py:3560}}
Aug 16 17:24:55.675419 np0000007382 nova-conductor[95799]: DEBUG cotyledon.oslo_config_glue [-] oslo_messaging_rabbit.rabbit_quorum_max_memory_length = 0 {{(pid=95799) log_opt_values /opt/stack/data/venv/lib/python3.12/site-packages/oslo_config/cfg.py:3560}}
Aug 16 17:24:55.675419 np0000007382 nova-conductor[95799]: DEBUG cotyledon.oslo_config_glue [-] oslo_messaging_rabbit.rabbit_quorum_queue = False {{(pid=95799) log_opt_values /opt/stack/data/venv/lib/python3.12/site-packages/oslo_config/cfg.py:3560}}
Aug 16 17:24:55.675419 np0000007382 nova-conductor[95799]: DEBUG cotyledon.oslo_config_glue [-] oslo_messaging_rabbit.rabbit_retry_backoff = 2 {{(pid=95799) log_opt_values /opt/stack/data/venv/lib/python3.12/site-packages/oslo_config/cfg.py:3560}}
Aug 16 17:24:55.675419 np0000007382 nova-conductor[95799]: DEBUG cotyledon.oslo_config_glue [-] oslo_messaging_rabbit.rabbit_retry_interval = 1 {{(pid=95799) log_opt_values /opt/stack/data/venv/lib/python3.12/site-packages/oslo_config/cfg.py:3560}}
Aug 16 17:24:55.675419 np0000007382 nova-conductor[95799]: DEBUG cotyledon.oslo_config_glue [-] oslo_messaging_rabbit.rabbit_stream_fanout = False {{(pid=95799) log_opt_values /opt/stack/data/venv/lib/python3.12/site-packages/oslo_config/cfg.py:3560}}
Aug 16 17:24:55.675598 np0000007382 nova-conductor[95799]: DEBUG cotyledon.oslo_config_glue [-] oslo_messaging_rabbit.rabbit_transient_queues_ttl = 1800 {{(pid=95799) log_opt_values /opt/stack/data/venv/lib/python3.12/site-packages/oslo_config/cfg.py:3560}}
Aug 16 17:24:55.675598 np0000007382 nova-conductor[95799]: DEBUG cotyledon.oslo_config_glue [-] oslo_messaging_rabbit.rabbit_transient_quorum_queue = False {{(pid=95799) log_opt_values /opt/stack/data/venv/lib/python3.12/site-packages/oslo_config/cfg.py:3560}}
Aug 16 17:24:55.675598 np0000007382 nova-conductor[95799]: DEBUG cotyledon.oslo_config_glue [-] oslo_messaging_rabbit.rpc_conn_pool_size = 30 {{(pid=95799) log_opt_values /opt/stack/data/venv/lib/python3.12/site-packages/oslo_config/cfg.py:3560}}
Aug 16 17:24:55.675598 np0000007382 nova-conductor[95799]: DEBUG cotyledon.oslo_config_glue [-] oslo_messaging_rabbit.ssl = False {{(pid=95799) log_opt_values /opt/stack/data/venv/lib/python3.12/site-packages/oslo_config/cfg.py:3560}}
Aug 16 17:24:55.675598 np0000007382 nova-conductor[95799]: DEBUG cotyledon.oslo_config_glue [-] oslo_messaging_rabbit.ssl_ca_file = {{(pid=95799) log_opt_values /opt/stack/data/venv/lib/python3.12/site-packages/oslo_config/cfg.py:3560}}
Aug 16 17:24:55.675598 np0000007382 nova-conductor[95799]: DEBUG cotyledon.oslo_config_glue [-] oslo_messaging_rabbit.ssl_cert_file = {{(pid=95799) log_opt_values /opt/stack/data/venv/lib/python3.12/site-packages/oslo_config/cfg.py:3560}}
Aug 16 17:24:55.675598 np0000007382 nova-conductor[95799]: DEBUG cotyledon.oslo_config_glue [-] oslo_messaging_rabbit.ssl_enforce_fips_mode = False {{(pid=95799) log_opt_values /opt/stack/data/venv/lib/python3.12/site-packages/oslo_config/cfg.py:3560}}
Aug 16 17:24:55.675598 np0000007382 nova-conductor[95799]: DEBUG cotyledon.oslo_config_glue [-] oslo_messaging_rabbit.ssl_enforce_hostname_verification = True {{(pid=95799) log_opt_values /opt/stack/data/venv/lib/python3.12/site-packages/oslo_config/cfg.py:3560}}
Aug 16 17:24:55.675598 np0000007382 nova-conductor[95799]: DEBUG cotyledon.oslo_config_glue [-] oslo_messaging_rabbit.ssl_key_file = {{(pid=95799) log_opt_values /opt/stack/data/venv/lib/python3.12/site-packages/oslo_config/cfg.py:3560}}
Aug 16 17:24:55.675840 np0000007382 nova-conductor[95799]: DEBUG cotyledon.oslo_config_glue [-] oslo_messaging_rabbit.ssl_version = {{(pid=95799) log_opt_values /opt/stack/data/venv/lib/python3.12/site-packages/oslo_config/cfg.py:3560}}
Aug 16 17:24:55.675840 np0000007382 nova-conductor[95799]: DEBUG cotyledon.oslo_config_glue [-] oslo_messaging_rabbit.use_queue_manager = False {{(pid=95799) log_opt_values /opt/stack/data/venv/lib/python3.12/site-packages/oslo_config/cfg.py:3560}}
Aug 16 17:24:55.675840 np0000007382 nova-conductor[95799]: DEBUG cotyledon.oslo_config_glue [-] oslo_messaging_notifications.driver = ['messagingv2'] {{(pid=95799) log_opt_values /opt/stack/data/venv/lib/python3.12/site-packages/oslo_config/cfg.py:3560}}
Aug 16 17:24:55.675840 np0000007382 nova-conductor[95799]: DEBUG cotyledon.oslo_config_glue [-] oslo_messaging_notifications.retry = -1 {{(pid=95799) log_opt_values /opt/stack/data/venv/lib/python3.12/site-packages/oslo_config/cfg.py:3560}}
Aug 16 17:24:55.675840 np0000007382 nova-conductor[95799]: DEBUG cotyledon.oslo_config_glue [-] oslo_messaging_notifications.topics = ['notifications'] {{(pid=95799) log_opt_values /opt/stack/data/venv/lib/python3.12/site-packages/oslo_config/cfg.py:3560}}
Aug 16 17:24:55.675840 np0000007382 nova-conductor[95799]: DEBUG cotyledon.oslo_config_glue [-] oslo_messaging_notifications.transport_url = **** {{(pid=95799) log_opt_values /opt/stack/data/venv/lib/python3.12/site-packages/oslo_config/cfg.py:3560}}
Aug 16 17:24:55.675840 np0000007382 nova-conductor[95799]: DEBUG cotyledon.oslo_config_glue [-] oslo_limit.auth_section = None {{(pid=95799) log_opt_values /opt/stack/data/venv/lib/python3.12/site-packages/oslo_config/cfg.py:3560}}
Aug 16 17:24:55.675840 np0000007382 nova-conductor[95799]: DEBUG cotyledon.oslo_config_glue [-] oslo_limit.auth_type = None {{(pid=95799) log_opt_values /opt/stack/data/venv/lib/python3.12/site-packages/oslo_config/cfg.py:3560}}
Aug 16 17:24:55.675840 np0000007382 nova-conductor[95799]: DEBUG cotyledon.oslo_config_glue [-] oslo_limit.cafile = None {{(pid=95799) log_opt_values /opt/stack/data/venv/lib/python3.12/site-packages/oslo_config/cfg.py:3560}}
Aug 16 17:24:55.676014 np0000007382 nova-conductor[95799]: DEBUG cotyledon.oslo_config_glue [-] oslo_limit.certfile = None {{(pid=95799) log_opt_values /opt/stack/data/venv/lib/python3.12/site-packages/oslo_config/cfg.py:3560}}
Aug 16 17:24:55.676014 np0000007382 nova-conductor[95799]: DEBUG cotyledon.oslo_config_glue [-] oslo_limit.collect_timing = False {{(pid=95799) log_opt_values /opt/stack/data/venv/lib/python3.12/site-packages/oslo_config/cfg.py:3560}}
Aug 16 17:24:55.676014 np0000007382 nova-conductor[95799]: DEBUG cotyledon.oslo_config_glue [-] oslo_limit.connect_retries = None {{(pid=95799) log_opt_values /opt/stack/data/venv/lib/python3.12/site-packages/oslo_config/cfg.py:3560}}
Aug 16 17:24:55.676014 np0000007382 nova-conductor[95799]: DEBUG cotyledon.oslo_config_glue [-] oslo_limit.connect_retry_delay = None {{(pid=95799) log_opt_values /opt/stack/data/venv/lib/python3.12/site-packages/oslo_config/cfg.py:3560}}
Aug 16 17:24:55.676014 np0000007382 nova-conductor[95799]: DEBUG cotyledon.oslo_config_glue [-] oslo_limit.endpoint_id = None {{(pid=95799) log_opt_values /opt/stack/data/venv/lib/python3.12/site-packages/oslo_config/cfg.py:3560}}
Aug 16 17:24:55.676014 np0000007382 nova-conductor[95799]: DEBUG cotyledon.oslo_config_glue [-] oslo_limit.endpoint_interface = public {{(pid=95799) log_opt_values /opt/stack/data/venv/lib/python3.12/site-packages/oslo_config/cfg.py:3560}}
Aug 16 17:24:55.676014 np0000007382 nova-conductor[95799]: DEBUG cotyledon.oslo_config_glue [-] oslo_limit.endpoint_override = None {{(pid=95799) log_opt_values /opt/stack/data/venv/lib/python3.12/site-packages/oslo_config/cfg.py:3560}}
Aug 16 17:24:55.676014 np0000007382 nova-conductor[95799]: DEBUG cotyledon.oslo_config_glue [-] oslo_limit.endpoint_region_name = None {{(pid=95799) log_opt_values /opt/stack/data/venv/lib/python3.12/site-packages/oslo_config/cfg.py:3560}}
Aug 16 17:24:55.676014 np0000007382 nova-conductor[95799]: DEBUG cotyledon.oslo_config_glue [-] oslo_limit.endpoint_service_name = None {{(pid=95799) log_opt_values /opt/stack/data/venv/lib/python3.12/site-packages/oslo_config/cfg.py:3560}}
Aug 16 17:24:55.676220 np0000007382 nova-conductor[95799]: DEBUG cotyledon.oslo_config_glue [-] oslo_limit.endpoint_service_type = None {{(pid=95799) log_opt_values /opt/stack/data/venv/lib/python3.12/site-packages/oslo_config/cfg.py:3560}}
Aug 16 17:24:55.676220 np0000007382 nova-conductor[95799]: DEBUG cotyledon.oslo_config_glue [-] oslo_limit.insecure = False {{(pid=95799) log_opt_values /opt/stack/data/venv/lib/python3.12/site-packages/oslo_config/cfg.py:3560}}
Aug 16 17:24:55.676220 np0000007382 nova-conductor[95799]: DEBUG cotyledon.oslo_config_glue [-] oslo_limit.keyfile = None {{(pid=95799) log_opt_values /opt/stack/data/venv/lib/python3.12/site-packages/oslo_config/cfg.py:3560}}
Aug 16 17:24:55.676220 np0000007382 nova-conductor[95799]: DEBUG cotyledon.oslo_config_glue [-] oslo_limit.max_version = None {{(pid=95799) log_opt_values /opt/stack/data/venv/lib/python3.12/site-packages/oslo_config/cfg.py:3560}}
Aug 16 17:24:55.676220 np0000007382 nova-conductor[95799]: DEBUG cotyledon.oslo_config_glue [-] oslo_limit.min_version = None {{(pid=95799) log_opt_values /opt/stack/data/venv/lib/python3.12/site-packages/oslo_config/cfg.py:3560}}
Aug 16 17:24:55.676220 np0000007382 nova-conductor[95799]: DEBUG cotyledon.oslo_config_glue [-] oslo_limit.region_name = None {{(pid=95799) log_opt_values /opt/stack/data/venv/lib/python3.12/site-packages/oslo_config/cfg.py:3560}}
Aug 16 17:24:55.676220 np0000007382 nova-conductor[95799]: DEBUG cotyledon.oslo_config_glue [-] oslo_limit.retriable_status_codes = None {{(pid=95799) log_opt_values /opt/stack/data/venv/lib/python3.12/site-packages/oslo_config/cfg.py:3560}}
Aug 16 17:24:55.676220 np0000007382 nova-conductor[95799]: DEBUG cotyledon.oslo_config_glue [-] oslo_limit.service_name = None {{(pid=95799) log_opt_values /opt/stack/data/venv/lib/python3.12/site-packages/oslo_config/cfg.py:3560}}
Aug 16 17:24:55.676220 np0000007382 nova-conductor[95799]: DEBUG cotyledon.oslo_config_glue [-] oslo_limit.service_type = None {{(pid=95799) log_opt_values /opt/stack/data/venv/lib/python3.12/site-packages/oslo_config/cfg.py:3560}}
Aug 16 17:24:55.676447 np0000007382 nova-conductor[95799]: DEBUG cotyledon.oslo_config_glue [-] oslo_limit.split_loggers = False {{(pid=95799) log_opt_values /opt/stack/data/venv/lib/python3.12/site-packages/oslo_config/cfg.py:3560}}
Aug 16 17:24:55.676447 np0000007382 nova-conductor[95799]: DEBUG cotyledon.oslo_config_glue [-] oslo_limit.status_code_retries = None {{(pid=95799) log_opt_values /opt/stack/data/venv/lib/python3.12/site-packages/oslo_config/cfg.py:3560}}
Aug 16 17:24:55.676447 np0000007382 nova-conductor[95799]: DEBUG cotyledon.oslo_config_glue [-] oslo_limit.status_code_retry_delay = None {{(pid=95799) log_opt_values /opt/stack/data/venv/lib/python3.12/site-packages/oslo_config/cfg.py:3560}}
Aug 16 17:24:55.676447 np0000007382 nova-conductor[95799]: DEBUG cotyledon.oslo_config_glue [-] oslo_limit.timeout = None {{(pid=95799) log_opt_values /opt/stack/data/venv/lib/python3.12/site-packages/oslo_config/cfg.py:3560}}
Aug 16 17:24:55.676447 np0000007382 nova-conductor[95799]: DEBUG cotyledon.oslo_config_glue [-] oslo_limit.valid_interfaces = None {{(pid=95799) log_opt_values /opt/stack/data/venv/lib/python3.12/site-packages/oslo_config/cfg.py:3560}}
Aug 16 17:24:55.676447 np0000007382 nova-conductor[95799]: DEBUG cotyledon.oslo_config_glue [-] oslo_limit.version = None {{(pid=95799) log_opt_values /opt/stack/data/venv/lib/python3.12/site-packages/oslo_config/cfg.py:3560}}
Aug 16 17:24:55.676447 np0000007382 nova-conductor[95799]: DEBUG cotyledon.oslo_config_glue [-] oslo_reports.file_event_handler = None {{(pid=95799) log_opt_values /opt/stack/data/venv/lib/python3.12/site-packages/oslo_config/cfg.py:3560}}
Aug 16 17:24:55.676447 np0000007382 nova-conductor[95799]: DEBUG cotyledon.oslo_config_glue [-] oslo_reports.file_event_handler_interval = 1 {{(pid=95799) log_opt_values /opt/stack/data/venv/lib/python3.12/site-packages/oslo_config/cfg.py:3560}}
Aug 16 17:24:55.676447 np0000007382 nova-conductor[95799]: DEBUG cotyledon.oslo_config_glue [-] oslo_reports.log_dir = None {{(pid=95799) log_opt_values /opt/stack/data/venv/lib/python3.12/site-packages/oslo_config/cfg.py:3560}}
Aug 16 17:24:55.676638 np0000007382 nova-conductor[95799]: DEBUG cotyledon.oslo_config_glue [-] ******************************************************************************** {{(pid=95799) log_opt_values /opt/stack/data/venv/lib/python3.12/site-packages/oslo_config/cfg.py:3567}}
Aug 16 17:24:55.676638 np0000007382 nova-conductor[95799]: DEBUG cotyledon._service_worker [-] Run service ServiceWrapper(2) [95799] {{(pid=95799) wait_forever /opt/stack/data/venv/lib/python3.12/site-packages/cotyledon/_service_worker.py:218}}
Aug 16 17:24:55.676687 np0000007382 nova-conductor[95794]: DEBUG oslo_db.sqlalchemy.engines [None req-83d4d1de-6eee-430b-8482-98687ca36184 None None] MySQL server mode set to STRICT_TRANS_TABLES,STRICT_ALL_TABLES,NO_ZERO_IN_DATE,NO_ZERO_DATE,ERROR_FOR_DIVISION_BY_ZERO,TRADITIONAL,NO_ENGINE_SUBSTITUTION {{(pid=95794) _check_effective_sql_mode /opt/stack/data/venv/lib/python3.12/site-packages/oslo_db/sqlalchemy/engines.py:325}}
Aug 16 17:24:55.676716 np0000007382 nova-conductor[95799]: INFO nova.service [-] Starting conductor node (version 33.1.0)
Aug 16 17:24:55.678559 np0000007382 nova-conductor[95787]: DEBUG oslo_db.sqlalchemy.engines [None req-4c035a78-174a-4291-bd8e-a4d1c5e064cb None None] MySQL server mode set to STRICT_TRANS_TABLES,STRICT_ALL_TABLES,NO_ZERO_IN_DATE,NO_ZERO_DATE,ERROR_FOR_DIVISION_BY_ZERO,TRADITIONAL,NO_ENGINE_SUBSTITUTION {{(pid=95787) _check_effective_sql_mode /opt/stack/data/venv/lib/python3.12/site-packages/oslo_db/sqlalchemy/engines.py:325}}
Aug 16 17:24:55.680278 np0000007382 nova-conductor[95799]: INFO dbcounter [None req-f0099575-558e-482f-a143-d56c58323cdd None None] Registered counter for database nova_cell0
Aug 16 17:24:55.683640 np0000007382 nova-conductor[95794]: DEBUG dbcounter [-] [95794] Writer thread running {{(pid=95794) stat_writer /opt/stack/data/venv/lib/python3.12/site-packages/dbcounter.py:102}}
Aug 16 17:24:55.690201 np0000007382 nova-conductor[95787]: DEBUG dbcounter [-] [95787] Writer thread running {{(pid=95787) stat_writer /opt/stack/data/venv/lib/python3.12/site-packages/dbcounter.py:102}}
Aug 16 17:24:55.700213 np0000007382 nova-conductor[95794]: DEBUG nova.service [None req-83d4d1de-6eee-430b-8482-98687ca36184 None None] Creating RPC server for service: nova-conductor on topic: conductor {{(pid=95794) start /opt/stack/nova/nova/service.py:262}}
Aug 16 17:24:55.718107 np0000007382 nova-conductor[95787]: DEBUG nova.service [None req-4c035a78-174a-4291-bd8e-a4d1c5e064cb None None] Creating RPC server for service: nova-conductor on topic: conductor {{(pid=95787) start /opt/stack/nova/nova/service.py:262}}
Aug 16 17:24:55.719313 np0000007382 nova-conductor[95799]: DEBUG oslo_db.sqlalchemy.engines [None req-f0099575-558e-482f-a143-d56c58323cdd None None] MySQL server mode set to STRICT_TRANS_TABLES,STRICT_ALL_TABLES,NO_ZERO_IN_DATE,NO_ZERO_DATE,ERROR_FOR_DIVISION_BY_ZERO,TRADITIONAL,NO_ENGINE_SUBSTITUTION {{(pid=95799) _check_effective_sql_mode /opt/stack/data/venv/lib/python3.12/site-packages/oslo_db/sqlalchemy/engines.py:325}}
Aug 16 17:24:55.723276 np0000007382 nova-conductor[95794]: DEBUG nova.service [None req-83d4d1de-6eee-430b-8482-98687ca36184 None None] Join ServiceGroup membership for this service conductor {{(pid=95794) start /opt/stack/nova/nova/service.py:288}}
Aug 16 17:24:55.723448 np0000007382 nova-conductor[95794]: DEBUG nova.servicegroup.drivers.db [None req-83d4d1de-6eee-430b-8482-98687ca36184 None None] DB_Driver: join new ServiceGroup member np0000007382 to the conductor group, service = {{(pid=95794) join /opt/stack/nova/nova/servicegroup/drivers/db.py:44}}
Aug 16 17:24:55.730237 np0000007382 nova-conductor[95799]: DEBUG dbcounter [-] [95799] Writer thread running {{(pid=95799) stat_writer /opt/stack/data/venv/lib/python3.12/site-packages/dbcounter.py:102}}
Aug 16 17:24:55.733502 np0000007382 nova-conductor[95799]: DEBUG nova.service [None req-f0099575-558e-482f-a143-d56c58323cdd None None] Creating RPC server for service: nova-conductor on topic: conductor {{(pid=95799) start /opt/stack/nova/nova/service.py:262}}
Aug 16 17:24:55.737483 np0000007382 nova-conductor[95787]: DEBUG nova.service [None req-4c035a78-174a-4291-bd8e-a4d1c5e064cb None None] Join ServiceGroup membership for this service conductor {{(pid=95787) start /opt/stack/nova/nova/service.py:288}}
Aug 16 17:24:55.737714 np0000007382 nova-conductor[95787]: DEBUG nova.servicegroup.drivers.db [None req-4c035a78-174a-4291-bd8e-a4d1c5e064cb None None] DB_Driver: join new ServiceGroup member np0000007382 to the conductor group, service = {{(pid=95787) join /opt/stack/nova/nova/servicegroup/drivers/db.py:44}}
Aug 16 17:24:55.748941 np0000007382 nova-conductor[95799]: DEBUG nova.service [None req-f0099575-558e-482f-a143-d56c58323cdd None None] Join ServiceGroup membership for this service conductor {{(pid=95799) start /opt/stack/nova/nova/service.py:288}}
Aug 16 17:24:55.749205 np0000007382 nova-conductor[95799]: DEBUG nova.servicegroup.drivers.db [None req-f0099575-558e-482f-a143-d56c58323cdd None None] DB_Driver: join new ServiceGroup member np0000007382 to the conductor group, service = {{(pid=95799) join /opt/stack/nova/nova/servicegroup/drivers/db.py:44}}
Aug 16 17:24:58.739750 np0000007382 nova-conductor[95787]: DEBUG oslo.service.backend._threading.loopingcall [None req-8193b6a9-cb8e-4839-a5c5-0caa45c278ce None None] Dynamic interval looping call 'nova.service.Service.periodic_tasks' sleeping for 60.00 seconds {{(pid=95787) _run_loop /opt/stack/data/venv/lib/python3.12/site-packages/oslo_service/backend/_threading/loopingcall.py:125}}
Aug 16 17:25:00.739212 np0000007382 nova-conductor[95794]: DEBUG oslo.service.backend._threading.loopingcall [-] Fixed interval looping call 'nova.servicegroup.drivers.db.DbDriver._report_state' sleeping for 119.99 seconds {{(pid=95794) _run_loop /opt/stack/data/venv/lib/python3.12/site-packages/oslo_service/backend/_threading/loopingcall.py:125}}
Aug 16 17:25:00.748680 np0000007382 nova-conductor[95787]: DEBUG oslo.service.backend._threading.loopingcall [-] Fixed interval looping call 'nova.servicegroup.drivers.db.DbDriver._report_state' sleeping for 119.99 seconds {{(pid=95787) _run_loop /opt/stack/data/venv/lib/python3.12/site-packages/oslo_service/backend/_threading/loopingcall.py:125}}
Aug 16 17:25:00.760731 np0000007382 nova-conductor[95799]: DEBUG oslo.service.backend._threading.loopingcall [-] Fixed interval looping call 'nova.servicegroup.drivers.db.DbDriver._report_state' sleeping for 119.99 seconds {{(pid=95799) _run_loop /opt/stack/data/venv/lib/python3.12/site-packages/oslo_service/backend/_threading/loopingcall.py:125}}
Aug 16 17:25:04.329954 np0000007382 nova-conductor[94283]: DEBUG dbcounter [-] [94283] Writing DB stats nova_api:SELECT=1 {{(pid=94283) stat_writer /opt/stack/data/venv/lib/python3.12/site-packages/dbcounter.py:115}}
Aug 16 17:25:04.441206 np0000007382 nova-conductor[94283]: DEBUG dbcounter [-] [94283] Writing DB stats nova_cell0:SELECT=1 {{(pid=94283) stat_writer /opt/stack/data/venv/lib/python3.12/site-packages/dbcounter.py:115}}
Aug 16 17:25:04.447161 np0000007382 nova-conductor[94283]: DEBUG dbcounter [-] [94283] Writing DB stats nova_cell1:SELECT=1 {{(pid=94283) stat_writer /opt/stack/data/venv/lib/python3.12/site-packages/dbcounter.py:115}}
Aug 16 17:25:06.751545 np0000007382 nova-conductor[95799]: DEBUG oslo.service.backend._threading.loopingcall [None req-89e50f40-098f-4eb9-835b-08bd3c78d1db None None] Dynamic interval looping call 'nova.service.Service.periodic_tasks' sleeping for 60.00 seconds {{(pid=95799) _run_loop /opt/stack/data/venv/lib/python3.12/site-packages/oslo_service/backend/_threading/loopingcall.py:125}}
Aug 16 17:25:10.734552 np0000007382 nova-conductor[95794]: DEBUG dbcounter [-] [95794] Writing DB stats nova_cell0:SELECT=4,nova_cell0:INSERT=1,nova_cell0:UPDATE=1 {{(pid=95794) stat_writer /opt/stack/data/venv/lib/python3.12/site-packages/dbcounter.py:115}}
Aug 16 17:25:10.744694 np0000007382 nova-conductor[95787]: DEBUG dbcounter [-] [95787] Writing DB stats nova_cell0:SELECT=4,nova_cell0:INSERT=1 {{(pid=95787) stat_writer /opt/stack/data/venv/lib/python3.12/site-packages/dbcounter.py:115}}
Aug 16 17:25:10.757763 np0000007382 nova-conductor[95799]: DEBUG dbcounter [-] [95799] Writing DB stats nova_cell0:SELECT=3 {{(pid=95799) stat_writer /opt/stack/data/venv/lib/python3.12/site-packages/dbcounter.py:115}}
Aug 16 17:25:47.724832 np0000007382 nova-conductor[95794]: DEBUG oslo.service.backend._threading.loopingcall [None req-db14e2bd-7bee-43bc-8243-065aa7c5f90a None None] Dynamic interval looping call 'nova.service.Service.periodic_tasks' sleeping for 60.00 seconds {{(pid=95794) _run_loop /opt/stack/data/venv/lib/python3.12/site-packages/oslo_service/backend/_threading/loopingcall.py:125}}
Aug 16 17:25:58.740262 np0000007382 nova-conductor[95787]: DEBUG oslo.service.backend._threading.loopingcall [None req-8193b6a9-cb8e-4839-a5c5-0caa45c278ce None None] Dynamic interval looping call 'nova.service.Service.periodic_tasks' sleeping for 60.00 seconds {{(pid=95787) _run_loop /opt/stack/data/venv/lib/python3.12/site-packages/oslo_service/backend/_threading/loopingcall.py:125}}
Aug 16 17:26:06.752043 np0000007382 nova-conductor[95799]: DEBUG oslo.service.backend._threading.loopingcall [None req-89e50f40-098f-4eb9-835b-08bd3c78d1db None None] Dynamic interval looping call 'nova.service.Service.periodic_tasks' sleeping for 60.00 seconds {{(pid=95799) _run_loop /opt/stack/data/venv/lib/python3.12/site-packages/oslo_service/backend/_threading/loopingcall.py:125}}
Aug 16 17:26:47.725314 np0000007382 nova-conductor[95794]: DEBUG oslo.service.backend._threading.loopingcall [None req-db14e2bd-7bee-43bc-8243-065aa7c5f90a None None] Dynamic interval looping call 'nova.service.Service.periodic_tasks' sleeping for 60.00 seconds {{(pid=95794) _run_loop /opt/stack/data/venv/lib/python3.12/site-packages/oslo_service/backend/_threading/loopingcall.py:125}}
Aug 16 17:26:58.740682 np0000007382 nova-conductor[95787]: DEBUG oslo.service.backend._threading.loopingcall [None req-8193b6a9-cb8e-4839-a5c5-0caa45c278ce None None] Dynamic interval looping call 'nova.service.Service.periodic_tasks' sleeping for 60.00 seconds {{(pid=95787) _run_loop /opt/stack/data/venv/lib/python3.12/site-packages/oslo_service/backend/_threading/loopingcall.py:125}}
Aug 16 17:27:00.735393 np0000007382 nova-conductor[95794]: DEBUG oslo.service.backend._threading.loopingcall [-] Fixed interval looping call 'nova.servicegroup.drivers.db.DbDriver._report_state' sleeping for 119.99 seconds {{(pid=95794) _run_loop /opt/stack/data/venv/lib/python3.12/site-packages/oslo_service/backend/_threading/loopingcall.py:125}}
Aug 16 17:27:00.742228 np0000007382 nova-conductor[95787]: DEBUG oslo.service.backend._threading.loopingcall [-] Fixed interval looping call 'nova.servicegroup.drivers.db.DbDriver._report_state' sleeping for 120.00 seconds {{(pid=95787) _run_loop /opt/stack/data/venv/lib/python3.12/site-packages/oslo_service/backend/_threading/loopingcall.py:125}}
Aug 16 17:27:00.755785 np0000007382 nova-conductor[95799]: DEBUG oslo.service.backend._threading.loopingcall [-] Fixed interval looping call 'nova.servicegroup.drivers.db.DbDriver._report_state' sleeping for 120.00 seconds {{(pid=95799) _run_loop /opt/stack/data/venv/lib/python3.12/site-packages/oslo_service/backend/_threading/loopingcall.py:125}}
Aug 16 17:27:06.752563 np0000007382 nova-conductor[95799]: DEBUG oslo.service.backend._threading.loopingcall [None req-89e50f40-098f-4eb9-835b-08bd3c78d1db None None] Dynamic interval looping call 'nova.service.Service.periodic_tasks' sleeping for 60.00 seconds {{(pid=95799) _run_loop /opt/stack/data/venv/lib/python3.12/site-packages/oslo_service/backend/_threading/loopingcall.py:125}}
Aug 16 17:27:10.732336 np0000007382 nova-conductor[95794]: DEBUG dbcounter [-] [95794] Writing DB stats nova_cell0:SELECT=1,nova_cell0:UPDATE=1 {{(pid=95794) stat_writer /opt/stack/data/venv/lib/python3.12/site-packages/dbcounter.py:115}}
Aug 16 17:27:10.740718 np0000007382 nova-conductor[95787]: DEBUG dbcounter [-] [95787] Writing DB stats nova_cell0:SELECT=1 {{(pid=95787) stat_writer /opt/stack/data/venv/lib/python3.12/site-packages/dbcounter.py:115}}
Aug 16 17:27:10.753549 np0000007382 nova-conductor[95799]: DEBUG dbcounter [-] [95799] Writing DB stats nova_cell0:SELECT=1 {{(pid=95799) stat_writer /opt/stack/data/venv/lib/python3.12/site-packages/dbcounter.py:115}}
Aug 16 17:27:22.015236 np0000007382 nova-conductor[95794]: DEBUG oslo_db.sqlalchemy.engines [None req-8dc5e9c8-3a20-418a-95d2-2e7d0a583bed tempest-ServerBootFromVolumeStableRescueTest-1458094330 tempest-ServerBootFromVolumeStableRescueTest-1458094330-project-member] Parent process 94283 forked (95794) with an open database connection, which is being discarded and recreated. {{(pid=95794) checkout /opt/stack/data/venv/lib/python3.12/site-packages/oslo_db/sqlalchemy/engines.py:402}}
Aug 16 17:27:22.044996 np0000007382 nova-conductor[95794]: DEBUG dbcounter [-] [95794] Writer thread running {{(pid=95794) stat_writer /opt/stack/data/venv/lib/python3.12/site-packages/dbcounter.py:102}}
Aug 16 17:27:22.875675 np0000007382 nova-conductor[95794]: DEBUG nova.conductor.manager [None req-8dc5e9c8-3a20-418a-95d2-2e7d0a583bed tempest-ServerBootFromVolumeStableRescueTest-1458094330 tempest-ServerBootFromVolumeStableRescueTest-1458094330-project-member] Took 0.83 seconds to select destinations for 1 instance(s). {{(pid=95794) _schedule_instances /opt/stack/nova/nova/conductor/manager.py:956}}
Aug 16 17:27:22.909789 np0000007382 nova-conductor[95794]: DEBUG oslo_concurrency.lockutils [None req-8dc5e9c8-3a20-418a-95d2-2e7d0a583bed tempest-ServerBootFromVolumeStableRescueTest-1458094330 tempest-ServerBootFromVolumeStableRescueTest-1458094330-project-member] Acquiring lock "b090d29d-c4fe-4a4d-930e-216a4d857cce" by "nova.context.set_target_cell..get_or_set_cached_cell_and_set_connections" {{(pid=95794) inner /opt/stack/data/venv/lib/python3.12/site-packages/oslo_concurrency/lockutils.py:512}}
Aug 16 17:27:22.910057 np0000007382 nova-conductor[95794]: DEBUG oslo_concurrency.lockutils [None req-8dc5e9c8-3a20-418a-95d2-2e7d0a583bed tempest-ServerBootFromVolumeStableRescueTest-1458094330 tempest-ServerBootFromVolumeStableRescueTest-1458094330-project-member] Lock "b090d29d-c4fe-4a4d-930e-216a4d857cce" acquired by "nova.context.set_target_cell..get_or_set_cached_cell_and_set_connections" :: waited 0.000s {{(pid=95794) inner /opt/stack/data/venv/lib/python3.12/site-packages/oslo_concurrency/lockutils.py:525}}
Aug 16 17:27:22.911719 np0000007382 nova-conductor[95794]: DEBUG oslo_concurrency.lockutils [None req-8dc5e9c8-3a20-418a-95d2-2e7d0a583bed tempest-ServerBootFromVolumeStableRescueTest-1458094330 tempest-ServerBootFromVolumeStableRescueTest-1458094330-project-member] Lock "b090d29d-c4fe-4a4d-930e-216a4d857cce" "released" by "nova.context.set_target_cell..get_or_set_cached_cell_and_set_connections" :: held 0.002s {{(pid=95794) inner /opt/stack/data/venv/lib/python3.12/site-packages/oslo_concurrency/lockutils.py:544}}
Aug 16 17:27:22.914179 np0000007382 nova-conductor[95794]: INFO dbcounter [None req-8dc5e9c8-3a20-418a-95d2-2e7d0a583bed tempest-ServerBootFromVolumeStableRescueTest-1458094330 tempest-ServerBootFromVolumeStableRescueTest-1458094330-project-member] Registered counter for database nova_cell1
Aug 16 17:27:22.952186 np0000007382 nova-conductor[95794]: DEBUG oslo_db.sqlalchemy.engines [None req-8dc5e9c8-3a20-418a-95d2-2e7d0a583bed tempest-ServerBootFromVolumeStableRescueTest-1458094330 tempest-ServerBootFromVolumeStableRescueTest-1458094330-project-member] MySQL server mode set to STRICT_TRANS_TABLES,STRICT_ALL_TABLES,NO_ZERO_IN_DATE,NO_ZERO_DATE,ERROR_FOR_DIVISION_BY_ZERO,TRADITIONAL,NO_ENGINE_SUBSTITUTION {{(pid=95794) _check_effective_sql_mode /opt/stack/data/venv/lib/python3.12/site-packages/oslo_db/sqlalchemy/engines.py:325}}
Aug 16 17:27:22.959465 np0000007382 nova-conductor[95794]: DEBUG dbcounter [-] [95794] Writer thread running {{(pid=95794) stat_writer /opt/stack/data/venv/lib/python3.12/site-packages/dbcounter.py:102}}
Aug 16 17:27:23.015426 np0000007382 nova-conductor[95794]: INFO nova.utils [None req-8dc5e9c8-3a20-418a-95d2-2e7d0a583bed tempest-ServerBootFromVolumeStableRescueTest-1458094330 tempest-ServerBootFromVolumeStableRescueTest-1458094330-project-member] The cell worker thread pool ForkProcess-2.cell_worker is initialized
Aug 16 17:27:23.015956 np0000007382 nova-conductor[95794]: DEBUG oslo_concurrency.lockutils [None req-8dc5e9c8-3a20-418a-95d2-2e7d0a583bed tempest-ServerBootFromVolumeStableRescueTest-1458094330 tempest-ServerBootFromVolumeStableRescueTest-1458094330-project-member] Acquiring lock "00000000-0000-0000-0000-000000000000" by "nova.context.set_target_cell..get_or_set_cached_cell_and_set_connections" {{(pid=95794) inner /opt/stack/data/venv/lib/python3.12/site-packages/oslo_concurrency/lockutils.py:512}}
Aug 16 17:27:23.015956 np0000007382 nova-conductor[95794]: DEBUG oslo_concurrency.lockutils [None req-8dc5e9c8-3a20-418a-95d2-2e7d0a583bed tempest-ServerBootFromVolumeStableRescueTest-1458094330 tempest-ServerBootFromVolumeStableRescueTest-1458094330-project-member] Lock "00000000-0000-0000-0000-000000000000" acquired by "nova.context.set_target_cell..get_or_set_cached_cell_and_set_connections" :: waited 0.000s {{(pid=95794) inner /opt/stack/data/venv/lib/python3.12/site-packages/oslo_concurrency/lockutils.py:525}}
Aug 16 17:27:23.016227 np0000007382 nova-conductor[95794]: DEBUG oslo_concurrency.lockutils [None req-8dc5e9c8-3a20-418a-95d2-2e7d0a583bed tempest-ServerBootFromVolumeStableRescueTest-1458094330 tempest-ServerBootFromVolumeStableRescueTest-1458094330-project-member] Lock "00000000-0000-0000-0000-000000000000" "released" by "nova.context.set_target_cell..get_or_set_cached_cell_and_set_connections" :: held 0.000s {{(pid=95794) inner /opt/stack/data/venv/lib/python3.12/site-packages/oslo_concurrency/lockutils.py:544}}
Aug 16 17:27:23.016859 np0000007382 nova-conductor[95794]: DEBUG oslo_concurrency.lockutils [None req-8dc5e9c8-3a20-418a-95d2-2e7d0a583bed tempest-ServerBootFromVolumeStableRescueTest-1458094330 tempest-ServerBootFromVolumeStableRescueTest-1458094330-project-member] Acquiring lock "b090d29d-c4fe-4a4d-930e-216a4d857cce" by "nova.context.set_target_cell..get_or_set_cached_cell_and_set_connections" {{(pid=95794) inner /opt/stack/data/venv/lib/python3.12/site-packages/oslo_concurrency/lockutils.py:512}}
Aug 16 17:27:23.017003 np0000007382 nova-conductor[95794]: DEBUG oslo_concurrency.lockutils [None req-8dc5e9c8-3a20-418a-95d2-2e7d0a583bed tempest-ServerBootFromVolumeStableRescueTest-1458094330 tempest-ServerBootFromVolumeStableRescueTest-1458094330-project-member] Lock "b090d29d-c4fe-4a4d-930e-216a4d857cce" acquired by "nova.context.set_target_cell..get_or_set_cached_cell_and_set_connections" :: waited 0.000s {{(pid=95794) inner /opt/stack/data/venv/lib/python3.12/site-packages/oslo_concurrency/lockutils.py:525}}
Aug 16 17:27:23.017122 np0000007382 nova-conductor[95794]: DEBUG oslo_concurrency.lockutils [None req-8dc5e9c8-3a20-418a-95d2-2e7d0a583bed tempest-ServerBootFromVolumeStableRescueTest-1458094330 tempest-ServerBootFromVolumeStableRescueTest-1458094330-project-member] Lock "b090d29d-c4fe-4a4d-930e-216a4d857cce" "released" by "nova.context.set_target_cell..get_or_set_cached_cell_and_set_connections" :: held 0.000s {{(pid=95794) inner /opt/stack/data/venv/lib/python3.12/site-packages/oslo_concurrency/lockutils.py:544}}
Aug 16 17:27:23.018479 np0000007382 nova-conductor[95794]: INFO dbcounter [None req-8dc5e9c8-3a20-418a-95d2-2e7d0a583bed tempest-ServerBootFromVolumeStableRescueTest-1458094330 tempest-ServerBootFromVolumeStableRescueTest-1458094330-project-member] Registered counter for database nova_cell0
Aug 16 17:27:23.075777 np0000007382 nova-conductor[95794]: DEBUG oslo_db.sqlalchemy.engines [None req-8dc5e9c8-3a20-418a-95d2-2e7d0a583bed tempest-ServerBootFromVolumeStableRescueTest-1458094330 tempest-ServerBootFromVolumeStableRescueTest-1458094330-project-member] MySQL server mode set to STRICT_TRANS_TABLES,STRICT_ALL_TABLES,NO_ZERO_IN_DATE,NO_ZERO_DATE,ERROR_FOR_DIVISION_BY_ZERO,TRADITIONAL,NO_ENGINE_SUBSTITUTION {{(pid=95794) _check_effective_sql_mode /opt/stack/data/venv/lib/python3.12/site-packages/oslo_db/sqlalchemy/engines.py:325}}
Aug 16 17:27:23.083164 np0000007382 nova-conductor[95794]: DEBUG dbcounter [-] [95794] Writer thread running {{(pid=95794) stat_writer /opt/stack/data/venv/lib/python3.12/site-packages/dbcounter.py:102}}
Aug 16 17:27:23.094927 np0000007382 nova-conductor[95794]: DEBUG nova.quota [None req-8dc5e9c8-3a20-418a-95d2-2e7d0a583bed tempest-ServerBootFromVolumeStableRescueTest-1458094330 tempest-ServerBootFromVolumeStableRescueTest-1458094330-project-member] Getting quotas for project 46045784d9f749e1bb321325d8e38dd4. Resources: {'ram', 'instances', 'cores'} {{(pid=95794) _get_quotas /opt/stack/nova/nova/quota.py:389}}
Aug 16 17:27:23.099193 np0000007382 nova-conductor[95794]: DEBUG nova.quota [None req-8dc5e9c8-3a20-418a-95d2-2e7d0a583bed tempest-ServerBootFromVolumeStableRescueTest-1458094330 tempest-ServerBootFromVolumeStableRescueTest-1458094330-project-member] Getting quotas for user 0ea3f6d982334624b2f3218596113218 and project 46045784d9f749e1bb321325d8e38dd4. Resources: {'ram', 'instances', 'cores'} {{(pid=95794) _get_quotas /opt/stack/nova/nova/quota.py:379}}
Aug 16 17:27:23.105879 np0000007382 nova-conductor[95794]: DEBUG nova.conductor.manager [None req-8dc5e9c8-3a20-418a-95d2-2e7d0a583bed tempest-ServerBootFromVolumeStableRescueTest-1458094330 tempest-ServerBootFromVolumeStableRescueTest-1458094330-project-member] [instance: d9333ceb-475d-4dbf-a383-810625da9af2] Selected host: np0000007382; Selected node: np0000007382; Alternates: [] {{(pid=95794) schedule_and_build_instances /opt/stack/nova/nova/conductor/manager.py:1772}}
Aug 16 17:27:23.106344 np0000007382 nova-conductor[95794]: DEBUG oslo_concurrency.lockutils [None req-8dc5e9c8-3a20-418a-95d2-2e7d0a583bed tempest-ServerBootFromVolumeStableRescueTest-1458094330 tempest-ServerBootFromVolumeStableRescueTest-1458094330-project-member] Acquiring lock "b090d29d-c4fe-4a4d-930e-216a4d857cce" by "nova.context.set_target_cell..get_or_set_cached_cell_and_set_connections" {{(pid=95794) inner /opt/stack/data/venv/lib/python3.12/site-packages/oslo_concurrency/lockutils.py:512}}
Aug 16 17:27:23.106478 np0000007382 nova-conductor[95794]: DEBUG oslo_concurrency.lockutils [None req-8dc5e9c8-3a20-418a-95d2-2e7d0a583bed tempest-ServerBootFromVolumeStableRescueTest-1458094330 tempest-ServerBootFromVolumeStableRescueTest-1458094330-project-member] Lock "b090d29d-c4fe-4a4d-930e-216a4d857cce" acquired by "nova.context.set_target_cell..get_or_set_cached_cell_and_set_connections" :: waited 0.000s {{(pid=95794) inner /opt/stack/data/venv/lib/python3.12/site-packages/oslo_concurrency/lockutils.py:525}}
Aug 16 17:27:23.106582 np0000007382 nova-conductor[95794]: DEBUG oslo_concurrency.lockutils [None req-8dc5e9c8-3a20-418a-95d2-2e7d0a583bed tempest-ServerBootFromVolumeStableRescueTest-1458094330 tempest-ServerBootFromVolumeStableRescueTest-1458094330-project-member] Lock "b090d29d-c4fe-4a4d-930e-216a4d857cce" "released" by "nova.context.set_target_cell..get_or_set_cached_cell_and_set_connections" :: held 0.000s {{(pid=95794) inner /opt/stack/data/venv/lib/python3.12/site-packages/oslo_concurrency/lockutils.py:544}}
Aug 16 17:27:23.117753 np0000007382 nova-conductor[95794]: DEBUG nova.conductor.manager [None req-8dc5e9c8-3a20-418a-95d2-2e7d0a583bed tempest-ServerBootFromVolumeStableRescueTest-1458094330 tempest-ServerBootFromVolumeStableRescueTest-1458094330-project-member] [instance: d9333ceb-475d-4dbf-a383-810625da9af2] block_device_mapping [BlockDeviceMapping(attachment_id=,boot_index=0,connection_info=None,created_at=,delete_on_termination=True,deleted=,deleted_at=,destination_type='local',device_name=None,device_type='disk',disk_bus=None,encrypted=False,encryption_format=None,encryption_options=None,encryption_secret_uuid=None,guest_format=None,id=,image_id='7751e032-d3ce-41e5-b4db-cf00e0e3285d',instance=,instance_uuid=,no_device=False,snapshot_id=None,source_type='image',tag=None,updated_at=,uuid=,volume_id=None,volume_size=None,volume_type=None)] {{(pid=95794) _create_block_device_mapping /opt/stack/nova/nova/conductor/manager.py:1517}}
Aug 16 17:27:23.119016 np0000007382 nova-conductor[95794]: DEBUG oslo_concurrency.lockutils [None req-8dc5e9c8-3a20-418a-95d2-2e7d0a583bed tempest-ServerBootFromVolumeStableRescueTest-1458094330 tempest-ServerBootFromVolumeStableRescueTest-1458094330-project-member] Acquiring lock "b090d29d-c4fe-4a4d-930e-216a4d857cce" by "nova.context.set_target_cell..get_or_set_cached_cell_and_set_connections" {{(pid=95794) inner /opt/stack/data/venv/lib/python3.12/site-packages/oslo_concurrency/lockutils.py:512}}
Aug 16 17:27:23.119183 np0000007382 nova-conductor[95794]: DEBUG oslo_concurrency.lockutils [None req-8dc5e9c8-3a20-418a-95d2-2e7d0a583bed tempest-ServerBootFromVolumeStableRescueTest-1458094330 tempest-ServerBootFromVolumeStableRescueTest-1458094330-project-member] Lock "b090d29d-c4fe-4a4d-930e-216a4d857cce" acquired by "nova.context.set_target_cell..get_or_set_cached_cell_and_set_connections" :: waited 0.000s {{(pid=95794) inner /opt/stack/data/venv/lib/python3.12/site-packages/oslo_concurrency/lockutils.py:525}}
Aug 16 17:27:23.119349 np0000007382 nova-conductor[95794]: DEBUG oslo_concurrency.lockutils [None req-8dc5e9c8-3a20-418a-95d2-2e7d0a583bed tempest-ServerBootFromVolumeStableRescueTest-1458094330 tempest-ServerBootFromVolumeStableRescueTest-1458094330-project-member] Lock "b090d29d-c4fe-4a4d-930e-216a4d857cce" "released" by "nova.context.set_target_cell..get_or_set_cached_cell_and_set_connections" :: held 0.000s {{(pid=95794) inner /opt/stack/data/venv/lib/python3.12/site-packages/oslo_concurrency/lockutils.py:544}}
Aug 16 17:27:23.157885 np0000007382 nova-conductor[95794]: DEBUG oslo_concurrency.lockutils [None req-8dc5e9c8-3a20-418a-95d2-2e7d0a583bed tempest-ServerBootFromVolumeStableRescueTest-1458094330 tempest-ServerBootFromVolumeStableRescueTest-1458094330-project-member] Acquiring lock "b090d29d-c4fe-4a4d-930e-216a4d857cce" by "nova.context.set_target_cell..get_or_set_cached_cell_and_set_connections" {{(pid=95794) inner /opt/stack/data/venv/lib/python3.12/site-packages/oslo_concurrency/lockutils.py:512}}
Aug 16 17:27:23.157995 np0000007382 nova-conductor[95794]: DEBUG oslo_concurrency.lockutils [None req-8dc5e9c8-3a20-418a-95d2-2e7d0a583bed tempest-ServerBootFromVolumeStableRescueTest-1458094330 tempest-ServerBootFromVolumeStableRescueTest-1458094330-project-member] Lock "b090d29d-c4fe-4a4d-930e-216a4d857cce" acquired by "nova.context.set_target_cell..get_or_set_cached_cell_and_set_connections" :: waited 0.000s {{(pid=95794) inner /opt/stack/data/venv/lib/python3.12/site-packages/oslo_concurrency/lockutils.py:525}}
Aug 16 17:27:23.158068 np0000007382 nova-conductor[95794]: DEBUG oslo_concurrency.lockutils [None req-8dc5e9c8-3a20-418a-95d2-2e7d0a583bed tempest-ServerBootFromVolumeStableRescueTest-1458094330 tempest-ServerBootFromVolumeStableRescueTest-1458094330-project-member] Lock "b090d29d-c4fe-4a4d-930e-216a4d857cce" "released" by "nova.context.set_target_cell..get_or_set_cached_cell_and_set_connections" :: held 0.000s {{(pid=95794) inner /opt/stack/data/venv/lib/python3.12/site-packages/oslo_concurrency/lockutils.py:544}}
Aug 16 17:27:23.158362 np0000007382 nova-conductor[95794]: DEBUG oslo_concurrency.lockutils [None req-8dc5e9c8-3a20-418a-95d2-2e7d0a583bed tempest-ServerBootFromVolumeStableRescueTest-1458094330 tempest-ServerBootFromVolumeStableRescueTest-1458094330-project-member] Acquiring lock "compute-rpcapi-router" {{(pid=95794) lock /opt/stack/data/venv/lib/python3.12/site-packages/oslo_concurrency/lockutils.py:396}}
Aug 16 17:27:23.158586 np0000007382 nova-conductor[95794]: DEBUG oslo_concurrency.lockutils [None req-8dc5e9c8-3a20-418a-95d2-2e7d0a583bed tempest-ServerBootFromVolumeStableRescueTest-1458094330 tempest-ServerBootFromVolumeStableRescueTest-1458094330-project-member] Acquired lock "compute-rpcapi-router" {{(pid=95794) lock /opt/stack/data/venv/lib/python3.12/site-packages/oslo_concurrency/lockutils.py:399}}
Aug 16 17:27:23.159563 np0000007382 nova-conductor[95794]: DEBUG oslo_concurrency.lockutils [None req-94a1c1f3-2157-4c19-8367-9f7ef7677af7 None None] Acquiring lock "00000000-0000-0000-0000-000000000000" by "nova.context.set_target_cell..get_or_set_cached_cell_and_set_connections" {{(pid=95794) inner /opt/stack/data/venv/lib/python3.12/site-packages/oslo_concurrency/lockutils.py:512}}
Aug 16 17:27:23.159689 np0000007382 nova-conductor[95794]: DEBUG oslo_concurrency.lockutils [None req-94a1c1f3-2157-4c19-8367-9f7ef7677af7 None None] Lock "00000000-0000-0000-0000-000000000000" acquired by "nova.context.set_target_cell..get_or_set_cached_cell_and_set_connections" :: waited 0.000s {{(pid=95794) inner /opt/stack/data/venv/lib/python3.12/site-packages/oslo_concurrency/lockutils.py:525}}
Aug 16 17:27:23.159790 np0000007382 nova-conductor[95794]: DEBUG oslo_concurrency.lockutils [None req-94a1c1f3-2157-4c19-8367-9f7ef7677af7 None None] Lock "00000000-0000-0000-0000-000000000000" "released" by "nova.context.set_target_cell..get_or_set_cached_cell_and_set_connections" :: held 0.000s {{(pid=95794) inner /opt/stack/data/venv/lib/python3.12/site-packages/oslo_concurrency/lockutils.py:544}}
Aug 16 17:27:23.160443 np0000007382 nova-conductor[95794]: DEBUG oslo_concurrency.lockutils [None req-94a1c1f3-2157-4c19-8367-9f7ef7677af7 None None] Acquiring lock "b090d29d-c4fe-4a4d-930e-216a4d857cce" by "nova.context.set_target_cell..get_or_set_cached_cell_and_set_connections" {{(pid=95794) inner /opt/stack/data/venv/lib/python3.12/site-packages/oslo_concurrency/lockutils.py:512}}
Aug 16 17:27:23.162224 np0000007382 nova-conductor[95794]: DEBUG oslo_concurrency.lockutils [None req-94a1c1f3-2157-4c19-8367-9f7ef7677af7 None None] Lock "b090d29d-c4fe-4a4d-930e-216a4d857cce" acquired by "nova.context.set_target_cell..get_or_set_cached_cell_and_set_connections" :: waited 0.002s {{(pid=95794) inner /opt/stack/data/venv/lib/python3.12/site-packages/oslo_concurrency/lockutils.py:525}}
Aug 16 17:27:23.162539 np0000007382 nova-conductor[95794]: DEBUG oslo_concurrency.lockutils [None req-94a1c1f3-2157-4c19-8367-9f7ef7677af7 None None] Lock "b090d29d-c4fe-4a4d-930e-216a4d857cce" "released" by "nova.context.set_target_cell..get_or_set_cached_cell_and_set_connections" :: held 0.000s {{(pid=95794) inner /opt/stack/data/venv/lib/python3.12/site-packages/oslo_concurrency/lockutils.py:544}}
Aug 16 17:27:23.171161 np0000007382 nova-conductor[95794]: INFO nova.compute.rpcapi [None req-94a1c1f3-2157-4c19-8367-9f7ef7677af7 None None] Automatically selected compute RPC version 6.5 from minimum service version 72
Aug 16 17:27:23.171761 np0000007382 nova-conductor[95794]: DEBUG oslo_concurrency.lockutils [None req-94a1c1f3-2157-4c19-8367-9f7ef7677af7 None None] Releasing lock "compute-rpcapi-router" {{(pid=95794) lock /opt/stack/data/venv/lib/python3.12/site-packages/oslo_concurrency/lockutils.py:419}}
Aug 16 17:27:33.012775 np0000007382 nova-conductor[95787]: DEBUG dbcounter [-] [95787] Writer thread running {{(pid=95787) stat_writer /opt/stack/data/venv/lib/python3.12/site-packages/dbcounter.py:102}}
Aug 16 17:27:33.102782 np0000007382 nova-conductor[95794]: DEBUG dbcounter [-] [95794] Writing DB stats nova_cell0:SELECT=3 {{(pid=95794) stat_writer /opt/stack/data/venv/lib/python3.12/site-packages/dbcounter.py:115}}
Aug 16 17:27:33.151237 np0000007382 nova-conductor[95794]: DEBUG dbcounter [-] [95794] Writing DB stats nova_api:SELECT=12,nova_api:UPDATE=1,nova_api:DELETE=1 {{(pid=95794) stat_writer /opt/stack/data/venv/lib/python3.12/site-packages/dbcounter.py:115}}
Aug 16 17:27:33.167453 np0000007382 nova-conductor[95794]: DEBUG dbcounter [-] [95794] Writing DB stats nova_cell0:SELECT=2 {{(pid=95794) stat_writer /opt/stack/data/venv/lib/python3.12/site-packages/dbcounter.py:115}}
Aug 16 17:27:33.167931 np0000007382 nova-conductor[95794]: DEBUG dbcounter [-] [95794] Writing DB stats nova_cell1:SELECT=5,nova_cell1:SAVEPOINT=1,nova_cell1:INSERT=21,nova_cell1:RELEASE=1 {{(pid=95794) stat_writer /opt/stack/data/venv/lib/python3.12/site-packages/dbcounter.py:115}}
Aug 16 17:27:33.450481 np0000007382 nova-conductor[95787]: DEBUG nova.conductor.manager [None req-12d9d6af-86df-4fbc-ab6f-215bb7278e4a tempest-TaggedAttachmentsTest-1161248542 tempest-TaggedAttachmentsTest-1161248542-project-member] Took 0.44 seconds to select destinations for 1 instance(s). {{(pid=95787) _schedule_instances /opt/stack/nova/nova/conductor/manager.py:956}}
Aug 16 17:27:33.482084 np0000007382 nova-conductor[95787]: DEBUG oslo_concurrency.lockutils [None req-12d9d6af-86df-4fbc-ab6f-215bb7278e4a tempest-TaggedAttachmentsTest-1161248542 tempest-TaggedAttachmentsTest-1161248542-project-member] Acquiring lock "b090d29d-c4fe-4a4d-930e-216a4d857cce" by "nova.context.set_target_cell..get_or_set_cached_cell_and_set_connections" {{(pid=95787) inner /opt/stack/data/venv/lib/python3.12/site-packages/oslo_concurrency/lockutils.py:512}}
Aug 16 17:27:33.482421 np0000007382 nova-conductor[95787]: DEBUG oslo_concurrency.lockutils [None req-12d9d6af-86df-4fbc-ab6f-215bb7278e4a tempest-TaggedAttachmentsTest-1161248542 tempest-TaggedAttachmentsTest-1161248542-project-member] Lock "b090d29d-c4fe-4a4d-930e-216a4d857cce" acquired by "nova.context.set_target_cell..get_or_set_cached_cell_and_set_connections" :: waited 0.000s {{(pid=95787) inner /opt/stack/data/venv/lib/python3.12/site-packages/oslo_concurrency/lockutils.py:525}}
Aug 16 17:27:33.484396 np0000007382 nova-conductor[95787]: DEBUG oslo_concurrency.lockutils [None req-12d9d6af-86df-4fbc-ab6f-215bb7278e4a tempest-TaggedAttachmentsTest-1161248542 tempest-TaggedAttachmentsTest-1161248542-project-member] Lock "b090d29d-c4fe-4a4d-930e-216a4d857cce" "released" by "nova.context.set_target_cell..get_or_set_cached_cell_and_set_connections" :: held 0.002s {{(pid=95787) inner /opt/stack/data/venv/lib/python3.12/site-packages/oslo_concurrency/lockutils.py:544}}
Aug 16 17:27:33.486607 np0000007382 nova-conductor[95787]: INFO dbcounter [None req-12d9d6af-86df-4fbc-ab6f-215bb7278e4a tempest-TaggedAttachmentsTest-1161248542 tempest-TaggedAttachmentsTest-1161248542-project-member] Registered counter for database nova_cell1
Aug 16 17:27:33.524500 np0000007382 nova-conductor[95787]: DEBUG oslo_db.sqlalchemy.engines [None req-12d9d6af-86df-4fbc-ab6f-215bb7278e4a tempest-TaggedAttachmentsTest-1161248542 tempest-TaggedAttachmentsTest-1161248542-project-member] MySQL server mode set to STRICT_TRANS_TABLES,STRICT_ALL_TABLES,NO_ZERO_IN_DATE,NO_ZERO_DATE,ERROR_FOR_DIVISION_BY_ZERO,TRADITIONAL,NO_ENGINE_SUBSTITUTION {{(pid=95787) _check_effective_sql_mode /opt/stack/data/venv/lib/python3.12/site-packages/oslo_db/sqlalchemy/engines.py:325}}
Aug 16 17:27:33.530758 np0000007382 nova-conductor[95787]: DEBUG dbcounter [-] [95787] Writer thread running {{(pid=95787) stat_writer /opt/stack/data/venv/lib/python3.12/site-packages/dbcounter.py:102}}
Aug 16 17:27:33.572958 np0000007382 nova-conductor[95787]: INFO nova.utils [None req-12d9d6af-86df-4fbc-ab6f-215bb7278e4a tempest-TaggedAttachmentsTest-1161248542 tempest-TaggedAttachmentsTest-1161248542-project-member] The cell worker thread pool ForkProcess-1.cell_worker is initialized
Aug 16 17:27:33.573099 np0000007382 nova-conductor[95787]: DEBUG oslo_concurrency.lockutils [None req-12d9d6af-86df-4fbc-ab6f-215bb7278e4a tempest-TaggedAttachmentsTest-1161248542 tempest-TaggedAttachmentsTest-1161248542-project-member] Acquiring lock "00000000-0000-0000-0000-000000000000" by "nova.context.set_target_cell..get_or_set_cached_cell_and_set_connections" {{(pid=95787) inner /opt/stack/data/venv/lib/python3.12/site-packages/oslo_concurrency/lockutils.py:512}}
Aug 16 17:27:33.573240 np0000007382 nova-conductor[95787]: DEBUG oslo_concurrency.lockutils [None req-12d9d6af-86df-4fbc-ab6f-215bb7278e4a tempest-TaggedAttachmentsTest-1161248542 tempest-TaggedAttachmentsTest-1161248542-project-member] Lock "00000000-0000-0000-0000-000000000000" acquired by "nova.context.set_target_cell..get_or_set_cached_cell_and_set_connections" :: waited 0.000s {{(pid=95787) inner /opt/stack/data/venv/lib/python3.12/site-packages/oslo_concurrency/lockutils.py:525}}
Aug 16 17:27:33.573733 np0000007382 nova-conductor[95787]: DEBUG oslo_concurrency.lockutils [None req-12d9d6af-86df-4fbc-ab6f-215bb7278e4a tempest-TaggedAttachmentsTest-1161248542 tempest-TaggedAttachmentsTest-1161248542-project-member] Lock "00000000-0000-0000-0000-000000000000" "released" by "nova.context.set_target_cell..get_or_set_cached_cell_and_set_connections" :: held 0.000s {{(pid=95787) inner /opt/stack/data/venv/lib/python3.12/site-packages/oslo_concurrency/lockutils.py:544}}
