Aug 16 17:24:45.581543 np0000007382 devstack@neutron-api.service[87580]: DEBUG ovsdbapp.backend.ovs_idl.transaction [None req-d2958865-ace9-4ab4-9e1b-225c822a61e0 None None] Running txn n=1 command(idx=0): CheckRevisionNumberCommand(_result=None, name=1cab4916-f78d-43a5-aab8-a0a388d8d692, resource={'id': '1cab4916-f78d-43a5-aab8-a0a388d8d692', 'name': '', 'network_id': 'dccfb9c9-8386-45c4-b1bf-9e3c493e2701', 'project_id': '', 'mac_address': 'fa:16:3e:85:14:72', 'admin_state_up': True, 'status': 'ACTIVE', 'device_id': 'ee451272-b464-4b09-9755-8044512fa8bd', 'device_owner': 'network:router_gateway', 'standard_attr_id': 23, 'fixed_ips': [{'subnet_id': '8745aa1e-e25c-4254-aae7-69eb43c1c14a', 'ip_address': '172.24.5.24'}, {'subnet_id': 'c4ab0f2a-a205-4094-bcb3-68f0ca669c4d', 'ip_address': '2001:db8::1'}], 'allowed_address_pairs': [], 'extra_dhcp_opts': [], 'security_groups': [], 'description': '', 'binding:vnic_type': 'normal', 'binding:profile': {}, 'binding:host_id': 'np0000007382', 'binding:vif_type': 'ovs', 'binding:vif_details': {'port_filter': True, 'connectivity': 'l2', 'ovs_create_tap': True, 'bridge_name': 'br-int', 'datapath_type': 'system'}, 'port_security_enabled': False, 'tags': [], 'created_at': '2026-08-16T17:24:40Z', 'updated_at': '2026-08-16T17:24:44Z', 'revision_number': 6, 'tenant_id': '', 'network': {'id': 'dccfb9c9-8386-45c4-b1bf-9e3c493e2701', 'name': 'public', 'tenant_id': 'e55bb9a22ea04835b0dd11d6223b3498', 'project_id': 'e55bb9a22ea04835b0dd11d6223b3498', 'admin_state_up': True, 'mtu': 1430, 'status': 'ACTIVE', 'subnets': ['8745aa1e-e25c-4254-aae7-69eb43c1c14a', 'c4ab0f2a-a205-4094-bcb3-68f0ca669c4d'], 'standard_attr_id': 18, 'shared': False, 'availability_zone_hints': [], 'availability_zones': [], 'ipv4_address_scope': None, 'ipv6_address_scope': None, 'router:external': True, 'qinq': False, 'vlan_transparent': False, 'description': '', 'port_security_enabled': True, 'is_default': True, 'tags': [], 'created_at': '2026-08-16T17:24:36Z', 'updated_at': '2026-08-16T17:24:44Z', 'revision_number': 3, 'provider:network_type': 'flat', 'provider:physical_network': 'public', 'provider:segmentation_id': None}}, resource_type=ports, if_exists=True) {{(pid=87580) do_commit /opt/stack/data/venv/lib/python3.12/site-packages/ovsdbapp/backend/ovs_idl/transaction.py:89}}
Aug 16 17:24:45.582011 np0000007382 devstack@neutron-api.service[87580]: DEBUG ovsdbapp.backend.ovs_idl.transaction [None req-d2958865-ace9-4ab4-9e1b-225c822a61e0 None None] Running txn n=1 command(idx=1): SetLSwitchPortCommand(_result=None, lport=1cab4916-f78d-43a5-aab8-a0a388d8d692, external_ids_update=None, columns={'external_ids': {'neutron:port_name': '', 'neutron:device_id': 'ee451272-b464-4b09-9755-8044512fa8bd', 'neutron:project_id': '', 'neutron:cidrs': '172.24.5.24/24 2001:db8::1/64', 'neutron:device_owner': 'network:router_gateway', 'neutron:subnet_pool_addr_scope4': '', 'neutron:subnet_pool_addr_scope6': '', 'neutron:network_name': 'neutron-dccfb9c9-8386-45c4-b1bf-9e3c493e2701', 'neutron:security_group_ids': '', 'neutron:revision_number': '6', 'neutron:vnic_type': 'normal', 'neutron:port_capabilities': '', 'neutron:mtu': '', 'neutron:host_id': 'np0000007382'}, 'parent_name': [], 'options': {'requested-chassis': 'np0000007382', 'exclude-lb-vips-from-garp': 'true', 'nat-addresses': 'router', 'router-port': 'lrp-1cab4916-f78d-43a5-aab8-a0a388d8d692'}, 'enabled': True, 'port_security': [], 'dhcpv4_options': [], 'dhcpv6_options': [], 'type': 'router', 'ha_chassis_group': [], 'tag_request': []}, if_exists=False) {{(pid=87580) do_commit /opt/stack/data/venv/lib/python3.12/site-packages/ovsdbapp/backend/ovs_idl/transaction.py:89}}
Aug 16 17:24:45.582926 np0000007382 devstack@neutron-api.service[87580]: DEBUG ovsdbapp.backend.ovs_idl.transaction [None req-d2958865-ace9-4ab4-9e1b-225c822a61e0 None None] Running txn n=1 command(idx=2): PgDelPortCommand(_result=None, port_group=neutron_pg_drop, lsp=['1cab4916-f78d-43a5-aab8-a0a388d8d692'], if_exists=False) {{(pid=87580) do_commit /opt/stack/data/venv/lib/python3.12/site-packages/ovsdbapp/backend/ovs_idl/transaction.py:89}}
Aug 16 17:24:45.585507 np0000007382 devstack@neutron-api.service[87580]: DEBUG neutron.plugins.ml2.drivers.ovn.mech_driver.ovsdb.ovsdb_monitor [None req-d2958865-ace9-4ab4-9e1b-225c822a61e0 None None] Touching Hash Ring node "50f70936b38950eeac7cac4c53fe6ef7" from IDL notify handler {{(pid=87580) notify /opt/stack/neutron/neutron/plugins/ml2/drivers/ovn/mech_driver/ovsdb/ovsdb_monitor.py:1091}}
Aug 16 17:24:45.587077 np0000007382 devstack@neutron-api.service[87582]: DEBUG neutron.api.rpc.handlers.resources_rpc [None req-4559880b-4aab-41e4-bdfa-0b3310f1ef48 None None] Pushing event updated for resources: {'Port': ['ID=1cab4916-f78d-43a5-aab8-a0a388d8d692,revision_number=6']} {{(pid=87582) push /opt/stack/neutron/neutron/api/rpc/handlers/resources_rpc.py:237}}
Aug 16 17:24:45.591302 np0000007382 devstack@neutron-api.service[87582]: DEBUG neutron.plugins.ml2.drivers.ovn.mech_driver.ovsdb.ovsdb_monitor [None req-8c6ada1a-5b6d-46b2-afcc-998ebeb3bccc None None] Touching Hash Ring node "02862c22e62d59679cb45d6637a2f832" from IDL notify handler {{(pid=87582) notify /opt/stack/neutron/neutron/plugins/ml2/drivers/ovn/mech_driver/ovsdb/ovsdb_monitor.py:1091}}
Aug 16 17:24:45.591484 np0000007382 devstack@neutron-api.service[87580]: DEBUG neutron.plugins.ml2.drivers.ovn.mech_driver.ovsdb.ovsdb_monitor [None req-d2958865-ace9-4ab4-9e1b-225c822a61e0 None None] Hash Ring: Node 50f70936b38950eeac7cac4c53fe6ef7 (host: np0000007382) handling event "update" for row c2d6aeb0-0c3e-4db4-a6d2-acb01c0c73c8 (table: Logical_Switch_Port) {{(pid=87580) notify /opt/stack/neutron/neutron/plugins/ml2/drivers/ovn/mech_driver/ovsdb/ovsdb_monitor.py:1099}}
Aug 16 17:24:45.600160 np0000007382 devstack@neutron-api.service[87582]: DEBUG neutron.plugins.ml2.drivers.ovn.mech_driver.ovsdb.ovsdb_monitor [None req-8c6ada1a-5b6d-46b2-afcc-998ebeb3bccc None None] Hash Ring: Node 02862c22e62d59679cb45d6637a2f832 (host: np0000007382) handling event "update" for row c2d6aeb0-0c3e-4db4-a6d2-acb01c0c73c8 (table: Logical_Switch_Port) {{(pid=87582) notify /opt/stack/neutron/neutron/plugins/ml2/drivers/ovn/mech_driver/ovsdb/ovsdb_monitor.py:1099}}
Aug 16 17:24:45.617329 np0000007382 devstack@neutron-api.service[87580]: DEBUG ovsdbapp.backend.ovs_idl.transaction [None req-d2958865-ace9-4ab4-9e1b-225c822a61e0 None None] Running txn n=1 command(idx=0): DbSetCommand(_result=None, table=Logical_Switch_Port, record=1cab4916-f78d-43a5-aab8-a0a388d8d692, col_values=(('external_ids', {'neutron:host_id': 'np0000007382'}),), if_exists=True) {{(pid=87580) do_commit /opt/stack/data/venv/lib/python3.12/site-packages/ovsdbapp/backend/ovs_idl/transaction.py:89}}
Aug 16 17:24:45.617887 np0000007382 devstack@neutron-api.service[87580]: DEBUG ovsdbapp.backend.ovs_idl.transaction [None req-d2958865-ace9-4ab4-9e1b-225c822a61e0 None None] Transaction caused no change {{(pid=87580) do_commit /opt/stack/data/venv/lib/python3.12/site-packages/ovsdbapp/backend/ovs_idl/transaction.py:129}}
Aug 16 17:24:45.660169 np0000007382 devstack@neutron-api.service[87582]: DEBUG neutron.plugins.ml2.drivers.ovn.mech_driver.ovsdb.commands [None req-4559880b-4aab-41e4-bdfa-0b3310f1ef48 None None] Converting tag [] to a tag_request {{(pid=87582) _tag_column_to_tag_request /opt/stack/neutron/neutron/plugins/ml2/drivers/ovn/mech_driver/ovsdb/commands.py:227}}
Aug 16 17:24:45.661178 np0000007382 devstack@neutron-api.service[87582]: DEBUG ovsdbapp.backend.ovs_idl.transaction [None req-8c6ada1a-5b6d-46b2-afcc-998ebeb3bccc None None] Running txn n=1 command(idx=0): CheckRevisionNumberCommand(_result=None, name=1cab4916-f78d-43a5-aab8-a0a388d8d692, resource={'id': '1cab4916-f78d-43a5-aab8-a0a388d8d692', 'name': '', 'network_id': 'dccfb9c9-8386-45c4-b1bf-9e3c493e2701', 'project_id': '', 'mac_address': 'fa:16:3e:85:14:72', 'admin_state_up': True, 'status': 'ACTIVE', 'device_id': 'ee451272-b464-4b09-9755-8044512fa8bd', 'device_owner': 'network:router_gateway', 'standard_attr_id': 23, 'fixed_ips': [{'subnet_id': '8745aa1e-e25c-4254-aae7-69eb43c1c14a', 'ip_address': '172.24.5.24'}, {'subnet_id': 'c4ab0f2a-a205-4094-bcb3-68f0ca669c4d', 'ip_address': '2001:db8::1'}], 'allowed_address_pairs': [], 'extra_dhcp_opts': [], 'security_groups': [], 'description': '', 'binding:vnic_type': 'normal', 'binding:profile': {}, 'binding:host_id': 'np0000007382', 'binding:vif_type': 'ovs', 'binding:vif_details': {'port_filter': True, 'connectivity': 'l2', 'ovs_create_tap': True, 'bridge_name': 'br-int', 'datapath_type': 'system'}, 'port_security_enabled': False, 'tags': [], 'created_at': '2026-08-16T17:24:40Z', 'updated_at': '2026-08-16T17:24:44Z', 'revision_number': 6, 'tenant_id': '', 'network': {'id': 'dccfb9c9-8386-45c4-b1bf-9e3c493e2701', 'name': 'public', 'tenant_id': 'e55bb9a22ea04835b0dd11d6223b3498', 'project_id': 'e55bb9a22ea04835b0dd11d6223b3498', 'admin_state_up': True, 'mtu': 1430, 'status': 'ACTIVE', 'subnets': ['8745aa1e-e25c-4254-aae7-69eb43c1c14a', 'c4ab0f2a-a205-4094-bcb3-68f0ca669c4d'], 'standard_attr_id': 18, 'shared': False, 'availability_zone_hints': [], 'availability_zones': [], 'ipv4_address_scope': None, 'ipv6_address_scope': None, 'router:external': True, 'qinq': False, 'vlan_transparent': False, 'description': '', 'port_security_enabled': True, 'is_default': True, 'tags': [], 'created_at': '2026-08-16T17:24:36Z', 'updated_at': '2026-08-16T17:24:44Z', 'revision_number': 3, 'provider:network_type': 'flat', 'provider:physical_network': 'public', 'provider:segmentation_id': None}}, resource_type=ports, if_exists=True) {{(pid=87582) do_commit /opt/stack/data/venv/lib/python3.12/site-packages/ovsdbapp/backend/ovs_idl/transaction.py:89}}
Aug 16 17:24:45.661824 np0000007382 devstack@neutron-api.service[87582]: DEBUG ovsdbapp.backend.ovs_idl.transaction [None req-8c6ada1a-5b6d-46b2-afcc-998ebeb3bccc None None] Running txn n=1 command(idx=1): SetLSwitchPortCommand(_result=None, lport=1cab4916-f78d-43a5-aab8-a0a388d8d692, external_ids_update=None, columns={'external_ids': {'neutron:port_name': '', 'neutron:device_id': 'ee451272-b464-4b09-9755-8044512fa8bd', 'neutron:project_id': '', 'neutron:cidrs': '172.24.5.24/24 2001:db8::1/64', 'neutron:device_owner': 'network:router_gateway', 'neutron:subnet_pool_addr_scope4': '', 'neutron:subnet_pool_addr_scope6': '', 'neutron:network_name': 'neutron-dccfb9c9-8386-45c4-b1bf-9e3c493e2701', 'neutron:security_group_ids': '', 'neutron:revision_number': '6', 'neutron:vnic_type': 'normal', 'neutron:port_capabilities': '', 'neutron:mtu': '', 'neutron:host_id': 'np0000007382'}, 'parent_name': [], 'options': {'requested-chassis': 'np0000007382', 'exclude-lb-vips-from-garp': 'true', 'nat-addresses': 'router', 'router-port': 'lrp-1cab4916-f78d-43a5-aab8-a0a388d8d692'}, 'enabled': True, 'port_security': [], 'dhcpv4_options': [], 'dhcpv6_options': [], 'type': 'router', 'ha_chassis_group': [], 'tag_request': []}, if_exists=False) {{(pid=87582) do_commit /opt/stack/data/venv/lib/python3.12/site-packages/ovsdbapp/backend/ovs_idl/transaction.py:89}}
Aug 16 17:24:45.663123 np0000007382 devstack@neutron-api.service[87582]: DEBUG ovsdbapp.backend.ovs_idl.transaction [None req-8c6ada1a-5b6d-46b2-afcc-998ebeb3bccc None None] Running txn n=1 command(idx=2): PgDelPortCommand(_result=None, port_group=neutron_pg_drop, lsp=['1cab4916-f78d-43a5-aab8-a0a388d8d692'], if_exists=False) {{(pid=87582) do_commit /opt/stack/data/venv/lib/python3.12/site-packages/ovsdbapp/backend/ovs_idl/transaction.py:89}}
Aug 16 17:24:45.687823 np0000007382 devstack@neutron-api.service[87582]: DEBUG ovsdbapp.backend.ovs_idl.transaction [None req-8c6ada1a-5b6d-46b2-afcc-998ebeb3bccc None None] Running txn n=1 command(idx=0): DbSetCommand(_result=None, table=Logical_Switch_Port, record=1cab4916-f78d-43a5-aab8-a0a388d8d692, col_values=(('external_ids', {'neutron:host_id': 'np0000007382'}),), if_exists=True) {{(pid=87582) do_commit /opt/stack/data/venv/lib/python3.12/site-packages/ovsdbapp/backend/ovs_idl/transaction.py:89}}
Aug 16 17:24:45.688722 np0000007382 devstack@neutron-api.service[87582]: DEBUG ovsdbapp.backend.ovs_idl.transaction [None req-8c6ada1a-5b6d-46b2-afcc-998ebeb3bccc None None] Transaction caused no change {{(pid=87582) do_commit /opt/stack/data/venv/lib/python3.12/site-packages/ovsdbapp/backend/ovs_idl/transaction.py:129}}
Aug 16 17:24:45.842619 np0000007382 devstack@neutron-api.service[87582]: DEBUG neutron.api.wsgi [None req-febf8a82-24b1-408b-9196-9cbd2ff3b64c admin admin] Missing Content-Type {{(pid=87582) get_content_type /opt/stack/neutron/neutron/api/wsgi.py:80}}
Aug 16 17:24:45.889134 np0000007382 devstack@neutron-api.service[87582]: [pid: 87582|app: 0|req: 12/32] 10.4.3.15 () {64 vars in 1374 bytes} [Sun Aug 16 17:24:45 2026] GET /networking/v2.0/routers/ee451272-b464-4b09-9755-8044512fa8bd => generated 1108 bytes in 48 msecs (HTTP/1.1 200) 4 headers in 158 bytes (1 switches on core 0)
Aug 16 17:24:45.939321 np0000007382 devstack@neutron-api.service[87580]: DEBUG neutron.pecan_wsgi.hooks.policy_enforcement [None req-9c04b308-6d84-468e-9cba-c8eabd12ff34 admin admin] Attributes excluded by policy engine: ['standard_attr_id'] {{(pid=87580) _exclude_attributes_by_policy /opt/stack/neutron/neutron/pecan_wsgi/hooks/policy_enforcement.py:259}}
Aug 16 17:24:45.941185 np0000007382 devstack@neutron-api.service[87580]: [pid: 87580|app: 0|req: 11/33] 10.4.3.15 () {64 vars in 1363 bytes} [Sun Aug 16 17:24:45 2026] GET /networking/v2.0/ports?device_id=ee451272-b464-4b09-9755-8044512fa8bd => generated 2593 bytes in 45 msecs (HTTP/1.1 200) 4 headers in 158 bytes (1 switches on core 0)
Aug 16 17:24:48.731460 np0000007382 devstack@neutron-api.service[87582]: DEBUG neutron.plugins.ml2.drivers.ovn.mech_driver.ovsdb.ovsdb_monitor [None req-8c6ada1a-5b6d-46b2-afcc-998ebeb3bccc None None] Touching Hash Ring node "02862c22e62d59679cb45d6637a2f832" from IDL notify handler {{(pid=87582) notify /opt/stack/neutron/neutron/plugins/ml2/drivers/ovn/mech_driver/ovsdb/ovsdb_monitor.py:1091}}
Aug 16 17:24:48.735818 np0000007382 devstack@neutron-api.service[87582]: DEBUG neutron.plugins.ml2.drivers.ovn.mech_driver.ovsdb.ovsdb_monitor [None req-8c6ada1a-5b6d-46b2-afcc-998ebeb3bccc None None] Hash Ring: Node 02862c22e62d59679cb45d6637a2f832 (host: np0000007382) handling event "update" for row 3a060412-d64e-416b-a222-6b1720e32b92 (table: NB_Global) {{(pid=87582) notify /opt/stack/neutron/neutron/plugins/ml2/drivers/ovn/mech_driver/ovsdb/ovsdb_monitor.py:1099}}
Aug 16 17:24:49.026638 np0000007382 devstack@neutron-api.service[87582]: DEBUG neutron.plugins.ml2.drivers.ovn.mech_driver.ovsdb.ovsdb_monitor [None req-8c6ada1a-5b6d-46b2-afcc-998ebeb3bccc None None] Touching Hash Ring node "02862c22e62d59679cb45d6637a2f832" from IDL notify handler {{(pid=87582) notify /opt/stack/neutron/neutron/plugins/ml2/drivers/ovn/mech_driver/ovsdb/ovsdb_monitor.py:1091}}
Aug 16 17:24:49.033058 np0000007382 devstack@neutron-api.service[87582]: DEBUG neutron.plugins.ml2.drivers.ovn.mech_driver.ovsdb.ovsdb_monitor [None req-8c6ada1a-5b6d-46b2-afcc-998ebeb3bccc None None] Hash Ring: Node 02862c22e62d59679cb45d6637a2f832 (host: np0000007382) handling event "update" for row 3a060412-d64e-416b-a222-6b1720e32b92 (table: NB_Global) {{(pid=87582) notify /opt/stack/neutron/neutron/plugins/ml2/drivers/ovn/mech_driver/ovsdb/ovsdb_monitor.py:1099}}
Aug 16 17:24:49.036327 np0000007382 devstack@neutron-api.service[87582]: DEBUG neutron.plugins.ml2.drivers.ovn.mech_driver.ovsdb.ovsdb_monitor [None req-8c6ada1a-5b6d-46b2-afcc-998ebeb3bccc None None] Touching Hash Ring node "02862c22e62d59679cb45d6637a2f832" from IDL notify handler {{(pid=87582) notify /opt/stack/neutron/neutron/plugins/ml2/drivers/ovn/mech_driver/ovsdb/ovsdb_monitor.py:1091}}
Aug 16 17:24:49.043699 np0000007382 devstack@neutron-api.service[87582]: DEBUG neutron.plugins.ml2.drivers.ovn.mech_driver.ovsdb.ovsdb_monitor [None req-8c6ada1a-5b6d-46b2-afcc-998ebeb3bccc None None] Hash Ring: Node 02862c22e62d59679cb45d6637a2f832 (host: np0000007382) handling event "update" for row 3a060412-d64e-416b-a222-6b1720e32b92 (table: NB_Global) {{(pid=87582) notify /opt/stack/neutron/neutron/plugins/ml2/drivers/ovn/mech_driver/ovsdb/ovsdb_monitor.py:1099}}
Aug 16 17:24:49.045871 np0000007382 devstack@neutron-api.service[87582]: DEBUG neutron.plugins.ml2.drivers.ovn.mech_driver.ovsdb.ovsdb_monitor [None req-8c6ada1a-5b6d-46b2-afcc-998ebeb3bccc None None] Touching Hash Ring node "02862c22e62d59679cb45d6637a2f832" from IDL notify handler {{(pid=87582) notify /opt/stack/neutron/neutron/plugins/ml2/drivers/ovn/mech_driver/ovsdb/ovsdb_monitor.py:1091}}
Aug 16 17:24:49.050183 np0000007382 devstack@neutron-api.service[87582]: DEBUG neutron.plugins.ml2.drivers.ovn.mech_driver.ovsdb.ovsdb_monitor [None req-8c6ada1a-5b6d-46b2-afcc-998ebeb3bccc None None] Hash Ring: Node 02862c22e62d59679cb45d6637a2f832 (host: np0000007382) handling event "update" for row 3a060412-d64e-416b-a222-6b1720e32b92 (table: NB_Global) {{(pid=87582) notify /opt/stack/neutron/neutron/plugins/ml2/drivers/ovn/mech_driver/ovsdb/ovsdb_monitor.py:1099}}
Aug 16 17:24:55.487450 np0000007382 devstack@neutron-api.service[87581]: DEBUG dbcounter [-] [87581] Writing DB stats neutron:SELECT=2111,neutron:INSERT=56,neutron:DELETE=10,neutron:UPDATE=49 {{(pid=87581) stat_writer /opt/stack/data/venv/lib/python3.12/site-packages/dbcounter.py:115}}
Aug 16 17:24:55.935826 np0000007382 devstack@neutron-api.service[87580]: DEBUG dbcounter [-] [87580] Writing DB stats neutron:SELECT=1009,neutron:INSERT=21,neutron:DELETE=6,neutron:UPDATE=31 {{(pid=87580) stat_writer /opt/stack/data/venv/lib/python3.12/site-packages/dbcounter.py:115}}
Aug 16 17:24:55.953411 np0000007382 devstack@neutron-api.service[87582]: DEBUG futurist.periodics [-] Submitting periodic callback 'neutron.plugins.ml2.drivers.ovn.mech_driver.ovsdb.maintenance.HashRingHealthCheckPeriodics.touch_hash_ring_node' {{(pid=87582) _process_scheduled /opt/stack/data/venv/lib/python3.12/site-packages/futurist/periodics.py:784}}
Aug 16 17:24:55.954217 np0000007382 devstack@neutron-api.service[87582]: DEBUG neutron.plugins.ml2.drivers.ovn.mech_driver.ovsdb.maintenance [-] Touching Hash Ring node "02862c22e62d59679cb45d6637a2f832" from periodic health check thread {{(pid=87582) touch_hash_ring_node /opt/stack/neutron/neutron/plugins/ml2/drivers/ovn/mech_driver/ovsdb/maintenance.py:1453}}
Aug 16 17:24:56.869082 np0000007382 devstack@neutron-api.service[87580]: DEBUG futurist.periodics [-] Submitting periodic callback 'neutron.plugins.ml2.drivers.ovn.mech_driver.ovsdb.maintenance.HashRingHealthCheckPeriodics.touch_hash_ring_node' {{(pid=87580) _process_scheduled /opt/stack/data/venv/lib/python3.12/site-packages/futurist/periodics.py:784}}
Aug 16 17:24:56.869365 np0000007382 devstack@neutron-api.service[87580]: DEBUG neutron.plugins.ml2.drivers.ovn.mech_driver.ovsdb.maintenance [-] Touching Hash Ring node "50f70936b38950eeac7cac4c53fe6ef7" from periodic health check thread {{(pid=87580) touch_hash_ring_node /opt/stack/neutron/neutron/plugins/ml2/drivers/ovn/mech_driver/ovsdb/maintenance.py:1453}}
Aug 16 17:24:56.882406 np0000007382 devstack@neutron-api.service[87581]: DEBUG futurist.periodics [-] Submitting periodic callback 'neutron.plugins.ml2.drivers.ovn.mech_driver.ovsdb.maintenance.HashRingHealthCheckPeriodics.touch_hash_ring_node' {{(pid=87581) _process_scheduled /opt/stack/data/venv/lib/python3.12/site-packages/futurist/periodics.py:784}}
Aug 16 17:24:56.882736 np0000007382 devstack@neutron-api.service[87581]: DEBUG neutron.plugins.ml2.drivers.ovn.mech_driver.ovsdb.maintenance [-] Touching Hash Ring node "c516a5489c635354891e0cfc9f6c4b0b" from periodic health check thread {{(pid=87581) touch_hash_ring_node /opt/stack/neutron/neutron/plugins/ml2/drivers/ovn/mech_driver/ovsdb/maintenance.py:1453}}
Aug 16 17:25:05.969324 np0000007382 devstack@neutron-api.service[87582]: DEBUG dbcounter [-] [87582] Writing DB stats neutron:SELECT=2850,neutron:INSERT=729,neutron:DELETE=11,neutron:UPDATE=116 {{(pid=87582) stat_writer /opt/stack/data/venv/lib/python3.12/site-packages/dbcounter.py:115}}
Aug 16 17:25:06.874500 np0000007382 devstack@neutron-api.service[87580]: DEBUG dbcounter [-] [87580] Writing DB stats neutron:UPDATE=1,neutron:SELECT=1 {{(pid=87580) stat_writer /opt/stack/data/venv/lib/python3.12/site-packages/dbcounter.py:115}}
Aug 16 17:25:06.887902 np0000007382 devstack@neutron-api.service[87581]: DEBUG dbcounter [-] [87581] Writing DB stats neutron:UPDATE=1,neutron:SELECT=1 {{(pid=87581) stat_writer /opt/stack/data/venv/lib/python3.12/site-packages/dbcounter.py:115}}
Aug 16 17:25:10.954471 np0000007382 devstack@neutron-api.service[87582]: DEBUG futurist.periodics [-] Submitting periodic callback 'neutron.plugins.ml2.drivers.ovn.mech_driver.ovsdb.maintenance.HashRingHealthCheckPeriodics.touch_hash_ring_node' {{(pid=87582) _process_scheduled /opt/stack/data/venv/lib/python3.12/site-packages/futurist/periodics.py:784}}
Aug 16 17:25:10.954866 np0000007382 devstack@neutron-api.service[87582]: DEBUG neutron.plugins.ml2.drivers.ovn.mech_driver.ovsdb.maintenance [-] Touching Hash Ring node "02862c22e62d59679cb45d6637a2f832" from periodic health check thread {{(pid=87582) touch_hash_ring_node /opt/stack/neutron/neutron/plugins/ml2/drivers/ovn/mech_driver/ovsdb/maintenance.py:1453}}
Aug 16 17:25:11.869566 np0000007382 devstack@neutron-api.service[87580]: DEBUG futurist.periodics [-] Submitting periodic callback 'neutron.plugins.ml2.drivers.ovn.mech_driver.ovsdb.maintenance.HashRingHealthCheckPeriodics.touch_hash_ring_node' {{(pid=87580) _process_scheduled /opt/stack/data/venv/lib/python3.12/site-packages/futurist/periodics.py:784}}
Aug 16 17:25:11.870039 np0000007382 devstack@neutron-api.service[87580]: DEBUG neutron.plugins.ml2.drivers.ovn.mech_driver.ovsdb.maintenance [-] Touching Hash Ring node "50f70936b38950eeac7cac4c53fe6ef7" from periodic health check thread {{(pid=87580) touch_hash_ring_node /opt/stack/neutron/neutron/plugins/ml2/drivers/ovn/mech_driver/ovsdb/maintenance.py:1453}}
Aug 16 17:25:11.882943 np0000007382 devstack@neutron-api.service[87581]: DEBUG futurist.periodics [-] Submitting periodic callback 'neutron.plugins.ml2.drivers.ovn.mech_driver.ovsdb.maintenance.HashRingHealthCheckPeriodics.touch_hash_ring_node' {{(pid=87581) _process_scheduled /opt/stack/data/venv/lib/python3.12/site-packages/futurist/periodics.py:784}}
Aug 16 17:25:11.883292 np0000007382 devstack@neutron-api.service[87581]: DEBUG neutron.plugins.ml2.drivers.ovn.mech_driver.ovsdb.maintenance [-] Touching Hash Ring node "c516a5489c635354891e0cfc9f6c4b0b" from periodic health check thread {{(pid=87581) touch_hash_ring_node /opt/stack/neutron/neutron/plugins/ml2/drivers/ovn/mech_driver/ovsdb/maintenance.py:1453}}
Aug 16 17:25:20.960495 np0000007382 devstack@neutron-api.service[87582]: DEBUG dbcounter [-] [87582] Writing DB stats neutron:UPDATE=1,neutron:SELECT=1 {{(pid=87582) stat_writer /opt/stack/data/venv/lib/python3.12/site-packages/dbcounter.py:115}}
Aug 16 17:25:21.877634 np0000007382 devstack@neutron-api.service[87580]: DEBUG dbcounter [-] [87580] Writing DB stats neutron:UPDATE=1,neutron:SELECT=1 {{(pid=87580) stat_writer /opt/stack/data/venv/lib/python3.12/site-packages/dbcounter.py:115}}
Aug 16 17:25:21.889112 np0000007382 devstack@neutron-api.service[87581]: DEBUG dbcounter [-] [87581] Writing DB stats neutron:UPDATE=1,neutron:SELECT=1 {{(pid=87581) stat_writer /opt/stack/data/venv/lib/python3.12/site-packages/dbcounter.py:115}}
Aug 16 17:25:25.954986 np0000007382 devstack@neutron-api.service[87582]: DEBUG futurist.periodics [-] Submitting periodic callback 'neutron.plugins.ml2.drivers.ovn.mech_driver.ovsdb.maintenance.HashRingHealthCheckPeriodics.touch_hash_ring_node' {{(pid=87582) _process_scheduled /opt/stack/data/venv/lib/python3.12/site-packages/futurist/periodics.py:784}}
Aug 16 17:25:25.955424 np0000007382 devstack@neutron-api.service[87582]: DEBUG neutron.plugins.ml2.drivers.ovn.mech_driver.ovsdb.maintenance [-] Touching Hash Ring node "02862c22e62d59679cb45d6637a2f832" from periodic health check thread {{(pid=87582) touch_hash_ring_node /opt/stack/neutron/neutron/plugins/ml2/drivers/ovn/mech_driver/ovsdb/maintenance.py:1453}}
Aug 16 17:25:26.870206 np0000007382 devstack@neutron-api.service[87580]: DEBUG futurist.periodics [-] Submitting periodic callback 'neutron.plugins.ml2.drivers.ovn.mech_driver.ovsdb.maintenance.HashRingHealthCheckPeriodics.touch_hash_ring_node' {{(pid=87580) _process_scheduled /opt/stack/data/venv/lib/python3.12/site-packages/futurist/periodics.py:784}}
Aug 16 17:25:26.870592 np0000007382 devstack@neutron-api.service[87580]: DEBUG neutron.plugins.ml2.drivers.ovn.mech_driver.ovsdb.maintenance [-] Touching Hash Ring node "50f70936b38950eeac7cac4c53fe6ef7" from periodic health check thread {{(pid=87580) touch_hash_ring_node /opt/stack/neutron/neutron/plugins/ml2/drivers/ovn/mech_driver/ovsdb/maintenance.py:1453}}
Aug 16 17:25:26.883322 np0000007382 devstack@neutron-api.service[87581]: DEBUG futurist.periodics [-] Submitting periodic callback 'neutron.plugins.ml2.drivers.ovn.mech_driver.ovsdb.maintenance.HashRingHealthCheckPeriodics.touch_hash_ring_node' {{(pid=87581) _process_scheduled /opt/stack/data/venv/lib/python3.12/site-packages/futurist/periodics.py:784}}
Aug 16 17:25:26.883743 np0000007382 devstack@neutron-api.service[87581]: DEBUG neutron.plugins.ml2.drivers.ovn.mech_driver.ovsdb.maintenance [-] Touching Hash Ring node "c516a5489c635354891e0cfc9f6c4b0b" from periodic health check thread {{(pid=87581) touch_hash_ring_node /opt/stack/neutron/neutron/plugins/ml2/drivers/ovn/mech_driver/ovsdb/maintenance.py:1453}}
Aug 16 17:25:35.961636 np0000007382 devstack@neutron-api.service[87582]: DEBUG dbcounter [-] [87582] Writing DB stats neutron:UPDATE=1,neutron:SELECT=1 {{(pid=87582) stat_writer /opt/stack/data/venv/lib/python3.12/site-packages/dbcounter.py:115}}
Aug 16 17:25:36.875860 np0000007382 devstack@neutron-api.service[87580]: DEBUG dbcounter [-] [87580] Writing DB stats neutron:UPDATE=1,neutron:SELECT=1 {{(pid=87580) stat_writer /opt/stack/data/venv/lib/python3.12/site-packages/dbcounter.py:115}}
Aug 16 17:25:36.889908 np0000007382 devstack@neutron-api.service[87581]: DEBUG dbcounter [-] [87581] Writing DB stats neutron:UPDATE=1,neutron:SELECT=1 {{(pid=87581) stat_writer /opt/stack/data/venv/lib/python3.12/site-packages/dbcounter.py:115}}
Aug 16 17:25:40.955457 np0000007382 devstack@neutron-api.service[87582]: DEBUG futurist.periodics [-] Submitting periodic callback 'neutron.plugins.ml2.drivers.ovn.mech_driver.ovsdb.maintenance.HashRingHealthCheckPeriodics.touch_hash_ring_node' {{(pid=87582) _process_scheduled /opt/stack/data/venv/lib/python3.12/site-packages/futurist/periodics.py:784}}
Aug 16 17:25:40.955875 np0000007382 devstack@neutron-api.service[87582]: DEBUG neutron.plugins.ml2.drivers.ovn.mech_driver.ovsdb.maintenance [-] Touching Hash Ring node "02862c22e62d59679cb45d6637a2f832" from periodic health check thread {{(pid=87582) touch_hash_ring_node /opt/stack/neutron/neutron/plugins/ml2/drivers/ovn/mech_driver/ovsdb/maintenance.py:1453}}
Aug 16 17:25:41.870819 np0000007382 devstack@neutron-api.service[87580]: DEBUG futurist.periodics [-] Submitting periodic callback 'neutron.plugins.ml2.drivers.ovn.mech_driver.ovsdb.maintenance.HashRingHealthCheckPeriodics.touch_hash_ring_node' {{(pid=87580) _process_scheduled /opt/stack/data/venv/lib/python3.12/site-packages/futurist/periodics.py:784}}
Aug 16 17:25:41.871434 np0000007382 devstack@neutron-api.service[87580]: DEBUG neutron.plugins.ml2.drivers.ovn.mech_driver.ovsdb.maintenance [-] Touching Hash Ring node "50f70936b38950eeac7cac4c53fe6ef7" from periodic health check thread {{(pid=87580) touch_hash_ring_node /opt/stack/neutron/neutron/plugins/ml2/drivers/ovn/mech_driver/ovsdb/maintenance.py:1453}}
Aug 16 17:25:41.883753 np0000007382 devstack@neutron-api.service[87581]: DEBUG futurist.periodics [-] Submitting periodic callback 'neutron.plugins.ml2.drivers.ovn.mech_driver.ovsdb.maintenance.HashRingHealthCheckPeriodics.touch_hash_ring_node' {{(pid=87581) _process_scheduled /opt/stack/data/venv/lib/python3.12/site-packages/futurist/periodics.py:784}}
Aug 16 17:25:41.884355 np0000007382 devstack@neutron-api.service[87581]: DEBUG neutron.plugins.ml2.drivers.ovn.mech_driver.ovsdb.maintenance [-] Touching Hash Ring node "c516a5489c635354891e0cfc9f6c4b0b" from periodic health check thread {{(pid=87581) touch_hash_ring_node /opt/stack/neutron/neutron/plugins/ml2/drivers/ovn/mech_driver/ovsdb/maintenance.py:1453}}
Aug 16 17:25:42.938017 np0000007382 devstack@neutron-api.service[87581]: DEBUG neutron.api.wsgi [None req-e59269ac-3e9e-4fe7-9c91-e450e19f3aff admin admin] Missing Content-Type {{(pid=87581) get_content_type /opt/stack/neutron/neutron/api/wsgi.py:80}}
Aug 16 17:25:42.938446 np0000007382 devstack@neutron-api.service[87581]: DEBUG neutron.api.wsgi [None req-e59269ac-3e9e-4fe7-9c91-e450e19f3aff admin admin] https://10.4.3.15/networking/v2.0/extensions returned with HTTP 200 {{(pid=87581) __call__ /opt/stack/neutron/neutron/api/wsgi.py:540}}
Aug 16 17:25:42.938754 np0000007382 devstack@neutron-api.service[87581]: [pid: 87581|app: 0|req: 11/34] 10.4.3.15 () {64 vars in 1285 bytes} [Sun Aug 16 17:25:42 2026] GET /networking/v2.0/extensions => generated 16171 bytes in 3 msecs (HTTP/1.1 200) 4 headers in 159 bytes (1 switches on core 0)
Aug 16 17:25:43.194455 np0000007382 devstack@neutron-api.service[87582]: INFO neutron.pecan_wsgi.hooks.translation [None req-665f6986-9f6b-47b5-ac2e-aa2fcfcf64e8 admin admin] GET failed (client error): The resource could not be found.
Aug 16 17:25:43.195049 np0000007382 devstack@neutron-api.service[87582]: [pid: 87582|app: 0|req: 13/35] 10.4.3.15 () {64 vars in 1287 bytes} [Sun Aug 16 17:25:43 2026] GET /networking/v2.0/networks/public => generated 108 bytes in 8 msecs (HTTP/1.1 404) 4 headers in 164 bytes (1 switches on core 0)
Aug 16 17:25:43.240232 np0000007382 devstack@neutron-api.service[87580]: DEBUG neutron.pecan_wsgi.hooks.policy_enforcement [None req-e763629e-ba59-40fc-8835-e6e54c289ac1 admin admin] Attributes excluded by policy engine: ['standard_attr_id'] {{(pid=87580) _exclude_attributes_by_policy /opt/stack/neutron/neutron/pecan_wsgi/hooks/policy_enforcement.py:259}}
Aug 16 17:25:43.241315 np0000007382 devstack@neutron-api.service[87580]: [pid: 87580|app: 0|req: 12/36] 10.4.3.15 () {64 vars in 1302 bytes} [Sun Aug 16 17:25:43 2026] GET /networking/v2.0/networks?name=public => generated 759 bytes in 40 msecs (HTTP/1.1 200) 4 headers in 157 bytes (1 switches on core 0)
Aug 16 17:25:43.426523 np0000007382 devstack@neutron-api.service[87581]: DEBUG neutron.api.v2.base [None req-def81dde-7979-41b3-aa76-21689f29fcdc admin admin] Request body: {'network': {'name': 'shared', 'admin_state_up': True, 'shared': True}} {{(pid=87581) prepare_request_body /opt/stack/neutron/neutron/api/v2/base.py:727}}
Aug 16 17:25:43.438094 np0000007382 devstack@neutron-api.service[87581]: DEBUG neutron.pecan_wsgi.hooks.quota_enforcement [None req-def81dde-7979-41b3-aa76-21689f29fcdc admin admin] Made reservation on behalf of e55bb9a22ea04835b0dd11d6223b3498 for: {'network': 1} {{(pid=87581) before /opt/stack/neutron/neutron/pecan_wsgi/hooks/quota_enforcement.py:66}}
Aug 16 17:25:43.440687 np0000007382 devstack@neutron-api.service[87581]: DEBUG neutron_lib.callbacks.manager [None req-def81dde-7979-41b3-aa76-21689f29fcdc admin admin] Publish callbacks ['neutron.plugins.ml2.plugin.SecurityGroupDbMixin._ensure_default_security_group_handler-61631'] for network (None), before_create {{(pid=87581) _notify_loop /opt/stack/data/venv/lib/python3.12/site-packages/neutron_lib/callbacks/manager.py:184}}
Aug 16 17:25:43.463042 np0000007382 devstack@neutron-api.service[87581]: WARNING neutron.services.revisions.revision_plugin [None req-def81dde-7979-41b3-aa76-21689f29fcdc admin admin] Could not find related network for resource to bump revision.
Aug 16 17:25:43.487874 np0000007382 devstack@neutron-api.service[87581]: DEBUG neutron.plugins.ml2.drivers.helpers [None req-def81dde-7979-41b3-aa76-21689f29fcdc admin admin] geneve segment allocate from pool success with {'geneve_vni': 61572} {{(pid=87581) allocate_partially_specified_segment /opt/stack/neutron/neutron/plugins/ml2/drivers/helpers.py:142}}
Aug 16 17:25:43.494018 np0000007382 devstack@neutron-api.service[87581]: DEBUG neutron_lib.callbacks.manager [None req-def81dde-7979-41b3-aa76-21689f29fcdc admin admin] Publish callbacks ['neutron.plugins.ml2.plugin.Ml2Plugin._handle_segment_change-325555'] for segment (7f99786b-468b-4bcc-9588-f430554e9238), precommit_create {{(pid=87581) _notify_loop /opt/stack/data/venv/lib/python3.12/site-packages/neutron_lib/callbacks/manager.py:184}}
Aug 16 17:25:43.494159 np0000007382 devstack@neutron-api.service[87581]: INFO neutron.db.segments_db [None req-def81dde-7979-41b3-aa76-21689f29fcdc admin admin] Added segment 7f99786b-468b-4bcc-9588-f430554e9238 of type geneve for network 6563b32e-fd4a-46db-bc72-3e1f021a933a
Aug 16 17:25:43.504994 np0000007382 devstack@neutron-api.service[87581]: DEBUG neutron_lib.callbacks.manager [None req-def81dde-7979-41b3-aa76-21689f29fcdc admin admin] Publish callbacks ['neutron.services.auto_allocate.db._ensure_external_network_default_value_callback-8092546850776'] for network (6563b32e-fd4a-46db-bc72-3e1f021a933a), precommit_create {{(pid=87581) _notify_loop /opt/stack/data/venv/lib/python3.12/site-packages/neutron_lib/callbacks/manager.py:184}}
Aug 16 17:25:43.513885 np0000007382 devstack@neutron-api.service[87581]: DEBUG neutron.plugins.ml2.drivers.ovn.mech_driver.mech_driver [None req-def81dde-7979-41b3-aa76-21689f29fcdc admin admin] Validating network segment with type geneve, segmentation ID 61572, physical network None {{(pid=87581) _validate_network_segments /opt/stack/neutron/neutron/plugins/ml2/drivers/ovn/mech_driver/mech_driver.py:624}}
Aug 16 17:25:43.514006 np0000007382 devstack@neutron-api.service[87581]: DEBUG neutron.db.ovn_revision_numbers_db [None req-def81dde-7979-41b3-aa76-21689f29fcdc admin admin] create_initial_revision uuid=6563b32e-fd4a-46db-bc72-3e1f021a933a, type=networks, rev=-1 {{(pid=87581) create_initial_revision /opt/stack/neutron/neutron/db/ovn_revision_numbers_db.py:98}}
Aug 16 17:25:43.519860 np0000007382 devstack@neutron-api.service[87581]: DEBUG neutron_lib.callbacks.manager [None req-def81dde-7979-41b3-aa76-21689f29fcdc admin admin] Publish callbacks ['neutron.plugins.ml2.ovo_rpc._ObjectChangeHandler.handle_event-1289950'] for network (6563b32e-fd4a-46db-bc72-3e1f021a933a), after_create {{(pid=87581) _notify_loop /opt/stack/data/venv/lib/python3.12/site-packages/neutron_lib/callbacks/manager.py:184}}
Aug 16 17:25:43.531599 np0000007382 devstack@neutron-api.service[87581]: DEBUG neutron.api.rpc.handlers.resources_rpc [None req-def81dde-7979-41b3-aa76-21689f29fcdc admin admin] Pushing event updated for resources: {'Network': ['ID=6563b32e-fd4a-46db-bc72-3e1f021a933a,revision_number=1']} {{(pid=87581) push /opt/stack/neutron/neutron/api/rpc/handlers/resources_rpc.py:237}}
Aug 16 17:25:43.535089 np0000007382 devstack@neutron-api.service[87581]: DEBUG ovsdbapp.backend.ovs_idl.transaction [None req-dd804cf6-bd96-431d-b0da-6873a04649b9 None None] Running txn n=1 command(idx=0): CheckLivenessCommand(_result=None) {{(pid=87581) do_commit /opt/stack/data/venv/lib/python3.12/site-packages/ovsdbapp/backend/ovs_idl/transaction.py:89}}
Aug 16 17:25:43.540006 np0000007382 devstack@neutron-api.service[87581]: DEBUG ovsdbapp.backend.ovs_idl.event [-] Matched UPDATE: ChassisAgentWriteEvent(events=('create', 'update'), table='Chassis_Private', conditions=None, old_conditions=None), priority=20 to row=Chassis_Private(uuid=08a1cadd-8c68-421a-b993-ee2bb3a0a5ef, chassis=7a33f463-151a-42ec-ae13-6b6f0f0408c7, external_ids={'neutron:ovn-bridge': 'br-int', 'neutron:ovn-neutron-agent-id': 'a52a1c44-1e85-543b-b965-235baa97ee42', 'neutron:ovn-neutron-agent-sb-cfg': '1'}, name='6787b8c0-f021-4760-a0a0-6762daa47236', nb_cfg=2, nb_cfg_timestamp=1786901143537) old=Chassis_Private(uuid=08a1cadd-8c68-421a-b993-ee2bb3a0a5ef, nb_cfg=1, nb_cfg_timestamp=1786901072671) {{(pid=87581) matches /opt/stack/data/venv/lib/python3.12/site-packages/ovsdbapp/backend/ovs_idl/event.py:55}}
Aug 16 17:25:43.542550 np0000007382 devstack@neutron-api.service[87580]: DEBUG ovsdbapp.backend.ovs_idl.event [None req-0686ba3d-d7a7-4b6c-8372-2d0818d7df3e None None] Matched UPDATE: ChassisAgentWriteEvent(events=('create', 'update'), table='Chassis_Private', conditions=None, old_conditions=None), priority=20 to row=Chassis_Private(uuid=08a1cadd-8c68-421a-b993-ee2bb3a0a5ef, chassis=7a33f463-151a-42ec-ae13-6b6f0f0408c7, external_ids={'neutron:ovn-bridge': 'br-int', 'neutron:ovn-neutron-agent-id': 'a52a1c44-1e85-543b-b965-235baa97ee42', 'neutron:ovn-neutron-agent-sb-cfg': '1'}, name='6787b8c0-f021-4760-a0a0-6762daa47236', nb_cfg=2, nb_cfg_timestamp=1786901143537) old=Chassis_Private(uuid=08a1cadd-8c68-421a-b993-ee2bb3a0a5ef, nb_cfg=1, nb_cfg_timestamp=1786901072671) {{(pid=87580) matches /opt/stack/data/venv/lib/python3.12/site-packages/ovsdbapp/backend/ovs_idl/event.py:55}}
Aug 16 17:25:43.543414 np0000007382 devstack@neutron-api.service[87582]: DEBUG ovsdbapp.backend.ovs_idl.event [None req-66a1b3eb-2c9d-445f-9a59-a5205f68fc17 None None] Matched UPDATE: ChassisAgentWriteEvent(events=('create', 'update'), table='Chassis_Private', conditions=None, old_conditions=None), priority=20 to row=Chassis_Private(uuid=08a1cadd-8c68-421a-b993-ee2bb3a0a5ef, chassis=7a33f463-151a-42ec-ae13-6b6f0f0408c7, external_ids={'neutron:ovn-bridge': 'br-int', 'neutron:ovn-neutron-agent-id': 'a52a1c44-1e85-543b-b965-235baa97ee42', 'neutron:ovn-neutron-agent-sb-cfg': '1'}, name='6787b8c0-f021-4760-a0a0-6762daa47236', nb_cfg=2, nb_cfg_timestamp=1786901143537) old=Chassis_Private(uuid=08a1cadd-8c68-421a-b993-ee2bb3a0a5ef, nb_cfg=1, nb_cfg_timestamp=1786901072671) {{(pid=87582) matches /opt/stack/data/venv/lib/python3.12/site-packages/ovsdbapp/backend/ovs_idl/event.py:55}}
Aug 16 17:25:43.551701 np0000007382 devstack@neutron-api.service[87581]: DEBUG neutron.common.ovn.hash_ring_manager [None req-dd804cf6-bd96-431d-b0da-6873a04649b9 None None] Hash Ring loaded. 3 active nodes. 0 offline nodes {{(pid=87581) _load_hash_ring /opt/stack/neutron/neutron/common/ovn/hash_ring_manager.py:110}}
Aug 16 17:25:43.552208 np0000007382 devstack@neutron-api.service[87582]: DEBUG neutron.common.ovn.hash_ring_manager [None req-8c6ada1a-5b6d-46b2-afcc-998ebeb3bccc None None] Hash Ring loaded. 3 active nodes. 0 offline nodes {{(pid=87582) _load_hash_ring /opt/stack/neutron/neutron/common/ovn/hash_ring_manager.py:110}}
Aug 16 17:25:43.552434 np0000007382 devstack@neutron-api.service[87581]: DEBUG neutron.common.ovn.hash_ring_manager [-] Hash Ring loaded. 3 active nodes. 0 offline nodes {{(pid=87581) _load_hash_ring /opt/stack/neutron/neutron/common/ovn/hash_ring_manager.py:110}}
Aug 16 17:25:43.552510 np0000007382 devstack@neutron-api.service[87580]: DEBUG neutron.common.ovn.hash_ring_manager [None req-d2958865-ace9-4ab4-9e1b-225c822a61e0 None None] Hash Ring loaded. 3 active nodes. 0 offline nodes {{(pid=87580) _load_hash_ring /opt/stack/neutron/neutron/common/ovn/hash_ring_manager.py:110}}
Aug 16 17:25:43.552609 np0000007382 devstack@neutron-api.service[87582]: DEBUG neutron.common.ovn.hash_ring_manager [None req-66a1b3eb-2c9d-445f-9a59-a5205f68fc17 None None] Hash Ring loaded. 3 active nodes. 0 offline nodes {{(pid=87582) _load_hash_ring /opt/stack/neutron/neutron/common/ovn/hash_ring_manager.py:110}}
Aug 16 17:25:43.552738 np0000007382 devstack@neutron-api.service[87580]: DEBUG neutron.common.ovn.hash_ring_manager [None req-0686ba3d-d7a7-4b6c-8372-2d0818d7df3e None None] Hash Ring loaded. 3 active nodes. 0 offline nodes {{(pid=87580) _load_hash_ring /opt/stack/neutron/neutron/common/ovn/hash_ring_manager.py:110}}
Aug 16 17:25:43.552923 np0000007382 devstack@neutron-api.service[87582]: DEBUG neutron.plugins.ml2.drivers.ovn.mech_driver.ovsdb.ovsdb_monitor [None req-8c6ada1a-5b6d-46b2-afcc-998ebeb3bccc None None] Hash Ring: Node 02862c22e62d59679cb45d6637a2f832 (host: np0000007382) handling event "update" for row 3a060412-d64e-416b-a222-6b1720e32b92 (table: NB_Global) {{(pid=87582) notify /opt/stack/neutron/neutron/plugins/ml2/drivers/ovn/mech_driver/ovsdb/ovsdb_monitor.py:1099}}
Aug 16 17:25:43.553012 np0000007382 devstack@neutron-api.service[87580]: DEBUG neutron.plugins.ml2.drivers.ovn.mech_driver.ovsdb.ovsdb_monitor [None req-0686ba3d-d7a7-4b6c-8372-2d0818d7df3e None None] Hash Ring: Node 50f70936b38950eeac7cac4c53fe6ef7 (host: np0000007382) handling event "update" for row 08a1cadd-8c68-421a-b993-ee2bb3a0a5ef (table: Chassis_Private) {{(pid=87580) notify /opt/stack/neutron/neutron/plugins/ml2/drivers/ovn/mech_driver/ovsdb/ovsdb_monitor.py:1099}}
Aug 16 17:25:43.553685 np0000007382 devstack@neutron-api.service[87582]: DEBUG neutron.plugins.ml2.drivers.ovn.mech_driver.ovsdb.ovsdb_monitor [None req-8c6ada1a-5b6d-46b2-afcc-998ebeb3bccc None None] Hash Ring: Node 02862c22e62d59679cb45d6637a2f832 (host: np0000007382) handling event "update" for row 3a060412-d64e-416b-a222-6b1720e32b92 (table: NB_Global) {{(pid=87582) notify /opt/stack/neutron/neutron/plugins/ml2/drivers/ovn/mech_driver/ovsdb/ovsdb_monitor.py:1099}}
Aug 16 17:25:43.554465 np0000007382 devstack@neutron-api.service[87582]: DEBUG neutron.plugins.ml2.drivers.ovn.mech_driver.ovsdb.ovsdb_monitor [None req-8c6ada1a-5b6d-46b2-afcc-998ebeb3bccc None None] Hash Ring: Node 02862c22e62d59679cb45d6637a2f832 (host: np0000007382) handling event "update" for row 3a060412-d64e-416b-a222-6b1720e32b92 (table: NB_Global) {{(pid=87582) notify /opt/stack/neutron/neutron/plugins/ml2/drivers/ovn/mech_driver/ovsdb/ovsdb_monitor.py:1099}}
Aug 16 17:25:43.555153 np0000007382 devstack@neutron-api.service[87581]: DEBUG neutron.api.rpc.callbacks.version_manager [None req-def81dde-7979-41b3-aa76-21689f29fcdc admin admin] Tracked resource versions report:
Aug 16 17:25:43.555153 np0000007382 devstack@neutron-api.service[87581]: pushed versions:
Aug 16 17:25:43.555153 np0000007382 devstack@neutron-api.service[87581]: { 'AddressGroup': {'1.2'},
Aug 16 17:25:43.555153 np0000007382 devstack@neutron-api.service[87581]: 'Agent': {'1.1'},
Aug 16 17:25:43.555153 np0000007382 devstack@neutron-api.service[87581]: 'ConntrackHelper': {'1.0'},
Aug 16 17:25:43.555153 np0000007382 devstack@neutron-api.service[87581]: 'LocalIPAssociation': {'1.0'},
Aug 16 17:25:43.555153 np0000007382 devstack@neutron-api.service[87581]: 'Log': {'1.0'},
Aug 16 17:25:43.555153 np0000007382 devstack@neutron-api.service[87581]: 'NDPProxy': {'1.0'},
Aug 16 17:25:43.555153 np0000007382 devstack@neutron-api.service[87581]: 'Network': {'1.3'},
Aug 16 17:25:43.555153 np0000007382 devstack@neutron-api.service[87581]: 'Port': {'1.11'},
Aug 16 17:25:43.555153 np0000007382 devstack@neutron-api.service[87581]: 'PortForwarding': {'1.3'},
Aug 16 17:25:43.555153 np0000007382 devstack@neutron-api.service[87581]: 'QosPolicy': {'1.10'},
Aug 16 17:25:43.555153 np0000007382 devstack@neutron-api.service[87581]: 'SecurityGroup': {'1.6'},
Aug 16 17:25:43.555153 np0000007382 devstack@neutron-api.service[87581]: 'SecurityGroupRule': {'1.3'},
Aug 16 17:25:43.555153 np0000007382 devstack@neutron-api.service[87581]: 'SubPort': {'1.0'},
Aug 16 17:25:43.555153 np0000007382 devstack@neutron-api.service[87581]: 'Subnet': {'1.2'},
Aug 16 17:25:43.555153 np0000007382 devstack@neutron-api.service[87581]: 'Trunk': {'1.1'}}
Aug 16 17:25:43.555153 np0000007382 devstack@neutron-api.service[87581]: consumer versions:
Aug 16 17:25:43.555153 np0000007382 devstack@neutron-api.service[87581]: { OVN Neutron agent@np0000007382: {},
Aug 16 17:25:43.555153 np0000007382 devstack@neutron-api.service[87581]: OVN Controller Gateway agent@np0000007382: {}}
Aug 16 17:25:43.555153 np0000007382 devstack@neutron-api.service[87581]: {{(pid=87581) report /opt/stack/neutron/neutron/api/rpc/callbacks/version_manager.py:183}}
Aug 16 17:25:43.562313 np0000007382 devstack@neutron-api.service[87581]: DEBUG ovsdbapp.backend.ovs_idl.transaction [None req-dd804cf6-bd96-431d-b0da-6873a04649b9 None None] Running txn n=1 command(idx=0): AddNetworkCommand(_result=None, network_uuid=6563b32e-fd4a-46db-bc72-3e1f021a933a, may_exist=True, columns={'external_ids': {'neutron:network_name': 'shared', 'neutron:mtu': '1372', 'neutron:revision_number': '1', 'neutron:availability_zone_hints': '', 'neutron:provnet-network-type': 'geneve'}, 'other_config': {'mcast_snoop': 'false', 'mcast_flood_unregistered': 'false', 'vlan-passthru': 'false'}}) {{(pid=87581) do_commit /opt/stack/data/venv/lib/python3.12/site-packages/ovsdbapp/backend/ovs_idl/transaction.py:89}}
Aug 16 17:25:43.565908 np0000007382 devstack@neutron-api.service[87580]: DEBUG neutron.plugins.ml2.drivers.ovn.mech_driver.ovsdb.ovsdb_monitor [None req-d2958865-ace9-4ab4-9e1b-225c822a61e0 None None] Hash Ring: Node 50f70936b38950eeac7cac4c53fe6ef7 (host: np0000007382) handling event "create" for row 6563b32e-fd4a-46db-bc72-3e1f021a933a (table: Logical_Switch) {{(pid=87580) notify /opt/stack/neutron/neutron/plugins/ml2/drivers/ovn/mech_driver/ovsdb/ovsdb_monitor.py:1099}}
Aug 16 17:25:43.568175 np0000007382 devstack@neutron-api.service[87580]: DEBUG neutron.plugins.ml2.drivers.ovn.mech_driver.ovsdb.ovsdb_monitor [None req-0686ba3d-d7a7-4b6c-8372-2d0818d7df3e None None] Hash Ring: Node 50f70936b38950eeac7cac4c53fe6ef7 (host: np0000007382) handling event "create" for row adedb034-316d-4414-9e59-891f6fbd0703 (table: Datapath_Binding) {{(pid=87580) notify /opt/stack/neutron/neutron/plugins/ml2/drivers/ovn/mech_driver/ovsdb/ovsdb_monitor.py:1099}}
Aug 16 17:25:43.581053 np0000007382 devstack@neutron-api.service[87581]: INFO neutron.db.ovn_revision_numbers_db [None req-def81dde-7979-41b3-aa76-21689f29fcdc admin admin] Successfully bumped revision number for resource 6563b32e-fd4a-46db-bc72-3e1f021a933a (type: networks) to 1
Aug 16 17:25:43.591499 np0000007382 devstack@neutron-api.service[87581]: DEBUG neutron_lib.callbacks.manager [None req-def81dde-7979-41b3-aa76-21689f29fcdc admin admin] Publish callbacks ['neutron.plugins.ml2.plugin.SecurityGroupDbMixin._ensure_default_security_group_handler-61631'] for port (None), before_create {{(pid=87581) _notify_loop /opt/stack/data/venv/lib/python3.12/site-packages/neutron_lib/callbacks/manager.py:184}}
Aug 16 17:25:43.646314 np0000007382 devstack@neutron-api.service[87581]: DEBUG neutron_lib.callbacks.manager [None req-def81dde-7979-41b3-aa76-21689f29fcdc admin admin] Publish callbacks ['neutron.plugins.ml2.drivers.ovn.mech_driver.mech_driver.OVNMechanismDriver._validate_allowed_address_pairs-186818'] for allowed_address_pair (2c389f34-1909-46a3-bb68-8d534f8984db), before_create {{(pid=87581) _notify_loop /opt/stack/data/venv/lib/python3.12/site-packages/neutron_lib/callbacks/manager.py:184}}
Aug 16 17:25:43.646838 np0000007382 devstack@neutron-api.service[87581]: DEBUG neutron_lib.callbacks.manager [None req-def81dde-7979-41b3-aa76-21689f29fcdc admin admin] Publish callbacks [] for port (2c389f34-1909-46a3-bb68-8d534f8984db), precommit_create {{(pid=87581) _notify_loop /opt/stack/data/venv/lib/python3.12/site-packages/neutron_lib/callbacks/manager.py:184}}
Aug 16 17:25:43.646995 np0000007382 devstack@neutron-api.service[87581]: DEBUG neutron.plugins.ml2.drivers.ovn.mech_driver.mech_driver [None req-def81dde-7979-41b3-aa76-21689f29fcdc admin admin] No provisioning block for port 2c389f34-1909-46a3-bb68-8d534f8984db since it does not have a host {{(pid=87581) _is_port_provisioning_required /opt/stack/neutron/neutron/plugins/ml2/drivers/ovn/mech_driver/mech_driver.py:877}}
Aug 16 17:25:43.647133 np0000007382 devstack@neutron-api.service[87581]: DEBUG neutron.db.ovn_revision_numbers_db [None req-def81dde-7979-41b3-aa76-21689f29fcdc admin admin] create_initial_revision uuid=2c389f34-1909-46a3-bb68-8d534f8984db, type=ports, rev=-1 {{(pid=87581) create_initial_revision /opt/stack/neutron/neutron/db/ovn_revision_numbers_db.py:98}}
Aug 16 17:25:43.670736 np0000007382 devstack@neutron-api.service[87581]: DEBUG neutron_lib.callbacks.manager [None req-def81dde-7979-41b3-aa76-21689f29fcdc admin admin] Publish callbacks ['neutron.plugins.ml2.ovo_rpc._ObjectChangeHandler.handle_event-1290029'] for port (2c389f34-1909-46a3-bb68-8d534f8984db), after_create {{(pid=87581) _notify_loop /opt/stack/data/venv/lib/python3.12/site-packages/neutron_lib/callbacks/manager.py:184}}
Aug 16 17:25:43.698877 np0000007382 devstack@neutron-api.service[87581]: DEBUG neutron.api.rpc.handlers.resources_rpc [None req-def81dde-7979-41b3-aa76-21689f29fcdc admin admin] Pushing event updated for resources: {'Port': ['ID=2c389f34-1909-46a3-bb68-8d534f8984db,revision_number=1']} {{(pid=87581) push /opt/stack/neutron/neutron/api/rpc/handlers/resources_rpc.py:237}}
Aug 16 17:25:43.704009 np0000007382 devstack@neutron-api.service[87581]: DEBUG neutron.plugins.ml2.drivers.ovn.mech_driver.ovsdb.commands [None req-def81dde-7979-41b3-aa76-21689f29fcdc admin admin] Converting tag [] to a tag_request {{(pid=87581) _tag_column_to_tag_request /opt/stack/neutron/neutron/plugins/ml2/drivers/ovn/mech_driver/ovsdb/commands.py:227}}
