Jun 25 16:50:12.200208 np0000003623 devstack@g-api.service[102712]: [pid: 102712|app: 0|req: 96/371] 127.0.0.1 () {40 vars in 838 bytes} [Thu Jun 25 16:50:12 2026] GET /v2/images/0bf593f9-7c13-4f67-a52b-b8b5ae8839f5 => generated 650 bytes in 10 msecs (HTTP/1.1 200) 4 headers in 157 bytes (1 switches on core 0)
Jun 25 16:50:12.234623 np0000003623 devstack@g-api.service[102710]: INFO glance.api.v2.image_data [None req-5e49d36d-6123-4bbf-b529-3dd3e5f8ab75 tempest-VolumesActionsTest-1405080403 tempest-VolumesActionsTest-1405080403-project-member] Unable to create trust: no such option collect_timing in group [keystone_authtoken] Use the existing user token.
Jun 25 16:50:12.860358 np0000003623 devstack@g-api.service[102710]: DEBUG glance.location [None req-5e49d36d-6123-4bbf-b529-3dd3e5f8ab75 tempest-VolumesActionsTest-1405080403 tempest-VolumesActionsTest-1405080403-project-member] Enabling in-flight format inspection for raw {{(pid=102710) set_data /opt/stack/glance/glance/location.py:616}}
Jun 25 16:50:12.860840 np0000003623 devstack@g-api.service[102710]: DEBUG glance_store.backend [None req-5e49d36d-6123-4bbf-b529-3dd3e5f8ab75 tempest-VolumesActionsTest-1405080403 tempest-VolumesActionsTest-1405080403-project-member] Attempting to import store swift {{(pid=102710) _load_store /opt/stack/data/venv/lib/python3.12/site-packages/glance_store/backend.py:215}}
Jun 25 16:50:12.863079 np0000003623 devstack@g-api.service[102710]: DEBUG glance_store.capabilities [None req-5e49d36d-6123-4bbf-b529-3dd3e5f8ab75 tempest-VolumesActionsTest-1405080403 tempest-VolumesActionsTest-1405080403-project-member] Store glance_store._drivers.swift.store.SingleTenantStore doesn't support updating dynamic storage capabilities. Please overwrite 'update_capabilities' method of the store to implement updating logics if needed. {{(pid=102710) update_capabilities /opt/stack/data/venv/lib/python3.12/site-packages/glance_store/capabilities.py:91}}
Jun 25 16:50:12.863229 np0000003623 devstack@g-api.service[102710]: DEBUG glance_store.driver [None req-5e49d36d-6123-4bbf-b529-3dd3e5f8ab75 tempest-VolumesActionsTest-1405080403 tempest-VolumesActionsTest-1405080403-project-member] Late loading location class glance_store._drivers.swift.store.StoreLocation {{(pid=102710) get_store_location_class /opt/stack/data/venv/lib/python3.12/site-packages/glance_store/driver.py:134}}
Jun 25 16:50:12.863370 np0000003623 devstack@g-api.service[102710]: DEBUG glance_store.location [None req-5e49d36d-6123-4bbf-b529-3dd3e5f8ab75 tempest-VolumesActionsTest-1405080403 tempest-VolumesActionsTest-1405080403-project-member] Registering scheme swift+https with {'store': , 'location_class': , 'store_entry': 'swift'} {{(pid=102710) register_scheme_map /opt/stack/data/venv/lib/python3.12/site-packages/glance_store/location.py:146}}
Jun 25 16:50:12.864188 np0000003623 devstack@g-api.service[102710]: DEBUG glance_store.location [None req-5e49d36d-6123-4bbf-b529-3dd3e5f8ab75 tempest-VolumesActionsTest-1405080403 tempest-VolumesActionsTest-1405080403-project-member] Registering scheme swift+https with {'store': , 'location_class': , 'store_entry': 'swift'} {{(pid=102710) register_scheme_map /opt/stack/data/venv/lib/python3.12/site-packages/glance_store/location.py:146}}
Jun 25 16:50:12.864380 np0000003623 devstack@g-api.service[102710]: DEBUG glance_store.location [None req-5e49d36d-6123-4bbf-b529-3dd3e5f8ab75 tempest-VolumesActionsTest-1405080403 tempest-VolumesActionsTest-1405080403-project-member] Registering scheme swift with {'store': , 'location_class': , 'store_entry': 'swift'} {{(pid=102710) register_scheme_map /opt/stack/data/venv/lib/python3.12/site-packages/glance_store/location.py:146}}
Jun 25 16:50:12.864511 np0000003623 devstack@g-api.service[102710]: DEBUG glance_store.location [None req-5e49d36d-6123-4bbf-b529-3dd3e5f8ab75 tempest-VolumesActionsTest-1405080403 tempest-VolumesActionsTest-1405080403-project-member] Registering scheme swift+https with {'store': , 'location_class': , 'store_entry': 'swift'} {{(pid=102710) register_scheme_map /opt/stack/data/venv/lib/python3.12/site-packages/glance_store/location.py:146}}
Jun 25 16:50:12.864660 np0000003623 devstack@g-api.service[102710]: DEBUG glance_store.location [None req-5e49d36d-6123-4bbf-b529-3dd3e5f8ab75 tempest-VolumesActionsTest-1405080403 tempest-VolumesActionsTest-1405080403-project-member] Registering scheme swift with {'store': , 'location_class': , 'store_entry': 'swift'} {{(pid=102710) register_scheme_map /opt/stack/data/venv/lib/python3.12/site-packages/glance_store/location.py:146}}
Jun 25 16:50:12.864788 np0000003623 devstack@g-api.service[102710]: DEBUG glance_store.location [None req-5e49d36d-6123-4bbf-b529-3dd3e5f8ab75 tempest-VolumesActionsTest-1405080403 tempest-VolumesActionsTest-1405080403-project-member] Registering scheme swift+http with {'store': , 'location_class': , 'store_entry': 'swift'} {{(pid=102710) register_scheme_map /opt/stack/data/venv/lib/python3.12/site-packages/glance_store/location.py:146}}
Jun 25 16:50:12.864908 np0000003623 devstack@g-api.service[102710]: DEBUG glance_store.location [None req-5e49d36d-6123-4bbf-b529-3dd3e5f8ab75 tempest-VolumesActionsTest-1405080403 tempest-VolumesActionsTest-1405080403-project-member] Registering scheme swift+https with {'store': , 'location_class': , 'store_entry': 'swift'} {{(pid=102710) register_scheme_map /opt/stack/data/venv/lib/python3.12/site-packages/glance_store/location.py:146}}
Jun 25 16:50:12.865058 np0000003623 devstack@g-api.service[102710]: DEBUG glance_store.location [None req-5e49d36d-6123-4bbf-b529-3dd3e5f8ab75 tempest-VolumesActionsTest-1405080403 tempest-VolumesActionsTest-1405080403-project-member] Registering scheme swift with {'store': , 'location_class': , 'store_entry': 'swift'} {{(pid=102710) register_scheme_map /opt/stack/data/venv/lib/python3.12/site-packages/glance_store/location.py:146}}
Jun 25 16:50:12.865331 np0000003623 devstack@g-api.service[102710]: DEBUG glance_store.location [None req-5e49d36d-6123-4bbf-b529-3dd3e5f8ab75 tempest-VolumesActionsTest-1405080403 tempest-VolumesActionsTest-1405080403-project-member] Registering scheme swift+http with {'store': , 'location_class': , 'store_entry': 'swift'} {{(pid=102710) register_scheme_map /opt/stack/data/venv/lib/python3.12/site-packages/glance_store/location.py:146}}
Jun 25 16:50:12.865446 np0000003623 devstack@g-api.service[102710]: DEBUG glance_store.location [None req-5e49d36d-6123-4bbf-b529-3dd3e5f8ab75 tempest-VolumesActionsTest-1405080403 tempest-VolumesActionsTest-1405080403-project-member] Registering scheme swift+config with {'store': , 'location_class': , 'store_entry': 'swift'} {{(pid=102710) register_scheme_map /opt/stack/data/venv/lib/python3.12/site-packages/glance_store/location.py:146}}
Jun 25 16:50:13.054724 np0000003623 devstack@g-api.service[102710]: DEBUG swiftclient [None req-5e49d36d-6123-4bbf-b529-3dd3e5f8ab75 tempest-VolumesActionsTest-1405080403 tempest-VolumesActionsTest-1405080403-project-member] REQ: curl -i https://10.4.3.225:8080/v1/AUTH_ca1fad3bb6014f31bf911b7bdf00fa9e/glance -I -H "X-Auth-Token: gAAAAABqPVxEUgZR..." {{(pid=102710) http_log /opt/stack/data/venv/lib/python3.12/site-packages/swiftclient/client.py:160}}
Jun 25 16:50:13.054887 np0000003623 devstack@g-api.service[102710]: DEBUG swiftclient [None req-5e49d36d-6123-4bbf-b529-3dd3e5f8ab75 tempest-VolumesActionsTest-1405080403 tempest-VolumesActionsTest-1405080403-project-member] RESP STATUS: 204 No Content {{(pid=102710) http_log /opt/stack/data/venv/lib/python3.12/site-packages/swiftclient/client.py:161}}
Jun 25 16:50:13.055141 np0000003623 devstack@g-api.service[102710]: DEBUG swiftclient [None req-5e49d36d-6123-4bbf-b529-3dd3e5f8ab75 tempest-VolumesActionsTest-1405080403 tempest-VolumesActionsTest-1405080403-project-member] RESP HEADERS: {'Date': 'Thu, 25 Jun 2026 16:50:13 GMT', 'Server': 'Apache/2.4.58 (Ubuntu)', 'Content-Type': 'text/plain; charset=utf-8', 'X-Container-Object-Count': '5', 'X-Container-Bytes-Used': '86048768', 'X-Timestamp': '1782405725.42855', 'Last-Modified': 'Thu, 25 Jun 2026 16:42:06 GMT', 'Accept-Ranges': 'bytes', 'X-Storage-Policy': 'Policy-0', 'X-Container-Sharding': 'False', 'Vary': 'Accept', 'X-Trans-Id': 'tx756bfd8ca9ed4160be821-006a3d5c44', 'X-Openstack-Request-Id': 'tx756bfd8ca9ed4160be821-006a3d5c44', 'Connection': 'close'} {{(pid=102710) http_log /opt/stack/data/venv/lib/python3.12/site-packages/swiftclient/client.py:162}}
Jun 25 16:50:13.055420 np0000003623 devstack@g-api.service[102710]: DEBUG glance_store._drivers.swift.store [None req-5e49d36d-6123-4bbf-b529-3dd3e5f8ab75 tempest-VolumesActionsTest-1405080403 tempest-VolumesActionsTest-1405080403-project-member] Adding image object '0bf593f9-7c13-4f67-a52b-b8b5ae8839f5' to Swift {{(pid=102710) add /opt/stack/data/venv/lib/python3.12/site-packages/glance_store/_drivers/swift/store.py:970}}
Jun 25 16:50:13.055577 np0000003623 devstack@g-api.service[102710]: DEBUG glance_store._drivers.swift.store [None req-5e49d36d-6123-4bbf-b529-3dd3e5f8ab75 tempest-VolumesActionsTest-1405080403 tempest-VolumesActionsTest-1405080403-project-member] Cannot determine image size because it is either not provided in the request or chunked-transfer encoding is used. Adding image as a segmented object to Swift. {{(pid=102710) add /opt/stack/data/venv/lib/python3.12/site-packages/glance_store/_drivers/swift/store.py:994}}
Jun 25 16:50:13.063233 np0000003623 devstack@g-api.service[102710]: DEBUG oslo_utils.imageutils.format_inspector [None req-5e49d36d-6123-4bbf-b529-3dd3e5f8ab75 tempest-VolumesActionsTest-1405080403 tempest-VolumesActionsTest-1405080403-project-member] Format inspector for vmdk does not match, excluding from consideration (Signature KDMV not found: b'\x00\x00\x00\x00') {{(pid=102710) _process_chunk /opt/stack/data/venv/lib/python3.12/site-packages/oslo_utils/imageutils/format_inspector.py:1758}}
Jun 25 16:50:13.065647 np0000003623 devstack@g-api.service[102710]: DEBUG oslo_utils.imageutils.format_inspector [None req-5e49d36d-6123-4bbf-b529-3dd3e5f8ab75 tempest-VolumesActionsTest-1405080403 tempest-VolumesActionsTest-1405080403-project-member] Format inspector for vhdx does not match, excluding from consideration (Region signature not found at 30000) {{(pid=102710) _process_chunk /opt/stack/data/venv/lib/python3.12/site-packages/oslo_utils/imageutils/format_inspector.py:1758}}
Jun 25 16:50:13.209129 np0000003623 devstack@g-api.service[102711]: DEBUG glance.api.middleware.version_negotiation [None req-4f11ce76-07a5-4b8d-8774-8b071ed0db4a tempest-AttachVolumeTestJSON-590121605 tempest-AttachVolumeTestJSON-590121605-project-member] Determining version of request: GET /v2/images/0bf593f9-7c13-4f67-a52b-b8b5ae8839f5 Accept: application/json {{(pid=102711) process_request /opt/stack/glance/glance/api/middleware/version_negotiation.py:44}}
Jun 25 16:50:13.209682 np0000003623 devstack@g-api.service[102711]: DEBUG glance.api.middleware.version_negotiation [None req-4f11ce76-07a5-4b8d-8774-8b071ed0db4a tempest-AttachVolumeTestJSON-590121605 tempest-AttachVolumeTestJSON-590121605-project-member] Using url versioning {{(pid=102711) process_request /opt/stack/glance/glance/api/middleware/version_negotiation.py:57}}
Jun 25 16:50:13.209682 np0000003623 devstack@g-api.service[102711]: DEBUG glance.api.middleware.version_negotiation [None req-4f11ce76-07a5-4b8d-8774-8b071ed0db4a tempest-AttachVolumeTestJSON-590121605 tempest-AttachVolumeTestJSON-590121605-project-member] Matched version: v2 {{(pid=102711) process_request /opt/stack/glance/glance/api/middleware/version_negotiation.py:69}}
Jun 25 16:50:13.209682 np0000003623 devstack@g-api.service[102711]: DEBUG glance.api.middleware.version_negotiation [None req-4f11ce76-07a5-4b8d-8774-8b071ed0db4a tempest-AttachVolumeTestJSON-590121605 tempest-AttachVolumeTestJSON-590121605-project-member] new path /v2/images/0bf593f9-7c13-4f67-a52b-b8b5ae8839f5 {{(pid=102711) process_request /opt/stack/glance/glance/api/middleware/version_negotiation.py:70}}
Jun 25 16:50:13.227419 np0000003623 devstack@g-api.service[102711]: [pid: 102711|app: 0|req: 91/372] 127.0.0.1 () {40 vars in 838 bytes} [Thu Jun 25 16:50:13 2026] GET /v2/images/0bf593f9-7c13-4f67-a52b-b8b5ae8839f5 => generated 650 bytes in 18 msecs (HTTP/1.1 200) 4 headers in 157 bytes (1 switches on core 0)
Jun 25 16:50:13.586341 np0000003623 devstack@g-api.service[102713]: DEBUG glance.api.middleware.version_negotiation [None req-4f11ce76-07a5-4b8d-8774-8b071ed0db4a tempest-AttachVolumeTestJSON-590121605 tempest-AttachVolumeTestJSON-590121605-project-member] Determining version of request: GET /v2/images/3ff04bd5-ffb5-40c8-b7d0-7a9fe646e78e Accept: */* {{(pid=102713) process_request /opt/stack/glance/glance/api/middleware/version_negotiation.py:44}}
Jun 25 16:50:13.586341 np0000003623 devstack@g-api.service[102713]: DEBUG glance.api.middleware.version_negotiation [None req-4f11ce76-07a5-4b8d-8774-8b071ed0db4a tempest-AttachVolumeTestJSON-590121605 tempest-AttachVolumeTestJSON-590121605-project-member] Using url versioning {{(pid=102713) process_request /opt/stack/glance/glance/api/middleware/version_negotiation.py:57}}
Jun 25 16:50:13.587054 np0000003623 devstack@g-api.service[102713]: DEBUG glance.api.middleware.version_negotiation [None req-4f11ce76-07a5-4b8d-8774-8b071ed0db4a tempest-AttachVolumeTestJSON-590121605 tempest-AttachVolumeTestJSON-590121605-project-member] Matched version: v2 {{(pid=102713) process_request /opt/stack/glance/glance/api/middleware/version_negotiation.py:69}}
Jun 25 16:50:13.587054 np0000003623 devstack@g-api.service[102713]: DEBUG glance.api.middleware.version_negotiation [None req-4f11ce76-07a5-4b8d-8774-8b071ed0db4a tempest-AttachVolumeTestJSON-590121605 tempest-AttachVolumeTestJSON-590121605-project-member] new path /v2/images/3ff04bd5-ffb5-40c8-b7d0-7a9fe646e78e {{(pid=102713) process_request /opt/stack/glance/glance/api/middleware/version_negotiation.py:70}}
Jun 25 16:50:13.607488 np0000003623 devstack@g-api.service[102713]: [pid: 102713|app: 0|req: 99/373] 127.0.0.1 () {44 vars in 1115 bytes} [Thu Jun 25 16:50:13 2026] GET /v2/images/3ff04bd5-ffb5-40c8-b7d0-7a9fe646e78e => generated 1044 bytes in 21 msecs (HTTP/1.1 200) 4 headers in 158 bytes (1 switches on core 0)
Jun 25 16:50:13.657612 np0000003623 devstack@g-api.service[102712]: DEBUG glance.api.middleware.version_negotiation [None req-c139edb1-9b00-4f7b-8723-88ba5d1a6cd5 tempest-VolumesActionsTest-1405080403 tempest-VolumesActionsTest-1405080403-project-member] Determining version of request: GET /v2/schemas/image Accept: */* {{(pid=102712) process_request /opt/stack/glance/glance/api/middleware/version_negotiation.py:44}}
Jun 25 16:50:13.658464 np0000003623 devstack@g-api.service[102712]: DEBUG glance.api.middleware.version_negotiation [None req-c139edb1-9b00-4f7b-8723-88ba5d1a6cd5 tempest-VolumesActionsTest-1405080403 tempest-VolumesActionsTest-1405080403-project-member] Using url versioning {{(pid=102712) process_request /opt/stack/glance/glance/api/middleware/version_negotiation.py:57}}
Jun 25 16:50:13.658464 np0000003623 devstack@g-api.service[102712]: DEBUG glance.api.middleware.version_negotiation [None req-c139edb1-9b00-4f7b-8723-88ba5d1a6cd5 tempest-VolumesActionsTest-1405080403 tempest-VolumesActionsTest-1405080403-project-member] Matched version: v2 {{(pid=102712) process_request /opt/stack/glance/glance/api/middleware/version_negotiation.py:69}}
Jun 25 16:50:13.658464 np0000003623 devstack@g-api.service[102712]: DEBUG glance.api.middleware.version_negotiation [None req-c139edb1-9b00-4f7b-8723-88ba5d1a6cd5 tempest-VolumesActionsTest-1405080403 tempest-VolumesActionsTest-1405080403-project-member] new path /v2/schemas/image {{(pid=102712) process_request /opt/stack/glance/glance/api/middleware/version_negotiation.py:70}}
Jun 25 16:50:13.662261 np0000003623 devstack@g-api.service[102712]: [pid: 102712|app: 0|req: 97/374] 127.0.0.1 () {44 vars in 1055 bytes} [Thu Jun 25 16:50:13 2026] GET /v2/schemas/image => generated 6083 bytes in 5 msecs (HTTP/1.1 200) 4 headers in 158 bytes (1 switches on core 0)
Jun 25 16:50:14.240190 np0000003623 devstack@g-api.service[102711]: DEBUG glance.api.middleware.version_negotiation [None req-05c65ab6-10a4-4a90-9b4a-55d0f2d47c32 tempest-VolumesActionsTest-1405080403 tempest-VolumesActionsTest-1405080403-project-member] Determining version of request: GET /v2/images/0bf593f9-7c13-4f67-a52b-b8b5ae8839f5 Accept: application/json {{(pid=102711) process_request /opt/stack/glance/glance/api/middleware/version_negotiation.py:44}}
Jun 25 16:50:14.240681 np0000003623 devstack@g-api.service[102711]: DEBUG glance.api.middleware.version_negotiation [None req-05c65ab6-10a4-4a90-9b4a-55d0f2d47c32 tempest-VolumesActionsTest-1405080403 tempest-VolumesActionsTest-1405080403-project-member] Using url versioning {{(pid=102711) process_request /opt/stack/glance/glance/api/middleware/version_negotiation.py:57}}
Jun 25 16:50:14.240681 np0000003623 devstack@g-api.service[102711]: DEBUG glance.api.middleware.version_negotiation [None req-05c65ab6-10a4-4a90-9b4a-55d0f2d47c32 tempest-VolumesActionsTest-1405080403 tempest-VolumesActionsTest-1405080403-project-member] Matched version: v2 {{(pid=102711) process_request /opt/stack/glance/glance/api/middleware/version_negotiation.py:69}}
Jun 25 16:50:14.240746 np0000003623 devstack@g-api.service[102711]: DEBUG glance.api.middleware.version_negotiation [None req-05c65ab6-10a4-4a90-9b4a-55d0f2d47c32 tempest-VolumesActionsTest-1405080403 tempest-VolumesActionsTest-1405080403-project-member] new path /v2/images/0bf593f9-7c13-4f67-a52b-b8b5ae8839f5 {{(pid=102711) process_request /opt/stack/glance/glance/api/middleware/version_negotiation.py:70}}
Jun 25 16:50:14.257740 np0000003623 devstack@g-api.service[102711]: [pid: 102711|app: 0|req: 92/375] 127.0.0.1 () {40 vars in 838 bytes} [Thu Jun 25 16:50:14 2026] GET /v2/images/0bf593f9-7c13-4f67-a52b-b8b5ae8839f5 => generated 650 bytes in 18 msecs (HTTP/1.1 200) 4 headers in 157 bytes (1 switches on core 0)
Jun 25 16:50:15.207843 np0000003623 devstack@g-api.service[102710]: DEBUG swiftclient [None req-5e49d36d-6123-4bbf-b529-3dd3e5f8ab75 tempest-VolumesActionsTest-1405080403 tempest-VolumesActionsTest-1405080403-project-member] REQ: curl -i https://10.4.3.225:8080/v1/AUTH_ca1fad3bb6014f31bf911b7bdf00fa9e/glance/0bf593f9-7c13-4f67-a52b-b8b5ae8839f5-00001 -X PUT -H "X-Auth-Token: gAAAAABqPVxEUgZR..." {{(pid=102710) http_log /opt/stack/data/venv/lib/python3.12/site-packages/swiftclient/client.py:160}}
Jun 25 16:50:15.208281 np0000003623 devstack@g-api.service[102710]: DEBUG swiftclient [None req-5e49d36d-6123-4bbf-b529-3dd3e5f8ab75 tempest-VolumesActionsTest-1405080403 tempest-VolumesActionsTest-1405080403-project-member] RESP STATUS: 201 Created {{(pid=102710) http_log /opt/stack/data/venv/lib/python3.12/site-packages/swiftclient/client.py:161}}
Jun 25 16:50:15.208281 np0000003623 devstack@g-api.service[102710]: DEBUG swiftclient [None req-5e49d36d-6123-4bbf-b529-3dd3e5f8ab75 tempest-VolumesActionsTest-1405080403 tempest-VolumesActionsTest-1405080403-project-member] RESP HEADERS: {'Date': 'Thu, 25 Jun 2026 16:50:15 GMT', 'Server': 'Apache/2.4.58 (Ubuntu)', 'Content-Type': 'text/html; charset=UTF-8', 'Content-Length': '0', 'Etag': 'eda9a9889837ac4bc81d6387d92c1bec', 'Last-Modified': 'Thu, 25 Jun 2026 16:50:14 GMT', 'X-Trans-Id': 'txb22f04a90a014dfea5b3b-006a3d5c45', 'X-Openstack-Request-Id': 'txb22f04a90a014dfea5b3b-006a3d5c45', 'Connection': 'close'} {{(pid=102710) http_log /opt/stack/data/venv/lib/python3.12/site-packages/swiftclient/client.py:162}}
Jun 25 16:50:15.208281 np0000003623 devstack@g-api.service[102710]: DEBUG glance_store._drivers.swift.store [None req-5e49d36d-6123-4bbf-b529-3dd3e5f8ab75 tempest-VolumesActionsTest-1405080403 tempest-VolumesActionsTest-1405080403-project-member] Wrote chunk 0bf593f9-7c13-4f67-a52b-b8b5ae8839f5-00001 (1/?) of length 204800000 to Swift returning MD5 of content: eda9a9889837ac4bc81d6387d92c1bec {{(pid=102710) add /opt/stack/data/venv/lib/python3.12/site-packages/glance_store/_drivers/swift/store.py:1059}}
Jun 25 16:50:15.268804 np0000003623 devstack@g-api.service[102713]: DEBUG glance.api.middleware.version_negotiation [None req-c1362e34-8678-4cd4-955f-10b1ef13141c tempest-AttachVolumeShelveTestJSON-378250719 tempest-AttachVolumeShelveTestJSON-378250719-project-member] Determining version of request: GET /v2/images/0bf593f9-7c13-4f67-a52b-b8b5ae8839f5 Accept: application/json {{(pid=102713) process_request /opt/stack/glance/glance/api/middleware/version_negotiation.py:44}}
Jun 25 16:50:15.269203 np0000003623 devstack@g-api.service[102713]: DEBUG glance.api.middleware.version_negotiation [None req-c1362e34-8678-4cd4-955f-10b1ef13141c tempest-AttachVolumeShelveTestJSON-378250719 tempest-AttachVolumeShelveTestJSON-378250719-project-member] Using url versioning {{(pid=102713) process_request /opt/stack/glance/glance/api/middleware/version_negotiation.py:57}}
Jun 25 16:50:15.269203 np0000003623 devstack@g-api.service[102713]: DEBUG glance.api.middleware.version_negotiation [None req-c1362e34-8678-4cd4-955f-10b1ef13141c tempest-AttachVolumeShelveTestJSON-378250719 tempest-AttachVolumeShelveTestJSON-378250719-project-member] Matched version: v2 {{(pid=102713) process_request /opt/stack/glance/glance/api/middleware/version_negotiation.py:69}}
Jun 25 16:50:15.269309 np0000003623 devstack@g-api.service[102713]: DEBUG glance.api.middleware.version_negotiation [None req-c1362e34-8678-4cd4-955f-10b1ef13141c tempest-AttachVolumeShelveTestJSON-378250719 tempest-AttachVolumeShelveTestJSON-378250719-project-member] new path /v2/images/0bf593f9-7c13-4f67-a52b-b8b5ae8839f5 {{(pid=102713) process_request /opt/stack/glance/glance/api/middleware/version_negotiation.py:70}}
Jun 25 16:50:15.282104 np0000003623 devstack@g-api.service[102713]: [pid: 102713|app: 0|req: 100/376] 127.0.0.1 () {40 vars in 838 bytes} [Thu Jun 25 16:50:15 2026] GET /v2/images/0bf593f9-7c13-4f67-a52b-b8b5ae8839f5 => generated 650 bytes in 13 msecs (HTTP/1.1 200) 4 headers in 157 bytes (1 switches on core 0)
Jun 25 16:50:16.290598 np0000003623 devstack@g-api.service[102712]: DEBUG glance.api.middleware.version_negotiation [None req-c1362e34-8678-4cd4-955f-10b1ef13141c tempest-AttachVolumeShelveTestJSON-378250719 tempest-AttachVolumeShelveTestJSON-378250719-project-member] Determining version of request: GET /v2/images/0bf593f9-7c13-4f67-a52b-b8b5ae8839f5 Accept: application/json {{(pid=102712) process_request /opt/stack/glance/glance/api/middleware/version_negotiation.py:44}}
Jun 25 16:50:16.290902 np0000003623 devstack@g-api.service[102712]: DEBUG glance.api.middleware.version_negotiation [None req-c1362e34-8678-4cd4-955f-10b1ef13141c tempest-AttachVolumeShelveTestJSON-378250719 tempest-AttachVolumeShelveTestJSON-378250719-project-member] Using url versioning {{(pid=102712) process_request /opt/stack/glance/glance/api/middleware/version_negotiation.py:57}}
Jun 25 16:50:16.290902 np0000003623 devstack@g-api.service[102712]: DEBUG glance.api.middleware.version_negotiation [None req-c1362e34-8678-4cd4-955f-10b1ef13141c tempest-AttachVolumeShelveTestJSON-378250719 tempest-AttachVolumeShelveTestJSON-378250719-project-member] Matched version: v2 {{(pid=102712) process_request /opt/stack/glance/glance/api/middleware/version_negotiation.py:69}}
Jun 25 16:50:16.290902 np0000003623 devstack@g-api.service[102712]: DEBUG glance.api.middleware.version_negotiation [None req-c1362e34-8678-4cd4-955f-10b1ef13141c tempest-AttachVolumeShelveTestJSON-378250719 tempest-AttachVolumeShelveTestJSON-378250719-project-member] new path /v2/images/0bf593f9-7c13-4f67-a52b-b8b5ae8839f5 {{(pid=102712) process_request /opt/stack/glance/glance/api/middleware/version_negotiation.py:70}}
Jun 25 16:50:16.302356 np0000003623 devstack@g-api.service[102712]: [pid: 102712|app: 0|req: 98/377] 127.0.0.1 () {40 vars in 838 bytes} [Thu Jun 25 16:50:16 2026] GET /v2/images/0bf593f9-7c13-4f67-a52b-b8b5ae8839f5 => generated 650 bytes in 12 msecs (HTTP/1.1 200) 4 headers in 157 bytes (1 switches on core 0)
Jun 25 16:50:17.292665 np0000003623 devstack@g-api.service[102710]: DEBUG swiftclient [None req-5e49d36d-6123-4bbf-b529-3dd3e5f8ab75 tempest-VolumesActionsTest-1405080403 tempest-VolumesActionsTest-1405080403-project-member] REQ: curl -i https://10.4.3.225:8080/v1/AUTH_ca1fad3bb6014f31bf911b7bdf00fa9e/glance/0bf593f9-7c13-4f67-a52b-b8b5ae8839f5-00002 -X PUT -H "X-Auth-Token: gAAAAABqPVxEUgZR..." {{(pid=102710) http_log /opt/stack/data/venv/lib/python3.12/site-packages/swiftclient/client.py:160}}
Jun 25 16:50:17.292990 np0000003623 devstack@g-api.service[102710]: DEBUG swiftclient [None req-5e49d36d-6123-4bbf-b529-3dd3e5f8ab75 tempest-VolumesActionsTest-1405080403 tempest-VolumesActionsTest-1405080403-project-member] RESP STATUS: 201 Created {{(pid=102710) http_log /opt/stack/data/venv/lib/python3.12/site-packages/swiftclient/client.py:161}}
Jun 25 16:50:17.294933 np0000003623 devstack@g-api.service[102710]: DEBUG swiftclient [None req-5e49d36d-6123-4bbf-b529-3dd3e5f8ab75 tempest-VolumesActionsTest-1405080403 tempest-VolumesActionsTest-1405080403-project-member] RESP HEADERS: {'Date': 'Thu, 25 Jun 2026 16:50:17 GMT', 'Server': 'Apache/2.4.58 (Ubuntu)', 'Content-Type': 'text/html; charset=UTF-8', 'Content-Length': '0', 'Etag': 'eda9a9889837ac4bc81d6387d92c1bec', 'Last-Modified': 'Thu, 25 Jun 2026 16:50:16 GMT', 'X-Trans-Id': 'tx784fe532ccb54aa9af79b-006a3d5c47', 'X-Openstack-Request-Id': 'tx784fe532ccb54aa9af79b-006a3d5c47', 'Connection': 'close'} {{(pid=102710) http_log /opt/stack/data/venv/lib/python3.12/site-packages/swiftclient/client.py:162}}
Jun 25 16:50:17.294933 np0000003623 devstack@g-api.service[102710]: DEBUG glance_store._drivers.swift.store [None req-5e49d36d-6123-4bbf-b529-3dd3e5f8ab75 tempest-VolumesActionsTest-1405080403 tempest-VolumesActionsTest-1405080403-project-member] Wrote chunk 0bf593f9-7c13-4f67-a52b-b8b5ae8839f5-00002 (2/?) of length 204800000 to Swift returning MD5 of content: eda9a9889837ac4bc81d6387d92c1bec {{(pid=102710) add /opt/stack/data/venv/lib/python3.12/site-packages/glance_store/_drivers/swift/store.py:1059}}
Jun 25 16:50:17.314469 np0000003623 devstack@g-api.service[102711]: DEBUG glance.api.middleware.version_negotiation [None req-dc2e6c2e-c0a0-4bf4-8222-4bf2006d5aa2 tempest-VolumesActionsTest-1405080403 tempest-VolumesActionsTest-1405080403-project-member] Determining version of request: GET /v2/images/0bf593f9-7c13-4f67-a52b-b8b5ae8839f5 Accept: application/json {{(pid=102711) process_request /opt/stack/glance/glance/api/middleware/version_negotiation.py:44}}
Jun 25 16:50:17.314851 np0000003623 devstack@g-api.service[102711]: DEBUG glance.api.middleware.version_negotiation [None req-dc2e6c2e-c0a0-4bf4-8222-4bf2006d5aa2 tempest-VolumesActionsTest-1405080403 tempest-VolumesActionsTest-1405080403-project-member] Using url versioning {{(pid=102711) process_request /opt/stack/glance/glance/api/middleware/version_negotiation.py:57}}
Jun 25 16:50:17.314851 np0000003623 devstack@g-api.service[102711]: DEBUG glance.api.middleware.version_negotiation [None req-dc2e6c2e-c0a0-4bf4-8222-4bf2006d5aa2 tempest-VolumesActionsTest-1405080403 tempest-VolumesActionsTest-1405080403-project-member] Matched version: v2 {{(pid=102711) process_request /opt/stack/glance/glance/api/middleware/version_negotiation.py:69}}
Jun 25 16:50:17.314903 np0000003623 devstack@g-api.service[102711]: DEBUG glance.api.middleware.version_negotiation [None req-dc2e6c2e-c0a0-4bf4-8222-4bf2006d5aa2 tempest-VolumesActionsTest-1405080403 tempest-VolumesActionsTest-1405080403-project-member] new path /v2/images/0bf593f9-7c13-4f67-a52b-b8b5ae8839f5 {{(pid=102711) process_request /opt/stack/glance/glance/api/middleware/version_negotiation.py:70}}
Jun 25 16:50:17.332274 np0000003623 devstack@g-api.service[102711]: [pid: 102711|app: 0|req: 93/378] 127.0.0.1 () {40 vars in 838 bytes} [Thu Jun 25 16:50:17 2026] GET /v2/images/0bf593f9-7c13-4f67-a52b-b8b5ae8839f5 => generated 650 bytes in 18 msecs (HTTP/1.1 200) 4 headers in 157 bytes (1 switches on core 0)
Jun 25 16:50:18.347589 np0000003623 devstack@g-api.service[102713]: DEBUG glance.api.middleware.version_negotiation [None req-0b3cb12a-b79d-4b39-93c5-3629c8398ea1 tempest-VolumesActionsTest-1405080403 tempest-VolumesActionsTest-1405080403-project-member] Determining version of request: GET /v2/images/0bf593f9-7c13-4f67-a52b-b8b5ae8839f5 Accept: application/json {{(pid=102713) process_request /opt/stack/glance/glance/api/middleware/version_negotiation.py:44}}
Jun 25 16:50:18.347589 np0000003623 devstack@g-api.service[102713]: DEBUG glance.api.middleware.version_negotiation [None req-0b3cb12a-b79d-4b39-93c5-3629c8398ea1 tempest-VolumesActionsTest-1405080403 tempest-VolumesActionsTest-1405080403-project-member] Using url versioning {{(pid=102713) process_request /opt/stack/glance/glance/api/middleware/version_negotiation.py:57}}
Jun 25 16:50:18.347589 np0000003623 devstack@g-api.service[102713]: DEBUG glance.api.middleware.version_negotiation [None req-0b3cb12a-b79d-4b39-93c5-3629c8398ea1 tempest-VolumesActionsTest-1405080403 tempest-VolumesActionsTest-1405080403-project-member] Matched version: v2 {{(pid=102713) process_request /opt/stack/glance/glance/api/middleware/version_negotiation.py:69}}
Jun 25 16:50:18.347589 np0000003623 devstack@g-api.service[102713]: DEBUG glance.api.middleware.version_negotiation [None req-0b3cb12a-b79d-4b39-93c5-3629c8398ea1 tempest-VolumesActionsTest-1405080403 tempest-VolumesActionsTest-1405080403-project-member] new path /v2/images/0bf593f9-7c13-4f67-a52b-b8b5ae8839f5 {{(pid=102713) process_request /opt/stack/glance/glance/api/middleware/version_negotiation.py:70}}
Jun 25 16:50:18.363720 np0000003623 devstack@g-api.service[102713]: [pid: 102713|app: 0|req: 101/379] 127.0.0.1 () {40 vars in 838 bytes} [Thu Jun 25 16:50:18 2026] GET /v2/images/0bf593f9-7c13-4f67-a52b-b8b5ae8839f5 => generated 650 bytes in 17 msecs (HTTP/1.1 200) 4 headers in 157 bytes (1 switches on core 0)
Jun 25 16:50:19.388661 np0000003623 devstack@g-api.service[102712]: DEBUG glance.api.middleware.version_negotiation [None req-3e4ae41e-e3e3-44d1-bb75-aa8f57348d26 tempest-VolumesActionsTest-1405080403 tempest-VolumesActionsTest-1405080403-project-member] Determining version of request: GET /v2/images/0bf593f9-7c13-4f67-a52b-b8b5ae8839f5 Accept: application/json {{(pid=102712) process_request /opt/stack/glance/glance/api/middleware/version_negotiation.py:44}}
Jun 25 16:50:19.388661 np0000003623 devstack@g-api.service[102712]: DEBUG glance.api.middleware.version_negotiation [None req-3e4ae41e-e3e3-44d1-bb75-aa8f57348d26 tempest-VolumesActionsTest-1405080403 tempest-VolumesActionsTest-1405080403-project-member] Using url versioning {{(pid=102712) process_request /opt/stack/glance/glance/api/middleware/version_negotiation.py:57}}
Jun 25 16:50:19.388661 np0000003623 devstack@g-api.service[102712]: DEBUG glance.api.middleware.version_negotiation [None req-3e4ae41e-e3e3-44d1-bb75-aa8f57348d26 tempest-VolumesActionsTest-1405080403 tempest-VolumesActionsTest-1405080403-project-member] Matched version: v2 {{(pid=102712) process_request /opt/stack/glance/glance/api/middleware/version_negotiation.py:69}}
Jun 25 16:50:19.388661 np0000003623 devstack@g-api.service[102712]: DEBUG glance.api.middleware.version_negotiation [None req-3e4ae41e-e3e3-44d1-bb75-aa8f57348d26 tempest-VolumesActionsTest-1405080403 tempest-VolumesActionsTest-1405080403-project-member] new path /v2/images/0bf593f9-7c13-4f67-a52b-b8b5ae8839f5 {{(pid=102712) process_request /opt/stack/glance/glance/api/middleware/version_negotiation.py:70}}
Jun 25 16:50:19.418820 np0000003623 devstack@g-api.service[102712]: [pid: 102712|app: 0|req: 99/380] 127.0.0.1 () {40 vars in 838 bytes} [Thu Jun 25 16:50:19 2026] GET /v2/images/0bf593f9-7c13-4f67-a52b-b8b5ae8839f5 => generated 650 bytes in 33 msecs (HTTP/1.1 200) 4 headers in 157 bytes (1 switches on core 0)
Jun 25 16:50:19.432026 np0000003623 devstack@g-api.service[102710]: DEBUG swiftclient [None req-5e49d36d-6123-4bbf-b529-3dd3e5f8ab75 tempest-VolumesActionsTest-1405080403 tempest-VolumesActionsTest-1405080403-project-member] REQ: curl -i https://10.4.3.225:8080/v1/AUTH_ca1fad3bb6014f31bf911b7bdf00fa9e/glance/0bf593f9-7c13-4f67-a52b-b8b5ae8839f5-00003 -X PUT -H "X-Auth-Token: gAAAAABqPVxEUgZR..." {{(pid=102710) http_log /opt/stack/data/venv/lib/python3.12/site-packages/swiftclient/client.py:160}}
Jun 25 16:50:19.432438 np0000003623 devstack@g-api.service[102710]: DEBUG swiftclient [None req-5e49d36d-6123-4bbf-b529-3dd3e5f8ab75 tempest-VolumesActionsTest-1405080403 tempest-VolumesActionsTest-1405080403-project-member] RESP STATUS: 201 Created {{(pid=102710) http_log /opt/stack/data/venv/lib/python3.12/site-packages/swiftclient/client.py:161}}
Jun 25 16:50:19.432438 np0000003623 devstack@g-api.service[102710]: DEBUG swiftclient [None req-5e49d36d-6123-4bbf-b529-3dd3e5f8ab75 tempest-VolumesActionsTest-1405080403 tempest-VolumesActionsTest-1405080403-project-member] RESP HEADERS: {'Date': 'Thu, 25 Jun 2026 16:50:19 GMT', 'Server': 'Apache/2.4.58 (Ubuntu)', 'Content-Type': 'text/html; charset=UTF-8', 'Content-Length': '0', 'Etag': 'eda9a9889837ac4bc81d6387d92c1bec', 'Last-Modified': 'Thu, 25 Jun 2026 16:50:18 GMT', 'X-Trans-Id': 'tx9ebe07b4711d4ce98cc7b-006a3d5c49', 'X-Openstack-Request-Id': 'tx9ebe07b4711d4ce98cc7b-006a3d5c49', 'Connection': 'close'} {{(pid=102710) http_log /opt/stack/data/venv/lib/python3.12/site-packages/swiftclient/client.py:162}}
Jun 25 16:50:19.432438 np0000003623 devstack@g-api.service[102710]: DEBUG glance_store._drivers.swift.store [None req-5e49d36d-6123-4bbf-b529-3dd3e5f8ab75 tempest-VolumesActionsTest-1405080403 tempest-VolumesActionsTest-1405080403-project-member] Wrote chunk 0bf593f9-7c13-4f67-a52b-b8b5ae8839f5-00003 (3/?) of length 204800000 to Swift returning MD5 of content: eda9a9889837ac4bc81d6387d92c1bec {{(pid=102710) add /opt/stack/data/venv/lib/python3.12/site-packages/glance_store/_drivers/swift/store.py:1059}}
Jun 25 16:50:20.436749 np0000003623 devstack@g-api.service[102711]: DEBUG glance.api.middleware.version_negotiation [None req-3d1db68c-43c8-4d75-9506-52a1d9368a38 tempest-VolumesActionsTest-1405080403 tempest-VolumesActionsTest-1405080403-project-member] Determining version of request: GET /v2/images/0bf593f9-7c13-4f67-a52b-b8b5ae8839f5 Accept: application/json {{(pid=102711) process_request /opt/stack/glance/glance/api/middleware/version_negotiation.py:44}}
Jun 25 16:50:20.437125 np0000003623 devstack@g-api.service[102711]: DEBUG glance.api.middleware.version_negotiation [None req-3d1db68c-43c8-4d75-9506-52a1d9368a38 tempest-VolumesActionsTest-1405080403 tempest-VolumesActionsTest-1405080403-project-member] Using url versioning {{(pid=102711) process_request /opt/stack/glance/glance/api/middleware/version_negotiation.py:57}}
Jun 25 16:50:20.437125 np0000003623 devstack@g-api.service[102711]: DEBUG glance.api.middleware.version_negotiation [None req-3d1db68c-43c8-4d75-9506-52a1d9368a38 tempest-VolumesActionsTest-1405080403 tempest-VolumesActionsTest-1405080403-project-member] Matched version: v2 {{(pid=102711) process_request /opt/stack/glance/glance/api/middleware/version_negotiation.py:69}}
Jun 25 16:50:20.437207 np0000003623 devstack@g-api.service[102711]: DEBUG glance.api.middleware.version_negotiation [None req-3d1db68c-43c8-4d75-9506-52a1d9368a38 tempest-VolumesActionsTest-1405080403 tempest-VolumesActionsTest-1405080403-project-member] new path /v2/images/0bf593f9-7c13-4f67-a52b-b8b5ae8839f5 {{(pid=102711) process_request /opt/stack/glance/glance/api/middleware/version_negotiation.py:70}}
Jun 25 16:50:20.460081 np0000003623 devstack@g-api.service[102711]: [pid: 102711|app: 0|req: 94/381] 127.0.0.1 () {40 vars in 838 bytes} [Thu Jun 25 16:50:20 2026] GET /v2/images/0bf593f9-7c13-4f67-a52b-b8b5ae8839f5 => generated 650 bytes in 25 msecs (HTTP/1.1 200) 4 headers in 157 bytes (1 switches on core 0)
Jun 25 16:50:21.473793 np0000003623 devstack@g-api.service[102713]: DEBUG glance.api.middleware.version_negotiation [None req-ead45341-e62a-4d4c-bba1-4cf37e495068 tempest-VolumesActionsTest-1405080403 tempest-VolumesActionsTest-1405080403-project-member] Determining version of request: GET /v2/images/0bf593f9-7c13-4f67-a52b-b8b5ae8839f5 Accept: application/json {{(pid=102713) process_request /opt/stack/glance/glance/api/middleware/version_negotiation.py:44}}
Jun 25 16:50:21.474267 np0000003623 devstack@g-api.service[102713]: DEBUG glance.api.middleware.version_negotiation [None req-ead45341-e62a-4d4c-bba1-4cf37e495068 tempest-VolumesActionsTest-1405080403 tempest-VolumesActionsTest-1405080403-project-member] Using url versioning {{(pid=102713) process_request /opt/stack/glance/glance/api/middleware/version_negotiation.py:57}}
Jun 25 16:50:21.474267 np0000003623 devstack@g-api.service[102713]: DEBUG glance.api.middleware.version_negotiation [None req-ead45341-e62a-4d4c-bba1-4cf37e495068 tempest-VolumesActionsTest-1405080403 tempest-VolumesActionsTest-1405080403-project-member] Matched version: v2 {{(pid=102713) process_request /opt/stack/glance/glance/api/middleware/version_negotiation.py:69}}
Jun 25 16:50:21.474428 np0000003623 devstack@g-api.service[102713]: DEBUG glance.api.middleware.version_negotiation [None req-ead45341-e62a-4d4c-bba1-4cf37e495068 tempest-VolumesActionsTest-1405080403 tempest-VolumesActionsTest-1405080403-project-member] new path /v2/images/0bf593f9-7c13-4f67-a52b-b8b5ae8839f5 {{(pid=102713) process_request /opt/stack/glance/glance/api/middleware/version_negotiation.py:70}}
Jun 25 16:50:21.485751 np0000003623 devstack@g-api.service[102713]: [pid: 102713|app: 0|req: 102/382] 127.0.0.1 () {40 vars in 838 bytes} [Thu Jun 25 16:50:21 2026] GET /v2/images/0bf593f9-7c13-4f67-a52b-b8b5ae8839f5 => generated 650 bytes in 12 msecs (HTTP/1.1 200) 4 headers in 157 bytes (1 switches on core 0)
Jun 25 16:50:21.830885 np0000003623 devstack@g-api.service[102710]: DEBUG swiftclient [None req-5e49d36d-6123-4bbf-b529-3dd3e5f8ab75 tempest-VolumesActionsTest-1405080403 tempest-VolumesActionsTest-1405080403-project-member] REQ: curl -i https://10.4.3.225:8080/v1/AUTH_ca1fad3bb6014f31bf911b7bdf00fa9e/glance/0bf593f9-7c13-4f67-a52b-b8b5ae8839f5-00004 -X PUT -H "X-Auth-Token: gAAAAABqPVxEUgZR..." {{(pid=102710) http_log /opt/stack/data/venv/lib/python3.12/site-packages/swiftclient/client.py:160}}
Jun 25 16:50:21.830885 np0000003623 devstack@g-api.service[102710]: DEBUG swiftclient [None req-5e49d36d-6123-4bbf-b529-3dd3e5f8ab75 tempest-VolumesActionsTest-1405080403 tempest-VolumesActionsTest-1405080403-project-member] RESP STATUS: 201 Created {{(pid=102710) http_log /opt/stack/data/venv/lib/python3.12/site-packages/swiftclient/client.py:161}}
Jun 25 16:50:21.830885 np0000003623 devstack@g-api.service[102710]: DEBUG swiftclient [None req-5e49d36d-6123-4bbf-b529-3dd3e5f8ab75 tempest-VolumesActionsTest-1405080403 tempest-VolumesActionsTest-1405080403-project-member] RESP HEADERS: {'Date': 'Thu, 25 Jun 2026 16:50:21 GMT', 'Server': 'Apache/2.4.58 (Ubuntu)', 'Content-Type': 'text/html; charset=UTF-8', 'Content-Length': '0', 'Etag': 'eda9a9889837ac4bc81d6387d92c1bec', 'Last-Modified': 'Thu, 25 Jun 2026 16:50:20 GMT', 'X-Trans-Id': 'tx224695947ca6422aad1d0-006a3d5c4b', 'X-Openstack-Request-Id': 'tx224695947ca6422aad1d0-006a3d5c4b', 'Connection': 'close'} {{(pid=102710) http_log /opt/stack/data/venv/lib/python3.12/site-packages/swiftclient/client.py:162}}
Jun 25 16:50:21.831827 np0000003623 devstack@g-api.service[102710]: DEBUG glance_store._drivers.swift.store [None req-5e49d36d-6123-4bbf-b529-3dd3e5f8ab75 tempest-VolumesActionsTest-1405080403 tempest-VolumesActionsTest-1405080403-project-member] Wrote chunk 0bf593f9-7c13-4f67-a52b-b8b5ae8839f5-00004 (4/?) of length 204800000 to Swift returning MD5 of content: eda9a9889837ac4bc81d6387d92c1bec {{(pid=102710) add /opt/stack/data/venv/lib/python3.12/site-packages/glance_store/_drivers/swift/store.py:1059}}
Jun 25 16:50:22.502862 np0000003623 devstack@g-api.service[102712]: DEBUG glance.api.middleware.version_negotiation [None req-9cbde1fa-6fca-474e-905e-d08e0867a905 tempest-VolumesActionsTest-1405080403 tempest-VolumesActionsTest-1405080403-project-member] Determining version of request: GET /v2/images/0bf593f9-7c13-4f67-a52b-b8b5ae8839f5 Accept: application/json {{(pid=102712) process_request /opt/stack/glance/glance/api/middleware/version_negotiation.py:44}}
Jun 25 16:50:22.503295 np0000003623 devstack@g-api.service[102712]: DEBUG glance.api.middleware.version_negotiation [None req-9cbde1fa-6fca-474e-905e-d08e0867a905 tempest-VolumesActionsTest-1405080403 tempest-VolumesActionsTest-1405080403-project-member] Using url versioning {{(pid=102712) process_request /opt/stack/glance/glance/api/middleware/version_negotiation.py:57}}
Jun 25 16:50:22.503295 np0000003623 devstack@g-api.service[102712]: DEBUG glance.api.middleware.version_negotiation [None req-9cbde1fa-6fca-474e-905e-d08e0867a905 tempest-VolumesActionsTest-1405080403 tempest-VolumesActionsTest-1405080403-project-member] Matched version: v2 {{(pid=102712) process_request /opt/stack/glance/glance/api/middleware/version_negotiation.py:69}}
Jun 25 16:50:22.503421 np0000003623 devstack@g-api.service[102712]: DEBUG glance.api.middleware.version_negotiation [None req-9cbde1fa-6fca-474e-905e-d08e0867a905 tempest-VolumesActionsTest-1405080403 tempest-VolumesActionsTest-1405080403-project-member] new path /v2/images/0bf593f9-7c13-4f67-a52b-b8b5ae8839f5 {{(pid=102712) process_request /opt/stack/glance/glance/api/middleware/version_negotiation.py:70}}
Jun 25 16:50:22.525462 np0000003623 devstack@g-api.service[102712]: [pid: 102712|app: 0|req: 100/383] 127.0.0.1 () {40 vars in 838 bytes} [Thu Jun 25 16:50:22 2026] GET /v2/images/0bf593f9-7c13-4f67-a52b-b8b5ae8839f5 => generated 650 bytes in 23 msecs (HTTP/1.1 200) 4 headers in 157 bytes (1 switches on core 0)
Jun 25 16:50:22.856347 np0000003623 devstack@g-api.service[102710]: DEBUG dbcounter [-] [102710] Writing DB stats glance:SELECT=12,glance:UPDATE=1 {{(pid=102710) stat_writer /opt/stack/data/venv/lib/python3.12/site-packages/dbcounter.py:115}}
Jun 25 16:50:23.541109 np0000003623 devstack@g-api.service[102711]: DEBUG glance.api.middleware.version_negotiation [None req-a22e6aac-bf23-4ef4-bc6a-31cd1c361401 tempest-VolumesActionsTest-1405080403 tempest-VolumesActionsTest-1405080403-project-member] Determining version of request: GET /v2/images/0bf593f9-7c13-4f67-a52b-b8b5ae8839f5 Accept: application/json {{(pid=102711) process_request /opt/stack/glance/glance/api/middleware/version_negotiation.py:44}}
Jun 25 16:50:23.542591 np0000003623 devstack@g-api.service[102711]: DEBUG glance.api.middleware.version_negotiation [None req-a22e6aac-bf23-4ef4-bc6a-31cd1c361401 tempest-VolumesActionsTest-1405080403 tempest-VolumesActionsTest-1405080403-project-member] Using url versioning {{(pid=102711) process_request /opt/stack/glance/glance/api/middleware/version_negotiation.py:57}}
Jun 25 16:50:23.542591 np0000003623 devstack@g-api.service[102711]: DEBUG glance.api.middleware.version_negotiation [None req-a22e6aac-bf23-4ef4-bc6a-31cd1c361401 tempest-VolumesActionsTest-1405080403 tempest-VolumesActionsTest-1405080403-project-member] Matched version: v2 {{(pid=102711) process_request /opt/stack/glance/glance/api/middleware/version_negotiation.py:69}}
Jun 25 16:50:23.542591 np0000003623 devstack@g-api.service[102711]: DEBUG glance.api.middleware.version_negotiation [None req-a22e6aac-bf23-4ef4-bc6a-31cd1c361401 tempest-VolumesActionsTest-1405080403 tempest-VolumesActionsTest-1405080403-project-member] new path /v2/images/0bf593f9-7c13-4f67-a52b-b8b5ae8839f5 {{(pid=102711) process_request /opt/stack/glance/glance/api/middleware/version_negotiation.py:70}}
Jun 25 16:50:23.569387 np0000003623 devstack@g-api.service[102711]: [pid: 102711|app: 0|req: 95/384] 127.0.0.1 () {40 vars in 838 bytes} [Thu Jun 25 16:50:23 2026] GET /v2/images/0bf593f9-7c13-4f67-a52b-b8b5ae8839f5 => generated 650 bytes in 28 msecs (HTTP/1.1 200) 4 headers in 157 bytes (1 switches on core 0)
Jun 25 16:50:24.191590 np0000003623 devstack@g-api.service[102710]: DEBUG swiftclient [None req-5e49d36d-6123-4bbf-b529-3dd3e5f8ab75 tempest-VolumesActionsTest-1405080403 tempest-VolumesActionsTest-1405080403-project-member] REQ: curl -i https://10.4.3.225:8080/v1/AUTH_ca1fad3bb6014f31bf911b7bdf00fa9e/glance/0bf593f9-7c13-4f67-a52b-b8b5ae8839f5-00005 -X PUT -H "X-Auth-Token: gAAAAABqPVxEUgZR..." {{(pid=102710) http_log /opt/stack/data/venv/lib/python3.12/site-packages/swiftclient/client.py:160}}
Jun 25 16:50:24.191590 np0000003623 devstack@g-api.service[102710]: DEBUG swiftclient [None req-5e49d36d-6123-4bbf-b529-3dd3e5f8ab75 tempest-VolumesActionsTest-1405080403 tempest-VolumesActionsTest-1405080403-project-member] RESP STATUS: 201 Created {{(pid=102710) http_log /opt/stack/data/venv/lib/python3.12/site-packages/swiftclient/client.py:161}}
Jun 25 16:50:24.192075 np0000003623 devstack@g-api.service[102710]: DEBUG swiftclient [None req-5e49d36d-6123-4bbf-b529-3dd3e5f8ab75 tempest-VolumesActionsTest-1405080403 tempest-VolumesActionsTest-1405080403-project-member] RESP HEADERS: {'Date': 'Thu, 25 Jun 2026 16:50:24 GMT', 'Server': 'Apache/2.4.58 (Ubuntu)', 'Content-Type': 'text/html; charset=UTF-8', 'Content-Length': '0', 'Etag': 'eda9a9889837ac4bc81d6387d92c1bec', 'Last-Modified': 'Thu, 25 Jun 2026 16:50:22 GMT', 'X-Trans-Id': 'txc54dcb2666e243e7bc671-006a3d5c4d', 'X-Openstack-Request-Id': 'txc54dcb2666e243e7bc671-006a3d5c4d', 'Connection': 'close'} {{(pid=102710) http_log /opt/stack/data/venv/lib/python3.12/site-packages/swiftclient/client.py:162}}
Jun 25 16:50:24.192075 np0000003623 devstack@g-api.service[102710]: DEBUG glance_store._drivers.swift.store [None req-5e49d36d-6123-4bbf-b529-3dd3e5f8ab75 tempest-VolumesActionsTest-1405080403 tempest-VolumesActionsTest-1405080403-project-member] Wrote chunk 0bf593f9-7c13-4f67-a52b-b8b5ae8839f5-00005 (5/?) of length 204800000 to Swift returning MD5 of content: eda9a9889837ac4bc81d6387d92c1bec {{(pid=102710) add /opt/stack/data/venv/lib/python3.12/site-packages/glance_store/_drivers/swift/store.py:1059}}
Jun 25 16:50:24.584941 np0000003623 devstack@g-api.service[102713]: DEBUG glance.api.middleware.version_negotiation [None req-8b8a983f-9c1b-492f-bc89-c1e940f3aeb0 tempest-VolumesActionsTest-1405080403 tempest-VolumesActionsTest-1405080403-project-member] Determining version of request: GET /v2/images/0bf593f9-7c13-4f67-a52b-b8b5ae8839f5 Accept: application/json {{(pid=102713) process_request /opt/stack/glance/glance/api/middleware/version_negotiation.py:44}}
Jun 25 16:50:24.584941 np0000003623 devstack@g-api.service[102713]: DEBUG glance.api.middleware.version_negotiation [None req-8b8a983f-9c1b-492f-bc89-c1e940f3aeb0 tempest-VolumesActionsTest-1405080403 tempest-VolumesActionsTest-1405080403-project-member] Using url versioning {{(pid=102713) process_request /opt/stack/glance/glance/api/middleware/version_negotiation.py:57}}
Jun 25 16:50:24.584941 np0000003623 devstack@g-api.service[102713]: DEBUG glance.api.middleware.version_negotiation [None req-8b8a983f-9c1b-492f-bc89-c1e940f3aeb0 tempest-VolumesActionsTest-1405080403 tempest-VolumesActionsTest-1405080403-project-member] Matched version: v2 {{(pid=102713) process_request /opt/stack/glance/glance/api/middleware/version_negotiation.py:69}}
Jun 25 16:50:24.584941 np0000003623 devstack@g-api.service[102713]: DEBUG glance.api.middleware.version_negotiation [None req-8b8a983f-9c1b-492f-bc89-c1e940f3aeb0 tempest-VolumesActionsTest-1405080403 tempest-VolumesActionsTest-1405080403-project-member] new path /v2/images/0bf593f9-7c13-4f67-a52b-b8b5ae8839f5 {{(pid=102713) process_request /opt/stack/glance/glance/api/middleware/version_negotiation.py:70}}
Jun 25 16:50:24.604138 np0000003623 devstack@g-api.service[102713]: [pid: 102713|app: 0|req: 103/385] 127.0.0.1 () {40 vars in 838 bytes} [Thu Jun 25 16:50:24 2026] GET /v2/images/0bf593f9-7c13-4f67-a52b-b8b5ae8839f5 => generated 650 bytes in 17 msecs (HTTP/1.1 200) 4 headers in 157 bytes (1 switches on core 0)
Jun 25 16:50:24.776760 np0000003623 devstack@g-api.service[102710]: DEBUG swiftclient [None req-5e49d36d-6123-4bbf-b529-3dd3e5f8ab75 tempest-VolumesActionsTest-1405080403 tempest-VolumesActionsTest-1405080403-project-member] REQ: curl -i https://10.4.3.225:8080/v1/AUTH_ca1fad3bb6014f31bf911b7bdf00fa9e/glance/0bf593f9-7c13-4f67-a52b-b8b5ae8839f5-00006 -X PUT -H "X-Auth-Token: gAAAAABqPVxEUgZR..." {{(pid=102710) http_log /opt/stack/data/venv/lib/python3.12/site-packages/swiftclient/client.py:160}}
Jun 25 16:50:24.776760 np0000003623 devstack@g-api.service[102710]: DEBUG swiftclient [None req-5e49d36d-6123-4bbf-b529-3dd3e5f8ab75 tempest-VolumesActionsTest-1405080403 tempest-VolumesActionsTest-1405080403-project-member] RESP STATUS: 201 Created {{(pid=102710) http_log /opt/stack/data/venv/lib/python3.12/site-packages/swiftclient/client.py:161}}
Jun 25 16:50:24.776760 np0000003623 devstack@g-api.service[102710]: DEBUG swiftclient [None req-5e49d36d-6123-4bbf-b529-3dd3e5f8ab75 tempest-VolumesActionsTest-1405080403 tempest-VolumesActionsTest-1405080403-project-member] RESP HEADERS: {'Date': 'Thu, 25 Jun 2026 16:50:24 GMT', 'Server': 'Apache/2.4.58 (Ubuntu)', 'Content-Type': 'text/html; charset=UTF-8', 'Content-Length': '0', 'Etag': '708761f3b8777ec77058e63da08eeeb6', 'Last-Modified': 'Thu, 25 Jun 2026 16:50:25 GMT', 'X-Trans-Id': 'txc9e4865b0d7544e38871b-006a3d5c50', 'X-Openstack-Request-Id': 'txc9e4865b0d7544e38871b-006a3d5c50', 'Connection': 'close'} {{(pid=102710) http_log /opt/stack/data/venv/lib/python3.12/site-packages/swiftclient/client.py:162}}
