May 27 10:29:50.664182 np0000001499 nova-scheduler[95774]: DEBUG cotyledon.oslo_config_glue [-] oslo_limit.endpoint_id = None {{(pid=95774) log_opt_values /opt/stack/data/venv/lib/python3.12/site-packages/oslo_config/cfg.py:3256}}
May 27 10:29:50.664182 np0000001499 nova-scheduler[95774]: DEBUG cotyledon.oslo_config_glue [-] oslo_limit.endpoint_interface = public {{(pid=95774) log_opt_values /opt/stack/data/venv/lib/python3.12/site-packages/oslo_config/cfg.py:3256}}
May 27 10:29:50.664182 np0000001499 nova-scheduler[95774]: DEBUG cotyledon.oslo_config_glue [-] oslo_limit.endpoint_override = None {{(pid=95774) log_opt_values /opt/stack/data/venv/lib/python3.12/site-packages/oslo_config/cfg.py:3256}}
May 27 10:29:50.664182 np0000001499 nova-scheduler[95774]: DEBUG cotyledon.oslo_config_glue [-] oslo_limit.endpoint_region_name = None {{(pid=95774) log_opt_values /opt/stack/data/venv/lib/python3.12/site-packages/oslo_config/cfg.py:3256}}
May 27 10:29:50.664182 np0000001499 nova-scheduler[95774]: DEBUG cotyledon.oslo_config_glue [-] oslo_limit.endpoint_service_name = None {{(pid=95774) log_opt_values /opt/stack/data/venv/lib/python3.12/site-packages/oslo_config/cfg.py:3256}}
May 27 10:29:50.664352 np0000001499 nova-scheduler[95774]: DEBUG cotyledon.oslo_config_glue [-] oslo_limit.endpoint_service_type = None {{(pid=95774) log_opt_values /opt/stack/data/venv/lib/python3.12/site-packages/oslo_config/cfg.py:3256}}
May 27 10:29:50.664352 np0000001499 nova-scheduler[95774]: DEBUG cotyledon.oslo_config_glue [-] oslo_limit.insecure = False {{(pid=95774) log_opt_values /opt/stack/data/venv/lib/python3.12/site-packages/oslo_config/cfg.py:3256}}
May 27 10:29:50.664352 np0000001499 nova-scheduler[95774]: DEBUG cotyledon.oslo_config_glue [-] oslo_limit.keyfile = None {{(pid=95774) log_opt_values /opt/stack/data/venv/lib/python3.12/site-packages/oslo_config/cfg.py:3256}}
May 27 10:29:50.664352 np0000001499 nova-scheduler[95774]: DEBUG cotyledon.oslo_config_glue [-] oslo_limit.max_version = None {{(pid=95774) log_opt_values /opt/stack/data/venv/lib/python3.12/site-packages/oslo_config/cfg.py:3256}}
May 27 10:29:50.664352 np0000001499 nova-scheduler[95774]: DEBUG cotyledon.oslo_config_glue [-] oslo_limit.min_version = None {{(pid=95774) log_opt_values /opt/stack/data/venv/lib/python3.12/site-packages/oslo_config/cfg.py:3256}}
May 27 10:29:50.664352 np0000001499 nova-scheduler[95774]: DEBUG cotyledon.oslo_config_glue [-] oslo_limit.region_name = None {{(pid=95774) log_opt_values /opt/stack/data/venv/lib/python3.12/site-packages/oslo_config/cfg.py:3256}}
May 27 10:29:50.664352 np0000001499 nova-scheduler[95774]: DEBUG cotyledon.oslo_config_glue [-] oslo_limit.retriable_status_codes = None {{(pid=95774) log_opt_values /opt/stack/data/venv/lib/python3.12/site-packages/oslo_config/cfg.py:3256}}
May 27 10:29:50.664352 np0000001499 nova-scheduler[95774]: DEBUG cotyledon.oslo_config_glue [-] oslo_limit.service_name = None {{(pid=95774) log_opt_values /opt/stack/data/venv/lib/python3.12/site-packages/oslo_config/cfg.py:3256}}
May 27 10:29:50.664352 np0000001499 nova-scheduler[95774]: DEBUG cotyledon.oslo_config_glue [-] oslo_limit.service_type = None {{(pid=95774) log_opt_values /opt/stack/data/venv/lib/python3.12/site-packages/oslo_config/cfg.py:3256}}
May 27 10:29:50.664510 np0000001499 nova-scheduler[95772]: INFO dbcounter [None req-5671ad35-9823-4a9c-89ef-62d8145dc8b2 None None] Registered counter for database nova_cell0
May 27 10:29:50.664532 np0000001499 nova-scheduler[95774]: DEBUG cotyledon.oslo_config_glue [-] oslo_limit.split_loggers = False {{(pid=95774) log_opt_values /opt/stack/data/venv/lib/python3.12/site-packages/oslo_config/cfg.py:3256}}
May 27 10:29:50.664532 np0000001499 nova-scheduler[95774]: DEBUG cotyledon.oslo_config_glue [-] oslo_limit.status_code_retries = None {{(pid=95774) log_opt_values /opt/stack/data/venv/lib/python3.12/site-packages/oslo_config/cfg.py:3256}}
May 27 10:29:50.664532 np0000001499 nova-scheduler[95774]: DEBUG cotyledon.oslo_config_glue [-] oslo_limit.status_code_retry_delay = None {{(pid=95774) log_opt_values /opt/stack/data/venv/lib/python3.12/site-packages/oslo_config/cfg.py:3256}}
May 27 10:29:50.664532 np0000001499 nova-scheduler[95774]: DEBUG cotyledon.oslo_config_glue [-] oslo_limit.timeout = None {{(pid=95774) log_opt_values /opt/stack/data/venv/lib/python3.12/site-packages/oslo_config/cfg.py:3256}}
May 27 10:29:50.664532 np0000001499 nova-scheduler[95774]: DEBUG cotyledon.oslo_config_glue [-] oslo_limit.valid_interfaces = None {{(pid=95774) log_opt_values /opt/stack/data/venv/lib/python3.12/site-packages/oslo_config/cfg.py:3256}}
May 27 10:29:50.664532 np0000001499 nova-scheduler[95774]: DEBUG cotyledon.oslo_config_glue [-] oslo_limit.version = None {{(pid=95774) log_opt_values /opt/stack/data/venv/lib/python3.12/site-packages/oslo_config/cfg.py:3256}}
May 27 10:29:50.664532 np0000001499 nova-scheduler[95774]: DEBUG cotyledon.oslo_config_glue [-] oslo_reports.file_event_handler = None {{(pid=95774) log_opt_values /opt/stack/data/venv/lib/python3.12/site-packages/oslo_config/cfg.py:3256}}
May 27 10:29:50.664532 np0000001499 nova-scheduler[95774]: DEBUG cotyledon.oslo_config_glue [-] oslo_reports.file_event_handler_interval = 1 {{(pid=95774) log_opt_values /opt/stack/data/venv/lib/python3.12/site-packages/oslo_config/cfg.py:3256}}
May 27 10:29:50.664532 np0000001499 nova-scheduler[95774]: DEBUG cotyledon.oslo_config_glue [-] oslo_reports.log_dir = None {{(pid=95774) log_opt_values /opt/stack/data/venv/lib/python3.12/site-packages/oslo_config/cfg.py:3256}}
May 27 10:29:50.664703 np0000001499 nova-scheduler[95774]: DEBUG cotyledon.oslo_config_glue [-] ******************************************************************************** {{(pid=95774) log_opt_values /opt/stack/data/venv/lib/python3.12/site-packages/oslo_config/cfg.py:3263}}
May 27 10:29:50.664703 np0000001499 nova-scheduler[95774]: DEBUG cotyledon._service_worker [-] Run service ServiceWrapper(2) [95774] {{(pid=95774) wait_forever /opt/stack/data/venv/lib/python3.12/site-packages/cotyledon/_service_worker.py:218}}
May 27 10:29:50.664703 np0000001499 nova-scheduler[95774]: INFO nova.service [-] Starting scheduler node (version 33.1.0)
May 27 10:29:50.664703 np0000001499 nova-scheduler[95774]: INFO dbcounter [None req-ef69b04e-0b56-4141-8a8c-c3a4ed4311f0 None None] Registered counter for database nova_cell0
May 27 10:29:50.665687 np0000001499 nova-scheduler[95770]: DEBUG oslo_db.sqlalchemy.engines [None req-f6aa0228-8c55-4a68-9f32-1b7679be4420 None None] MySQL server mode set to STRICT_TRANS_TABLES,STRICT_ALL_TABLES,NO_ZERO_IN_DATE,NO_ZERO_DATE,ERROR_FOR_DIVISION_BY_ZERO,TRADITIONAL,NO_ENGINE_SUBSTITUTION {{(pid=95770) _check_effective_sql_mode /opt/stack/data/venv/lib/python3.12/site-packages/oslo_db/sqlalchemy/engines.py:325}}
May 27 10:29:50.674722 np0000001499 nova-scheduler[95770]: DEBUG dbcounter [-] [95770] Writer thread running {{(pid=95770) stat_writer /opt/stack/data/venv/lib/python3.12/site-packages/dbcounter.py:102}}
May 27 10:29:50.689231 np0000001499 nova-scheduler[95770]: DEBUG nova.service [None req-f6aa0228-8c55-4a68-9f32-1b7679be4420 None None] Creating RPC server for service: nova-scheduler on topic: scheduler {{(pid=95770) start /opt/stack/nova/nova/service.py:195}}
May 27 10:29:50.692891 np0000001499 nova-scheduler[95772]: DEBUG oslo_db.sqlalchemy.engines [None req-5671ad35-9823-4a9c-89ef-62d8145dc8b2 None None] MySQL server mode set to STRICT_TRANS_TABLES,STRICT_ALL_TABLES,NO_ZERO_IN_DATE,NO_ZERO_DATE,ERROR_FOR_DIVISION_BY_ZERO,TRADITIONAL,NO_ENGINE_SUBSTITUTION {{(pid=95772) _check_effective_sql_mode /opt/stack/data/venv/lib/python3.12/site-packages/oslo_db/sqlalchemy/engines.py:325}}
May 27 10:29:50.701838 np0000001499 nova-scheduler[95772]: DEBUG dbcounter [-] [95772] Writer thread running {{(pid=95772) stat_writer /opt/stack/data/venv/lib/python3.12/site-packages/dbcounter.py:102}}
May 27 10:29:50.704760 np0000001499 nova-scheduler[95772]: DEBUG nova.service [None req-5671ad35-9823-4a9c-89ef-62d8145dc8b2 None None] Creating RPC server for service: nova-scheduler on topic: scheduler {{(pid=95772) start /opt/stack/nova/nova/service.py:195}}
May 27 10:29:50.709456 np0000001499 nova-scheduler[95774]: DEBUG oslo_db.sqlalchemy.engines [None req-ef69b04e-0b56-4141-8a8c-c3a4ed4311f0 None None] MySQL server mode set to STRICT_TRANS_TABLES,STRICT_ALL_TABLES,NO_ZERO_IN_DATE,NO_ZERO_DATE,ERROR_FOR_DIVISION_BY_ZERO,TRADITIONAL,NO_ENGINE_SUBSTITUTION {{(pid=95774) _check_effective_sql_mode /opt/stack/data/venv/lib/python3.12/site-packages/oslo_db/sqlalchemy/engines.py:325}}
May 27 10:29:50.716619 np0000001499 nova-scheduler[95770]: DEBUG nova.service [None req-f6aa0228-8c55-4a68-9f32-1b7679be4420 None None] Join ServiceGroup membership for this service scheduler {{(pid=95770) start /opt/stack/nova/nova/service.py:221}}
May 27 10:29:50.716809 np0000001499 nova-scheduler[95770]: DEBUG nova.servicegroup.drivers.db [None req-f6aa0228-8c55-4a68-9f32-1b7679be4420 None None] DB_Driver: join new ServiceGroup member np0000001499 to the scheduler group, service = {{(pid=95770) join /opt/stack/nova/nova/servicegroup/drivers/db.py:44}}
May 27 10:29:50.724189 np0000001499 nova-scheduler[95774]: DEBUG dbcounter [-] [95774] Writer thread running {{(pid=95774) stat_writer /opt/stack/data/venv/lib/python3.12/site-packages/dbcounter.py:102}}
May 27 10:29:50.727502 np0000001499 nova-scheduler[95774]: DEBUG nova.service [None req-ef69b04e-0b56-4141-8a8c-c3a4ed4311f0 None None] Creating RPC server for service: nova-scheduler on topic: scheduler {{(pid=95774) start /opt/stack/nova/nova/service.py:195}}
May 27 10:29:50.728580 np0000001499 nova-scheduler[95772]: DEBUG nova.service [None req-5671ad35-9823-4a9c-89ef-62d8145dc8b2 None None] Join ServiceGroup membership for this service scheduler {{(pid=95772) start /opt/stack/nova/nova/service.py:221}}
May 27 10:29:50.728810 np0000001499 nova-scheduler[95772]: DEBUG nova.servicegroup.drivers.db [None req-5671ad35-9823-4a9c-89ef-62d8145dc8b2 None None] DB_Driver: join new ServiceGroup member np0000001499 to the scheduler group, service = {{(pid=95772) join /opt/stack/nova/nova/servicegroup/drivers/db.py:44}}
May 27 10:29:50.748701 np0000001499 nova-scheduler[95774]: DEBUG nova.service [None req-ef69b04e-0b56-4141-8a8c-c3a4ed4311f0 None None] Join ServiceGroup membership for this service scheduler {{(pid=95774) start /opt/stack/nova/nova/service.py:221}}
May 27 10:29:50.748701 np0000001499 nova-scheduler[95774]: DEBUG nova.servicegroup.drivers.db [None req-ef69b04e-0b56-4141-8a8c-c3a4ed4311f0 None None] DB_Driver: join new ServiceGroup member np0000001499 to the scheduler group, service = {{(pid=95774) join /opt/stack/nova/nova/servicegroup/drivers/db.py:44}}
May 27 10:29:54.749382 np0000001499 nova-scheduler[95774]: DEBUG oslo.service.backend._threading.loopingcall [None req-7f5cd1cf-69e4-4b41-ae28-947584296134 None None] Dynamic interval looping call 'nova.service.Service.periodic_tasks' sleeping for 60.00 seconds {{(pid=95774) _run_loop /opt/stack/data/venv/lib/python3.12/site-packages/oslo_service/backend/_threading/loopingcall.py:125}}
May 27 10:29:55.728928 np0000001499 nova-scheduler[95770]: DEBUG oslo.service.backend._threading.loopingcall [-] Fixed interval looping call 'nova.servicegroup.drivers.db.DbDriver._report_state' sleeping for 119.99 seconds {{(pid=95770) _run_loop /opt/stack/data/venv/lib/python3.12/site-packages/oslo_service/backend/_threading/loopingcall.py:125}}
May 27 10:29:55.743561 np0000001499 nova-scheduler[95772]: DEBUG oslo.service.backend._threading.loopingcall [-] Fixed interval looping call 'nova.servicegroup.drivers.db.DbDriver._report_state' sleeping for 119.99 seconds {{(pid=95772) _run_loop /opt/stack/data/venv/lib/python3.12/site-packages/oslo_service/backend/_threading/loopingcall.py:125}}
May 27 10:29:55.758954 np0000001499 nova-scheduler[95774]: DEBUG oslo.service.backend._threading.loopingcall [-] Fixed interval looping call 'nova.servicegroup.drivers.db.DbDriver._report_state' sleeping for 119.99 seconds {{(pid=95774) _run_loop /opt/stack/data/venv/lib/python3.12/site-packages/oslo_service/backend/_threading/loopingcall.py:125}}
May 27 10:29:59.287814 np0000001499 nova-scheduler[94496]: DEBUG dbcounter [-] [94496] Writing DB stats nova_api:SELECT=3 {{(pid=94496) stat_writer /opt/stack/data/venv/lib/python3.12/site-packages/dbcounter.py:115}}
May 27 10:29:59.411383 np0000001499 nova-scheduler[94496]: DEBUG dbcounter [-] [94496] Writing DB stats nova_cell0:SELECT=1 {{(pid=94496) stat_writer /opt/stack/data/venv/lib/python3.12/site-packages/dbcounter.py:115}}
May 27 10:29:59.417310 np0000001499 nova-scheduler[94496]: DEBUG dbcounter [-] [94496] Writing DB stats nova_cell1:SELECT=1 {{(pid=94496) stat_writer /opt/stack/data/venv/lib/python3.12/site-packages/dbcounter.py:115}}
May 27 10:30:05.727369 np0000001499 nova-scheduler[95770]: DEBUG dbcounter [-] [95770] Writing DB stats nova_cell0:SELECT=4,nova_cell0:INSERT=1,nova_cell0:UPDATE=1 {{(pid=95770) stat_writer /opt/stack/data/venv/lib/python3.12/site-packages/dbcounter.py:115}}
May 27 10:30:05.739995 np0000001499 nova-scheduler[95772]: DEBUG dbcounter [-] [95772] Writing DB stats nova_cell0:SELECT=3 {{(pid=95772) stat_writer /opt/stack/data/venv/lib/python3.12/site-packages/dbcounter.py:115}}
May 27 10:30:05.757283 np0000001499 nova-scheduler[95774]: DEBUG dbcounter [-] [95774] Writing DB stats nova_cell0:SELECT=3 {{(pid=95774) stat_writer /opt/stack/data/venv/lib/python3.12/site-packages/dbcounter.py:115}}
May 27 10:30:38.732100 np0000001499 nova-scheduler[95772]: DEBUG oslo.service.backend._threading.loopingcall [None req-62e7769b-efe4-485d-b19c-210944a97991 None None] Dynamic interval looping call 'nova.service.Service.periodic_tasks' sleeping for 60.00 seconds {{(pid=95772) _run_loop /opt/stack/data/venv/lib/python3.12/site-packages/oslo_service/backend/_threading/loopingcall.py:125}}
May 27 10:30:42.718544 np0000001499 nova-scheduler[95770]: DEBUG oslo.service.backend._threading.loopingcall [None req-9868ee34-e0f2-413a-aa7e-4d992a42641d None None] Dynamic interval looping call 'nova.service.Service.periodic_tasks' sleeping for 60.00 seconds {{(pid=95770) _run_loop /opt/stack/data/venv/lib/python3.12/site-packages/oslo_service/backend/_threading/loopingcall.py:125}}
May 27 10:30:54.749890 np0000001499 nova-scheduler[95774]: DEBUG oslo.service.backend._threading.loopingcall [None req-7f5cd1cf-69e4-4b41-ae28-947584296134 None None] Dynamic interval looping call 'nova.service.Service.periodic_tasks' sleeping for 60.00 seconds {{(pid=95774) _run_loop /opt/stack/data/venv/lib/python3.12/site-packages/oslo_service/backend/_threading/loopingcall.py:125}}
May 27 10:31:38.732503 np0000001499 nova-scheduler[95772]: DEBUG oslo.service.backend._threading.loopingcall [None req-62e7769b-efe4-485d-b19c-210944a97991 None None] Dynamic interval looping call 'nova.service.Service.periodic_tasks' sleeping for 60.00 seconds {{(pid=95772) _run_loop /opt/stack/data/venv/lib/python3.12/site-packages/oslo_service/backend/_threading/loopingcall.py:125}}
May 27 10:31:42.719140 np0000001499 nova-scheduler[95770]: DEBUG oslo.service.backend._threading.loopingcall [None req-9868ee34-e0f2-413a-aa7e-4d992a42641d None None] Dynamic interval looping call 'nova.service.Service.periodic_tasks' sleeping for 60.00 seconds {{(pid=95770) _run_loop /opt/stack/data/venv/lib/python3.12/site-packages/oslo_service/backend/_threading/loopingcall.py:125}}
May 27 10:31:54.750391 np0000001499 nova-scheduler[95774]: DEBUG oslo.service.backend._threading.loopingcall [None req-7f5cd1cf-69e4-4b41-ae28-947584296134 None None] Dynamic interval looping call 'nova.service.Service.periodic_tasks' sleeping for 60.00 seconds {{(pid=95774) _run_loop /opt/stack/data/venv/lib/python3.12/site-packages/oslo_service/backend/_threading/loopingcall.py:125}}
May 27 10:31:55.728218 np0000001499 nova-scheduler[95770]: DEBUG oslo.service.backend._threading.loopingcall [-] Fixed interval looping call 'nova.servicegroup.drivers.db.DbDriver._report_state' sleeping for 119.99 seconds {{(pid=95770) _run_loop /opt/stack/data/venv/lib/python3.12/site-packages/oslo_service/backend/_threading/loopingcall.py:125}}
May 27 10:31:55.737928 np0000001499 nova-scheduler[95772]: DEBUG oslo.service.backend._threading.loopingcall [-] Fixed interval looping call 'nova.servicegroup.drivers.db.DbDriver._report_state' sleeping for 120.00 seconds {{(pid=95772) _run_loop /opt/stack/data/venv/lib/python3.12/site-packages/oslo_service/backend/_threading/loopingcall.py:125}}
May 27 10:31:55.754273 np0000001499 nova-scheduler[95774]: DEBUG oslo.service.backend._threading.loopingcall [-] Fixed interval looping call 'nova.servicegroup.drivers.db.DbDriver._report_state' sleeping for 119.99 seconds {{(pid=95774) _run_loop /opt/stack/data/venv/lib/python3.12/site-packages/oslo_service/backend/_threading/loopingcall.py:125}}
May 27 10:32:05.723598 np0000001499 nova-scheduler[95770]: DEBUG dbcounter [-] [95770] Writing DB stats nova_cell0:SELECT=1,nova_cell0:UPDATE=1 {{(pid=95770) stat_writer /opt/stack/data/venv/lib/python3.12/site-packages/dbcounter.py:115}}
May 27 10:32:05.735715 np0000001499 nova-scheduler[95772]: DEBUG dbcounter [-] [95772] Writing DB stats nova_cell0:SELECT=1 {{(pid=95772) stat_writer /opt/stack/data/venv/lib/python3.12/site-packages/dbcounter.py:115}}
May 27 10:32:05.752530 np0000001499 nova-scheduler[95774]: DEBUG dbcounter [-] [95774] Writing DB stats nova_cell0:SELECT=1 {{(pid=95774) stat_writer /opt/stack/data/venv/lib/python3.12/site-packages/dbcounter.py:115}}
May 27 10:32:23.327605 np0000001499 nova-scheduler[95770]: DEBUG nova.scheduler.manager [None req-b69fcebc-e66f-4226-b83b-1c4cb59dd4d1 tempest-ServerBootFromVolumeStableRescueTest-635386595 tempest-ServerBootFromVolumeStableRescueTest-635386595-project-member] Starting to schedule for instances: ['bd0cc571-9934-438f-b84b-623a4da2f7eb'] {{(pid=95770) select_destinations /opt/stack/nova/nova/scheduler/manager.py:210}}
May 27 10:32:23.328476 np0000001499 nova-scheduler[95770]: DEBUG nova.scheduler.request_filter [None req-b69fcebc-e66f-4226-b83b-1c4cb59dd4d1 tempest-ServerBootFromVolumeStableRescueTest-635386595 tempest-ServerBootFromVolumeStableRescueTest-635386595-project-member] compute_status_filter request filter added forbidden trait COMPUTE_STATUS_DISABLED {{(pid=95770) compute_status_filter /opt/stack/nova/nova/scheduler/request_filter.py:253}}
May 27 10:32:23.328476 np0000001499 nova-scheduler[95770]: DEBUG nova.scheduler.request_filter [None req-b69fcebc-e66f-4226-b83b-1c4cb59dd4d1 tempest-ServerBootFromVolumeStableRescueTest-635386595 tempest-ServerBootFromVolumeStableRescueTest-635386595-project-member] Request filter 'compute_status_filter' took 0.0 seconds {{(pid=95770) wrapper /opt/stack/nova/nova/scheduler/request_filter.py:46}}
May 27 10:32:23.328791 np0000001499 nova-scheduler[95770]: DEBUG nova.scheduler.request_filter [None req-b69fcebc-e66f-4226-b83b-1c4cb59dd4d1 tempest-ServerBootFromVolumeStableRescueTest-635386595 tempest-ServerBootFromVolumeStableRescueTest-635386595-project-member] Request filter 'accelerators_filter' took 0.0 seconds {{(pid=95770) wrapper /opt/stack/nova/nova/scheduler/request_filter.py:46}}
May 27 10:32:23.329431 np0000001499 nova-scheduler[95770]: DEBUG nova.scheduler.request_filter [None req-b69fcebc-e66f-4226-b83b-1c4cb59dd4d1 tempest-ServerBootFromVolumeStableRescueTest-635386595 tempest-ServerBootFromVolumeStableRescueTest-635386595-project-member] Request filter 'packed_virtqueue_filter' took 0.0 seconds {{(pid=95770) wrapper /opt/stack/nova/nova/scheduler/request_filter.py:46}}
May 27 10:32:23.329836 np0000001499 nova-scheduler[95770]: DEBUG nova.scheduler.request_filter [None req-b69fcebc-e66f-4226-b83b-1c4cb59dd4d1 tempest-ServerBootFromVolumeStableRescueTest-635386595 tempest-ServerBootFromVolumeStableRescueTest-635386595-project-member] Request filter 'remote_managed_ports_filter' took 0.0 seconds {{(pid=95770) wrapper /opt/stack/nova/nova/scheduler/request_filter.py:46}}
May 27 10:32:23.330074 np0000001499 nova-scheduler[95770]: DEBUG nova.scheduler.request_filter [None req-b69fcebc-e66f-4226-b83b-1c4cb59dd4d1 tempest-ServerBootFromVolumeStableRescueTest-635386595 tempest-ServerBootFromVolumeStableRescueTest-635386595-project-member] ephemeral_encryption_filter skipped {{(pid=95770) ephemeral_encryption_filter /opt/stack/nova/nova/scheduler/request_filter.py:426}}
May 27 10:32:23.330345 np0000001499 nova-scheduler[95770]: DEBUG nova.scheduler.request_filter [None req-b69fcebc-e66f-4226-b83b-1c4cb59dd4d1 tempest-ServerBootFromVolumeStableRescueTest-635386595 tempest-ServerBootFromVolumeStableRescueTest-635386595-project-member] virtio_sound_filter skipped {{(pid=95770) virtio_sound_filter /opt/stack/nova/nova/scheduler/request_filter.py:460}}
May 27 10:32:23.330557 np0000001499 nova-scheduler[95770]: DEBUG nova.scheduler.request_filter [None req-b69fcebc-e66f-4226-b83b-1c4cb59dd4d1 tempest-ServerBootFromVolumeStableRescueTest-635386595 tempest-ServerBootFromVolumeStableRescueTest-635386595-project-member] tpm_secret_security_filter skipped {{(pid=95770) tpm_secret_security_filter /opt/stack/nova/nova/scheduler/request_filter.py:477}}
May 27 10:32:23.952178 np0000001499 nova-scheduler[95770]: INFO nova.utils [None req-b69fcebc-e66f-4226-b83b-1c4cb59dd4d1 tempest-ServerBootFromVolumeStableRescueTest-635386595 tempest-ServerBootFromVolumeStableRescueTest-635386595-project-member] The cell worker thread pool ForkProcess-1.cell_worker is initialized
May 27 10:32:23.952816 np0000001499 nova-scheduler[95770]: DEBUG oslo_concurrency.lockutils [None req-b69fcebc-e66f-4226-b83b-1c4cb59dd4d1 tempest-ServerBootFromVolumeStableRescueTest-635386595 tempest-ServerBootFromVolumeStableRescueTest-635386595-project-member] Acquiring lock "b63f43f0-2270-474c-beef-bf8f5a3ec381" by "nova.context.set_target_cell..get_or_set_cached_cell_and_set_connections" {{(pid=95770) inner /opt/stack/data/venv/lib/python3.12/site-packages/oslo_concurrency/lockutils.py:511}}
May 27 10:32:23.952916 np0000001499 nova-scheduler[95770]: DEBUG oslo_concurrency.lockutils [None req-b69fcebc-e66f-4226-b83b-1c4cb59dd4d1 tempest-ServerBootFromVolumeStableRescueTest-635386595 tempest-ServerBootFromVolumeStableRescueTest-635386595-project-member] Lock "b63f43f0-2270-474c-beef-bf8f5a3ec381" acquired by "nova.context.set_target_cell..get_or_set_cached_cell_and_set_connections" :: waited 0.000s {{(pid=95770) inner /opt/stack/data/venv/lib/python3.12/site-packages/oslo_concurrency/lockutils.py:524}}
May 27 10:32:23.954865 np0000001499 nova-scheduler[95770]: DEBUG oslo_concurrency.lockutils [None req-b69fcebc-e66f-4226-b83b-1c4cb59dd4d1 tempest-ServerBootFromVolumeStableRescueTest-635386595 tempest-ServerBootFromVolumeStableRescueTest-635386595-project-member] Lock "b63f43f0-2270-474c-beef-bf8f5a3ec381" "released" by "nova.context.set_target_cell..get_or_set_cached_cell_and_set_connections" :: held 0.002s {{(pid=95770) inner /opt/stack/data/venv/lib/python3.12/site-packages/oslo_concurrency/lockutils.py:543}}
May 27 10:32:23.957798 np0000001499 nova-scheduler[95770]: INFO dbcounter [None req-b69fcebc-e66f-4226-b83b-1c4cb59dd4d1 tempest-ServerBootFromVolumeStableRescueTest-635386595 tempest-ServerBootFromVolumeStableRescueTest-635386595-project-member] Registered counter for database nova_cell1
May 27 10:32:24.008123 np0000001499 nova-scheduler[95770]: DEBUG oslo_db.sqlalchemy.engines [None req-b69fcebc-e66f-4226-b83b-1c4cb59dd4d1 tempest-ServerBootFromVolumeStableRescueTest-635386595 tempest-ServerBootFromVolumeStableRescueTest-635386595-project-member] MySQL server mode set to STRICT_TRANS_TABLES,STRICT_ALL_TABLES,NO_ZERO_IN_DATE,NO_ZERO_DATE,ERROR_FOR_DIVISION_BY_ZERO,TRADITIONAL,NO_ENGINE_SUBSTITUTION {{(pid=95770) _check_effective_sql_mode /opt/stack/data/venv/lib/python3.12/site-packages/oslo_db/sqlalchemy/engines.py:325}}
May 27 10:32:24.021407 np0000001499 nova-scheduler[95770]: DEBUG dbcounter [-] [95770] Writer thread running {{(pid=95770) stat_writer /opt/stack/data/venv/lib/python3.12/site-packages/dbcounter.py:102}}
May 27 10:32:24.041572 np0000001499 nova-scheduler[95770]: DEBUG oslo_db.sqlalchemy.engines [None req-b69fcebc-e66f-4226-b83b-1c4cb59dd4d1 tempest-ServerBootFromVolumeStableRescueTest-635386595 tempest-ServerBootFromVolumeStableRescueTest-635386595-project-member] Parent process 94496 forked (95770) with an open database connection, which is being discarded and recreated. {{(pid=95770) checkout /opt/stack/data/venv/lib/python3.12/site-packages/oslo_db/sqlalchemy/engines.py:402}}
May 27 10:32:24.107140 np0000001499 nova-scheduler[95770]: DEBUG dbcounter [-] [95770] Writer thread running {{(pid=95770) stat_writer /opt/stack/data/venv/lib/python3.12/site-packages/dbcounter.py:102}}
May 27 10:32:24.111463 np0000001499 nova-scheduler[95770]: DEBUG oslo_concurrency.lockutils [None req-b69fcebc-e66f-4226-b83b-1c4cb59dd4d1 tempest-ServerBootFromVolumeStableRescueTest-635386595 tempest-ServerBootFromVolumeStableRescueTest-635386595-project-member] Acquiring lock "b63f43f0-2270-474c-beef-bf8f5a3ec381" by "nova.context.set_target_cell..get_or_set_cached_cell_and_set_connections" {{(pid=95770) inner /opt/stack/data/venv/lib/python3.12/site-packages/oslo_concurrency/lockutils.py:511}}
May 27 10:32:24.111463 np0000001499 nova-scheduler[95770]: DEBUG oslo_concurrency.lockutils [None req-b69fcebc-e66f-4226-b83b-1c4cb59dd4d1 tempest-ServerBootFromVolumeStableRescueTest-635386595 tempest-ServerBootFromVolumeStableRescueTest-635386595-project-member] Lock "b63f43f0-2270-474c-beef-bf8f5a3ec381" acquired by "nova.context.set_target_cell..get_or_set_cached_cell_and_set_connections" :: waited 0.000s {{(pid=95770) inner /opt/stack/data/venv/lib/python3.12/site-packages/oslo_concurrency/lockutils.py:524}}
May 27 10:32:24.111755 np0000001499 nova-scheduler[95770]: DEBUG oslo_concurrency.lockutils [None req-b69fcebc-e66f-4226-b83b-1c4cb59dd4d1 tempest-ServerBootFromVolumeStableRescueTest-635386595 tempest-ServerBootFromVolumeStableRescueTest-635386595-project-member] Lock "b63f43f0-2270-474c-beef-bf8f5a3ec381" "released" by "nova.context.set_target_cell..get_or_set_cached_cell_and_set_connections" :: held 0.001s {{(pid=95770) inner /opt/stack/data/venv/lib/python3.12/site-packages/oslo_concurrency/lockutils.py:543}}
May 27 10:32:24.117358 np0000001499 nova-scheduler[95770]: DEBUG oslo_concurrency.lockutils [None req-b69fcebc-e66f-4226-b83b-1c4cb59dd4d1 tempest-ServerBootFromVolumeStableRescueTest-635386595 tempest-ServerBootFromVolumeStableRescueTest-635386595-project-member] Acquiring lock "('np0000001499', 'np0000001499')" by "nova.scheduler.host_manager.HostState.update.._locked_update" {{(pid=95770) inner /opt/stack/data/venv/lib/python3.12/site-packages/oslo_concurrency/lockutils.py:511}}
May 27 10:32:24.117597 np0000001499 nova-scheduler[95770]: DEBUG oslo_concurrency.lockutils [None req-b69fcebc-e66f-4226-b83b-1c4cb59dd4d1 tempest-ServerBootFromVolumeStableRescueTest-635386595 tempest-ServerBootFromVolumeStableRescueTest-635386595-project-member] Lock "('np0000001499', 'np0000001499')" acquired by "nova.scheduler.host_manager.HostState.update.._locked_update" :: waited 0.000s {{(pid=95770) inner /opt/stack/data/venv/lib/python3.12/site-packages/oslo_concurrency/lockutils.py:524}}
May 27 10:32:24.118842 np0000001499 nova-scheduler[95770]: DEBUG nova.scheduler.host_manager [None req-b69fcebc-e66f-4226-b83b-1c4cb59dd4d1 tempest-ServerBootFromVolumeStableRescueTest-635386595 tempest-ServerBootFromVolumeStableRescueTest-635386595-project-member] Update host state from compute node: ComputeNode(cpu_allocation_ratio=4.0,cpu_info='{"arch": "x86_64", "model": "EPYC-Milan", "vendor": "AMD", "topology": {"cells": 1, "sockets": 12, "cores": 1, "threads": 1}, "maxphysaddr": {"mode": "emulate", "bits": 40}, "features": ["tsc-deadline", "3dnowprefetch", "cmp_legacy", "aes", "misalignsse", "cmov", "sep", "syscall", "svme-addr-chk", "vaes", "pni", "f16c", "mtrr", "pclmuldq", "abm", "pcid", "sse4a", "adx", "lahf_lm", "sse2", "ssbd", "pdpe1gb", "npt", "gds-no", "tsc-scale", "clflushopt", "bmi2", "xsaves", "pause-filter", "clwb", "ibpb", "mds-no", "osvw", "vpclmulqdq", "avx", "ssse3", "svm", "cr8legacy", "sse4.1", "pat", "mmxext", "smap", "lfence-always-serializing", "vgif", "mce", "fma", "bmi1", "fxsr_opt", "pku", "rdpid", "sse", "lm", "smep", "tsc", "amd-stibp", "mca", "perfctr_core", "amd-psfd", "xsaveopt", "rdtscp", "xsave", "pfthreshold", "sha-ni", "hypervisor", "fpu", "invpcid", "rdseed", "xsavec", "arch-capabilities", "sse4.2", "erms", "popcnt", "v-vmsave-vmload", "null-sel-clr-base", "stibp-always-on", "flushbyasid", "lbrv", "stibp", "topoext", "pschange-mc-no", "pge", "vme", "clzero", "wbnoinvd", "virt-ssbd", "x2apic", "fxsr", "umip", "nrip-save", "avx2", "mmx", "apic", "fsrm", "skip-l1dfl-vmentry", "movbe", "pse36", "pse", "vmcb-clean", "amd-ssbd", "fsgsbase", "clflush", "nx", "no-nested-data-bp", "tsc_adjust", "rdctl-no", "xsaveerptr", "rdrand", "arat", "ibrs", "de", "pae", "spec-ctrl", "cx16", "xgetbv1", "cx8", "msr"]}',created_at=2026-05-27T10:30:15Z,current_workload=0,deleted=False,deleted_at=None,disk_allocation_ratio=1.0,disk_available_least=74,free_disk_gb=95,free_ram_mb=23518,host='np0000001499',host_ip=10.4.3.239,hypervisor_hostname='np0000001499',hypervisor_type='QEMU',hypervisor_version=8002002,id=1,local_gb=95,local_gb_used=0,mapped=1,memory_mb=24030,memory_mb_used=512,metrics='[]',numa_topology='{"nova_object.name": "NUMATopology", "nova_object.namespace": "nova", "nova_object.version": "1.2", "nova_object.data": {"cells": [{"nova_object.name": "NUMACell", "nova_object.namespace": "nova", "nova_object.version": "1.5", "nova_object.data": {"id": 0, "cpuset": [0, 1, 2, 3, 4, 5, 6, 7, 8, 9, 10, 11], "pcpuset": [0, 1, 2, 3, 4, 5, 6, 7, 8, 9, 10, 11], "memory": 24030, "cpu_usage": 0, "memory_usage": 0, "pinned_cpus": [], "siblings": [[6], [2], [5], [11], [8], [4], [1], [7], [10], [0], [3], [9]], "mempages": [{"nova_object.name": "NUMAPagesTopology", "nova_object.namespace": "nova", "nova_object.version": "1.1", "nova_object.data": {"size_kb": 4, "total": 6151798, "used": 0, "reserved": 0}, "nova_object.changes": ["size_kb", "used", "reserved", "total"]}, {"nova_object.name": "NUMAPagesTopology", "nova_object.namespace": "nova", "nova_object.version": "1.1", "nova_object.data": {"size_kb": 2048, "total": 0, "used": 0, "reserved": 0}, "nova_object.changes": ["size_kb", "used", "reserved", "total"]}, {"nova_object.name": "NUMAPagesTopology", "nova_object.namespace": "nova", "nova_object.version": "1.1", "nova_object.data": {"size_kb": 1048576, "total": 0, "used": 0, "reserved": 0}, "nova_object.changes": ["size_kb", "used", "reserved", "total"]}], "network_metadata": {"nova_object.name": "NetworkMetadata", "nova_object.namespace": "nova", "nova_object.version": "1.0", "nova_object.data": {"physnets": [], "tunneled": false}, "nova_object.changes": ["physnets", "tunneled"]}, "socket": null}, "nova_object.changes": ["socket", "pinned_cpus", "pcpuset", "siblings", "cpu_usage", "memory", "memory_usage", "id", "cpuset", "mempages", "network_metadata"]}]}, "nova_object.changes": ["cells"]}',pci_device_pools=PciDevicePoolList,ram_allocation_ratio=1.0,running_vms=0,service_id=3,stats={failed_builds='0',uptime=' 10:32:01 up 29 min, 2 users, load average: 1.92, 1.50, 0.85
May 27 10:32:24.118842 np0000001499 nova-scheduler[95770]: '},supported_hv_specs=[HVSpec,HVSpec,HVSpec,HVSpec,HVSpec,HVSpec,HVSpec,HVSpec,HVSpec,HVSpec,HVSpec,HVSpec,HVSpec,HVSpec,HVSpec,HVSpec,HVSpec,HVSpec,HVSpec,HVSpec,HVSpec,HVSpec,HVSpec,HVSpec,HVSpec],updated_at=2026-05-27T10:32:03Z,uuid=75e9d4f5-5bee-40eb-9140-0fcb98f38df0,vcpus=12,vcpus_used=0) {{(pid=95770) _locked_update /opt/stack/nova/nova/scheduler/host_manager.py:168}}
May 27 10:32:24.119667 np0000001499 nova-scheduler[95770]: DEBUG nova.scheduler.host_manager [None req-b69fcebc-e66f-4226-b83b-1c4cb59dd4d1 tempest-ServerBootFromVolumeStableRescueTest-635386595 tempest-ServerBootFromVolumeStableRescueTest-635386595-project-member] Update host state with aggregates: [] {{(pid=95770) _locked_update /opt/stack/nova/nova/scheduler/host_manager.py:171}}
May 27 10:32:24.119904 np0000001499 nova-scheduler[95770]: DEBUG nova.scheduler.host_manager [None req-b69fcebc-e66f-4226-b83b-1c4cb59dd4d1 tempest-ServerBootFromVolumeStableRescueTest-635386595 tempest-ServerBootFromVolumeStableRescueTest-635386595-project-member] Update host state with service dict: {'id': 3, 'uuid': '7f8499ab-f2ae-43a9-8f94-1cb185f5e0fb', 'host': 'np0000001499', 'binary': 'nova-compute', 'topic': 'compute', 'report_count': 1, 'disabled': False, 'disabled_reason': None, 'last_seen_up': datetime.datetime(2026, 5, 27, 10, 30, 24, tzinfo=datetime.timezone.utc), 'forced_down': False, 'version': 72, 'created_at': datetime.datetime(2026, 5, 27, 10, 30, 14, tzinfo=datetime.timezone.utc), 'updated_at': datetime.datetime(2026, 5, 27, 10, 30, 24, tzinfo=datetime.timezone.utc), 'deleted_at': None, 'deleted': False} {{(pid=95770) _locked_update /opt/stack/nova/nova/scheduler/host_manager.py:174}}
May 27 10:32:24.120442 np0000001499 nova-scheduler[95770]: DEBUG nova.scheduler.host_manager [None req-b69fcebc-e66f-4226-b83b-1c4cb59dd4d1 tempest-ServerBootFromVolumeStableRescueTest-635386595 tempest-ServerBootFromVolumeStableRescueTest-635386595-project-member] Update host state with instances: [] {{(pid=95770) _locked_update /opt/stack/nova/nova/scheduler/host_manager.py:177}}
May 27 10:32:24.120442 np0000001499 nova-scheduler[95770]: DEBUG oslo_concurrency.lockutils [None req-b69fcebc-e66f-4226-b83b-1c4cb59dd4d1 tempest-ServerBootFromVolumeStableRescueTest-635386595 tempest-ServerBootFromVolumeStableRescueTest-635386595-project-member] Lock "('np0000001499', 'np0000001499')" "released" by "nova.scheduler.host_manager.HostState.update.._locked_update" :: held 0.003s {{(pid=95770) inner /opt/stack/data/venv/lib/python3.12/site-packages/oslo_concurrency/lockutils.py:543}}
May 27 10:32:24.120688 np0000001499 nova-scheduler[95770]: DEBUG nova.filters [None req-b69fcebc-e66f-4226-b83b-1c4cb59dd4d1 tempest-ServerBootFromVolumeStableRescueTest-635386595 tempest-ServerBootFromVolumeStableRescueTest-635386595-project-member] Starting with 1 host(s) {{(pid=95770) get_filtered_objects /opt/stack/nova/nova/filters.py:70}}
May 27 10:32:24.121013 np0000001499 nova-scheduler[95770]: DEBUG nova.filters [None req-b69fcebc-e66f-4226-b83b-1c4cb59dd4d1 tempest-ServerBootFromVolumeStableRescueTest-635386595 tempest-ServerBootFromVolumeStableRescueTest-635386595-project-member] Filter ComputeFilter returned 1 host(s) {{(pid=95770) get_filtered_objects /opt/stack/nova/nova/filters.py:102}}
May 27 10:32:24.121078 np0000001499 nova-scheduler[95770]: DEBUG nova.filters [None req-b69fcebc-e66f-4226-b83b-1c4cb59dd4d1 tempest-ServerBootFromVolumeStableRescueTest-635386595 tempest-ServerBootFromVolumeStableRescueTest-635386595-project-member] Filter ComputeCapabilitiesFilter returned 1 host(s) {{(pid=95770) get_filtered_objects /opt/stack/nova/nova/filters.py:102}}
May 27 10:32:24.121289 np0000001499 nova-scheduler[95770]: DEBUG nova.filters [None req-b69fcebc-e66f-4226-b83b-1c4cb59dd4d1 tempest-ServerBootFromVolumeStableRescueTest-635386595 tempest-ServerBootFromVolumeStableRescueTest-635386595-project-member] Filter ImagePropertiesFilter returned 1 host(s) {{(pid=95770) get_filtered_objects /opt/stack/nova/nova/filters.py:102}}
May 27 10:32:24.121418 np0000001499 nova-scheduler[95770]: DEBUG nova.filters [None req-b69fcebc-e66f-4226-b83b-1c4cb59dd4d1 tempest-ServerBootFromVolumeStableRescueTest-635386595 tempest-ServerBootFromVolumeStableRescueTest-635386595-project-member] Filter ServerGroupAntiAffinityFilter returned 1 host(s) {{(pid=95770) get_filtered_objects /opt/stack/nova/nova/filters.py:102}}
May 27 10:32:24.121540 np0000001499 nova-scheduler[95770]: DEBUG nova.filters [None req-b69fcebc-e66f-4226-b83b-1c4cb59dd4d1 tempest-ServerBootFromVolumeStableRescueTest-635386595 tempest-ServerBootFromVolumeStableRescueTest-635386595-project-member] Filter ServerGroupAffinityFilter returned 1 host(s) {{(pid=95770) get_filtered_objects /opt/stack/nova/nova/filters.py:102}}
May 27 10:32:24.121665 np0000001499 nova-scheduler[95770]: DEBUG nova.filters [None req-b69fcebc-e66f-4226-b83b-1c4cb59dd4d1 tempest-ServerBootFromVolumeStableRescueTest-635386595 tempest-ServerBootFromVolumeStableRescueTest-635386595-project-member] Filter SameHostFilter returned 1 host(s) {{(pid=95770) get_filtered_objects /opt/stack/nova/nova/filters.py:102}}
May 27 10:32:24.121764 np0000001499 nova-scheduler[95770]: DEBUG nova.filters [None req-b69fcebc-e66f-4226-b83b-1c4cb59dd4d1 tempest-ServerBootFromVolumeStableRescueTest-635386595 tempest-ServerBootFromVolumeStableRescueTest-635386595-project-member] Filter DifferentHostFilter returned 1 host(s) {{(pid=95770) get_filtered_objects /opt/stack/nova/nova/filters.py:102}}
May 27 10:32:24.121993 np0000001499 nova-scheduler[95770]: DEBUG nova.scheduler.manager [None req-b69fcebc-e66f-4226-b83b-1c4cb59dd4d1 tempest-ServerBootFromVolumeStableRescueTest-635386595 tempest-ServerBootFromVolumeStableRescueTest-635386595-project-member] Filtered [(np0000001499, np0000001499) ram: 23518MB disk: 75776MB io_ops: 0 instances: 0, allocation_candidates: 1] {{(pid=95770) _get_sorted_hosts /opt/stack/nova/nova/scheduler/manager.py:743}}
May 27 10:32:24.122209 np0000001499 nova-scheduler[95770]: DEBUG nova.scheduler.manager [None req-b69fcebc-e66f-4226-b83b-1c4cb59dd4d1 tempest-ServerBootFromVolumeStableRescueTest-635386595 tempest-ServerBootFromVolumeStableRescueTest-635386595-project-member] Weighed [WeighedHost [host: (np0000001499, np0000001499) ram: 23518MB disk: 75776MB io_ops: 0 instances: 0, allocation_candidates: 1, weight: 0.0]] {{(pid=95770) _get_sorted_hosts /opt/stack/nova/nova/scheduler/manager.py:765}}
May 27 10:32:24.122456 np0000001499 nova-scheduler[95770]: DEBUG nova.scheduler.utils [None req-b69fcebc-e66f-4226-b83b-1c4cb59dd4d1 tempest-ServerBootFromVolumeStableRescueTest-635386595 tempest-ServerBootFromVolumeStableRescueTest-635386595-project-member] Attempting to claim resources in the placement API for instance bd0cc571-9934-438f-b84b-623a4da2f7eb {{(pid=95770) claim_resources /opt/stack/nova/nova/scheduler/utils.py:1304}}
May 27 10:32:24.288208 np0000001499 nova-scheduler[95770]: DEBUG nova.scheduler.manager [None req-b69fcebc-e66f-4226-b83b-1c4cb59dd4d1 tempest-ServerBootFromVolumeStableRescueTest-635386595 tempest-ServerBootFromVolumeStableRescueTest-635386595-project-member] [instance: bd0cc571-9934-438f-b84b-623a4da2f7eb] Selected host: (np0000001499, np0000001499) ram: 23518MB disk: 75776MB io_ops: 0 instances: 0, allocation_candidates: 1 {{(pid=95770) _consume_selected_host /opt/stack/nova/nova/scheduler/manager.py:625}}
May 27 10:32:24.288416 np0000001499 nova-scheduler[95770]: DEBUG oslo_concurrency.lockutils [None req-b69fcebc-e66f-4226-b83b-1c4cb59dd4d1 tempest-ServerBootFromVolumeStableRescueTest-635386595 tempest-ServerBootFromVolumeStableRescueTest-635386595-project-member] Acquiring lock "('np0000001499', 'np0000001499')" by "nova.scheduler.host_manager.HostState.consume_from_request.._locked" {{(pid=95770) inner /opt/stack/data/venv/lib/python3.12/site-packages/oslo_concurrency/lockutils.py:511}}
May 27 10:32:24.288571 np0000001499 nova-scheduler[95770]: DEBUG oslo_concurrency.lockutils [None req-b69fcebc-e66f-4226-b83b-1c4cb59dd4d1 tempest-ServerBootFromVolumeStableRescueTest-635386595 tempest-ServerBootFromVolumeStableRescueTest-635386595-project-member] Lock "('np0000001499', 'np0000001499')" acquired by "nova.scheduler.host_manager.HostState.consume_from_request.._locked" :: waited 0.000s {{(pid=95770) inner /opt/stack/data/venv/lib/python3.12/site-packages/oslo_concurrency/lockutils.py:524}}
May 27 10:32:24.288752 np0000001499 nova-scheduler[95770]: DEBUG oslo_concurrency.lockutils [None req-b69fcebc-e66f-4226-b83b-1c4cb59dd4d1 tempest-ServerBootFromVolumeStableRescueTest-635386595 tempest-ServerBootFromVolumeStableRescueTest-635386595-project-member] Lock "('np0000001499', 'np0000001499')" "released" by "nova.scheduler.host_manager.HostState.consume_from_request.._locked" :: held 0.000s {{(pid=95770) inner /opt/stack/data/venv/lib/python3.12/site-packages/oslo_concurrency/lockutils.py:543}}
May 27 10:32:24.787204 np0000001499 nova-scheduler[95772]: DEBUG nova.scheduler.manager [None req-93a06b14-c345-4a86-8a55-24a41db19c49 tempest-DeleteServersTestJSON-773943093 tempest-DeleteServersTestJSON-773943093-project-member] Starting to schedule for instances: ['01ab7699-c579-42b3-a8a1-9f9414c45aa9'] {{(pid=95772) select_destinations /opt/stack/nova/nova/scheduler/manager.py:210}}
May 27 10:32:24.787761 np0000001499 nova-scheduler[95772]: DEBUG nova.scheduler.request_filter [None req-93a06b14-c345-4a86-8a55-24a41db19c49 tempest-DeleteServersTestJSON-773943093 tempest-DeleteServersTestJSON-773943093-project-member] compute_status_filter request filter added forbidden trait COMPUTE_STATUS_DISABLED {{(pid=95772) compute_status_filter /opt/stack/nova/nova/scheduler/request_filter.py:253}}
May 27 10:32:24.788212 np0000001499 nova-scheduler[95772]: DEBUG nova.scheduler.request_filter [None req-93a06b14-c345-4a86-8a55-24a41db19c49 tempest-DeleteServersTestJSON-773943093 tempest-DeleteServersTestJSON-773943093-project-member] Request filter 'compute_status_filter' took 0.0 seconds {{(pid=95772) wrapper /opt/stack/nova/nova/scheduler/request_filter.py:46}}
May 27 10:32:24.788575 np0000001499 nova-scheduler[95772]: DEBUG nova.scheduler.request_filter [None req-93a06b14-c345-4a86-8a55-24a41db19c49 tempest-DeleteServersTestJSON-773943093 tempest-DeleteServersTestJSON-773943093-project-member] Request filter 'accelerators_filter' took 0.0 seconds {{(pid=95772) wrapper /opt/stack/nova/nova/scheduler/request_filter.py:46}}
May 27 10:32:24.789288 np0000001499 nova-scheduler[95772]: DEBUG nova.scheduler.request_filter [None req-93a06b14-c345-4a86-8a55-24a41db19c49 tempest-DeleteServersTestJSON-773943093 tempest-DeleteServersTestJSON-773943093-project-member] Request filter 'packed_virtqueue_filter' took 0.0 seconds {{(pid=95772) wrapper /opt/stack/nova/nova/scheduler/request_filter.py:46}}
May 27 10:32:24.790896 np0000001499 nova-scheduler[95772]: DEBUG nova.scheduler.request_filter [None req-93a06b14-c345-4a86-8a55-24a41db19c49 tempest-DeleteServersTestJSON-773943093 tempest-DeleteServersTestJSON-773943093-project-member] Request filter 'remote_managed_ports_filter' took 0.0 seconds {{(pid=95772) wrapper /opt/stack/nova/nova/scheduler/request_filter.py:46}}
May 27 10:32:24.790896 np0000001499 nova-scheduler[95772]: DEBUG nova.scheduler.request_filter [None req-93a06b14-c345-4a86-8a55-24a41db19c49 tempest-DeleteServersTestJSON-773943093 tempest-DeleteServersTestJSON-773943093-project-member] ephemeral_encryption_filter skipped {{(pid=95772) ephemeral_encryption_filter /opt/stack/nova/nova/scheduler/request_filter.py:426}}
May 27 10:32:24.790896 np0000001499 nova-scheduler[95772]: DEBUG nova.scheduler.request_filter [None req-93a06b14-c345-4a86-8a55-24a41db19c49 tempest-DeleteServersTestJSON-773943093 tempest-DeleteServersTestJSON-773943093-project-member] virtio_sound_filter skipped {{(pid=95772) virtio_sound_filter /opt/stack/nova/nova/scheduler/request_filter.py:460}}
May 27 10:32:24.790896 np0000001499 nova-scheduler[95772]: DEBUG nova.scheduler.request_filter [None req-93a06b14-c345-4a86-8a55-24a41db19c49 tempest-DeleteServersTestJSON-773943093 tempest-DeleteServersTestJSON-773943093-project-member] tpm_secret_security_filter skipped {{(pid=95772) tpm_secret_security_filter /opt/stack/nova/nova/scheduler/request_filter.py:477}}
May 27 10:32:24.934444 np0000001499 nova-scheduler[95772]: INFO nova.utils [None req-93a06b14-c345-4a86-8a55-24a41db19c49 tempest-DeleteServersTestJSON-773943093 tempest-DeleteServersTestJSON-773943093-project-member] The cell worker thread pool ForkProcess-2.cell_worker is initialized
May 27 10:32:24.934771 np0000001499 nova-scheduler[95772]: DEBUG oslo_concurrency.lockutils [None req-93a06b14-c345-4a86-8a55-24a41db19c49 tempest-DeleteServersTestJSON-773943093 tempest-DeleteServersTestJSON-773943093-project-member] Acquiring lock "b63f43f0-2270-474c-beef-bf8f5a3ec381" by "nova.context.set_target_cell..get_or_set_cached_cell_and_set_connections" {{(pid=95772) inner /opt/stack/data/venv/lib/python3.12/site-packages/oslo_concurrency/lockutils.py:511}}
May 27 10:32:24.935017 np0000001499 nova-scheduler[95772]: DEBUG oslo_concurrency.lockutils [None req-93a06b14-c345-4a86-8a55-24a41db19c49 tempest-DeleteServersTestJSON-773943093 tempest-DeleteServersTestJSON-773943093-project-member] Lock "b63f43f0-2270-474c-beef-bf8f5a3ec381" acquired by "nova.context.set_target_cell..get_or_set_cached_cell_and_set_connections" :: waited 0.000s {{(pid=95772) inner /opt/stack/data/venv/lib/python3.12/site-packages/oslo_concurrency/lockutils.py:524}}
May 27 10:32:24.936601 np0000001499 nova-scheduler[95772]: DEBUG oslo_concurrency.lockutils [None req-93a06b14-c345-4a86-8a55-24a41db19c49 tempest-DeleteServersTestJSON-773943093 tempest-DeleteServersTestJSON-773943093-project-member] Lock "b63f43f0-2270-474c-beef-bf8f5a3ec381" "released" by "nova.context.set_target_cell..get_or_set_cached_cell_and_set_connections" :: held 0.002s {{(pid=95772) inner /opt/stack/data/venv/lib/python3.12/site-packages/oslo_concurrency/lockutils.py:543}}
May 27 10:32:24.938710 np0000001499 nova-scheduler[95772]: INFO dbcounter [None req-93a06b14-c345-4a86-8a55-24a41db19c49 tempest-DeleteServersTestJSON-773943093 tempest-DeleteServersTestJSON-773943093-project-member] Registered counter for database nova_cell1
May 27 10:32:24.980796 np0000001499 nova-scheduler[95772]: DEBUG oslo_db.sqlalchemy.engines [None req-93a06b14-c345-4a86-8a55-24a41db19c49 tempest-DeleteServersTestJSON-773943093 tempest-DeleteServersTestJSON-773943093-project-member] MySQL server mode set to STRICT_TRANS_TABLES,STRICT_ALL_TABLES,NO_ZERO_IN_DATE,NO_ZERO_DATE,ERROR_FOR_DIVISION_BY_ZERO,TRADITIONAL,NO_ENGINE_SUBSTITUTION {{(pid=95772) _check_effective_sql_mode /opt/stack/data/venv/lib/python3.12/site-packages/oslo_db/sqlalchemy/engines.py:325}}
May 27 10:32:24.988237 np0000001499 nova-scheduler[95772]: DEBUG dbcounter [-] [95772] Writer thread running {{(pid=95772) stat_writer /opt/stack/data/venv/lib/python3.12/site-packages/dbcounter.py:102}}
May 27 10:32:25.061816 np0000001499 nova-scheduler[95772]: DEBUG dbcounter [-] [95772] Writer thread running {{(pid=95772) stat_writer /opt/stack/data/venv/lib/python3.12/site-packages/dbcounter.py:102}}
May 27 10:32:25.064816 np0000001499 nova-scheduler[95772]: DEBUG oslo_concurrency.lockutils [None req-93a06b14-c345-4a86-8a55-24a41db19c49 tempest-DeleteServersTestJSON-773943093 tempest-DeleteServersTestJSON-773943093-project-member] Acquiring lock "b63f43f0-2270-474c-beef-bf8f5a3ec381" by "nova.context.set_target_cell..get_or_set_cached_cell_and_set_connections" {{(pid=95772) inner /opt/stack/data/venv/lib/python3.12/site-packages/oslo_concurrency/lockutils.py:511}}
May 27 10:32:25.065010 np0000001499 nova-scheduler[95772]: DEBUG oslo_concurrency.lockutils [None req-93a06b14-c345-4a86-8a55-24a41db19c49 tempest-DeleteServersTestJSON-773943093 tempest-DeleteServersTestJSON-773943093-project-member] Lock "b63f43f0-2270-474c-beef-bf8f5a3ec381" acquired by "nova.context.set_target_cell..get_or_set_cached_cell_and_set_connections" :: waited 0.000s {{(pid=95772) inner /opt/stack/data/venv/lib/python3.12/site-packages/oslo_concurrency/lockutils.py:524}}
May 27 10:32:25.065132 np0000001499 nova-scheduler[95772]: DEBUG oslo_concurrency.lockutils [None req-93a06b14-c345-4a86-8a55-24a41db19c49 tempest-DeleteServersTestJSON-773943093 tempest-DeleteServersTestJSON-773943093-project-member] Lock "b63f43f0-2270-474c-beef-bf8f5a3ec381" "released" by "nova.context.set_target_cell..get_or_set_cached_cell_and_set_connections" :: held 0.000s {{(pid=95772) inner /opt/stack/data/venv/lib/python3.12/site-packages/oslo_concurrency/lockutils.py:543}}
May 27 10:32:25.070807 np0000001499 nova-scheduler[95772]: DEBUG oslo_concurrency.lockutils [None req-93a06b14-c345-4a86-8a55-24a41db19c49 tempest-DeleteServersTestJSON-773943093 tempest-DeleteServersTestJSON-773943093-project-member] Acquiring lock "('np0000001499', 'np0000001499')" by "nova.scheduler.host_manager.HostState.update.._locked_update" {{(pid=95772) inner /opt/stack/data/venv/lib/python3.12/site-packages/oslo_concurrency/lockutils.py:511}}
May 27 10:32:25.072029 np0000001499 nova-scheduler[95772]: DEBUG oslo_concurrency.lockutils [None req-93a06b14-c345-4a86-8a55-24a41db19c49 tempest-DeleteServersTestJSON-773943093 tempest-DeleteServersTestJSON-773943093-project-member] Lock "('np0000001499', 'np0000001499')" acquired by "nova.scheduler.host_manager.HostState.update.._locked_update" :: waited 0.000s {{(pid=95772) inner /opt/stack/data/venv/lib/python3.12/site-packages/oslo_concurrency/lockutils.py:524}}
