Jun 27 02:05:08.928601 np0000003818 devstack@g-api.service[102653]: DEBUG glance.api.middleware.version_negotiation [None req-02343669-9628-4c7a-8e5e-24b9fc1c0fb6 tempest-ServerBootFromVolumeStableRescueTest-1593948765 tempest-ServerBootFromVolumeStableRescueTest-1593948765-project-member] new path /v2/images/e2f7b364-7482-4322-829c-a89dcf24ce03 {{(pid=102653) process_request /opt/stack/glance/glance/api/middleware/version_negotiation.py:70}}
Jun 27 02:05:08.931570 np0000003818 devstack@g-api.service[102654]: DEBUG glance.api.middleware.version_negotiation [None req-02343669-9628-4c7a-8e5e-24b9fc1c0fb6 tempest-ServerBootFromVolumeStableRescueTest-1593948765 tempest-ServerBootFromVolumeStableRescueTest-1593948765-project-member] Determining version of request: GET /v2/schemas/image Accept: */* {{(pid=102654) process_request /opt/stack/glance/glance/api/middleware/version_negotiation.py:44}}
Jun 27 02:05:08.934221 np0000003818 devstack@g-api.service[102654]: DEBUG glance.api.middleware.version_negotiation [None req-02343669-9628-4c7a-8e5e-24b9fc1c0fb6 tempest-ServerBootFromVolumeStableRescueTest-1593948765 tempest-ServerBootFromVolumeStableRescueTest-1593948765-project-member] Using url versioning {{(pid=102654) process_request /opt/stack/glance/glance/api/middleware/version_negotiation.py:57}}
Jun 27 02:05:08.934221 np0000003818 devstack@g-api.service[102654]: DEBUG glance.api.middleware.version_negotiation [None req-02343669-9628-4c7a-8e5e-24b9fc1c0fb6 tempest-ServerBootFromVolumeStableRescueTest-1593948765 tempest-ServerBootFromVolumeStableRescueTest-1593948765-project-member] Matched version: v2 {{(pid=102654) process_request /opt/stack/glance/glance/api/middleware/version_negotiation.py:69}}
Jun 27 02:05:08.934221 np0000003818 devstack@g-api.service[102654]: DEBUG glance.api.middleware.version_negotiation [None req-02343669-9628-4c7a-8e5e-24b9fc1c0fb6 tempest-ServerBootFromVolumeStableRescueTest-1593948765 tempest-ServerBootFromVolumeStableRescueTest-1593948765-project-member] new path /v2/schemas/image {{(pid=102654) process_request /opt/stack/glance/glance/api/middleware/version_negotiation.py:70}}
Jun 27 02:05:08.938275 np0000003818 devstack@g-api.service[102654]: [pid: 102654|app: 0|req: 90/325] 127.0.0.1 () {44 vars in 1051 bytes} [Sat Jun 27 02:05:08 2026] GET /v2/schemas/image => generated 6083 bytes in 7 msecs (HTTP/1.1 200) 4 headers in 158 bytes (1 switches on core 0)
Jun 27 02:05:08.942653 np0000003818 devstack@g-api.service[102653]: [pid: 102653|app: 0|req: 74/326] 127.0.0.1 () {40 vars in 834 bytes} [Sat Jun 27 02:05:08 2026] GET /v2/images/e2f7b364-7482-4322-829c-a89dcf24ce03 => generated 650 bytes in 15 msecs (HTTP/1.1 200) 4 headers in 157 bytes (1 switches on core 0)
Jun 27 02:05:09.145848 np0000003818 devstack@g-api.service[102655]: [pid: 102655|app: 0|req: 89/327] 127.0.0.1 () {44 vars in 1111 bytes} [Sat Jun 27 02:05:08 2026] GET /v2/images/197fdb87-b02e-4d08-bcf9-3f882d1aebff => generated 1044 bytes in 377 msecs (HTTP/1.1 200) 4 headers in 158 bytes (1 switches on core 0)
Jun 27 02:05:09.203443 np0000003818 devstack@g-api.service[102654]: DEBUG glance.api.middleware.version_negotiation [None req-02343669-9628-4c7a-8e5e-24b9fc1c0fb6 tempest-ServerBootFromVolumeStableRescueTest-1593948765 tempest-ServerBootFromVolumeStableRescueTest-1593948765-project-member] Determining version of request: GET /v2/schemas/image Accept: */* {{(pid=102654) process_request /opt/stack/glance/glance/api/middleware/version_negotiation.py:44}}
Jun 27 02:05:09.203724 np0000003818 devstack@g-api.service[102654]: DEBUG glance.api.middleware.version_negotiation [None req-02343669-9628-4c7a-8e5e-24b9fc1c0fb6 tempest-ServerBootFromVolumeStableRescueTest-1593948765 tempest-ServerBootFromVolumeStableRescueTest-1593948765-project-member] Using url versioning {{(pid=102654) process_request /opt/stack/glance/glance/api/middleware/version_negotiation.py:57}}
Jun 27 02:05:09.203948 np0000003818 devstack@g-api.service[102654]: DEBUG glance.api.middleware.version_negotiation [None req-02343669-9628-4c7a-8e5e-24b9fc1c0fb6 tempest-ServerBootFromVolumeStableRescueTest-1593948765 tempest-ServerBootFromVolumeStableRescueTest-1593948765-project-member] Matched version: v2 {{(pid=102654) process_request /opt/stack/glance/glance/api/middleware/version_negotiation.py:69}}
Jun 27 02:05:09.204162 np0000003818 devstack@g-api.service[102654]: DEBUG glance.api.middleware.version_negotiation [None req-02343669-9628-4c7a-8e5e-24b9fc1c0fb6 tempest-ServerBootFromVolumeStableRescueTest-1593948765 tempest-ServerBootFromVolumeStableRescueTest-1593948765-project-member] new path /v2/schemas/image {{(pid=102654) process_request /opt/stack/glance/glance/api/middleware/version_negotiation.py:70}}
Jun 27 02:05:09.208168 np0000003818 devstack@g-api.service[102654]: [pid: 102654|app: 0|req: 91/328] 127.0.0.1 () {44 vars in 1051 bytes} [Sat Jun 27 02:05:09 2026] GET /v2/schemas/image => generated 6083 bytes in 5 msecs (HTTP/1.1 200) 4 headers in 158 bytes (1 switches on core 0)
Jun 27 02:05:09.958052 np0000003818 devstack@g-api.service[102653]: DEBUG glance.api.middleware.version_negotiation [None req-8b1e9c39-1bb3-431a-b977-aba5ab6f096f tempest-VolumesActionsTest-598582693 tempest-VolumesActionsTest-598582693-project-member] Determining version of request: GET /v2/images/e2f7b364-7482-4322-829c-a89dcf24ce03 Accept: application/json {{(pid=102653) process_request /opt/stack/glance/glance/api/middleware/version_negotiation.py:44}}
Jun 27 02:05:09.958420 np0000003818 devstack@g-api.service[102653]: DEBUG glance.api.middleware.version_negotiation [None req-8b1e9c39-1bb3-431a-b977-aba5ab6f096f tempest-VolumesActionsTest-598582693 tempest-VolumesActionsTest-598582693-project-member] Using url versioning {{(pid=102653) process_request /opt/stack/glance/glance/api/middleware/version_negotiation.py:57}}
Jun 27 02:05:09.958420 np0000003818 devstack@g-api.service[102653]: DEBUG glance.api.middleware.version_negotiation [None req-8b1e9c39-1bb3-431a-b977-aba5ab6f096f tempest-VolumesActionsTest-598582693 tempest-VolumesActionsTest-598582693-project-member] Matched version: v2 {{(pid=102653) process_request /opt/stack/glance/glance/api/middleware/version_negotiation.py:69}}
Jun 27 02:05:09.958589 np0000003818 devstack@g-api.service[102653]: DEBUG glance.api.middleware.version_negotiation [None req-8b1e9c39-1bb3-431a-b977-aba5ab6f096f tempest-VolumesActionsTest-598582693 tempest-VolumesActionsTest-598582693-project-member] new path /v2/images/e2f7b364-7482-4322-829c-a89dcf24ce03 {{(pid=102653) process_request /opt/stack/glance/glance/api/middleware/version_negotiation.py:70}}
Jun 27 02:05:09.976309 np0000003818 devstack@g-api.service[102653]: [pid: 102653|app: 0|req: 75/329] 127.0.0.1 () {40 vars in 834 bytes} [Sat Jun 27 02:05:09 2026] GET /v2/images/e2f7b364-7482-4322-829c-a89dcf24ce03 => generated 650 bytes in 19 msecs (HTTP/1.1 200) 4 headers in 157 bytes (1 switches on core 0)
Jun 27 02:05:10.354481 np0000003818 devstack@g-api.service[102655]: DEBUG glance.api.middleware.version_negotiation [None req-ca45c194-a332-4a64-9316-9a387af67614 tempest-ServerActionsTestOtherA-2022980580 tempest-ServerActionsTestOtherA-2022980580-project-member] Determining version of request: GET /v2/images/197fdb87-b02e-4d08-bcf9-3f882d1aebff Accept: */* {{(pid=102655) process_request /opt/stack/glance/glance/api/middleware/version_negotiation.py:44}}
Jun 27 02:05:10.356297 np0000003818 devstack@g-api.service[102655]: DEBUG glance.api.middleware.version_negotiation [None req-ca45c194-a332-4a64-9316-9a387af67614 tempest-ServerActionsTestOtherA-2022980580 tempest-ServerActionsTestOtherA-2022980580-project-member] Using url versioning {{(pid=102655) process_request /opt/stack/glance/glance/api/middleware/version_negotiation.py:57}}
Jun 27 02:05:10.356297 np0000003818 devstack@g-api.service[102655]: DEBUG glance.api.middleware.version_negotiation [None req-ca45c194-a332-4a64-9316-9a387af67614 tempest-ServerActionsTestOtherA-2022980580 tempest-ServerActionsTestOtherA-2022980580-project-member] Matched version: v2 {{(pid=102655) process_request /opt/stack/glance/glance/api/middleware/version_negotiation.py:69}}
Jun 27 02:05:10.356297 np0000003818 devstack@g-api.service[102655]: DEBUG glance.api.middleware.version_negotiation [None req-ca45c194-a332-4a64-9316-9a387af67614 tempest-ServerActionsTestOtherA-2022980580 tempest-ServerActionsTestOtherA-2022980580-project-member] new path /v2/images/197fdb87-b02e-4d08-bcf9-3f882d1aebff {{(pid=102655) process_request /opt/stack/glance/glance/api/middleware/version_negotiation.py:70}}
Jun 27 02:05:10.373150 np0000003818 devstack@g-api.service[102655]: [pid: 102655|app: 0|req: 90/330] 127.0.0.1 () {44 vars in 1111 bytes} [Sat Jun 27 02:05:10 2026] GET /v2/images/197fdb87-b02e-4d08-bcf9-3f882d1aebff => generated 1044 bytes in 19 msecs (HTTP/1.1 200) 4 headers in 158 bytes (1 switches on core 0)
Jun 27 02:05:10.439689 np0000003818 devstack@g-api.service[102654]: DEBUG glance.api.middleware.version_negotiation [None req-ca45c194-a332-4a64-9316-9a387af67614 tempest-ServerActionsTestOtherA-2022980580 tempest-ServerActionsTestOtherA-2022980580-project-member] Determining version of request: GET /v2/schemas/image Accept: */* {{(pid=102654) process_request /opt/stack/glance/glance/api/middleware/version_negotiation.py:44}}
Jun 27 02:05:10.440130 np0000003818 devstack@g-api.service[102654]: DEBUG glance.api.middleware.version_negotiation [None req-ca45c194-a332-4a64-9316-9a387af67614 tempest-ServerActionsTestOtherA-2022980580 tempest-ServerActionsTestOtherA-2022980580-project-member] Using url versioning {{(pid=102654) process_request /opt/stack/glance/glance/api/middleware/version_negotiation.py:57}}
Jun 27 02:05:10.440130 np0000003818 devstack@g-api.service[102654]: DEBUG glance.api.middleware.version_negotiation [None req-ca45c194-a332-4a64-9316-9a387af67614 tempest-ServerActionsTestOtherA-2022980580 tempest-ServerActionsTestOtherA-2022980580-project-member] Matched version: v2 {{(pid=102654) process_request /opt/stack/glance/glance/api/middleware/version_negotiation.py:69}}
Jun 27 02:05:10.440449 np0000003818 devstack@g-api.service[102654]: DEBUG glance.api.middleware.version_negotiation [None req-ca45c194-a332-4a64-9316-9a387af67614 tempest-ServerActionsTestOtherA-2022980580 tempest-ServerActionsTestOtherA-2022980580-project-member] new path /v2/schemas/image {{(pid=102654) process_request /opt/stack/glance/glance/api/middleware/version_negotiation.py:70}}
Jun 27 02:05:10.444019 np0000003818 devstack@g-api.service[102654]: [pid: 102654|app: 0|req: 92/331] 127.0.0.1 () {44 vars in 1051 bytes} [Sat Jun 27 02:05:10 2026] GET /v2/schemas/image => generated 6083 bytes in 4 msecs (HTTP/1.1 200) 4 headers in 158 bytes (1 switches on core 0)
Jun 27 02:05:10.454790 np0000003818 devstack@g-api.service[102656]: DEBUG swiftclient [None req-a763b203-6bc9-4c19-856d-11239146a8df tempest-VolumesActionsTest-598582693 tempest-VolumesActionsTest-598582693-project-member] REQ: curl -i https://10.4.3.40:8080/v1/AUTH_c9990de8a8da49b4b095048edb97aea4/glance/e2f7b364-7482-4322-829c-a89dcf24ce03-00003 -X PUT -H "X-Auth-Token: gAAAAABqPy_O14wA..." {{(pid=102656) http_log /opt/stack/data/venv/lib/python3.12/site-packages/swiftclient/client.py:160}}
Jun 27 02:05:10.454790 np0000003818 devstack@g-api.service[102656]: DEBUG swiftclient [None req-a763b203-6bc9-4c19-856d-11239146a8df tempest-VolumesActionsTest-598582693 tempest-VolumesActionsTest-598582693-project-member] RESP STATUS: 201 Created {{(pid=102656) http_log /opt/stack/data/venv/lib/python3.12/site-packages/swiftclient/client.py:161}}
Jun 27 02:05:10.455541 np0000003818 devstack@g-api.service[102656]: DEBUG swiftclient [None req-a763b203-6bc9-4c19-856d-11239146a8df tempest-VolumesActionsTest-598582693 tempest-VolumesActionsTest-598582693-project-member] RESP HEADERS: {'Date': 'Sat, 27 Jun 2026 02:05:10 GMT', 'Server': 'Apache/2.4.58 (Ubuntu)', 'Content-Type': 'text/html; charset=UTF-8', 'Content-Length': '0', 'Etag': 'eda9a9889837ac4bc81d6387d92c1bec', 'Last-Modified': 'Sat, 27 Jun 2026 02:05:08 GMT', 'X-Trans-Id': 'txb3166a28f382481cae05d-006a3f2fd3', 'X-Openstack-Request-Id': 'txb3166a28f382481cae05d-006a3f2fd3', 'Connection': 'close'} {{(pid=102656) http_log /opt/stack/data/venv/lib/python3.12/site-packages/swiftclient/client.py:162}}
Jun 27 02:05:10.455541 np0000003818 devstack@g-api.service[102656]: DEBUG glance_store._drivers.swift.store [None req-a763b203-6bc9-4c19-856d-11239146a8df tempest-VolumesActionsTest-598582693 tempest-VolumesActionsTest-598582693-project-member] Wrote chunk e2f7b364-7482-4322-829c-a89dcf24ce03-00003 (3/?) of length 204800000 to Swift returning MD5 of content: eda9a9889837ac4bc81d6387d92c1bec {{(pid=102656) add /opt/stack/data/venv/lib/python3.12/site-packages/glance_store/_drivers/swift/store.py:1059}}
Jun 27 02:05:10.993363 np0000003818 devstack@g-api.service[102653]: DEBUG glance.api.middleware.version_negotiation [None req-6cd19bf3-a53b-4916-b4b1-339af7c99af5 tempest-VolumesActionsTest-598582693 tempest-VolumesActionsTest-598582693-project-member] Determining version of request: GET /v2/images/e2f7b364-7482-4322-829c-a89dcf24ce03 Accept: application/json {{(pid=102653) process_request /opt/stack/glance/glance/api/middleware/version_negotiation.py:44}}
Jun 27 02:05:10.993363 np0000003818 devstack@g-api.service[102653]: DEBUG glance.api.middleware.version_negotiation [None req-6cd19bf3-a53b-4916-b4b1-339af7c99af5 tempest-VolumesActionsTest-598582693 tempest-VolumesActionsTest-598582693-project-member] Using url versioning {{(pid=102653) process_request /opt/stack/glance/glance/api/middleware/version_negotiation.py:57}}
Jun 27 02:05:10.996148 np0000003818 devstack@g-api.service[102653]: DEBUG glance.api.middleware.version_negotiation [None req-6cd19bf3-a53b-4916-b4b1-339af7c99af5 tempest-VolumesActionsTest-598582693 tempest-VolumesActionsTest-598582693-project-member] Matched version: v2 {{(pid=102653) process_request /opt/stack/glance/glance/api/middleware/version_negotiation.py:69}}
Jun 27 02:05:10.996148 np0000003818 devstack@g-api.service[102653]: DEBUG glance.api.middleware.version_negotiation [None req-6cd19bf3-a53b-4916-b4b1-339af7c99af5 tempest-VolumesActionsTest-598582693 tempest-VolumesActionsTest-598582693-project-member] new path /v2/images/e2f7b364-7482-4322-829c-a89dcf24ce03 {{(pid=102653) process_request /opt/stack/glance/glance/api/middleware/version_negotiation.py:70}}
Jun 27 02:05:11.011664 np0000003818 devstack@g-api.service[102653]: [pid: 102653|app: 0|req: 76/332] 127.0.0.1 () {40 vars in 834 bytes} [Sat Jun 27 02:05:10 2026] GET /v2/images/e2f7b364-7482-4322-829c-a89dcf24ce03 => generated 650 bytes in 19 msecs (HTTP/1.1 200) 4 headers in 157 bytes (1 switches on core 0)
Jun 27 02:05:12.020180 np0000003818 devstack@g-api.service[102655]: DEBUG glance.api.middleware.version_negotiation [None req-ca45c194-a332-4a64-9316-9a387af67614 tempest-ServerActionsTestOtherA-2022980580 tempest-ServerActionsTestOtherA-2022980580-project-member] Determining version of request: GET /v2/images/e2f7b364-7482-4322-829c-a89dcf24ce03 Accept: application/json {{(pid=102655) process_request /opt/stack/glance/glance/api/middleware/version_negotiation.py:44}}
Jun 27 02:05:12.020688 np0000003818 devstack@g-api.service[102655]: DEBUG glance.api.middleware.version_negotiation [None req-ca45c194-a332-4a64-9316-9a387af67614 tempest-ServerActionsTestOtherA-2022980580 tempest-ServerActionsTestOtherA-2022980580-project-member] Using url versioning {{(pid=102655) process_request /opt/stack/glance/glance/api/middleware/version_negotiation.py:57}}
Jun 27 02:05:12.020688 np0000003818 devstack@g-api.service[102655]: DEBUG glance.api.middleware.version_negotiation [None req-ca45c194-a332-4a64-9316-9a387af67614 tempest-ServerActionsTestOtherA-2022980580 tempest-ServerActionsTestOtherA-2022980580-project-member] Matched version: v2 {{(pid=102655) process_request /opt/stack/glance/glance/api/middleware/version_negotiation.py:69}}
Jun 27 02:05:12.020688 np0000003818 devstack@g-api.service[102655]: DEBUG glance.api.middleware.version_negotiation [None req-ca45c194-a332-4a64-9316-9a387af67614 tempest-ServerActionsTestOtherA-2022980580 tempest-ServerActionsTestOtherA-2022980580-project-member] new path /v2/images/e2f7b364-7482-4322-829c-a89dcf24ce03 {{(pid=102655) process_request /opt/stack/glance/glance/api/middleware/version_negotiation.py:70}}
Jun 27 02:05:12.042695 np0000003818 devstack@g-api.service[102655]: [pid: 102655|app: 0|req: 91/333] 127.0.0.1 () {40 vars in 834 bytes} [Sat Jun 27 02:05:12 2026] GET /v2/images/e2f7b364-7482-4322-829c-a89dcf24ce03 => generated 650 bytes in 23 msecs (HTTP/1.1 200) 4 headers in 157 bytes (1 switches on core 0)
Jun 27 02:05:12.795867 np0000003818 devstack@g-api.service[102656]: DEBUG dbcounter [-] [102656] Writing DB stats glance:SELECT=22,glance:UPDATE=3,glance:INSERT=1 {{(pid=102656) stat_writer /opt/stack/data/venv/lib/python3.12/site-packages/dbcounter.py:115}}
Jun 27 02:05:12.840171 np0000003818 devstack@g-api.service[102656]: DEBUG swiftclient [None req-a763b203-6bc9-4c19-856d-11239146a8df tempest-VolumesActionsTest-598582693 tempest-VolumesActionsTest-598582693-project-member] REQ: curl -i https://10.4.3.40:8080/v1/AUTH_c9990de8a8da49b4b095048edb97aea4/glance/e2f7b364-7482-4322-829c-a89dcf24ce03-00004 -X PUT -H "X-Auth-Token: gAAAAABqPy_O14wA..." {{(pid=102656) http_log /opt/stack/data/venv/lib/python3.12/site-packages/swiftclient/client.py:160}}
Jun 27 02:05:12.840171 np0000003818 devstack@g-api.service[102656]: DEBUG swiftclient [None req-a763b203-6bc9-4c19-856d-11239146a8df tempest-VolumesActionsTest-598582693 tempest-VolumesActionsTest-598582693-project-member] RESP STATUS: 201 Created {{(pid=102656) http_log /opt/stack/data/venv/lib/python3.12/site-packages/swiftclient/client.py:161}}
Jun 27 02:05:12.840171 np0000003818 devstack@g-api.service[102656]: DEBUG swiftclient [None req-a763b203-6bc9-4c19-856d-11239146a8df tempest-VolumesActionsTest-598582693 tempest-VolumesActionsTest-598582693-project-member] RESP HEADERS: {'Date': 'Sat, 27 Jun 2026 02:05:12 GMT', 'Server': 'Apache/2.4.58 (Ubuntu)', 'Content-Type': 'text/html; charset=UTF-8', 'Content-Length': '0', 'Etag': 'eda9a9889837ac4bc81d6387d92c1bec', 'Last-Modified': 'Sat, 27 Jun 2026 02:05:11 GMT', 'X-Trans-Id': 'tx876bf60afe2c400785bc5-006a3f2fd6', 'X-Openstack-Request-Id': 'tx876bf60afe2c400785bc5-006a3f2fd6', 'Connection': 'close'} {{(pid=102656) http_log /opt/stack/data/venv/lib/python3.12/site-packages/swiftclient/client.py:162}}
Jun 27 02:05:12.840171 np0000003818 devstack@g-api.service[102656]: DEBUG glance_store._drivers.swift.store [None req-a763b203-6bc9-4c19-856d-11239146a8df tempest-VolumesActionsTest-598582693 tempest-VolumesActionsTest-598582693-project-member] Wrote chunk e2f7b364-7482-4322-829c-a89dcf24ce03-00004 (4/?) of length 204800000 to Swift returning MD5 of content: eda9a9889837ac4bc81d6387d92c1bec {{(pid=102656) add /opt/stack/data/venv/lib/python3.12/site-packages/glance_store/_drivers/swift/store.py:1059}}
Jun 27 02:05:13.059010 np0000003818 devstack@g-api.service[102654]: DEBUG glance.api.middleware.version_negotiation [None req-ca45c194-a332-4a64-9316-9a387af67614 tempest-ServerActionsTestOtherA-2022980580 tempest-ServerActionsTestOtherA-2022980580-project-member] Determining version of request: GET /v2/images/e2f7b364-7482-4322-829c-a89dcf24ce03 Accept: application/json {{(pid=102654) process_request /opt/stack/glance/glance/api/middleware/version_negotiation.py:44}}
Jun 27 02:05:13.059010 np0000003818 devstack@g-api.service[102654]: DEBUG glance.api.middleware.version_negotiation [None req-ca45c194-a332-4a64-9316-9a387af67614 tempest-ServerActionsTestOtherA-2022980580 tempest-ServerActionsTestOtherA-2022980580-project-member] Using url versioning {{(pid=102654) process_request /opt/stack/glance/glance/api/middleware/version_negotiation.py:57}}
Jun 27 02:05:13.059010 np0000003818 devstack@g-api.service[102654]: DEBUG glance.api.middleware.version_negotiation [None req-ca45c194-a332-4a64-9316-9a387af67614 tempest-ServerActionsTestOtherA-2022980580 tempest-ServerActionsTestOtherA-2022980580-project-member] Matched version: v2 {{(pid=102654) process_request /opt/stack/glance/glance/api/middleware/version_negotiation.py:69}}
Jun 27 02:05:13.059010 np0000003818 devstack@g-api.service[102654]: DEBUG glance.api.middleware.version_negotiation [None req-ca45c194-a332-4a64-9316-9a387af67614 tempest-ServerActionsTestOtherA-2022980580 tempest-ServerActionsTestOtherA-2022980580-project-member] new path /v2/images/e2f7b364-7482-4322-829c-a89dcf24ce03 {{(pid=102654) process_request /opt/stack/glance/glance/api/middleware/version_negotiation.py:70}}
Jun 27 02:05:13.069169 np0000003818 devstack@g-api.service[102654]: [pid: 102654|app: 0|req: 93/334] 127.0.0.1 () {40 vars in 834 bytes} [Sat Jun 27 02:05:13 2026] GET /v2/images/e2f7b364-7482-4322-829c-a89dcf24ce03 => generated 650 bytes in 12 msecs (HTTP/1.1 200) 4 headers in 157 bytes (1 switches on core 0)
Jun 27 02:05:14.087229 np0000003818 devstack@g-api.service[102653]: DEBUG glance.api.middleware.version_negotiation [None req-501b032e-abd1-4b2c-b9e6-17b1a21a3996 tempest-VolumesActionsTest-598582693 tempest-VolumesActionsTest-598582693-project-member] Determining version of request: GET /v2/images/e2f7b364-7482-4322-829c-a89dcf24ce03 Accept: application/json {{(pid=102653) process_request /opt/stack/glance/glance/api/middleware/version_negotiation.py:44}}
Jun 27 02:05:14.089165 np0000003818 devstack@g-api.service[102653]: DEBUG glance.api.middleware.version_negotiation [None req-501b032e-abd1-4b2c-b9e6-17b1a21a3996 tempest-VolumesActionsTest-598582693 tempest-VolumesActionsTest-598582693-project-member] Using url versioning {{(pid=102653) process_request /opt/stack/glance/glance/api/middleware/version_negotiation.py:57}}
Jun 27 02:05:14.090174 np0000003818 devstack@g-api.service[102653]: DEBUG glance.api.middleware.version_negotiation [None req-501b032e-abd1-4b2c-b9e6-17b1a21a3996 tempest-VolumesActionsTest-598582693 tempest-VolumesActionsTest-598582693-project-member] Matched version: v2 {{(pid=102653) process_request /opt/stack/glance/glance/api/middleware/version_negotiation.py:69}}
Jun 27 02:05:14.090174 np0000003818 devstack@g-api.service[102653]: DEBUG glance.api.middleware.version_negotiation [None req-501b032e-abd1-4b2c-b9e6-17b1a21a3996 tempest-VolumesActionsTest-598582693 tempest-VolumesActionsTest-598582693-project-member] new path /v2/images/e2f7b364-7482-4322-829c-a89dcf24ce03 {{(pid=102653) process_request /opt/stack/glance/glance/api/middleware/version_negotiation.py:70}}
Jun 27 02:05:14.111309 np0000003818 devstack@g-api.service[102653]: [pid: 102653|app: 0|req: 77/335] 127.0.0.1 () {40 vars in 834 bytes} [Sat Jun 27 02:05:14 2026] GET /v2/images/e2f7b364-7482-4322-829c-a89dcf24ce03 => generated 650 bytes in 24 msecs (HTTP/1.1 200) 4 headers in 157 bytes (1 switches on core 0)
Jun 27 02:05:15.125038 np0000003818 devstack@g-api.service[102655]: DEBUG glance.api.middleware.version_negotiation [None req-8b81bdbf-7bb8-4dbc-be89-40a81ce59e84 tempest-VolumesActionsTest-598582693 tempest-VolumesActionsTest-598582693-project-member] Determining version of request: GET /v2/images/e2f7b364-7482-4322-829c-a89dcf24ce03 Accept: application/json {{(pid=102655) process_request /opt/stack/glance/glance/api/middleware/version_negotiation.py:44}}
Jun 27 02:05:15.125880 np0000003818 devstack@g-api.service[102655]: DEBUG glance.api.middleware.version_negotiation [None req-8b81bdbf-7bb8-4dbc-be89-40a81ce59e84 tempest-VolumesActionsTest-598582693 tempest-VolumesActionsTest-598582693-project-member] Using url versioning {{(pid=102655) process_request /opt/stack/glance/glance/api/middleware/version_negotiation.py:57}}
Jun 27 02:05:15.125880 np0000003818 devstack@g-api.service[102655]: DEBUG glance.api.middleware.version_negotiation [None req-8b81bdbf-7bb8-4dbc-be89-40a81ce59e84 tempest-VolumesActionsTest-598582693 tempest-VolumesActionsTest-598582693-project-member] Matched version: v2 {{(pid=102655) process_request /opt/stack/glance/glance/api/middleware/version_negotiation.py:69}}
Jun 27 02:05:15.125880 np0000003818 devstack@g-api.service[102655]: DEBUG glance.api.middleware.version_negotiation [None req-8b81bdbf-7bb8-4dbc-be89-40a81ce59e84 tempest-VolumesActionsTest-598582693 tempest-VolumesActionsTest-598582693-project-member] new path /v2/images/e2f7b364-7482-4322-829c-a89dcf24ce03 {{(pid=102655) process_request /opt/stack/glance/glance/api/middleware/version_negotiation.py:70}}
Jun 27 02:05:15.140965 np0000003818 devstack@g-api.service[102655]: [pid: 102655|app: 0|req: 92/336] 127.0.0.1 () {40 vars in 834 bytes} [Sat Jun 27 02:05:15 2026] GET /v2/images/e2f7b364-7482-4322-829c-a89dcf24ce03 => generated 650 bytes in 16 msecs (HTTP/1.1 200) 4 headers in 157 bytes (1 switches on core 0)
Jun 27 02:05:15.251295 np0000003818 devstack@g-api.service[102656]: DEBUG swiftclient [None req-a763b203-6bc9-4c19-856d-11239146a8df tempest-VolumesActionsTest-598582693 tempest-VolumesActionsTest-598582693-project-member] REQ: curl -i https://10.4.3.40:8080/v1/AUTH_c9990de8a8da49b4b095048edb97aea4/glance/e2f7b364-7482-4322-829c-a89dcf24ce03-00005 -X PUT -H "X-Auth-Token: gAAAAABqPy_O14wA..." {{(pid=102656) http_log /opt/stack/data/venv/lib/python3.12/site-packages/swiftclient/client.py:160}}
Jun 27 02:05:15.251295 np0000003818 devstack@g-api.service[102656]: DEBUG swiftclient [None req-a763b203-6bc9-4c19-856d-11239146a8df tempest-VolumesActionsTest-598582693 tempest-VolumesActionsTest-598582693-project-member] RESP STATUS: 201 Created {{(pid=102656) http_log /opt/stack/data/venv/lib/python3.12/site-packages/swiftclient/client.py:161}}
Jun 27 02:05:15.251295 np0000003818 devstack@g-api.service[102656]: DEBUG swiftclient [None req-a763b203-6bc9-4c19-856d-11239146a8df tempest-VolumesActionsTest-598582693 tempest-VolumesActionsTest-598582693-project-member] RESP HEADERS: {'Date': 'Sat, 27 Jun 2026 02:05:15 GMT', 'Server': 'Apache/2.4.58 (Ubuntu)', 'Content-Type': 'text/html; charset=UTF-8', 'Content-Length': '0', 'Etag': 'eda9a9889837ac4bc81d6387d92c1bec', 'Last-Modified': 'Sat, 27 Jun 2026 02:05:13 GMT', 'X-Trans-Id': 'tx9724fcf2d80445edac5db-006a3f2fd8', 'X-Openstack-Request-Id': 'tx9724fcf2d80445edac5db-006a3f2fd8', 'Connection': 'close'} {{(pid=102656) http_log /opt/stack/data/venv/lib/python3.12/site-packages/swiftclient/client.py:162}}
Jun 27 02:05:15.252253 np0000003818 devstack@g-api.service[102656]: DEBUG glance_store._drivers.swift.store [None req-a763b203-6bc9-4c19-856d-11239146a8df tempest-VolumesActionsTest-598582693 tempest-VolumesActionsTest-598582693-project-member] Wrote chunk e2f7b364-7482-4322-829c-a89dcf24ce03-00005 (5/?) of length 204800000 to Swift returning MD5 of content: eda9a9889837ac4bc81d6387d92c1bec {{(pid=102656) add /opt/stack/data/venv/lib/python3.12/site-packages/glance_store/_drivers/swift/store.py:1059}}
Jun 27 02:05:15.811388 np0000003818 devstack@g-api.service[102656]: DEBUG swiftclient [None req-a763b203-6bc9-4c19-856d-11239146a8df tempest-VolumesActionsTest-598582693 tempest-VolumesActionsTest-598582693-project-member] REQ: curl -i https://10.4.3.40:8080/v1/AUTH_c9990de8a8da49b4b095048edb97aea4/glance/e2f7b364-7482-4322-829c-a89dcf24ce03-00006 -X PUT -H "X-Auth-Token: gAAAAABqPy_O14wA..." {{(pid=102656) http_log /opt/stack/data/venv/lib/python3.12/site-packages/swiftclient/client.py:160}}
Jun 27 02:05:15.811533 np0000003818 devstack@g-api.service[102656]: DEBUG swiftclient [None req-a763b203-6bc9-4c19-856d-11239146a8df tempest-VolumesActionsTest-598582693 tempest-VolumesActionsTest-598582693-project-member] RESP STATUS: 201 Created {{(pid=102656) http_log /opt/stack/data/venv/lib/python3.12/site-packages/swiftclient/client.py:161}}
Jun 27 02:05:15.811679 np0000003818 devstack@g-api.service[102656]: DEBUG swiftclient [None req-a763b203-6bc9-4c19-856d-11239146a8df tempest-VolumesActionsTest-598582693 tempest-VolumesActionsTest-598582693-project-member] RESP HEADERS: {'Date': 'Sat, 27 Jun 2026 02:05:15 GMT', 'Server': 'Apache/2.4.58 (Ubuntu)', 'Content-Type': 'text/html; charset=UTF-8', 'Content-Length': '0', 'Etag': '708761f3b8777ec77058e63da08eeeb6', 'Last-Modified': 'Sat, 27 Jun 2026 02:05:16 GMT', 'X-Trans-Id': 'tx88c2358c89b140ee91e07-006a3f2fdb', 'X-Openstack-Request-Id': 'tx88c2358c89b140ee91e07-006a3f2fdb', 'Connection': 'close'} {{(pid=102656) http_log /opt/stack/data/venv/lib/python3.12/site-packages/swiftclient/client.py:162}}
Jun 27 02:05:15.811805 np0000003818 devstack@g-api.service[102656]: DEBUG glance_store._drivers.swift.store [None req-a763b203-6bc9-4c19-856d-11239146a8df tempest-VolumesActionsTest-598582693 tempest-VolumesActionsTest-598582693-project-member] Wrote chunk e2f7b364-7482-4322-829c-a89dcf24ce03-00006 (6/?) of length 49741824 to Swift returning MD5 of content: 708761f3b8777ec77058e63da08eeeb6 {{(pid=102656) add /opt/stack/data/venv/lib/python3.12/site-packages/glance_store/_drivers/swift/store.py:1059}}
Jun 27 02:05:15.812156 np0000003818 devstack@g-api.service[102656]: DEBUG glance_store._drivers.swift.store [None req-a763b203-6bc9-4c19-856d-11239146a8df tempest-VolumesActionsTest-598582693 tempest-VolumesActionsTest-598582693-project-member] Not writing zero-length chunk. {{(pid=102656) add /opt/stack/data/venv/lib/python3.12/site-packages/glance_store/_drivers/swift/store.py:1028}}
Jun 27 02:05:15.851010 np0000003818 devstack@g-api.service[102656]: DEBUG swiftclient [None req-a763b203-6bc9-4c19-856d-11239146a8df tempest-VolumesActionsTest-598582693 tempest-VolumesActionsTest-598582693-project-member] REQ: curl -i https://10.4.3.40:8080/v1/AUTH_c9990de8a8da49b4b095048edb97aea4/glance/e2f7b364-7482-4322-829c-a89dcf24ce03 -X PUT -H "X-Object-Manifest: glance/e2f7b364-7482-4322-829c-a89dcf24ce03-" -H "X-Auth-Token: gAAAAABqPy_O14wA..." -H "Content-Length: 0" {{(pid=102656) http_log /opt/stack/data/venv/lib/python3.12/site-packages/swiftclient/client.py:160}}
Jun 27 02:05:15.851145 np0000003818 devstack@g-api.service[102656]: DEBUG swiftclient [None req-a763b203-6bc9-4c19-856d-11239146a8df tempest-VolumesActionsTest-598582693 tempest-VolumesActionsTest-598582693-project-member] RESP STATUS: 201 Created {{(pid=102656) http_log /opt/stack/data/venv/lib/python3.12/site-packages/swiftclient/client.py:161}}
Jun 27 02:05:15.851341 np0000003818 devstack@g-api.service[102656]: DEBUG swiftclient [None req-a763b203-6bc9-4c19-856d-11239146a8df tempest-VolumesActionsTest-598582693 tempest-VolumesActionsTest-598582693-project-member] RESP HEADERS: {'Date': 'Sat, 27 Jun 2026 02:05:15 GMT', 'Server': 'Apache/2.4.58 (Ubuntu)', 'Content-Type': 'text/html; charset=UTF-8', 'Content-Length': '0', 'Etag': 'd41d8cd98f00b204e9800998ecf8427e', 'Last-Modified': 'Sat, 27 Jun 2026 02:05:16 GMT', 'X-Trans-Id': 'tx801ff2550d5245acb8be7-006a3f2fdb', 'X-Openstack-Request-Id': 'tx801ff2550d5245acb8be7-006a3f2fdb', 'Connection': 'close'} {{(pid=102656) http_log /opt/stack/data/venv/lib/python3.12/site-packages/swiftclient/client.py:162}}
Jun 27 02:05:15.851902 np0000003818 devstack@g-api.service[102656]: INFO glance.location [None req-a763b203-6bc9-4c19-856d-11239146a8df tempest-VolumesActionsTest-598582693 tempest-VolumesActionsTest-598582693-project-member] Image format matched and virtual size computed: 1073741824
Jun 27 02:05:15.891350 np0000003818 devstack@g-api.service[102656]: DEBUG glance_store.backend [None req-a763b203-6bc9-4c19-856d-11239146a8df tempest-VolumesActionsTest-598582693 tempest-VolumesActionsTest-598582693-project-member] Attempting to import store swift {{(pid=102656) _load_store /opt/stack/data/venv/lib/python3.12/site-packages/glance_store/backend.py:215}}
Jun 27 02:05:15.892740 np0000003818 devstack@g-api.service[102656]: DEBUG glance_store.capabilities [None req-a763b203-6bc9-4c19-856d-11239146a8df tempest-VolumesActionsTest-598582693 tempest-VolumesActionsTest-598582693-project-member] Store glance_store._drivers.swift.store.SingleTenantStore doesn't support updating dynamic storage capabilities. Please overwrite 'update_capabilities' method of the store to implement updating logics if needed. {{(pid=102656) update_capabilities /opt/stack/data/venv/lib/python3.12/site-packages/glance_store/capabilities.py:91}}
Jun 27 02:05:15.892859 np0000003818 devstack@g-api.service[102656]: DEBUG glance_store.driver [None req-a763b203-6bc9-4c19-856d-11239146a8df tempest-VolumesActionsTest-598582693 tempest-VolumesActionsTest-598582693-project-member] Late loading location class glance_store._drivers.swift.store.StoreLocation {{(pid=102656) get_store_location_class /opt/stack/data/venv/lib/python3.12/site-packages/glance_store/driver.py:134}}
Jun 27 02:05:15.892992 np0000003818 devstack@g-api.service[102656]: DEBUG glance_store.location [None req-a763b203-6bc9-4c19-856d-11239146a8df tempest-VolumesActionsTest-598582693 tempest-VolumesActionsTest-598582693-project-member] Registering scheme swift+https with {'store': , 'location_class': , 'store_entry': 'swift'} {{(pid=102656) register_scheme_map /opt/stack/data/venv/lib/python3.12/site-packages/glance_store/location.py:146}}
Jun 27 02:05:15.893109 np0000003818 devstack@g-api.service[102656]: DEBUG glance_store.location [None req-a763b203-6bc9-4c19-856d-11239146a8df tempest-VolumesActionsTest-598582693 tempest-VolumesActionsTest-598582693-project-member] Registering scheme swift+https with {'store': , 'location_class': , 'store_entry': 'swift'} {{(pid=102656) register_scheme_map /opt/stack/data/venv/lib/python3.12/site-packages/glance_store/location.py:146}}
Jun 27 02:05:15.893204 np0000003818 devstack@g-api.service[102656]: DEBUG glance_store.location [None req-a763b203-6bc9-4c19-856d-11239146a8df tempest-VolumesActionsTest-598582693 tempest-VolumesActionsTest-598582693-project-member] Registering scheme swift with {'store': , 'location_class': , 'store_entry': 'swift'} {{(pid=102656) register_scheme_map /opt/stack/data/venv/lib/python3.12/site-packages/glance_store/location.py:146}}
Jun 27 02:05:15.893269 np0000003818 devstack@g-api.service[102656]: DEBUG glance_store.location [None req-a763b203-6bc9-4c19-856d-11239146a8df tempest-VolumesActionsTest-598582693 tempest-VolumesActionsTest-598582693-project-member] Registering scheme swift+https with {'store': , 'location_class': , 'store_entry': 'swift'} {{(pid=102656) register_scheme_map /opt/stack/data/venv/lib/python3.12/site-packages/glance_store/location.py:146}}
Jun 27 02:05:15.893493 np0000003818 devstack@g-api.service[102656]: DEBUG glance_store.location [None req-a763b203-6bc9-4c19-856d-11239146a8df tempest-VolumesActionsTest-598582693 tempest-VolumesActionsTest-598582693-project-member] Registering scheme swift with {'store': , 'location_class': , 'store_entry': 'swift'} {{(pid=102656) register_scheme_map /opt/stack/data/venv/lib/python3.12/site-packages/glance_store/location.py:146}}
Jun 27 02:05:15.893493 np0000003818 devstack@g-api.service[102656]: DEBUG glance_store.location [None req-a763b203-6bc9-4c19-856d-11239146a8df tempest-VolumesActionsTest-598582693 tempest-VolumesActionsTest-598582693-project-member] Registering scheme swift+http with {'store': , 'location_class': , 'store_entry': 'swift'} {{(pid=102656) register_scheme_map /opt/stack/data/venv/lib/python3.12/site-packages/glance_store/location.py:146}}
Jun 27 02:05:15.893493 np0000003818 devstack@g-api.service[102656]: DEBUG glance_store.location [None req-a763b203-6bc9-4c19-856d-11239146a8df tempest-VolumesActionsTest-598582693 tempest-VolumesActionsTest-598582693-project-member] Registering scheme swift+https with {'store': , 'location_class': , 'store_entry': 'swift'} {{(pid=102656) register_scheme_map /opt/stack/data/venv/lib/python3.12/site-packages/glance_store/location.py:146}}
Jun 27 02:05:15.893616 np0000003818 devstack@g-api.service[102656]: DEBUG glance_store.location [None req-a763b203-6bc9-4c19-856d-11239146a8df tempest-VolumesActionsTest-598582693 tempest-VolumesActionsTest-598582693-project-member] Registering scheme swift with {'store': , 'location_class': , 'store_entry': 'swift'} {{(pid=102656) register_scheme_map /opt/stack/data/venv/lib/python3.12/site-packages/glance_store/location.py:146}}
Jun 27 02:05:15.893649 np0000003818 devstack@g-api.service[102656]: DEBUG glance_store.location [None req-a763b203-6bc9-4c19-856d-11239146a8df tempest-VolumesActionsTest-598582693 tempest-VolumesActionsTest-598582693-project-member] Registering scheme swift+http with {'store': , 'location_class': , 'store_entry': 'swift'} {{(pid=102656) register_scheme_map /opt/stack/data/venv/lib/python3.12/site-packages/glance_store/location.py:146}}
Jun 27 02:05:15.893757 np0000003818 devstack@g-api.service[102656]: DEBUG glance_store.location [None req-a763b203-6bc9-4c19-856d-11239146a8df tempest-VolumesActionsTest-598582693 tempest-VolumesActionsTest-598582693-project-member] Registering scheme swift+config with {'store': , 'location_class': , 'store_entry': 'swift'} {{(pid=102656) register_scheme_map /opt/stack/data/venv/lib/python3.12/site-packages/glance_store/location.py:146}}
Jun 27 02:05:15.893835 np0000003818 devstack@g-api.service[102656]: DEBUG glance_store.backend [None req-a763b203-6bc9-4c19-856d-11239146a8df tempest-VolumesActionsTest-598582693 tempest-VolumesActionsTest-598582693-project-member] Skipping store.set_acls... not implemented. {{(pid=102656) set_acls /opt/stack/data/venv/lib/python3.12/site-packages/glance_store/backend.py:507}}
Jun 27 02:05:15.896012 np0000003818 devstack@g-api.service[102656]: [pid: 102656|app: 0|req: 75/337] 127.0.0.1 () {46 vars in 1154 bytes} [Sat Jun 27 02:05:01 2026] PUT /v2/images/e2f7b364-7482-4322-829c-a89dcf24ce03/file => generated 0 bytes in 14552 msecs (HTTP/1.1 204) 4 headers in 171 bytes (1 switches on core 0)
Jun 27 02:05:15.904229 np0000003818 devstack@g-api.service[102654]: DEBUG glance.api.middleware.version_negotiation [None req-b94e3343-f625-4231-a1b8-f382c2585cf3 tempest-VolumesActionsTest-598582693 tempest-VolumesActionsTest-598582693-project-member] Determining version of request: GET /v2/images/e2f7b364-7482-4322-829c-a89dcf24ce03 Accept: */* {{(pid=102654) process_request /opt/stack/glance/glance/api/middleware/version_negotiation.py:44}}
Jun 27 02:05:15.904549 np0000003818 devstack@g-api.service[102654]: DEBUG glance.api.middleware.version_negotiation [None req-b94e3343-f625-4231-a1b8-f382c2585cf3 tempest-VolumesActionsTest-598582693 tempest-VolumesActionsTest-598582693-project-member] Using url versioning {{(pid=102654) process_request /opt/stack/glance/glance/api/middleware/version_negotiation.py:57}}
Jun 27 02:05:15.904651 np0000003818 devstack@g-api.service[102654]: DEBUG glance.api.middleware.version_negotiation [None req-b94e3343-f625-4231-a1b8-f382c2585cf3 tempest-VolumesActionsTest-598582693 tempest-VolumesActionsTest-598582693-project-member] Matched version: v2 {{(pid=102654) process_request /opt/stack/glance/glance/api/middleware/version_negotiation.py:69}}
Jun 27 02:05:15.904885 np0000003818 devstack@g-api.service[102654]: DEBUG glance.api.middleware.version_negotiation [None req-b94e3343-f625-4231-a1b8-f382c2585cf3 tempest-VolumesActionsTest-598582693 tempest-VolumesActionsTest-598582693-project-member] new path /v2/images/e2f7b364-7482-4322-829c-a89dcf24ce03 {{(pid=102654) process_request /opt/stack/glance/glance/api/middleware/version_negotiation.py:70}}
Jun 27 02:05:15.918047 np0000003818 devstack@g-api.service[102654]: [pid: 102654|app: 0|req: 94/338] 127.0.0.1 () {44 vars in 1111 bytes} [Sat Jun 27 02:05:15 2026] GET /v2/images/e2f7b364-7482-4322-829c-a89dcf24ce03 => generated 822 bytes in 14 msecs (HTTP/1.1 200) 4 headers in 157 bytes (1 switches on core 0)
Jun 27 02:05:15.931223 np0000003818 devstack@g-api.service[102653]: DEBUG glance.api.middleware.version_negotiation [None req-c1dcc06f-0c64-4555-bc81-96937c0387af tempest-VolumesActionsTest-598582693 tempest-VolumesActionsTest-598582693-project-member] Determining version of request: GET /v2/schemas/image Accept: */* {{(pid=102653) process_request /opt/stack/glance/glance/api/middleware/version_negotiation.py:44}}
Jun 27 02:05:15.931223 np0000003818 devstack@g-api.service[102653]: DEBUG glance.api.middleware.version_negotiation [None req-c1dcc06f-0c64-4555-bc81-96937c0387af tempest-VolumesActionsTest-598582693 tempest-VolumesActionsTest-598582693-project-member] Using url versioning {{(pid=102653) process_request /opt/stack/glance/glance/api/middleware/version_negotiation.py:57}}
Jun 27 02:05:15.931223 np0000003818 devstack@g-api.service[102653]: DEBUG glance.api.middleware.version_negotiation [None req-c1dcc06f-0c64-4555-bc81-96937c0387af tempest-VolumesActionsTest-598582693 tempest-VolumesActionsTest-598582693-project-member] Matched version: v2 {{(pid=102653) process_request /opt/stack/glance/glance/api/middleware/version_negotiation.py:69}}
Jun 27 02:05:15.931223 np0000003818 devstack@g-api.service[102653]: DEBUG glance.api.middleware.version_negotiation [None req-c1dcc06f-0c64-4555-bc81-96937c0387af tempest-VolumesActionsTest-598582693 tempest-VolumesActionsTest-598582693-project-member] new path /v2/schemas/image {{(pid=102653) process_request /opt/stack/glance/glance/api/middleware/version_negotiation.py:70}}
Jun 27 02:05:15.936219 np0000003818 devstack@g-api.service[102653]: [pid: 102653|app: 0|req: 78/339] 127.0.0.1 () {44 vars in 1051 bytes} [Sat Jun 27 02:05:15 2026] GET /v2/schemas/image => generated 6083 bytes in 6 msecs (HTTP/1.1 200) 4 headers in 158 bytes (1 switches on core 0)
Jun 27 02:05:15.947122 np0000003818 devstack@g-api.service[102655]: DEBUG glance.api.middleware.version_negotiation [None req-a6cdf533-e549-4367-9bdb-8e3f33f5e11b tempest-VolumesActionsTest-598582693 tempest-VolumesActionsTest-598582693-project-member] Determining version of request: GET /v2/schemas/image Accept: */* {{(pid=102655) process_request /opt/stack/glance/glance/api/middleware/version_negotiation.py:44}}
Jun 27 02:05:15.947289 np0000003818 devstack@g-api.service[102655]: DEBUG glance.api.middleware.version_negotiation [None req-a6cdf533-e549-4367-9bdb-8e3f33f5e11b tempest-VolumesActionsTest-598582693 tempest-VolumesActionsTest-598582693-project-member] Using url versioning {{(pid=102655) process_request /opt/stack/glance/glance/api/middleware/version_negotiation.py:57}}
Jun 27 02:05:15.947439 np0000003818 devstack@g-api.service[102655]: DEBUG glance.api.middleware.version_negotiation [None req-a6cdf533-e549-4367-9bdb-8e3f33f5e11b tempest-VolumesActionsTest-598582693 tempest-VolumesActionsTest-598582693-project-member] Matched version: v2 {{(pid=102655) process_request /opt/stack/glance/glance/api/middleware/version_negotiation.py:69}}
Jun 27 02:05:15.948804 np0000003818 devstack@g-api.service[102655]: DEBUG glance.api.middleware.version_negotiation [None req-a6cdf533-e549-4367-9bdb-8e3f33f5e11b tempest-VolumesActionsTest-598582693 tempest-VolumesActionsTest-598582693-project-member] new path /v2/schemas/image {{(pid=102655) process_request /opt/stack/glance/glance/api/middleware/version_negotiation.py:70}}
Jun 27 02:05:15.952554 np0000003818 devstack@g-api.service[102655]: [pid: 102655|app: 0|req: 93/340] 127.0.0.1 () {44 vars in 1051 bytes} [Sat Jun 27 02:05:15 2026] GET /v2/schemas/image => generated 6083 bytes in 6 msecs (HTTP/1.1 200) 4 headers in 158 bytes (1 switches on core 0)
Jun 27 02:05:16.152295 np0000003818 devstack@g-api.service[102656]: DEBUG glance.api.middleware.version_negotiation [None req-a763b203-6bc9-4c19-856d-11239146a8df tempest-VolumesActionsTest-598582693 tempest-VolumesActionsTest-598582693-project-member] Determining version of request: GET /v2/images/e2f7b364-7482-4322-829c-a89dcf24ce03 Accept: application/json {{(pid=102656) process_request /opt/stack/glance/glance/api/middleware/version_negotiation.py:44}}
Jun 27 02:05:16.152537 np0000003818 devstack@g-api.service[102656]: DEBUG glance.api.middleware.version_negotiation [None req-a763b203-6bc9-4c19-856d-11239146a8df tempest-VolumesActionsTest-598582693 tempest-VolumesActionsTest-598582693-project-member] Using url versioning {{(pid=102656) process_request /opt/stack/glance/glance/api/middleware/version_negotiation.py:57}}
Jun 27 02:05:16.168662 np0000003818 devstack@g-api.service[102656]: DEBUG glance.api.middleware.version_negotiation [None req-a763b203-6bc9-4c19-856d-11239146a8df tempest-VolumesActionsTest-598582693 tempest-VolumesActionsTest-598582693-project-member] Matched version: v2 {{(pid=102656) process_request /opt/stack/glance/glance/api/middleware/version_negotiation.py:69}}
Jun 27 02:05:16.168662 np0000003818 devstack@g-api.service[102656]: DEBUG glance.api.middleware.version_negotiation [None req-a763b203-6bc9-4c19-856d-11239146a8df tempest-VolumesActionsTest-598582693 tempest-VolumesActionsTest-598582693-project-member] new path /v2/images/e2f7b364-7482-4322-829c-a89dcf24ce03 {{(pid=102656) process_request /opt/stack/glance/glance/api/middleware/version_negotiation.py:70}}
Jun 27 02:05:16.168662 np0000003818 devstack@g-api.service[102656]: [pid: 102656|app: 0|req: 76/341] 127.0.0.1 () {40 vars in 834 bytes} [Sat Jun 27 02:05:16 2026] GET /v2/images/e2f7b364-7482-4322-829c-a89dcf24ce03 => generated 822 bytes in 11 msecs (HTTP/1.1 200) 4 headers in 157 bytes (1 switches on core 0)
Jun 27 02:05:18.334027 np0000003818 devstack@g-api.service[102654]: DEBUG glance.api.middleware.version_negotiation [None req-a763b203-6bc9-4c19-856d-11239146a8df tempest-VolumesActionsTest-598582693 tempest-VolumesActionsTest-598582693-project-member] Determining version of request: GET /v2/images/e2f7b364-7482-4322-829c-a89dcf24ce03 Accept: application/json {{(pid=102654) process_request /opt/stack/glance/glance/api/middleware/version_negotiation.py:44}}
Jun 27 02:05:18.334027 np0000003818 devstack@g-api.service[102654]: DEBUG glance.api.middleware.version_negotiation [None req-a763b203-6bc9-4c19-856d-11239146a8df tempest-VolumesActionsTest-598582693 tempest-VolumesActionsTest-598582693-project-member] Using url versioning {{(pid=102654) process_request /opt/stack/glance/glance/api/middleware/version_negotiation.py:57}}
Jun 27 02:05:18.334027 np0000003818 devstack@g-api.service[102654]: DEBUG glance.api.middleware.version_negotiation [None req-a763b203-6bc9-4c19-856d-11239146a8df tempest-VolumesActionsTest-598582693 tempest-VolumesActionsTest-598582693-project-member] Matched version: v2 {{(pid=102654) process_request /opt/stack/glance/glance/api/middleware/version_negotiation.py:69}}
Jun 27 02:05:18.334027 np0000003818 devstack@g-api.service[102654]: DEBUG glance.api.middleware.version_negotiation [None req-a763b203-6bc9-4c19-856d-11239146a8df tempest-VolumesActionsTest-598582693 tempest-VolumesActionsTest-598582693-project-member] new path /v2/images/e2f7b364-7482-4322-829c-a89dcf24ce03 {{(pid=102654) process_request /opt/stack/glance/glance/api/middleware/version_negotiation.py:70}}
Jun 27 02:05:18.347870 np0000003818 devstack@g-api.service[102654]: [pid: 102654|app: 0|req: 95/342] 127.0.0.1 () {40 vars in 834 bytes} [Sat Jun 27 02:05:18 2026] GET /v2/images/e2f7b364-7482-4322-829c-a89dcf24ce03 => generated 822 bytes in 18 msecs (HTTP/1.1 200) 4 headers in 157 bytes (1 switches on core 0)
Jun 27 02:05:18.524032 np0000003818 devstack@g-api.service[102653]: DEBUG glance.api.middleware.version_negotiation [None req-a763b203-6bc9-4c19-856d-11239146a8df tempest-VolumesActionsTest-598582693 tempest-VolumesActionsTest-598582693-project-member] Determining version of request: GET /v2/schemas/image Accept: */* {{(pid=102653) process_request /opt/stack/glance/glance/api/middleware/version_negotiation.py:44}}
Jun 27 02:05:18.524528 np0000003818 devstack@g-api.service[102653]: DEBUG glance.api.middleware.version_negotiation [None req-a763b203-6bc9-4c19-856d-11239146a8df tempest-VolumesActionsTest-598582693 tempest-VolumesActionsTest-598582693-project-member] Using url versioning {{(pid=102653) process_request /opt/stack/glance/glance/api/middleware/version_negotiation.py:57}}
Jun 27 02:05:18.524592 np0000003818 devstack@g-api.service[102653]: DEBUG glance.api.middleware.version_negotiation [None req-a763b203-6bc9-4c19-856d-11239146a8df tempest-VolumesActionsTest-598582693 tempest-VolumesActionsTest-598582693-project-member] Matched version: v2 {{(pid=102653) process_request /opt/stack/glance/glance/api/middleware/version_negotiation.py:69}}
Jun 27 02:05:18.527016 np0000003818 devstack@g-api.service[102653]: DEBUG glance.api.middleware.version_negotiation [None req-a763b203-6bc9-4c19-856d-11239146a8df tempest-VolumesActionsTest-598582693 tempest-VolumesActionsTest-598582693-project-member] new path /v2/schemas/image {{(pid=102653) process_request /opt/stack/glance/glance/api/middleware/version_negotiation.py:70}}
Jun 27 02:05:18.637720 np0000003818 devstack@g-api.service[102653]: [pid: 102653|app: 0|req: 79/343] 127.0.0.1 () {44 vars in 1051 bytes} [Sat Jun 27 02:05:18 2026] GET /v2/schemas/image => generated 6083 bytes in 114 msecs (HTTP/1.1 200) 4 headers in 158 bytes (1 switches on core 0)
Jun 27 02:05:18.655008 np0000003818 devstack@g-api.service[102655]: DEBUG glance.api.middleware.version_negotiation [None req-a763b203-6bc9-4c19-856d-11239146a8df tempest-VolumesActionsTest-598582693 tempest-VolumesActionsTest-598582693-project-member] Determining version of request: POST /v2/images Accept: */* {{(pid=102655) process_request /opt/stack/glance/glance/api/middleware/version_negotiation.py:44}}
Jun 27 02:05:18.655008 np0000003818 devstack@g-api.service[102655]: DEBUG glance.api.middleware.version_negotiation [None req-a763b203-6bc9-4c19-856d-11239146a8df tempest-VolumesActionsTest-598582693 tempest-VolumesActionsTest-598582693-project-member] Using url versioning {{(pid=102655) process_request /opt/stack/glance/glance/api/middleware/version_negotiation.py:57}}
