Jun 27 01:56:41.175715 np0000003818 nova-scheduler[96347]: DEBUG cotyledon.oslo_config_glue [-] profiler.enabled = False {{(pid=96347) log_opt_values /opt/stack/data/venv/lib/python3.12/site-packages/oslo_config/cfg.py:3253}}
Jun 27 01:56:41.175715 np0000003818 nova-scheduler[96347]: DEBUG cotyledon.oslo_config_glue [-] profiler.es_doc_type = notification {{(pid=96347) log_opt_values /opt/stack/data/venv/lib/python3.12/site-packages/oslo_config/cfg.py:3253}}
Jun 27 01:56:41.175715 np0000003818 nova-scheduler[96347]: DEBUG cotyledon.oslo_config_glue [-] profiler.es_scroll_size = 10000 {{(pid=96347) log_opt_values /opt/stack/data/venv/lib/python3.12/site-packages/oslo_config/cfg.py:3253}}
Jun 27 01:56:41.175715 np0000003818 nova-scheduler[96347]: DEBUG cotyledon.oslo_config_glue [-] profiler.es_scroll_time = 2m {{(pid=96347) log_opt_values /opt/stack/data/venv/lib/python3.12/site-packages/oslo_config/cfg.py:3253}}
Jun 27 01:56:41.175715 np0000003818 nova-scheduler[96347]: DEBUG cotyledon.oslo_config_glue [-] profiler.filter_error_trace = False {{(pid=96347) log_opt_values /opt/stack/data/venv/lib/python3.12/site-packages/oslo_config/cfg.py:3253}}
Jun 27 01:56:41.175715 np0000003818 nova-scheduler[96347]: DEBUG cotyledon.oslo_config_glue [-] profiler.hmac_keys = **** {{(pid=96347) log_opt_values /opt/stack/data/venv/lib/python3.12/site-packages/oslo_config/cfg.py:3253}}
Jun 27 01:56:41.175715 np0000003818 nova-scheduler[96347]: DEBUG cotyledon.oslo_config_glue [-] profiler.sentinel_service_name = mymaster {{(pid=96347) log_opt_values /opt/stack/data/venv/lib/python3.12/site-packages/oslo_config/cfg.py:3253}}
Jun 27 01:56:41.175715 np0000003818 nova-scheduler[96347]: DEBUG cotyledon.oslo_config_glue [-] profiler.socket_timeout = 0.1 {{(pid=96347) log_opt_values /opt/stack/data/venv/lib/python3.12/site-packages/oslo_config/cfg.py:3253}}
Jun 27 01:56:41.176067 np0000003818 nova-scheduler[96347]: DEBUG cotyledon.oslo_config_glue [-] profiler.trace_requests = False {{(pid=96347) log_opt_values /opt/stack/data/venv/lib/python3.12/site-packages/oslo_config/cfg.py:3253}}
Jun 27 01:56:41.176067 np0000003818 nova-scheduler[96347]: DEBUG cotyledon.oslo_config_glue [-] profiler.trace_sqlalchemy = False {{(pid=96347) log_opt_values /opt/stack/data/venv/lib/python3.12/site-packages/oslo_config/cfg.py:3253}}
Jun 27 01:56:41.176067 np0000003818 nova-scheduler[96347]: DEBUG cotyledon.oslo_config_glue [-] profiler_jaeger.process_tags = {} {{(pid=96347) log_opt_values /opt/stack/data/venv/lib/python3.12/site-packages/oslo_config/cfg.py:3253}}
Jun 27 01:56:41.176067 np0000003818 nova-scheduler[96347]: DEBUG cotyledon.oslo_config_glue [-] profiler_jaeger.service_name_prefix = None {{(pid=96347) log_opt_values /opt/stack/data/venv/lib/python3.12/site-packages/oslo_config/cfg.py:3253}}
Jun 27 01:56:41.176067 np0000003818 nova-scheduler[96347]: DEBUG cotyledon.oslo_config_glue [-] profiler_otlp.service_name_prefix = None {{(pid=96347) log_opt_values /opt/stack/data/venv/lib/python3.12/site-packages/oslo_config/cfg.py:3253}}
Jun 27 01:56:41.176067 np0000003818 nova-scheduler[96347]: DEBUG cotyledon.oslo_config_glue [-] oslo_messaging_rabbit.amqp_auto_delete = False {{(pid=96347) log_opt_values /opt/stack/data/venv/lib/python3.12/site-packages/oslo_config/cfg.py:3253}}
Jun 27 01:56:41.176067 np0000003818 nova-scheduler[96347]: DEBUG cotyledon.oslo_config_glue [-] oslo_messaging_rabbit.amqp_durable_queues = False {{(pid=96347) log_opt_values /opt/stack/data/venv/lib/python3.12/site-packages/oslo_config/cfg.py:3253}}
Jun 27 01:56:41.176067 np0000003818 nova-scheduler[96347]: DEBUG cotyledon.oslo_config_glue [-] oslo_messaging_rabbit.conn_pool_min_size = 2 {{(pid=96347) log_opt_values /opt/stack/data/venv/lib/python3.12/site-packages/oslo_config/cfg.py:3253}}
Jun 27 01:56:41.176067 np0000003818 nova-scheduler[96347]: DEBUG cotyledon.oslo_config_glue [-] oslo_messaging_rabbit.conn_pool_ttl = 1200 {{(pid=96347) log_opt_values /opt/stack/data/venv/lib/python3.12/site-packages/oslo_config/cfg.py:3253}}
Jun 27 01:56:41.176351 np0000003818 nova-scheduler[96347]: DEBUG cotyledon.oslo_config_glue [-] oslo_messaging_rabbit.direct_mandatory_flag = True {{(pid=96347) log_opt_values /opt/stack/data/venv/lib/python3.12/site-packages/oslo_config/cfg.py:3253}}
Jun 27 01:56:41.176351 np0000003818 nova-scheduler[96347]: DEBUG cotyledon.oslo_config_glue [-] oslo_messaging_rabbit.enable_cancel_on_failover = False {{(pid=96347) log_opt_values /opt/stack/data/venv/lib/python3.12/site-packages/oslo_config/cfg.py:3253}}
Jun 27 01:56:41.176351 np0000003818 nova-scheduler[96347]: DEBUG cotyledon.oslo_config_glue [-] oslo_messaging_rabbit.heartbeat_rate = 3 {{(pid=96347) log_opt_values /opt/stack/data/venv/lib/python3.12/site-packages/oslo_config/cfg.py:3253}}
Jun 27 01:56:41.176351 np0000003818 nova-scheduler[96347]: DEBUG cotyledon.oslo_config_glue [-] oslo_messaging_rabbit.heartbeat_timeout_threshold = 60 {{(pid=96347) log_opt_values /opt/stack/data/venv/lib/python3.12/site-packages/oslo_config/cfg.py:3253}}
Jun 27 01:56:41.176351 np0000003818 nova-scheduler[96347]: DEBUG cotyledon.oslo_config_glue [-] oslo_messaging_rabbit.hostname = np0000003818 {{(pid=96347) log_opt_values /opt/stack/data/venv/lib/python3.12/site-packages/oslo_config/cfg.py:3253}}
Jun 27 01:56:41.176351 np0000003818 nova-scheduler[96347]: DEBUG cotyledon.oslo_config_glue [-] oslo_messaging_rabbit.kombu_compression = None {{(pid=96347) log_opt_values /opt/stack/data/venv/lib/python3.12/site-packages/oslo_config/cfg.py:3253}}
Jun 27 01:56:41.176351 np0000003818 nova-scheduler[96347]: DEBUG cotyledon.oslo_config_glue [-] oslo_messaging_rabbit.kombu_failover_strategy = round-robin {{(pid=96347) log_opt_values /opt/stack/data/venv/lib/python3.12/site-packages/oslo_config/cfg.py:3253}}
Jun 27 01:56:41.176351 np0000003818 nova-scheduler[96347]: DEBUG cotyledon.oslo_config_glue [-] oslo_messaging_rabbit.kombu_missing_consumer_retry_timeout = 60 {{(pid=96347) log_opt_values /opt/stack/data/venv/lib/python3.12/site-packages/oslo_config/cfg.py:3253}}
Jun 27 01:56:41.176351 np0000003818 nova-scheduler[96347]: DEBUG cotyledon.oslo_config_glue [-] oslo_messaging_rabbit.kombu_reconnect_delay = 1.0 {{(pid=96347) log_opt_values /opt/stack/data/venv/lib/python3.12/site-packages/oslo_config/cfg.py:3253}}
Jun 27 01:56:41.176671 np0000003818 nova-scheduler[96347]: DEBUG cotyledon.oslo_config_glue [-] oslo_messaging_rabbit.kombu_reconnect_splay = 0.0 {{(pid=96347) log_opt_values /opt/stack/data/venv/lib/python3.12/site-packages/oslo_config/cfg.py:3253}}
Jun 27 01:56:41.176671 np0000003818 nova-scheduler[96347]: DEBUG cotyledon.oslo_config_glue [-] oslo_messaging_rabbit.processname = nova-scheduler {{(pid=96347) log_opt_values /opt/stack/data/venv/lib/python3.12/site-packages/oslo_config/cfg.py:3253}}
Jun 27 01:56:41.176671 np0000003818 nova-scheduler[96347]: DEBUG cotyledon.oslo_config_glue [-] oslo_messaging_rabbit.rabbit_ha_queues = False {{(pid=96347) log_opt_values /opt/stack/data/venv/lib/python3.12/site-packages/oslo_config/cfg.py:3253}}
Jun 27 01:56:41.176671 np0000003818 nova-scheduler[96347]: DEBUG cotyledon.oslo_config_glue [-] oslo_messaging_rabbit.rabbit_interval_max = 30 {{(pid=96347) log_opt_values /opt/stack/data/venv/lib/python3.12/site-packages/oslo_config/cfg.py:3253}}
Jun 27 01:56:41.176671 np0000003818 nova-scheduler[96347]: DEBUG cotyledon.oslo_config_glue [-] oslo_messaging_rabbit.rabbit_login_method = AMQPLAIN {{(pid=96347) log_opt_values /opt/stack/data/venv/lib/python3.12/site-packages/oslo_config/cfg.py:3253}}
Jun 27 01:56:41.176671 np0000003818 nova-scheduler[96347]: DEBUG cotyledon.oslo_config_glue [-] oslo_messaging_rabbit.rabbit_qos_prefetch_count = 0 {{(pid=96347) log_opt_values /opt/stack/data/venv/lib/python3.12/site-packages/oslo_config/cfg.py:3253}}
Jun 27 01:56:41.176671 np0000003818 nova-scheduler[96347]: DEBUG cotyledon.oslo_config_glue [-] oslo_messaging_rabbit.rabbit_quorum_delivery_limit = 0 {{(pid=96347) log_opt_values /opt/stack/data/venv/lib/python3.12/site-packages/oslo_config/cfg.py:3253}}
Jun 27 01:56:41.176671 np0000003818 nova-scheduler[96347]: DEBUG cotyledon.oslo_config_glue [-] oslo_messaging_rabbit.rabbit_quorum_max_memory_bytes = 0 {{(pid=96347) log_opt_values /opt/stack/data/venv/lib/python3.12/site-packages/oslo_config/cfg.py:3253}}
Jun 27 01:56:41.176671 np0000003818 nova-scheduler[96347]: DEBUG cotyledon.oslo_config_glue [-] oslo_messaging_rabbit.rabbit_quorum_max_memory_length = 0 {{(pid=96347) log_opt_values /opt/stack/data/venv/lib/python3.12/site-packages/oslo_config/cfg.py:3253}}
Jun 27 01:56:41.176957 np0000003818 nova-scheduler[96347]: DEBUG cotyledon.oslo_config_glue [-] oslo_messaging_rabbit.rabbit_quorum_queue = False {{(pid=96347) log_opt_values /opt/stack/data/venv/lib/python3.12/site-packages/oslo_config/cfg.py:3253}}
Jun 27 01:56:41.176957 np0000003818 nova-scheduler[96347]: DEBUG cotyledon.oslo_config_glue [-] oslo_messaging_rabbit.rabbit_retry_backoff = 2 {{(pid=96347) log_opt_values /opt/stack/data/venv/lib/python3.12/site-packages/oslo_config/cfg.py:3253}}
Jun 27 01:56:41.176957 np0000003818 nova-scheduler[96347]: DEBUG cotyledon.oslo_config_glue [-] oslo_messaging_rabbit.rabbit_retry_interval = 1 {{(pid=96347) log_opt_values /opt/stack/data/venv/lib/python3.12/site-packages/oslo_config/cfg.py:3253}}
Jun 27 01:56:41.176957 np0000003818 nova-scheduler[96347]: DEBUG cotyledon.oslo_config_glue [-] oslo_messaging_rabbit.rabbit_stream_fanout = False {{(pid=96347) log_opt_values /opt/stack/data/venv/lib/python3.12/site-packages/oslo_config/cfg.py:3253}}
Jun 27 01:56:41.176957 np0000003818 nova-scheduler[96347]: DEBUG cotyledon.oslo_config_glue [-] oslo_messaging_rabbit.rabbit_transient_queues_ttl = 1800 {{(pid=96347) log_opt_values /opt/stack/data/venv/lib/python3.12/site-packages/oslo_config/cfg.py:3253}}
Jun 27 01:56:41.176957 np0000003818 nova-scheduler[96347]: DEBUG cotyledon.oslo_config_glue [-] oslo_messaging_rabbit.rabbit_transient_quorum_queue = False {{(pid=96347) log_opt_values /opt/stack/data/venv/lib/python3.12/site-packages/oslo_config/cfg.py:3253}}
Jun 27 01:56:41.176957 np0000003818 nova-scheduler[96347]: DEBUG cotyledon.oslo_config_glue [-] oslo_messaging_rabbit.rpc_conn_pool_size = 30 {{(pid=96347) log_opt_values /opt/stack/data/venv/lib/python3.12/site-packages/oslo_config/cfg.py:3253}}
Jun 27 01:56:41.176957 np0000003818 nova-scheduler[96347]: DEBUG cotyledon.oslo_config_glue [-] oslo_messaging_rabbit.ssl = False {{(pid=96347) log_opt_values /opt/stack/data/venv/lib/python3.12/site-packages/oslo_config/cfg.py:3253}}
Jun 27 01:56:41.176957 np0000003818 nova-scheduler[96347]: DEBUG cotyledon.oslo_config_glue [-] oslo_messaging_rabbit.ssl_ca_file = {{(pid=96347) log_opt_values /opt/stack/data/venv/lib/python3.12/site-packages/oslo_config/cfg.py:3253}}
Jun 27 01:56:41.177291 np0000003818 nova-scheduler[96347]: DEBUG cotyledon.oslo_config_glue [-] oslo_messaging_rabbit.ssl_cert_file = {{(pid=96347) log_opt_values /opt/stack/data/venv/lib/python3.12/site-packages/oslo_config/cfg.py:3253}}
Jun 27 01:56:41.177291 np0000003818 nova-scheduler[96347]: DEBUG cotyledon.oslo_config_glue [-] oslo_messaging_rabbit.ssl_enforce_fips_mode = False {{(pid=96347) log_opt_values /opt/stack/data/venv/lib/python3.12/site-packages/oslo_config/cfg.py:3253}}
Jun 27 01:56:41.177291 np0000003818 nova-scheduler[96347]: DEBUG cotyledon.oslo_config_glue [-] oslo_messaging_rabbit.ssl_enforce_hostname_verification = True {{(pid=96347) log_opt_values /opt/stack/data/venv/lib/python3.12/site-packages/oslo_config/cfg.py:3253}}
Jun 27 01:56:41.177291 np0000003818 nova-scheduler[96347]: DEBUG cotyledon.oslo_config_glue [-] oslo_messaging_rabbit.ssl_key_file = {{(pid=96347) log_opt_values /opt/stack/data/venv/lib/python3.12/site-packages/oslo_config/cfg.py:3253}}
Jun 27 01:56:41.177291 np0000003818 nova-scheduler[96347]: DEBUG cotyledon.oslo_config_glue [-] oslo_messaging_rabbit.ssl_version = {{(pid=96347) log_opt_values /opt/stack/data/venv/lib/python3.12/site-packages/oslo_config/cfg.py:3253}}
Jun 27 01:56:41.177291 np0000003818 nova-scheduler[96347]: DEBUG cotyledon.oslo_config_glue [-] oslo_messaging_rabbit.use_queue_manager = False {{(pid=96347) log_opt_values /opt/stack/data/venv/lib/python3.12/site-packages/oslo_config/cfg.py:3253}}
Jun 27 01:56:41.177291 np0000003818 nova-scheduler[96347]: DEBUG cotyledon.oslo_config_glue [-] oslo_messaging_notifications.driver = ['messagingv2'] {{(pid=96347) log_opt_values /opt/stack/data/venv/lib/python3.12/site-packages/oslo_config/cfg.py:3253}}
Jun 27 01:56:41.177291 np0000003818 nova-scheduler[96347]: DEBUG cotyledon.oslo_config_glue [-] oslo_messaging_notifications.retry = -1 {{(pid=96347) log_opt_values /opt/stack/data/venv/lib/python3.12/site-packages/oslo_config/cfg.py:3253}}
Jun 27 01:56:41.177291 np0000003818 nova-scheduler[96347]: DEBUG cotyledon.oslo_config_glue [-] oslo_messaging_notifications.topics = ['notifications'] {{(pid=96347) log_opt_values /opt/stack/data/venv/lib/python3.12/site-packages/oslo_config/cfg.py:3253}}
Jun 27 01:56:41.177617 np0000003818 nova-scheduler[96347]: DEBUG cotyledon.oslo_config_glue [-] oslo_messaging_notifications.transport_url = **** {{(pid=96347) log_opt_values /opt/stack/data/venv/lib/python3.12/site-packages/oslo_config/cfg.py:3253}}
Jun 27 01:56:41.177617 np0000003818 nova-scheduler[96347]: DEBUG cotyledon.oslo_config_glue [-] oslo_limit.auth_section = None {{(pid=96347) log_opt_values /opt/stack/data/venv/lib/python3.12/site-packages/oslo_config/cfg.py:3253}}
Jun 27 01:56:41.177617 np0000003818 nova-scheduler[96347]: DEBUG cotyledon.oslo_config_glue [-] oslo_limit.auth_type = None {{(pid=96347) log_opt_values /opt/stack/data/venv/lib/python3.12/site-packages/oslo_config/cfg.py:3253}}
Jun 27 01:56:41.177617 np0000003818 nova-scheduler[96347]: DEBUG cotyledon.oslo_config_glue [-] oslo_limit.cafile = None {{(pid=96347) log_opt_values /opt/stack/data/venv/lib/python3.12/site-packages/oslo_config/cfg.py:3253}}
Jun 27 01:56:41.177617 np0000003818 nova-scheduler[96347]: DEBUG cotyledon.oslo_config_glue [-] oslo_limit.certfile = None {{(pid=96347) log_opt_values /opt/stack/data/venv/lib/python3.12/site-packages/oslo_config/cfg.py:3253}}
Jun 27 01:56:41.177617 np0000003818 nova-scheduler[96347]: DEBUG cotyledon.oslo_config_glue [-] oslo_limit.collect_timing = False {{(pid=96347) log_opt_values /opt/stack/data/venv/lib/python3.12/site-packages/oslo_config/cfg.py:3253}}
Jun 27 01:56:41.177617 np0000003818 nova-scheduler[96347]: DEBUG cotyledon.oslo_config_glue [-] oslo_limit.connect_retries = None {{(pid=96347) log_opt_values /opt/stack/data/venv/lib/python3.12/site-packages/oslo_config/cfg.py:3253}}
Jun 27 01:56:41.177617 np0000003818 nova-scheduler[96347]: DEBUG cotyledon.oslo_config_glue [-] oslo_limit.connect_retry_delay = None {{(pid=96347) log_opt_values /opt/stack/data/venv/lib/python3.12/site-packages/oslo_config/cfg.py:3253}}
Jun 27 01:56:41.177880 np0000003818 nova-scheduler[96325]: DEBUG dbcounter [-] [96325] Writer thread running {{(pid=96325) stat_writer /opt/stack/data/venv/lib/python3.12/site-packages/dbcounter.py:102}}
Jun 27 01:56:41.177928 np0000003818 nova-scheduler[96347]: DEBUG cotyledon.oslo_config_glue [-] oslo_limit.endpoint_id = None {{(pid=96347) log_opt_values /opt/stack/data/venv/lib/python3.12/site-packages/oslo_config/cfg.py:3253}}
Jun 27 01:56:41.177928 np0000003818 nova-scheduler[96347]: DEBUG cotyledon.oslo_config_glue [-] oslo_limit.endpoint_interface = public {{(pid=96347) log_opt_values /opt/stack/data/venv/lib/python3.12/site-packages/oslo_config/cfg.py:3253}}
Jun 27 01:56:41.177928 np0000003818 nova-scheduler[96347]: DEBUG cotyledon.oslo_config_glue [-] oslo_limit.endpoint_override = None {{(pid=96347) log_opt_values /opt/stack/data/venv/lib/python3.12/site-packages/oslo_config/cfg.py:3253}}
Jun 27 01:56:41.177928 np0000003818 nova-scheduler[96347]: DEBUG cotyledon.oslo_config_glue [-] oslo_limit.endpoint_region_name = None {{(pid=96347) log_opt_values /opt/stack/data/venv/lib/python3.12/site-packages/oslo_config/cfg.py:3253}}
Jun 27 01:56:41.177928 np0000003818 nova-scheduler[96347]: DEBUG cotyledon.oslo_config_glue [-] oslo_limit.endpoint_service_name = None {{(pid=96347) log_opt_values /opt/stack/data/venv/lib/python3.12/site-packages/oslo_config/cfg.py:3253}}
Jun 27 01:56:41.177928 np0000003818 nova-scheduler[96347]: DEBUG cotyledon.oslo_config_glue [-] oslo_limit.endpoint_service_type = None {{(pid=96347) log_opt_values /opt/stack/data/venv/lib/python3.12/site-packages/oslo_config/cfg.py:3253}}
Jun 27 01:56:41.177928 np0000003818 nova-scheduler[96347]: DEBUG cotyledon.oslo_config_glue [-] oslo_limit.insecure = False {{(pid=96347) log_opt_values /opt/stack/data/venv/lib/python3.12/site-packages/oslo_config/cfg.py:3253}}
Jun 27 01:56:41.177928 np0000003818 nova-scheduler[96347]: DEBUG cotyledon.oslo_config_glue [-] oslo_limit.keyfile = None {{(pid=96347) log_opt_values /opt/stack/data/venv/lib/python3.12/site-packages/oslo_config/cfg.py:3253}}
Jun 27 01:56:41.177928 np0000003818 nova-scheduler[96347]: DEBUG cotyledon.oslo_config_glue [-] oslo_limit.max_version = None {{(pid=96347) log_opt_values /opt/stack/data/venv/lib/python3.12/site-packages/oslo_config/cfg.py:3253}}
Jun 27 01:56:41.178269 np0000003818 nova-scheduler[96347]: DEBUG cotyledon.oslo_config_glue [-] oslo_limit.min_version = None {{(pid=96347) log_opt_values /opt/stack/data/venv/lib/python3.12/site-packages/oslo_config/cfg.py:3253}}
Jun 27 01:56:41.178269 np0000003818 nova-scheduler[96347]: DEBUG cotyledon.oslo_config_glue [-] oslo_limit.region_name = None {{(pid=96347) log_opt_values /opt/stack/data/venv/lib/python3.12/site-packages/oslo_config/cfg.py:3253}}
Jun 27 01:56:41.178269 np0000003818 nova-scheduler[96347]: DEBUG cotyledon.oslo_config_glue [-] oslo_limit.retriable_status_codes = None {{(pid=96347) log_opt_values /opt/stack/data/venv/lib/python3.12/site-packages/oslo_config/cfg.py:3253}}
Jun 27 01:56:41.178269 np0000003818 nova-scheduler[96347]: DEBUG cotyledon.oslo_config_glue [-] oslo_limit.service_name = None {{(pid=96347) log_opt_values /opt/stack/data/venv/lib/python3.12/site-packages/oslo_config/cfg.py:3253}}
Jun 27 01:56:41.178269 np0000003818 nova-scheduler[96347]: DEBUG cotyledon.oslo_config_glue [-] oslo_limit.service_type = None {{(pid=96347) log_opt_values /opt/stack/data/venv/lib/python3.12/site-packages/oslo_config/cfg.py:3253}}
Jun 27 01:56:41.178269 np0000003818 nova-scheduler[96347]: DEBUG cotyledon.oslo_config_glue [-] oslo_limit.split_loggers = False {{(pid=96347) log_opt_values /opt/stack/data/venv/lib/python3.12/site-packages/oslo_config/cfg.py:3253}}
Jun 27 01:56:41.178269 np0000003818 nova-scheduler[96347]: DEBUG cotyledon.oslo_config_glue [-] oslo_limit.status_code_retries = None {{(pid=96347) log_opt_values /opt/stack/data/venv/lib/python3.12/site-packages/oslo_config/cfg.py:3253}}
Jun 27 01:56:41.178269 np0000003818 nova-scheduler[96347]: DEBUG cotyledon.oslo_config_glue [-] oslo_limit.status_code_retry_delay = None {{(pid=96347) log_opt_values /opt/stack/data/venv/lib/python3.12/site-packages/oslo_config/cfg.py:3253}}
Jun 27 01:56:41.178269 np0000003818 nova-scheduler[96347]: DEBUG cotyledon.oslo_config_glue [-] oslo_limit.timeout = None {{(pid=96347) log_opt_values /opt/stack/data/venv/lib/python3.12/site-packages/oslo_config/cfg.py:3253}}
Jun 27 01:56:41.178605 np0000003818 nova-scheduler[96347]: DEBUG cotyledon.oslo_config_glue [-] oslo_limit.valid_interfaces = None {{(pid=96347) log_opt_values /opt/stack/data/venv/lib/python3.12/site-packages/oslo_config/cfg.py:3253}}
Jun 27 01:56:41.178605 np0000003818 nova-scheduler[96347]: DEBUG cotyledon.oslo_config_glue [-] oslo_limit.version = None {{(pid=96347) log_opt_values /opt/stack/data/venv/lib/python3.12/site-packages/oslo_config/cfg.py:3253}}
Jun 27 01:56:41.178605 np0000003818 nova-scheduler[96347]: DEBUG cotyledon.oslo_config_glue [-] oslo_reports.file_event_handler = None {{(pid=96347) log_opt_values /opt/stack/data/venv/lib/python3.12/site-packages/oslo_config/cfg.py:3253}}
Jun 27 01:56:41.178605 np0000003818 nova-scheduler[96347]: DEBUG cotyledon.oslo_config_glue [-] oslo_reports.file_event_handler_interval = 1 {{(pid=96347) log_opt_values /opt/stack/data/venv/lib/python3.12/site-packages/oslo_config/cfg.py:3253}}
Jun 27 01:56:41.178605 np0000003818 nova-scheduler[96347]: DEBUG cotyledon.oslo_config_glue [-] oslo_reports.log_dir = None {{(pid=96347) log_opt_values /opt/stack/data/venv/lib/python3.12/site-packages/oslo_config/cfg.py:3253}}
Jun 27 01:56:41.178605 np0000003818 nova-scheduler[96347]: DEBUG cotyledon.oslo_config_glue [-] ******************************************************************************** {{(pid=96347) log_opt_values /opt/stack/data/venv/lib/python3.12/site-packages/oslo_config/cfg.py:3260}}
Jun 27 01:56:41.178605 np0000003818 nova-scheduler[96347]: DEBUG cotyledon._service_worker [-] Run service ServiceWrapper(3) [96347] {{(pid=96347) wait_forever /opt/stack/data/venv/lib/python3.12/site-packages/cotyledon/_service_worker.py:218}}
Jun 27 01:56:41.178858 np0000003818 nova-scheduler[96342]: DEBUG oslo_db.sqlalchemy.engines [None req-94f9b614-7ac3-4249-bba2-6088039c0b0b None None] MySQL server mode set to STRICT_TRANS_TABLES,STRICT_ALL_TABLES,NO_ZERO_IN_DATE,NO_ZERO_DATE,ERROR_FOR_DIVISION_BY_ZERO,TRADITIONAL,NO_ENGINE_SUBSTITUTION {{(pid=96342) _check_effective_sql_mode /opt/stack/data/venv/lib/python3.12/site-packages/oslo_db/sqlalchemy/engines.py:325}}
Jun 27 01:56:41.178915 np0000003818 nova-scheduler[96347]: INFO nova.service [-] Starting scheduler node (version 33.1.0)
Jun 27 01:56:41.178915 np0000003818 nova-scheduler[96347]: INFO dbcounter [None req-78bbb85c-ae24-4249-83e8-f6bab00cf5d9 None None] Registered counter for database nova_cell0
Jun 27 01:56:41.179011 np0000003818 nova-scheduler[96342]: DEBUG dbcounter [-] [96342] Writer thread running {{(pid=96342) stat_writer /opt/stack/data/venv/lib/python3.12/site-packages/dbcounter.py:102}}
Jun 27 01:56:41.179071 np0000003818 nova-scheduler[96325]: DEBUG nova.service [None req-7aa749a4-7b18-42bb-b8f6-ad5b9f26c18c None None] Creating RPC server for service: nova-scheduler on topic: scheduler {{(pid=96325) start /opt/stack/nova/nova/service.py:196}}
Jun 27 01:56:41.179125 np0000003818 nova-scheduler[96342]: DEBUG nova.service [None req-94f9b614-7ac3-4249-bba2-6088039c0b0b None None] Creating RPC server for service: nova-scheduler on topic: scheduler {{(pid=96342) start /opt/stack/nova/nova/service.py:196}}
Jun 27 01:56:41.179170 np0000003818 nova-scheduler[96344]: DEBUG oslo_db.sqlalchemy.engines [None req-64921a4a-cf5a-45c7-b289-1d1ecf142b36 None None] MySQL server mode set to STRICT_TRANS_TABLES,STRICT_ALL_TABLES,NO_ZERO_IN_DATE,NO_ZERO_DATE,ERROR_FOR_DIVISION_BY_ZERO,TRADITIONAL,NO_ENGINE_SUBSTITUTION {{(pid=96344) _check_effective_sql_mode /opt/stack/data/venv/lib/python3.12/site-packages/oslo_db/sqlalchemy/engines.py:325}}
Jun 27 01:56:41.179224 np0000003818 nova-scheduler[96325]: DEBUG nova.service [None req-7aa749a4-7b18-42bb-b8f6-ad5b9f26c18c None None] Join ServiceGroup membership for this service scheduler {{(pid=96325) start /opt/stack/nova/nova/service.py:222}}
Jun 27 01:56:41.179337 np0000003818 nova-scheduler[96325]: DEBUG nova.servicegroup.drivers.db [None req-7aa749a4-7b18-42bb-b8f6-ad5b9f26c18c None None] DB_Driver: join new ServiceGroup member np0000003818 to the scheduler group, service = {{(pid=96325) join /opt/stack/nova/nova/servicegroup/drivers/db.py:44}}
Jun 27 01:56:41.182792 np0000003818 nova-scheduler[96342]: DEBUG nova.service [None req-94f9b614-7ac3-4249-bba2-6088039c0b0b None None] Join ServiceGroup membership for this service scheduler {{(pid=96342) start /opt/stack/nova/nova/service.py:222}}
Jun 27 01:56:41.182980 np0000003818 nova-scheduler[96342]: DEBUG nova.servicegroup.drivers.db [None req-94f9b614-7ac3-4249-bba2-6088039c0b0b None None] DB_Driver: join new ServiceGroup member np0000003818 to the scheduler group, service = {{(pid=96342) join /opt/stack/nova/nova/servicegroup/drivers/db.py:44}}
Jun 27 01:56:41.185119 np0000003818 nova-scheduler[96344]: DEBUG dbcounter [-] [96344] Writer thread running {{(pid=96344) stat_writer /opt/stack/data/venv/lib/python3.12/site-packages/dbcounter.py:102}}
Jun 27 01:56:41.188644 np0000003818 nova-scheduler[96344]: DEBUG nova.service [None req-64921a4a-cf5a-45c7-b289-1d1ecf142b36 None None] Creating RPC server for service: nova-scheduler on topic: scheduler {{(pid=96344) start /opt/stack/nova/nova/service.py:196}}
Jun 27 01:56:41.189122 np0000003818 nova-scheduler[96347]: DEBUG oslo_db.sqlalchemy.engines [None req-78bbb85c-ae24-4249-83e8-f6bab00cf5d9 None None] MySQL server mode set to STRICT_TRANS_TABLES,STRICT_ALL_TABLES,NO_ZERO_IN_DATE,NO_ZERO_DATE,ERROR_FOR_DIVISION_BY_ZERO,TRADITIONAL,NO_ENGINE_SUBSTITUTION {{(pid=96347) _check_effective_sql_mode /opt/stack/data/venv/lib/python3.12/site-packages/oslo_db/sqlalchemy/engines.py:325}}
Jun 27 01:56:41.198998 np0000003818 nova-scheduler[96347]: DEBUG dbcounter [-] [96347] Writer thread running {{(pid=96347) stat_writer /opt/stack/data/venv/lib/python3.12/site-packages/dbcounter.py:102}}
Jun 27 01:56:41.202057 np0000003818 nova-scheduler[96347]: DEBUG nova.service [None req-78bbb85c-ae24-4249-83e8-f6bab00cf5d9 None None] Creating RPC server for service: nova-scheduler on topic: scheduler {{(pid=96347) start /opt/stack/nova/nova/service.py:196}}
Jun 27 01:56:41.212923 np0000003818 nova-scheduler[96344]: DEBUG nova.service [None req-64921a4a-cf5a-45c7-b289-1d1ecf142b36 None None] Join ServiceGroup membership for this service scheduler {{(pid=96344) start /opt/stack/nova/nova/service.py:222}}
Jun 27 01:56:41.213116 np0000003818 nova-scheduler[96344]: DEBUG nova.servicegroup.drivers.db [None req-64921a4a-cf5a-45c7-b289-1d1ecf142b36 None None] DB_Driver: join new ServiceGroup member np0000003818 to the scheduler group, service = {{(pid=96344) join /opt/stack/nova/nova/servicegroup/drivers/db.py:44}}
Jun 27 01:56:41.221963 np0000003818 nova-scheduler[96347]: DEBUG nova.service [None req-78bbb85c-ae24-4249-83e8-f6bab00cf5d9 None None] Join ServiceGroup membership for this service scheduler {{(pid=96347) start /opt/stack/nova/nova/service.py:222}}
Jun 27 01:56:41.222223 np0000003818 nova-scheduler[96347]: DEBUG nova.servicegroup.drivers.db [None req-78bbb85c-ae24-4249-83e8-f6bab00cf5d9 None None] DB_Driver: join new ServiceGroup member np0000003818 to the scheduler group, service = {{(pid=96347) join /opt/stack/nova/nova/servicegroup/drivers/db.py:44}}
Jun 27 01:56:42.224324 np0000003818 nova-scheduler[96347]: DEBUG oslo.service.backend._threading.loopingcall [None req-ed9338d5-c162-4719-81da-ec9082c5384a None None] Dynamic interval looping call 'nova.service.Service.periodic_tasks' sleeping for 60.00 seconds {{(pid=96347) _run_loop /opt/stack/data/venv/lib/python3.12/site-packages/oslo_service/backend/_threading/loopingcall.py:125}}
Jun 27 01:56:45.184957 np0000003818 nova-scheduler[96342]: DEBUG oslo.service.backend._threading.loopingcall [None req-b1806f3b-2e1a-46c0-a0dd-8ba90ff98468 None None] Dynamic interval looping call 'nova.service.Service.periodic_tasks' sleeping for 60.00 seconds {{(pid=96342) _run_loop /opt/stack/data/venv/lib/python3.12/site-packages/oslo_service/backend/_threading/loopingcall.py:125}}
Jun 27 01:56:46.198603 np0000003818 nova-scheduler[96325]: DEBUG oslo.service.backend._threading.loopingcall [-] Fixed interval looping call 'nova.servicegroup.drivers.db.DbDriver._report_state' sleeping for 119.98 seconds {{(pid=96325) _run_loop /opt/stack/data/venv/lib/python3.12/site-packages/oslo_service/backend/_threading/loopingcall.py:125}}
Jun 27 01:56:46.198948 np0000003818 nova-scheduler[96342]: DEBUG oslo.service.backend._threading.loopingcall [-] Fixed interval looping call 'nova.servicegroup.drivers.db.DbDriver._report_state' sleeping for 119.99 seconds {{(pid=96342) _run_loop /opt/stack/data/venv/lib/python3.12/site-packages/oslo_service/backend/_threading/loopingcall.py:125}}
Jun 27 01:56:46.224700 np0000003818 nova-scheduler[96344]: DEBUG oslo.service.backend._threading.loopingcall [-] Fixed interval looping call 'nova.servicegroup.drivers.db.DbDriver._report_state' sleeping for 119.99 seconds {{(pid=96344) _run_loop /opt/stack/data/venv/lib/python3.12/site-packages/oslo_service/backend/_threading/loopingcall.py:125}}
Jun 27 01:56:46.233966 np0000003818 nova-scheduler[96347]: DEBUG oslo.service.backend._threading.loopingcall [-] Fixed interval looping call 'nova.servicegroup.drivers.db.DbDriver._report_state' sleeping for 119.99 seconds {{(pid=96347) _run_loop /opt/stack/data/venv/lib/python3.12/site-packages/oslo_service/backend/_threading/loopingcall.py:125}}
Jun 27 01:56:49.757505 np0000003818 nova-scheduler[95101]: DEBUG dbcounter [-] [95101] Writing DB stats nova_api:SELECT=3 {{(pid=95101) stat_writer /opt/stack/data/venv/lib/python3.12/site-packages/dbcounter.py:115}}
Jun 27 01:56:49.885986 np0000003818 nova-scheduler[95101]: DEBUG dbcounter [-] [95101] Writing DB stats nova_cell1:SELECT=1 {{(pid=95101) stat_writer /opt/stack/data/venv/lib/python3.12/site-packages/dbcounter.py:115}}
Jun 27 01:56:49.891599 np0000003818 nova-scheduler[95101]: DEBUG dbcounter [-] [95101] Writing DB stats nova_cell0:SELECT=1 {{(pid=95101) stat_writer /opt/stack/data/venv/lib/python3.12/site-packages/dbcounter.py:115}}
Jun 27 01:56:56.189104 np0000003818 nova-scheduler[96325]: DEBUG dbcounter [-] [96325] Writing DB stats nova_cell0:SELECT=4,nova_cell0:INSERT=1,nova_cell0:UPDATE=1 {{(pid=96325) stat_writer /opt/stack/data/venv/lib/python3.12/site-packages/dbcounter.py:115}}
Jun 27 01:56:56.190282 np0000003818 nova-scheduler[96342]: DEBUG dbcounter [-] [96342] Writing DB stats nova_cell0:SELECT=4,nova_cell0:INSERT=1,nova_cell0:UPDATE=1 {{(pid=96342) stat_writer /opt/stack/data/venv/lib/python3.12/site-packages/dbcounter.py:115}}
Jun 27 01:56:56.221549 np0000003818 nova-scheduler[96344]: DEBUG dbcounter [-] [96344] Writing DB stats nova_cell0:SELECT=3 {{(pid=96344) stat_writer /opt/stack/data/venv/lib/python3.12/site-packages/dbcounter.py:115}}
Jun 27 01:56:56.231094 np0000003818 nova-scheduler[96347]: DEBUG dbcounter [-] [96347] Writing DB stats nova_cell0:SELECT=3 {{(pid=96347) stat_writer /opt/stack/data/venv/lib/python3.12/site-packages/dbcounter.py:115}}
Jun 27 01:56:59.181292 np0000003818 nova-scheduler[96325]: DEBUG oslo.service.backend._threading.loopingcall [None req-04b55f32-e97a-49dc-9f6f-b023efb20d75 None None] Dynamic interval looping call 'nova.service.Service.periodic_tasks' sleeping for 60.00 seconds {{(pid=96325) _run_loop /opt/stack/data/venv/lib/python3.12/site-packages/oslo_service/backend/_threading/loopingcall.py:125}}
Jun 27 01:57:13.214854 np0000003818 nova-scheduler[96344]: DEBUG oslo.service.backend._threading.loopingcall [None req-8a882e48-eee3-4972-9705-f14e88f56287 None None] Dynamic interval looping call 'nova.service.Service.periodic_tasks' sleeping for 60.00 seconds {{(pid=96344) _run_loop /opt/stack/data/venv/lib/python3.12/site-packages/oslo_service/backend/_threading/loopingcall.py:125}}
Jun 27 01:57:42.224809 np0000003818 nova-scheduler[96347]: DEBUG oslo.service.backend._threading.loopingcall [None req-ed9338d5-c162-4719-81da-ec9082c5384a None None] Dynamic interval looping call 'nova.service.Service.periodic_tasks' sleeping for 60.00 seconds {{(pid=96347) _run_loop /opt/stack/data/venv/lib/python3.12/site-packages/oslo_service/backend/_threading/loopingcall.py:125}}
Jun 27 01:57:45.185491 np0000003818 nova-scheduler[96342]: DEBUG oslo.service.backend._threading.loopingcall [None req-b1806f3b-2e1a-46c0-a0dd-8ba90ff98468 None None] Dynamic interval looping call 'nova.service.Service.periodic_tasks' sleeping for 60.00 seconds {{(pid=96342) _run_loop /opt/stack/data/venv/lib/python3.12/site-packages/oslo_service/backend/_threading/loopingcall.py:125}}
Jun 27 01:57:59.181867 np0000003818 nova-scheduler[96325]: DEBUG oslo.service.backend._threading.loopingcall [None req-04b55f32-e97a-49dc-9f6f-b023efb20d75 None None] Dynamic interval looping call 'nova.service.Service.periodic_tasks' sleeping for 60.00 seconds {{(pid=96325) _run_loop /opt/stack/data/venv/lib/python3.12/site-packages/oslo_service/backend/_threading/loopingcall.py:125}}
Jun 27 01:58:13.215392 np0000003818 nova-scheduler[96344]: DEBUG oslo.service.backend._threading.loopingcall [None req-8a882e48-eee3-4972-9705-f14e88f56287 None None] Dynamic interval looping call 'nova.service.Service.periodic_tasks' sleeping for 60.00 seconds {{(pid=96344) _run_loop /opt/stack/data/venv/lib/python3.12/site-packages/oslo_service/backend/_threading/loopingcall.py:125}}
Jun 27 01:58:42.225400 np0000003818 nova-scheduler[96347]: DEBUG oslo.service.backend._threading.loopingcall [None req-ed9338d5-c162-4719-81da-ec9082c5384a None None] Dynamic interval looping call 'nova.service.Service.periodic_tasks' sleeping for 60.00 seconds {{(pid=96347) _run_loop /opt/stack/data/venv/lib/python3.12/site-packages/oslo_service/backend/_threading/loopingcall.py:125}}
Jun 27 01:58:45.186043 np0000003818 nova-scheduler[96342]: DEBUG oslo.service.backend._threading.loopingcall [None req-b1806f3b-2e1a-46c0-a0dd-8ba90ff98468 None None] Dynamic interval looping call 'nova.service.Service.periodic_tasks' sleeping for 60.00 seconds {{(pid=96342) _run_loop /opt/stack/data/venv/lib/python3.12/site-packages/oslo_service/backend/_threading/loopingcall.py:125}}
Jun 27 01:58:46.191136 np0000003818 nova-scheduler[96325]: DEBUG oslo.service.backend._threading.loopingcall [-] Fixed interval looping call 'nova.servicegroup.drivers.db.DbDriver._report_state' sleeping for 119.99 seconds {{(pid=96325) _run_loop /opt/stack/data/venv/lib/python3.12/site-packages/oslo_service/backend/_threading/loopingcall.py:125}}
Jun 27 01:58:46.192880 np0000003818 nova-scheduler[96342]: DEBUG oslo.service.backend._threading.loopingcall [-] Fixed interval looping call 'nova.servicegroup.drivers.db.DbDriver._report_state' sleeping for 120.00 seconds {{(pid=96342) _run_loop /opt/stack/data/venv/lib/python3.12/site-packages/oslo_service/backend/_threading/loopingcall.py:125}}
Jun 27 01:58:46.218745 np0000003818 nova-scheduler[96344]: DEBUG oslo.service.backend._threading.loopingcall [-] Fixed interval looping call 'nova.servicegroup.drivers.db.DbDriver._report_state' sleeping for 120.00 seconds {{(pid=96344) _run_loop /opt/stack/data/venv/lib/python3.12/site-packages/oslo_service/backend/_threading/loopingcall.py:125}}
Jun 27 01:58:46.228581 np0000003818 nova-scheduler[96347]: DEBUG oslo.service.backend._threading.loopingcall [-] Fixed interval looping call 'nova.servicegroup.drivers.db.DbDriver._report_state' sleeping for 120.00 seconds {{(pid=96347) _run_loop /opt/stack/data/venv/lib/python3.12/site-packages/oslo_service/backend/_threading/loopingcall.py:125}}
Jun 27 01:58:56.182482 np0000003818 nova-scheduler[96325]: DEBUG dbcounter [-] [96325] Writing DB stats nova_cell0:SELECT=1,nova_cell0:UPDATE=1 {{(pid=96325) stat_writer /opt/stack/data/venv/lib/python3.12/site-packages/dbcounter.py:115}}
Jun 27 01:58:56.191197 np0000003818 nova-scheduler[96342]: DEBUG dbcounter [-] [96342] Writing DB stats nova_cell0:SELECT=1 {{(pid=96342) stat_writer /opt/stack/data/venv/lib/python3.12/site-packages/dbcounter.py:115}}
Jun 27 01:58:56.216688 np0000003818 nova-scheduler[96344]: DEBUG dbcounter [-] [96344] Writing DB stats nova_cell0:SELECT=1 {{(pid=96344) stat_writer /opt/stack/data/venv/lib/python3.12/site-packages/dbcounter.py:115}}
Jun 27 01:58:56.226204 np0000003818 nova-scheduler[96347]: DEBUG dbcounter [-] [96347] Writing DB stats nova_cell0:SELECT=1 {{(pid=96347) stat_writer /opt/stack/data/venv/lib/python3.12/site-packages/dbcounter.py:115}}
Jun 27 01:58:59.182635 np0000003818 nova-scheduler[96325]: DEBUG oslo.service.backend._threading.loopingcall [None req-04b55f32-e97a-49dc-9f6f-b023efb20d75 None None] Dynamic interval looping call 'nova.service.Service.periodic_tasks' sleeping for 60.00 seconds {{(pid=96325) _run_loop /opt/stack/data/venv/lib/python3.12/site-packages/oslo_service/backend/_threading/loopingcall.py:125}}
Jun 27 01:59:13.215855 np0000003818 nova-scheduler[96344]: DEBUG oslo.service.backend._threading.loopingcall [None req-8a882e48-eee3-4972-9705-f14e88f56287 None None] Dynamic interval looping call 'nova.service.Service.periodic_tasks' sleeping for 60.00 seconds {{(pid=96344) _run_loop /opt/stack/data/venv/lib/python3.12/site-packages/oslo_service/backend/_threading/loopingcall.py:125}}
Jun 27 01:59:20.304696 np0000003818 nova-scheduler[96325]: DEBUG nova.scheduler.manager [None req-0aa47036-ff21-45c2-a56e-83a2a684a770 tempest-DeleteServersTestJSON-1978332501 tempest-DeleteServersTestJSON-1978332501-project-member] Starting to schedule for instances: ['06009c3c-6614-40da-910b-bd7e2ac02dc0'] {{(pid=96325) select_destinations /opt/stack/nova/nova/scheduler/manager.py:210}}
Jun 27 01:59:20.305153 np0000003818 nova-scheduler[96325]: DEBUG nova.scheduler.request_filter [None req-0aa47036-ff21-45c2-a56e-83a2a684a770 tempest-DeleteServersTestJSON-1978332501 tempest-DeleteServersTestJSON-1978332501-project-member] compute_status_filter request filter added forbidden trait COMPUTE_STATUS_DISABLED {{(pid=96325) compute_status_filter /opt/stack/nova/nova/scheduler/request_filter.py:253}}
Jun 27 01:59:20.305153 np0000003818 nova-scheduler[96325]: DEBUG nova.scheduler.request_filter [None req-0aa47036-ff21-45c2-a56e-83a2a684a770 tempest-DeleteServersTestJSON-1978332501 tempest-DeleteServersTestJSON-1978332501-project-member] Request filter 'compute_status_filter' took 0.0 seconds {{(pid=96325) wrapper /opt/stack/nova/nova/scheduler/request_filter.py:46}}
Jun 27 01:59:20.305827 np0000003818 nova-scheduler[96325]: DEBUG nova.scheduler.request_filter [None req-0aa47036-ff21-45c2-a56e-83a2a684a770 tempest-DeleteServersTestJSON-1978332501 tempest-DeleteServersTestJSON-1978332501-project-member] Request filter 'accelerators_filter' took 0.0 seconds {{(pid=96325) wrapper /opt/stack/nova/nova/scheduler/request_filter.py:46}}
Jun 27 01:59:20.305827 np0000003818 nova-scheduler[96325]: DEBUG nova.scheduler.request_filter [None req-0aa47036-ff21-45c2-a56e-83a2a684a770 tempest-DeleteServersTestJSON-1978332501 tempest-DeleteServersTestJSON-1978332501-project-member] Request filter 'packed_virtqueue_filter' took 0.0 seconds {{(pid=96325) wrapper /opt/stack/nova/nova/scheduler/request_filter.py:46}}
Jun 27 01:59:20.305827 np0000003818 nova-scheduler[96325]: DEBUG nova.scheduler.request_filter [None req-0aa47036-ff21-45c2-a56e-83a2a684a770 tempest-DeleteServersTestJSON-1978332501 tempest-DeleteServersTestJSON-1978332501-project-member] Request filter 'remote_managed_ports_filter' took 0.0 seconds {{(pid=96325) wrapper /opt/stack/nova/nova/scheduler/request_filter.py:46}}
Jun 27 01:59:20.306245 np0000003818 nova-scheduler[96325]: DEBUG nova.scheduler.request_filter [None req-0aa47036-ff21-45c2-a56e-83a2a684a770 tempest-DeleteServersTestJSON-1978332501 tempest-DeleteServersTestJSON-1978332501-project-member] ephemeral_encryption_filter skipped {{(pid=96325) ephemeral_encryption_filter /opt/stack/nova/nova/scheduler/request_filter.py:426}}
Jun 27 01:59:20.306245 np0000003818 nova-scheduler[96325]: DEBUG nova.scheduler.request_filter [None req-0aa47036-ff21-45c2-a56e-83a2a684a770 tempest-DeleteServersTestJSON-1978332501 tempest-DeleteServersTestJSON-1978332501-project-member] virtio_sound_filter skipped {{(pid=96325) virtio_sound_filter /opt/stack/nova/nova/scheduler/request_filter.py:460}}
Jun 27 01:59:20.306245 np0000003818 nova-scheduler[96325]: DEBUG nova.scheduler.request_filter [None req-0aa47036-ff21-45c2-a56e-83a2a684a770 tempest-DeleteServersTestJSON-1978332501 tempest-DeleteServersTestJSON-1978332501-project-member] tpm_secret_security_filter skipped {{(pid=96325) tpm_secret_security_filter /opt/stack/nova/nova/scheduler/request_filter.py:477}}
Jun 27 01:59:20.939849 np0000003818 nova-scheduler[96325]: INFO nova.utils [None req-0aa47036-ff21-45c2-a56e-83a2a684a770 tempest-DeleteServersTestJSON-1978332501 tempest-DeleteServersTestJSON-1978332501-project-member] The cell worker thread pool ForkProcess-1.cell_worker is initialized
Jun 27 01:59:20.940171 np0000003818 nova-scheduler[96325]: DEBUG oslo_concurrency.lockutils [None req-0aa47036-ff21-45c2-a56e-83a2a684a770 tempest-DeleteServersTestJSON-1978332501 tempest-DeleteServersTestJSON-1978332501-project-member] Acquiring lock "b80f540a-a934-4566-9eca-fc3ed8c98f5a" by "nova.context.set_target_cell..get_or_set_cached_cell_and_set_connections" {{(pid=96325) inner /opt/stack/data/venv/lib/python3.12/site-packages/oslo_concurrency/lockutils.py:511}}
Jun 27 01:59:20.940462 np0000003818 nova-scheduler[96325]: DEBUG oslo_concurrency.lockutils [None req-0aa47036-ff21-45c2-a56e-83a2a684a770 tempest-DeleteServersTestJSON-1978332501 tempest-DeleteServersTestJSON-1978332501-project-member] Lock "b80f540a-a934-4566-9eca-fc3ed8c98f5a" acquired by "nova.context.set_target_cell..get_or_set_cached_cell_and_set_connections" :: waited 0.000s {{(pid=96325) inner /opt/stack/data/venv/lib/python3.12/site-packages/oslo_concurrency/lockutils.py:524}}
Jun 27 01:59:20.942850 np0000003818 nova-scheduler[96325]: DEBUG oslo_concurrency.lockutils [None req-0aa47036-ff21-45c2-a56e-83a2a684a770 tempest-DeleteServersTestJSON-1978332501 tempest-DeleteServersTestJSON-1978332501-project-member] Lock "b80f540a-a934-4566-9eca-fc3ed8c98f5a" "released" by "nova.context.set_target_cell..get_or_set_cached_cell_and_set_connections" :: held 0.002s {{(pid=96325) inner /opt/stack/data/venv/lib/python3.12/site-packages/oslo_concurrency/lockutils.py:543}}
Jun 27 01:59:20.945197 np0000003818 nova-scheduler[96325]: INFO dbcounter [None req-0aa47036-ff21-45c2-a56e-83a2a684a770 tempest-DeleteServersTestJSON-1978332501 tempest-DeleteServersTestJSON-1978332501-project-member] Registered counter for database nova_cell1
Jun 27 01:59:21.024254 np0000003818 nova-scheduler[96325]: DEBUG oslo_db.sqlalchemy.engines [None req-0aa47036-ff21-45c2-a56e-83a2a684a770 tempest-DeleteServersTestJSON-1978332501 tempest-DeleteServersTestJSON-1978332501-project-member] MySQL server mode set to STRICT_TRANS_TABLES,STRICT_ALL_TABLES,NO_ZERO_IN_DATE,NO_ZERO_DATE,ERROR_FOR_DIVISION_BY_ZERO,TRADITIONAL,NO_ENGINE_SUBSTITUTION {{(pid=96325) _check_effective_sql_mode /opt/stack/data/venv/lib/python3.12/site-packages/oslo_db/sqlalchemy/engines.py:325}}
Jun 27 01:59:21.033028 np0000003818 nova-scheduler[96325]: DEBUG dbcounter [-] [96325] Writer thread running {{(pid=96325) stat_writer /opt/stack/data/venv/lib/python3.12/site-packages/dbcounter.py:102}}
Jun 27 01:59:21.057576 np0000003818 nova-scheduler[96325]: DEBUG oslo_db.sqlalchemy.engines [None req-0aa47036-ff21-45c2-a56e-83a2a684a770 tempest-DeleteServersTestJSON-1978332501 tempest-DeleteServersTestJSON-1978332501-project-member] Parent process 95101 forked (96325) with an open database connection, which is being discarded and recreated. {{(pid=96325) checkout /opt/stack/data/venv/lib/python3.12/site-packages/oslo_db/sqlalchemy/engines.py:402}}
Jun 27 01:59:21.111773 np0000003818 nova-scheduler[96325]: DEBUG dbcounter [-] [96325] Writer thread running {{(pid=96325) stat_writer /opt/stack/data/venv/lib/python3.12/site-packages/dbcounter.py:102}}
Jun 27 01:59:21.119111 np0000003818 nova-scheduler[96325]: DEBUG oslo_concurrency.lockutils [None req-0aa47036-ff21-45c2-a56e-83a2a684a770 tempest-DeleteServersTestJSON-1978332501 tempest-DeleteServersTestJSON-1978332501-project-member] Acquiring lock "b80f540a-a934-4566-9eca-fc3ed8c98f5a" by "nova.context.set_target_cell..get_or_set_cached_cell_and_set_connections" {{(pid=96325) inner /opt/stack/data/venv/lib/python3.12/site-packages/oslo_concurrency/lockutils.py:511}}
Jun 27 01:59:21.119352 np0000003818 nova-scheduler[96325]: DEBUG oslo_concurrency.lockutils [None req-0aa47036-ff21-45c2-a56e-83a2a684a770 tempest-DeleteServersTestJSON-1978332501 tempest-DeleteServersTestJSON-1978332501-project-member] Lock "b80f540a-a934-4566-9eca-fc3ed8c98f5a" acquired by "nova.context.set_target_cell..get_or_set_cached_cell_and_set_connections" :: waited 0.000s {{(pid=96325) inner /opt/stack/data/venv/lib/python3.12/site-packages/oslo_concurrency/lockutils.py:524}}
Jun 27 01:59:21.119352 np0000003818 nova-scheduler[96325]: DEBUG oslo_concurrency.lockutils [None req-0aa47036-ff21-45c2-a56e-83a2a684a770 tempest-DeleteServersTestJSON-1978332501 tempest-DeleteServersTestJSON-1978332501-project-member] Lock "b80f540a-a934-4566-9eca-fc3ed8c98f5a" "released" by "nova.context.set_target_cell..get_or_set_cached_cell_and_set_connections" :: held 0.000s {{(pid=96325) inner /opt/stack/data/venv/lib/python3.12/site-packages/oslo_concurrency/lockutils.py:543}}
Jun 27 01:59:21.124442 np0000003818 nova-scheduler[96325]: DEBUG oslo_concurrency.lockutils [None req-0aa47036-ff21-45c2-a56e-83a2a684a770 tempest-DeleteServersTestJSON-1978332501 tempest-DeleteServersTestJSON-1978332501-project-member] Acquiring lock "('np0000003818', 'np0000003818')" by "nova.scheduler.host_manager.HostState.update.._locked_update" {{(pid=96325) inner /opt/stack/data/venv/lib/python3.12/site-packages/oslo_concurrency/lockutils.py:511}}
Jun 27 01:59:21.124616 np0000003818 nova-scheduler[96325]: DEBUG oslo_concurrency.lockutils [None req-0aa47036-ff21-45c2-a56e-83a2a684a770 tempest-DeleteServersTestJSON-1978332501 tempest-DeleteServersTestJSON-1978332501-project-member] Lock "('np0000003818', 'np0000003818')" acquired by "nova.scheduler.host_manager.HostState.update.._locked_update" :: waited 0.000s {{(pid=96325) inner /opt/stack/data/venv/lib/python3.12/site-packages/oslo_concurrency/lockutils.py:524}}
Jun 27 01:59:21.125717 np0000003818 nova-scheduler[96325]: DEBUG nova.scheduler.host_manager [None req-0aa47036-ff21-45c2-a56e-83a2a684a770 tempest-DeleteServersTestJSON-1978332501 tempest-DeleteServersTestJSON-1978332501-project-member] Update host state from compute node: ComputeNode(cpu_allocation_ratio=4.0,cpu_info='{"arch": "x86_64", "model": "EPYC-Milan", "vendor": "AMD", "topology": {"cells": 1, "sockets": 16, "cores": 1, "threads": 1}, "maxphysaddr": {"mode": "emulate", "bits": 40}, "features": ["lfence-always-serializing", "v-vmsave-vmload", "adx", "vmcb-clean", "fpu", "fxsr", "tsc-scale", "clflushopt", "stibp", "bmi2", "mmxext", "xsaveerptr", "erms", "f16c", "ssse3", "mds-no", "wbnoinvd", "nx", "sse", "rdctl-no", "skip-l1dfl-vmentry", "amd-ssbd", "fsgsbase", "pclmuldq", "hypervisor", "amd-stibp", "clzero", "xsavec", "pfthreshold", "misalignsse", "pschange-mc-no", "mtrr", "popcnt", "topoext", "perfctr_core", "sha-ni", "pdpe1gb", "sse4.1", "sse4.2", "stibp-always-on", "cmov", "lbrv", "pae", "cx8", "pcid", "pse", "no-nested-data-bp", "rdtscp", "xsaves", "ssbd", "mce", "clflush", "mca", "avx2", "3dnowprefetch", "aes", "arch-capabilities", "apic", "vpclmulqdq", "tsc_adjust", "pat", "syscall", "npt", "x2apic", "xgetbv1", "mmx", "sse2", "vaes", "gds-no", "movbe", "cx16", "tsc", "arat", "null-sel-clr-base", "pge", "fma", "nrip-save", "bmi1", "flushbyasid", "msr", "pni", "rdseed", "invpcid", "clwb", "pause-filter", "ibpb", "svm", "osvw", "sse4a", "cr8legacy", "lm", "vgif", "pse36", "sep", "virt-ssbd", "amd-psfd", "vme", "cmp_legacy", "fsrm", "lahf_lm", "smap", "rdpid", "rdrand", "tsc-deadline", "abm", "ibrs", "xsave", "xsaveopt", "pku", "avx", "svme-addr-chk", "de", "smep", "spec-ctrl", "umip", "fxsr_opt"]}',created_at=2026-06-27T01:57:06Z,current_workload=0,deleted=False,deleted_at=None,disk_allocation_ratio=1.0,disk_available_least=74,free_disk_gb=95,free_ram_mb=63789,host='np0000003818',host_ip=10.4.3.40,hypervisor_hostname='np0000003818',hypervisor_type='QEMU',hypervisor_version=8002002,id=1,local_gb=95,local_gb_used=0,mapped=1,memory_mb=64301,memory_mb_used=512,metrics='[]',numa_topology='{"nova_object.name": "NUMATopology", "nova_object.namespace": "nova", "nova_object.version": "1.2", "nova_object.data": {"cells": [{"nova_object.name": "NUMACell", "nova_object.namespace": "nova", "nova_object.version": "1.5", "nova_object.data": {"id": 0, "cpuset": [0, 1, 2, 3, 4, 5, 6, 7, 8, 9, 10, 11, 12, 13, 14, 15], "pcpuset": [0, 1, 2, 3, 4, 5, 6, 7, 8, 9, 10, 11, 12, 13, 14, 15], "memory": 64301, "cpu_usage": 0, "memory_usage": 0, "pinned_cpus": [], "siblings": [[6], [12], [2], [15], [5], [11], [8], [14], [4], [1], [7], [10], [0], [13], [3], [9]], "mempages": [{"nova_object.name": "NUMAPagesTopology", "nova_object.namespace": "nova", "nova_object.version": "1.1", "nova_object.data": {"size_kb": 4, "total": 16461067, "used": 0, "reserved": 0}, "nova_object.changes": ["size_kb", "reserved", "total", "used"]}, {"nova_object.name": "NUMAPagesTopology", "nova_object.namespace": "nova", "nova_object.version": "1.1", "nova_object.data": {"size_kb": 2048, "total": 0, "used": 0, "reserved": 0}, "nova_object.changes": ["size_kb", "reserved", "total", "used"]}, {"nova_object.name": "NUMAPagesTopology", "nova_object.namespace": "nova", "nova_object.version": "1.1", "nova_object.data": {"size_kb": 1048576, "total": 0, "used": 0, "reserved": 0}, "nova_object.changes": ["size_kb", "reserved", "total", "used"]}], "network_metadata": {"nova_object.name": "NetworkMetadata", "nova_object.namespace": "nova", "nova_object.version": "1.0", "nova_object.data": {"physnets": [], "tunneled": false}, "nova_object.changes": ["tunneled", "physnets"]}, "socket": null}, "nova_object.changes": ["id", "pinned_cpus", "cpuset", "siblings", "network_metadata", "mempages", "memory", "memory_usage", "cpu_usage", "socket", "pcpuset"]}]}, "nova_object.changes": ["cells"]}',pci_device_pools=PciDevicePoolList,ram_allocation_ratio=1.0,running_vms=0,service_id=5,stats={failed_builds='0',uptime=' 01:58:51 up 27 min, 2 users, load average: 2.42, 2.11, 1.13
