Jun 27 01:56:42.463574 np0000003818 devstack@neutron-api.service[90432]: DEBUG ovsdbapp.backend.ovs_idl.transaction [None req-b4f31adb-21e0-4a62-968c-c99975251ae7 None None] Running txn n=1 command(idx=0): CheckRevisionNumberCommand(_result=None, name=lrp-babbf1e4-37fd-4795-8a53-67fb69085e7b, resource={'id': 'babbf1e4-37fd-4795-8a53-67fb69085e7b', 'name': '', 'network_id': 'f564e9ad-aac1-4cac-8eee-eaa7ac1a91a3', 'project_id': '9721ed39c31446e69c8c653d213c33a5', 'mac_address': 'fa:16:3e:2f:5f:5e', 'admin_state_up': True, 'status': 'ACTIVE', 'device_id': '9c2bc46f-1320-4c4d-9fa3-11e4e65f9dc3', 'device_owner': 'network:router_interface', 'standard_attr_id': 24, 'fixed_ips': [{'subnet_id': 'f7c23cce-7245-48e9-9a52-4abef815b914', 'ip_address': 'fd67:e426:80cd::1'}], 'allowed_address_pairs': [], 'extra_dhcp_opts': [], 'security_groups': [], 'description': '', 'binding:vnic_type': 'normal', 'binding:profile': {}, 'binding:host_id': '', 'binding:vif_type': 'unbound', 'binding:vif_details': {}, 'port_security_enabled': False, 'tags': [], 'created_at': '2026-06-27T01:56:33Z', 'updated_at': '2026-06-27T01:56:36Z', 'revision_number': 4, 'tenant_id': '9721ed39c31446e69c8c653d213c33a5'}, resource_type=router_ports, if_exists=True) {{(pid=90432) do_commit /opt/stack/data/venv/lib/python3.12/site-packages/ovsdbapp/backend/ovs_idl/transaction.py:89}}
Jun 27 01:56:42.463574 np0000003818 devstack@neutron-api.service[90432]: DEBUG ovsdbapp.backend.ovs_idl.transaction [None req-b4f31adb-21e0-4a62-968c-c99975251ae7 None None] Running txn n=1 command(idx=1): UpdateLRouterPortCommand(_result=None, name=lrp-babbf1e4-37fd-4795-8a53-67fb69085e7b, columns={'external_ids': {'neutron:revision_number': '4', 'neutron:subnet_ids': 'f7c23cce-7245-48e9-9a52-4abef815b914', 'neutron:network_name': 'neutron-f564e9ad-aac1-4cac-8eee-eaa7ac1a91a3', 'neutron:is_ext_gw': 'False', 'neutron:router_name': 'neutron-9c2bc46f-1320-4c4d-9fa3-11e4e65f9dc3'}, 'options': {}, 'networks': ['fd67:e426:80cd::1/64'], 'ipv6_ra_configs': {'address_mode': 'slaac', 'send_periodic': 'true', 'mtu': '1372'}}, if_exists=False) {{(pid=90432) do_commit /opt/stack/data/venv/lib/python3.12/site-packages/ovsdbapp/backend/ovs_idl/transaction.py:89}}
Jun 27 01:56:42.463574 np0000003818 devstack@neutron-api.service[90432]: DEBUG ovsdbapp.backend.ovs_idl.transaction [None req-b4f31adb-21e0-4a62-968c-c99975251ae7 None None] Running txn n=1 command(idx=2): SetLRouterPortInLSwitchPortCommand(_result=None, lswitch_port=babbf1e4-37fd-4795-8a53-67fb69085e7b, lrouter_port=lrp-babbf1e4-37fd-4795-8a53-67fb69085e7b, is_gw_port=False, if_exists=True, lsp_address=router) {{(pid=90432) do_commit /opt/stack/data/venv/lib/python3.12/site-packages/ovsdbapp/backend/ovs_idl/transaction.py:89}}
Jun 27 01:56:42.463912 np0000003818 devstack@neutron-api.service[90432]: DEBUG ovsdbapp.backend.ovs_idl.transaction [None req-b4f31adb-21e0-4a62-968c-c99975251ae7 None None] Transaction caused no change {{(pid=90432) do_commit /opt/stack/data/venv/lib/python3.12/site-packages/ovsdbapp/backend/ovs_idl/transaction.py:129}}
Jun 27 01:56:42.514554 np0000003818 devstack@neutron-api.service[90432]: DEBUG ovsdbapp.backend.ovs_idl.transaction [None req-b4f31adb-21e0-4a62-968c-c99975251ae7 None None] Running txn n=1 command(idx=0): CheckRevisionNumberCommand(_result=None, name=lrp-babbf1e4-37fd-4795-8a53-67fb69085e7b, resource={'id': 'babbf1e4-37fd-4795-8a53-67fb69085e7b', 'name': '', 'network_id': 'f564e9ad-aac1-4cac-8eee-eaa7ac1a91a3', 'project_id': '9721ed39c31446e69c8c653d213c33a5', 'mac_address': 'fa:16:3e:2f:5f:5e', 'admin_state_up': True, 'status': 'ACTIVE', 'device_id': '9c2bc46f-1320-4c4d-9fa3-11e4e65f9dc3', 'device_owner': 'network:router_interface', 'standard_attr_id': 24, 'fixed_ips': [{'subnet_id': 'f7c23cce-7245-48e9-9a52-4abef815b914', 'ip_address': 'fd67:e426:80cd::1'}], 'allowed_address_pairs': [], 'extra_dhcp_opts': [], 'security_groups': [], 'description': '', 'binding:vnic_type': 'normal', 'binding:profile': {}, 'binding:host_id': '', 'binding:vif_type': 'unbound', 'binding:vif_details': {}, 'port_security_enabled': False, 'tags': [], 'created_at': '2026-06-27T01:56:33Z', 'updated_at': '2026-06-27T01:56:36Z', 'revision_number': 4, 'tenant_id': '9721ed39c31446e69c8c653d213c33a5'}, resource_type=router_ports, if_exists=True) {{(pid=90432) do_commit /opt/stack/data/venv/lib/python3.12/site-packages/ovsdbapp/backend/ovs_idl/transaction.py:89}}
Jun 27 01:56:42.514834 np0000003818 devstack@neutron-api.service[90432]: DEBUG ovsdbapp.backend.ovs_idl.transaction [None req-b4f31adb-21e0-4a62-968c-c99975251ae7 None None] Running txn n=1 command(idx=1): UpdateLRouterPortCommand(_result=None, name=lrp-babbf1e4-37fd-4795-8a53-67fb69085e7b, columns={'external_ids': {'neutron:revision_number': '4', 'neutron:subnet_ids': 'f7c23cce-7245-48e9-9a52-4abef815b914', 'neutron:network_name': 'neutron-f564e9ad-aac1-4cac-8eee-eaa7ac1a91a3', 'neutron:is_ext_gw': 'False', 'neutron:router_name': 'neutron-9c2bc46f-1320-4c4d-9fa3-11e4e65f9dc3'}, 'options': {}, 'networks': ['fd67:e426:80cd::1/64'], 'ipv6_ra_configs': {'address_mode': 'slaac', 'send_periodic': 'true', 'mtu': '1372'}}, if_exists=False) {{(pid=90432) do_commit /opt/stack/data/venv/lib/python3.12/site-packages/ovsdbapp/backend/ovs_idl/transaction.py:89}}
Jun 27 01:56:42.515139 np0000003818 devstack@neutron-api.service[90432]: DEBUG ovsdbapp.backend.ovs_idl.transaction [None req-b4f31adb-21e0-4a62-968c-c99975251ae7 None None] Running txn n=1 command(idx=2): SetLRouterPortInLSwitchPortCommand(_result=None, lswitch_port=babbf1e4-37fd-4795-8a53-67fb69085e7b, lrouter_port=lrp-babbf1e4-37fd-4795-8a53-67fb69085e7b, is_gw_port=False, if_exists=True, lsp_address=router) {{(pid=90432) do_commit /opt/stack/data/venv/lib/python3.12/site-packages/ovsdbapp/backend/ovs_idl/transaction.py:89}}
Jun 27 01:56:42.515414 np0000003818 devstack@neutron-api.service[90432]: DEBUG ovsdbapp.backend.ovs_idl.transaction [None req-b4f31adb-21e0-4a62-968c-c99975251ae7 None None] Transaction caused no change {{(pid=90432) do_commit /opt/stack/data/venv/lib/python3.12/site-packages/ovsdbapp/backend/ovs_idl/transaction.py:129}}
Jun 27 01:56:42.540849 np0000003818 devstack@neutron-api.service[90432]: INFO neutron.common.ovn.utils [None req-29fcc4b4-ecdf-496e-a0ae-89c60aeba0f0 None None] HA Chassis Group neutron-f564e9ad-aac1-4cac-8eee-eaa7ac1a91a3 synchronized; highest priority chassis d41c7fc3-5a37-4b3d-a19c-5bf90ac84c26
Jun 27 01:56:42.541693 np0000003818 devstack@neutron-api.service[90432]: DEBUG ovsdbapp.backend.ovs_idl.transaction [None req-b4f31adb-21e0-4a62-968c-c99975251ae7 None None] Running txn n=1 command(idx=0): DbSetCommand(_result=None, table=HA_Chassis_Group, record=neutron-f564e9ad-aac1-4cac-8eee-eaa7ac1a91a3, col_values=(('external_ids', {'neutron:availability_zone_hints': '', 'neutron:network_id': 'f564e9ad-aac1-4cac-8eee-eaa7ac1a91a3', 'neutron:router_id': '9c2bc46f-1320-4c4d-9fa3-11e4e65f9dc3'}),), if_exists=True) {{(pid=90432) do_commit /opt/stack/data/venv/lib/python3.12/site-packages/ovsdbapp/backend/ovs_idl/transaction.py:89}}
Jun 27 01:56:42.541937 np0000003818 devstack@neutron-api.service[90432]: DEBUG ovsdbapp.backend.ovs_idl.transaction [None req-b4f31adb-21e0-4a62-968c-c99975251ae7 None None] Running txn n=1 command(idx=1): HAChassisGroupAddChassisCommand(_result=None, hcg=neutron-f564e9ad-aac1-4cac-8eee-eaa7ac1a91a3, chassis=d41c7fc3-5a37-4b3d-a19c-5bf90ac84c26, priority=1, columns={}) {{(pid=90432) do_commit /opt/stack/data/venv/lib/python3.12/site-packages/ovsdbapp/backend/ovs_idl/transaction.py:89}}
Jun 27 01:56:42.542458 np0000003818 devstack@neutron-api.service[90432]: DEBUG ovsdbapp.backend.ovs_idl.transaction [None req-b4f31adb-21e0-4a62-968c-c99975251ae7 None None] Transaction caused no change {{(pid=90432) do_commit /opt/stack/data/venv/lib/python3.12/site-packages/ovsdbapp/backend/ovs_idl/transaction.py:129}}
Jun 27 01:56:42.571146 np0000003818 devstack@neutron-api.service[90432]: INFO neutron.common.ovn.utils [None req-29fcc4b4-ecdf-496e-a0ae-89c60aeba0f0 None None] HA Chassis Group neutron-f564e9ad-aac1-4cac-8eee-eaa7ac1a91a3 synchronized; highest priority chassis d41c7fc3-5a37-4b3d-a19c-5bf90ac84c26
Jun 27 01:56:42.571804 np0000003818 devstack@neutron-api.service[90432]: DEBUG ovsdbapp.backend.ovs_idl.transaction [None req-b4f31adb-21e0-4a62-968c-c99975251ae7 None None] Running txn n=1 command(idx=0): DbSetCommand(_result=None, table=HA_Chassis_Group, record=neutron-f564e9ad-aac1-4cac-8eee-eaa7ac1a91a3, col_values=(('external_ids', {'neutron:availability_zone_hints': '', 'neutron:network_id': 'f564e9ad-aac1-4cac-8eee-eaa7ac1a91a3', 'neutron:router_id': '9c2bc46f-1320-4c4d-9fa3-11e4e65f9dc3'}),), if_exists=True) {{(pid=90432) do_commit /opt/stack/data/venv/lib/python3.12/site-packages/ovsdbapp/backend/ovs_idl/transaction.py:89}}
Jun 27 01:56:42.572154 np0000003818 devstack@neutron-api.service[90432]: DEBUG ovsdbapp.backend.ovs_idl.transaction [None req-b4f31adb-21e0-4a62-968c-c99975251ae7 None None] Running txn n=1 command(idx=1): HAChassisGroupAddChassisCommand(_result=None, hcg=neutron-f564e9ad-aac1-4cac-8eee-eaa7ac1a91a3, chassis=d41c7fc3-5a37-4b3d-a19c-5bf90ac84c26, priority=1, columns={}) {{(pid=90432) do_commit /opt/stack/data/venv/lib/python3.12/site-packages/ovsdbapp/backend/ovs_idl/transaction.py:89}}
Jun 27 01:56:42.572426 np0000003818 devstack@neutron-api.service[90432]: DEBUG ovsdbapp.backend.ovs_idl.transaction [None req-b4f31adb-21e0-4a62-968c-c99975251ae7 None None] Transaction caused no change {{(pid=90432) do_commit /opt/stack/data/venv/lib/python3.12/site-packages/ovsdbapp/backend/ovs_idl/transaction.py:129}}
Jun 27 01:56:42.638555 np0000003818 devstack@neutron-api.service[90432]: DEBUG ovsdbapp.backend.ovs_idl.transaction [None req-b4f31adb-21e0-4a62-968c-c99975251ae7 None None] Running txn n=1 command(idx=0): CheckRevisionNumberCommand(_result=None, name=lrp-babbf1e4-37fd-4795-8a53-67fb69085e7b, resource={'id': 'babbf1e4-37fd-4795-8a53-67fb69085e7b', 'name': '', 'network_id': 'f564e9ad-aac1-4cac-8eee-eaa7ac1a91a3', 'project_id': '9721ed39c31446e69c8c653d213c33a5', 'mac_address': 'fa:16:3e:2f:5f:5e', 'admin_state_up': True, 'status': 'ACTIVE', 'device_id': '9c2bc46f-1320-4c4d-9fa3-11e4e65f9dc3', 'device_owner': 'network:router_interface', 'standard_attr_id': 24, 'fixed_ips': [{'subnet_id': 'f7c23cce-7245-48e9-9a52-4abef815b914', 'ip_address': 'fd67:e426:80cd::1'}], 'allowed_address_pairs': [], 'extra_dhcp_opts': [], 'security_groups': [], 'description': '', 'binding:vnic_type': 'normal', 'binding:profile': {}, 'binding:host_id': '', 'binding:vif_type': 'unbound', 'binding:vif_details': {}, 'port_security_enabled': False, 'tags': [], 'created_at': '2026-06-27T01:56:33Z', 'updated_at': '2026-06-27T01:56:36Z', 'revision_number': 4, 'tenant_id': '9721ed39c31446e69c8c653d213c33a5'}, resource_type=router_ports, if_exists=True) {{(pid=90432) do_commit /opt/stack/data/venv/lib/python3.12/site-packages/ovsdbapp/backend/ovs_idl/transaction.py:89}}
Jun 27 01:56:42.638927 np0000003818 devstack@neutron-api.service[90432]: DEBUG ovsdbapp.backend.ovs_idl.transaction [None req-b4f31adb-21e0-4a62-968c-c99975251ae7 None None] Running txn n=1 command(idx=1): UpdateLRouterPortCommand(_result=None, name=lrp-babbf1e4-37fd-4795-8a53-67fb69085e7b, columns={'external_ids': {'neutron:revision_number': '4', 'neutron:subnet_ids': 'f7c23cce-7245-48e9-9a52-4abef815b914', 'neutron:network_name': 'neutron-f564e9ad-aac1-4cac-8eee-eaa7ac1a91a3', 'neutron:is_ext_gw': 'False', 'neutron:router_name': 'neutron-9c2bc46f-1320-4c4d-9fa3-11e4e65f9dc3'}, 'options': {}, 'networks': ['fd67:e426:80cd::1/64'], 'ipv6_ra_configs': {'address_mode': 'slaac', 'send_periodic': 'true', 'mtu': '1372'}}, if_exists=False) {{(pid=90432) do_commit /opt/stack/data/venv/lib/python3.12/site-packages/ovsdbapp/backend/ovs_idl/transaction.py:89}}
Jun 27 01:56:42.639338 np0000003818 devstack@neutron-api.service[90432]: DEBUG ovsdbapp.backend.ovs_idl.transaction [None req-b4f31adb-21e0-4a62-968c-c99975251ae7 None None] Running txn n=1 command(idx=2): SetLRouterPortInLSwitchPortCommand(_result=None, lswitch_port=babbf1e4-37fd-4795-8a53-67fb69085e7b, lrouter_port=lrp-babbf1e4-37fd-4795-8a53-67fb69085e7b, is_gw_port=False, if_exists=True, lsp_address=router) {{(pid=90432) do_commit /opt/stack/data/venv/lib/python3.12/site-packages/ovsdbapp/backend/ovs_idl/transaction.py:89}}
Jun 27 01:56:42.639696 np0000003818 devstack@neutron-api.service[90432]: DEBUG ovsdbapp.backend.ovs_idl.transaction [None req-b4f31adb-21e0-4a62-968c-c99975251ae7 None None] Transaction caused no change {{(pid=90432) do_commit /opt/stack/data/venv/lib/python3.12/site-packages/ovsdbapp/backend/ovs_idl/transaction.py:129}}
Jun 27 01:56:42.689766 np0000003818 devstack@neutron-api.service[90432]: DEBUG ovsdbapp.backend.ovs_idl.transaction [None req-b4f31adb-21e0-4a62-968c-c99975251ae7 None None] Running txn n=1 command(idx=0): CheckRevisionNumberCommand(_result=None, name=lrp-babbf1e4-37fd-4795-8a53-67fb69085e7b, resource={'id': 'babbf1e4-37fd-4795-8a53-67fb69085e7b', 'name': '', 'network_id': 'f564e9ad-aac1-4cac-8eee-eaa7ac1a91a3', 'project_id': '9721ed39c31446e69c8c653d213c33a5', 'mac_address': 'fa:16:3e:2f:5f:5e', 'admin_state_up': True, 'status': 'ACTIVE', 'device_id': '9c2bc46f-1320-4c4d-9fa3-11e4e65f9dc3', 'device_owner': 'network:router_interface', 'standard_attr_id': 24, 'fixed_ips': [{'subnet_id': 'f7c23cce-7245-48e9-9a52-4abef815b914', 'ip_address': 'fd67:e426:80cd::1'}], 'allowed_address_pairs': [], 'extra_dhcp_opts': [], 'security_groups': [], 'description': '', 'binding:vnic_type': 'normal', 'binding:profile': {}, 'binding:host_id': '', 'binding:vif_type': 'unbound', 'binding:vif_details': {}, 'port_security_enabled': False, 'tags': [], 'created_at': '2026-06-27T01:56:33Z', 'updated_at': '2026-06-27T01:56:36Z', 'revision_number': 4, 'tenant_id': '9721ed39c31446e69c8c653d213c33a5'}, resource_type=router_ports, if_exists=True) {{(pid=90432) do_commit /opt/stack/data/venv/lib/python3.12/site-packages/ovsdbapp/backend/ovs_idl/transaction.py:89}}
Jun 27 01:56:42.690191 np0000003818 devstack@neutron-api.service[90432]: DEBUG ovsdbapp.backend.ovs_idl.transaction [None req-b4f31adb-21e0-4a62-968c-c99975251ae7 None None] Running txn n=1 command(idx=1): UpdateLRouterPortCommand(_result=None, name=lrp-babbf1e4-37fd-4795-8a53-67fb69085e7b, columns={'external_ids': {'neutron:revision_number': '4', 'neutron:subnet_ids': 'f7c23cce-7245-48e9-9a52-4abef815b914', 'neutron:network_name': 'neutron-f564e9ad-aac1-4cac-8eee-eaa7ac1a91a3', 'neutron:is_ext_gw': 'False', 'neutron:router_name': 'neutron-9c2bc46f-1320-4c4d-9fa3-11e4e65f9dc3'}, 'options': {}, 'networks': ['fd67:e426:80cd::1/64'], 'ipv6_ra_configs': {'address_mode': 'slaac', 'send_periodic': 'true', 'mtu': '1372'}}, if_exists=False) {{(pid=90432) do_commit /opt/stack/data/venv/lib/python3.12/site-packages/ovsdbapp/backend/ovs_idl/transaction.py:89}}
Jun 27 01:56:42.690743 np0000003818 devstack@neutron-api.service[90432]: DEBUG ovsdbapp.backend.ovs_idl.transaction [None req-b4f31adb-21e0-4a62-968c-c99975251ae7 None None] Running txn n=1 command(idx=2): SetLRouterPortInLSwitchPortCommand(_result=None, lswitch_port=babbf1e4-37fd-4795-8a53-67fb69085e7b, lrouter_port=lrp-babbf1e4-37fd-4795-8a53-67fb69085e7b, is_gw_port=False, if_exists=True, lsp_address=router) {{(pid=90432) do_commit /opt/stack/data/venv/lib/python3.12/site-packages/ovsdbapp/backend/ovs_idl/transaction.py:89}}
Jun 27 01:56:42.691129 np0000003818 devstack@neutron-api.service[90432]: DEBUG ovsdbapp.backend.ovs_idl.transaction [None req-b4f31adb-21e0-4a62-968c-c99975251ae7 None None] Transaction caused no change {{(pid=90432) do_commit /opt/stack/data/venv/lib/python3.12/site-packages/ovsdbapp/backend/ovs_idl/transaction.py:129}}
Jun 27 01:56:44.396635 np0000003818 devstack@neutron-api.service[90432]: DEBUG futurist.periodics [-] Submitting periodic callback 'neutron.plugins.ml2.drivers.ovn.mech_driver.ovsdb.maintenance.HashRingHealthCheckPeriodics.touch_hash_ring_node' {{(pid=90432) _process_scheduled /opt/stack/data/venv/lib/python3.12/site-packages/futurist/periodics.py:784}}
Jun 27 01:56:44.397064 np0000003818 devstack@neutron-api.service[90432]: DEBUG neutron.plugins.ml2.drivers.ovn.mech_driver.ovsdb.maintenance [-] Touching Hash Ring node "1f611b4fe2e457eb811e1727595caefc" from periodic health check thread {{(pid=90432) touch_hash_ring_node /opt/stack/neutron/neutron/plugins/ml2/drivers/ovn/mech_driver/ovsdb/maintenance.py:1419}}
Jun 27 01:56:45.336245 np0000003818 devstack@neutron-api.service[90431]: DEBUG futurist.periodics [-] Submitting periodic callback 'neutron.plugins.ml2.drivers.ovn.mech_driver.ovsdb.maintenance.HashRingHealthCheckPeriodics.touch_hash_ring_node' {{(pid=90431) _process_scheduled /opt/stack/data/venv/lib/python3.12/site-packages/futurist/periodics.py:784}}
Jun 27 01:56:45.337850 np0000003818 devstack@neutron-api.service[90431]: DEBUG neutron.plugins.ml2.drivers.ovn.mech_driver.ovsdb.maintenance [-] Touching Hash Ring node "22cf436103a455f69db9cd6e242584f1" from periodic health check thread {{(pid=90431) touch_hash_ring_node /opt/stack/neutron/neutron/plugins/ml2/drivers/ovn/mech_driver/ovsdb/maintenance.py:1419}}
Jun 27 01:56:45.356242 np0000003818 devstack@neutron-api.service[90433]: DEBUG futurist.periodics [-] Submitting periodic callback 'neutron.plugins.ml2.drivers.ovn.mech_driver.ovsdb.maintenance.HashRingHealthCheckPeriodics.touch_hash_ring_node' {{(pid=90433) _process_scheduled /opt/stack/data/venv/lib/python3.12/site-packages/futurist/periodics.py:784}}
Jun 27 01:56:45.356786 np0000003818 devstack@neutron-api.service[90433]: DEBUG neutron.plugins.ml2.drivers.ovn.mech_driver.ovsdb.maintenance [-] Touching Hash Ring node "ab02e6b4a6795484bba2b3339b264006" from periodic health check thread {{(pid=90433) touch_hash_ring_node /opt/stack/neutron/neutron/plugins/ml2/drivers/ovn/mech_driver/ovsdb/maintenance.py:1419}}
Jun 27 01:56:45.449851 np0000003818 devstack@neutron-api.service[90434]: DEBUG futurist.periodics [-] Submitting periodic callback 'neutron.plugins.ml2.drivers.ovn.mech_driver.ovsdb.maintenance.HashRingHealthCheckPeriodics.touch_hash_ring_node' {{(pid=90434) _process_scheduled /opt/stack/data/venv/lib/python3.12/site-packages/futurist/periodics.py:784}}
Jun 27 01:56:45.451407 np0000003818 devstack@neutron-api.service[90434]: DEBUG neutron.plugins.ml2.drivers.ovn.mech_driver.ovsdb.maintenance [-] Touching Hash Ring node "ecb25b1565b85e28840a8928f8e24acd" from periodic health check thread {{(pid=90434) touch_hash_ring_node /opt/stack/neutron/neutron/plugins/ml2/drivers/ovn/mech_driver/ovsdb/maintenance.py:1419}}
Jun 27 01:56:54.408920 np0000003818 devstack@neutron-api.service[90432]: DEBUG dbcounter [-] [90432] Writing DB stats neutron:SELECT=1714,neutron:INSERT=669,neutron:DELETE=5,neutron:UPDATE=99 {{(pid=90432) stat_writer /opt/stack/data/venv/lib/python3.12/site-packages/dbcounter.py:115}}
Jun 27 01:56:55.352936 np0000003818 devstack@neutron-api.service[90431]: DEBUG dbcounter [-] [90431] Writing DB stats neutron:SELECT=1940,neutron:INSERT=44,neutron:DELETE=10,neutron:UPDATE=51 {{(pid=90431) stat_writer /opt/stack/data/venv/lib/python3.12/site-packages/dbcounter.py:115}}
Jun 27 01:56:55.364750 np0000003818 devstack@neutron-api.service[90433]: DEBUG dbcounter [-] [90433] Writing DB stats neutron:SELECT=1123,neutron:INSERT=37,neutron:DELETE=7,neutron:UPDATE=52 {{(pid=90433) stat_writer /opt/stack/data/venv/lib/python3.12/site-packages/dbcounter.py:115}}
Jun 27 01:56:55.472994 np0000003818 devstack@neutron-api.service[90434]: DEBUG dbcounter [-] [90434] Writing DB stats neutron:SELECT=1736,neutron:INSERT=58,neutron:DELETE=7,neutron:UPDATE=39 {{(pid=90434) stat_writer /opt/stack/data/venv/lib/python3.12/site-packages/dbcounter.py:115}}
Jun 27 01:56:59.397178 np0000003818 devstack@neutron-api.service[90432]: DEBUG futurist.periodics [-] Submitting periodic callback 'neutron.plugins.ml2.drivers.ovn.mech_driver.ovsdb.maintenance.HashRingHealthCheckPeriodics.touch_hash_ring_node' {{(pid=90432) _process_scheduled /opt/stack/data/venv/lib/python3.12/site-packages/futurist/periodics.py:784}}
Jun 27 01:56:59.397588 np0000003818 devstack@neutron-api.service[90432]: DEBUG neutron.plugins.ml2.drivers.ovn.mech_driver.ovsdb.maintenance [-] Touching Hash Ring node "1f611b4fe2e457eb811e1727595caefc" from periodic health check thread {{(pid=90432) touch_hash_ring_node /opt/stack/neutron/neutron/plugins/ml2/drivers/ovn/mech_driver/ovsdb/maintenance.py:1419}}
Jun 27 01:57:00.337178 np0000003818 devstack@neutron-api.service[90431]: DEBUG futurist.periodics [-] Submitting periodic callback 'neutron.plugins.ml2.drivers.ovn.mech_driver.ovsdb.maintenance.HashRingHealthCheckPeriodics.touch_hash_ring_node' {{(pid=90431) _process_scheduled /opt/stack/data/venv/lib/python3.12/site-packages/futurist/periodics.py:784}}
Jun 27 01:57:00.337638 np0000003818 devstack@neutron-api.service[90431]: DEBUG neutron.plugins.ml2.drivers.ovn.mech_driver.ovsdb.maintenance [-] Touching Hash Ring node "22cf436103a455f69db9cd6e242584f1" from periodic health check thread {{(pid=90431) touch_hash_ring_node /opt/stack/neutron/neutron/plugins/ml2/drivers/ovn/mech_driver/ovsdb/maintenance.py:1419}}
Jun 27 01:57:00.357049 np0000003818 devstack@neutron-api.service[90433]: DEBUG futurist.periodics [-] Submitting periodic callback 'neutron.plugins.ml2.drivers.ovn.mech_driver.ovsdb.maintenance.HashRingHealthCheckPeriodics.touch_hash_ring_node' {{(pid=90433) _process_scheduled /opt/stack/data/venv/lib/python3.12/site-packages/futurist/periodics.py:784}}
Jun 27 01:57:00.357477 np0000003818 devstack@neutron-api.service[90433]: DEBUG neutron.plugins.ml2.drivers.ovn.mech_driver.ovsdb.maintenance [-] Touching Hash Ring node "ab02e6b4a6795484bba2b3339b264006" from periodic health check thread {{(pid=90433) touch_hash_ring_node /opt/stack/neutron/neutron/plugins/ml2/drivers/ovn/mech_driver/ovsdb/maintenance.py:1419}}
Jun 27 01:57:00.451009 np0000003818 devstack@neutron-api.service[90434]: DEBUG futurist.periodics [-] Submitting periodic callback 'neutron.plugins.ml2.drivers.ovn.mech_driver.ovsdb.maintenance.HashRingHealthCheckPeriodics.touch_hash_ring_node' {{(pid=90434) _process_scheduled /opt/stack/data/venv/lib/python3.12/site-packages/futurist/periodics.py:784}}
Jun 27 01:57:00.451470 np0000003818 devstack@neutron-api.service[90434]: DEBUG neutron.plugins.ml2.drivers.ovn.mech_driver.ovsdb.maintenance [-] Touching Hash Ring node "ecb25b1565b85e28840a8928f8e24acd" from periodic health check thread {{(pid=90434) touch_hash_ring_node /opt/stack/neutron/neutron/plugins/ml2/drivers/ovn/mech_driver/ovsdb/maintenance.py:1419}}
Jun 27 01:57:09.423414 np0000003818 devstack@neutron-api.service[90432]: DEBUG dbcounter [-] [90432] Writing DB stats neutron:UPDATE=1,neutron:SELECT=1 {{(pid=90432) stat_writer /opt/stack/data/venv/lib/python3.12/site-packages/dbcounter.py:115}}
Jun 27 01:57:10.365226 np0000003818 devstack@neutron-api.service[90431]: DEBUG dbcounter [-] [90431] Writing DB stats neutron:UPDATE=1,neutron:SELECT=1 {{(pid=90431) stat_writer /opt/stack/data/venv/lib/python3.12/site-packages/dbcounter.py:115}}
Jun 27 01:57:10.368303 np0000003818 devstack@neutron-api.service[90433]: DEBUG dbcounter [-] [90433] Writing DB stats neutron:UPDATE=1,neutron:SELECT=1 {{(pid=90433) stat_writer /opt/stack/data/venv/lib/python3.12/site-packages/dbcounter.py:115}}
Jun 27 01:57:10.461775 np0000003818 devstack@neutron-api.service[90434]: DEBUG dbcounter [-] [90434] Writing DB stats neutron:UPDATE=1,neutron:SELECT=1 {{(pid=90434) stat_writer /opt/stack/data/venv/lib/python3.12/site-packages/dbcounter.py:115}}
Jun 27 01:57:14.397673 np0000003818 devstack@neutron-api.service[90432]: DEBUG futurist.periodics [-] Submitting periodic callback 'neutron.plugins.ml2.drivers.ovn.mech_driver.ovsdb.maintenance.HashRingHealthCheckPeriodics.touch_hash_ring_node' {{(pid=90432) _process_scheduled /opt/stack/data/venv/lib/python3.12/site-packages/futurist/periodics.py:784}}
Jun 27 01:57:14.398153 np0000003818 devstack@neutron-api.service[90432]: DEBUG neutron.plugins.ml2.drivers.ovn.mech_driver.ovsdb.maintenance [-] Touching Hash Ring node "1f611b4fe2e457eb811e1727595caefc" from periodic health check thread {{(pid=90432) touch_hash_ring_node /opt/stack/neutron/neutron/plugins/ml2/drivers/ovn/mech_driver/ovsdb/maintenance.py:1419}}
Jun 27 01:57:15.337698 np0000003818 devstack@neutron-api.service[90431]: DEBUG futurist.periodics [-] Submitting periodic callback 'neutron.plugins.ml2.drivers.ovn.mech_driver.ovsdb.maintenance.HashRingHealthCheckPeriodics.touch_hash_ring_node' {{(pid=90431) _process_scheduled /opt/stack/data/venv/lib/python3.12/site-packages/futurist/periodics.py:784}}
Jun 27 01:57:15.338125 np0000003818 devstack@neutron-api.service[90431]: DEBUG neutron.plugins.ml2.drivers.ovn.mech_driver.ovsdb.maintenance [-] Touching Hash Ring node "22cf436103a455f69db9cd6e242584f1" from periodic health check thread {{(pid=90431) touch_hash_ring_node /opt/stack/neutron/neutron/plugins/ml2/drivers/ovn/mech_driver/ovsdb/maintenance.py:1419}}
Jun 27 01:57:15.357640 np0000003818 devstack@neutron-api.service[90433]: DEBUG futurist.periodics [-] Submitting periodic callback 'neutron.plugins.ml2.drivers.ovn.mech_driver.ovsdb.maintenance.HashRingHealthCheckPeriodics.touch_hash_ring_node' {{(pid=90433) _process_scheduled /opt/stack/data/venv/lib/python3.12/site-packages/futurist/periodics.py:784}}
Jun 27 01:57:15.358248 np0000003818 devstack@neutron-api.service[90433]: DEBUG neutron.plugins.ml2.drivers.ovn.mech_driver.ovsdb.maintenance [-] Touching Hash Ring node "ab02e6b4a6795484bba2b3339b264006" from periodic health check thread {{(pid=90433) touch_hash_ring_node /opt/stack/neutron/neutron/plugins/ml2/drivers/ovn/mech_driver/ovsdb/maintenance.py:1419}}
Jun 27 01:57:15.451469 np0000003818 devstack@neutron-api.service[90434]: DEBUG futurist.periodics [-] Submitting periodic callback 'neutron.plugins.ml2.drivers.ovn.mech_driver.ovsdb.maintenance.HashRingHealthCheckPeriodics.touch_hash_ring_node' {{(pid=90434) _process_scheduled /opt/stack/data/venv/lib/python3.12/site-packages/futurist/periodics.py:784}}
Jun 27 01:57:15.451903 np0000003818 devstack@neutron-api.service[90434]: DEBUG neutron.plugins.ml2.drivers.ovn.mech_driver.ovsdb.maintenance [-] Touching Hash Ring node "ecb25b1565b85e28840a8928f8e24acd" from periodic health check thread {{(pid=90434) touch_hash_ring_node /opt/stack/neutron/neutron/plugins/ml2/drivers/ovn/mech_driver/ovsdb/maintenance.py:1419}}
Jun 27 01:57:24.413645 np0000003818 devstack@neutron-api.service[90432]: DEBUG dbcounter [-] [90432] Writing DB stats neutron:UPDATE=1,neutron:SELECT=1 {{(pid=90432) stat_writer /opt/stack/data/venv/lib/python3.12/site-packages/dbcounter.py:115}}
Jun 27 01:57:25.377168 np0000003818 devstack@neutron-api.service[90431]: DEBUG dbcounter [-] [90431] Writing DB stats neutron:UPDATE=1,neutron:SELECT=1 {{(pid=90431) stat_writer /opt/stack/data/venv/lib/python3.12/site-packages/dbcounter.py:115}}
Jun 27 01:57:25.380602 np0000003818 devstack@neutron-api.service[90433]: DEBUG dbcounter [-] [90433] Writing DB stats neutron:UPDATE=1,neutron:SELECT=1 {{(pid=90433) stat_writer /opt/stack/data/venv/lib/python3.12/site-packages/dbcounter.py:115}}
Jun 27 01:57:25.477346 np0000003818 devstack@neutron-api.service[90434]: DEBUG dbcounter [-] [90434] Writing DB stats neutron:UPDATE=1,neutron:SELECT=1 {{(pid=90434) stat_writer /opt/stack/data/venv/lib/python3.12/site-packages/dbcounter.py:115}}
Jun 27 01:57:29.398338 np0000003818 devstack@neutron-api.service[90432]: DEBUG futurist.periodics [-] Submitting periodic callback 'neutron.plugins.ml2.drivers.ovn.mech_driver.ovsdb.maintenance.HashRingHealthCheckPeriodics.touch_hash_ring_node' {{(pid=90432) _process_scheduled /opt/stack/data/venv/lib/python3.12/site-packages/futurist/periodics.py:784}}
Jun 27 01:57:29.398738 np0000003818 devstack@neutron-api.service[90432]: DEBUG neutron.plugins.ml2.drivers.ovn.mech_driver.ovsdb.maintenance [-] Touching Hash Ring node "1f611b4fe2e457eb811e1727595caefc" from periodic health check thread {{(pid=90432) touch_hash_ring_node /opt/stack/neutron/neutron/plugins/ml2/drivers/ovn/mech_driver/ovsdb/maintenance.py:1419}}
Jun 27 01:57:30.338205 np0000003818 devstack@neutron-api.service[90431]: DEBUG futurist.periodics [-] Submitting periodic callback 'neutron.plugins.ml2.drivers.ovn.mech_driver.ovsdb.maintenance.HashRingHealthCheckPeriodics.touch_hash_ring_node' {{(pid=90431) _process_scheduled /opt/stack/data/venv/lib/python3.12/site-packages/futurist/periodics.py:784}}
Jun 27 01:57:30.338640 np0000003818 devstack@neutron-api.service[90431]: DEBUG neutron.plugins.ml2.drivers.ovn.mech_driver.ovsdb.maintenance [-] Touching Hash Ring node "22cf436103a455f69db9cd6e242584f1" from periodic health check thread {{(pid=90431) touch_hash_ring_node /opt/stack/neutron/neutron/plugins/ml2/drivers/ovn/mech_driver/ovsdb/maintenance.py:1419}}
Jun 27 01:57:30.358078 np0000003818 devstack@neutron-api.service[90433]: DEBUG futurist.periodics [-] Submitting periodic callback 'neutron.plugins.ml2.drivers.ovn.mech_driver.ovsdb.maintenance.HashRingHealthCheckPeriodics.touch_hash_ring_node' {{(pid=90433) _process_scheduled /opt/stack/data/venv/lib/python3.12/site-packages/futurist/periodics.py:784}}
Jun 27 01:57:30.358496 np0000003818 devstack@neutron-api.service[90433]: DEBUG neutron.plugins.ml2.drivers.ovn.mech_driver.ovsdb.maintenance [-] Touching Hash Ring node "ab02e6b4a6795484bba2b3339b264006" from periodic health check thread {{(pid=90433) touch_hash_ring_node /opt/stack/neutron/neutron/plugins/ml2/drivers/ovn/mech_driver/ovsdb/maintenance.py:1419}}
Jun 27 01:57:30.451893 np0000003818 devstack@neutron-api.service[90434]: DEBUG futurist.periodics [-] Submitting periodic callback 'neutron.plugins.ml2.drivers.ovn.mech_driver.ovsdb.maintenance.HashRingHealthCheckPeriodics.touch_hash_ring_node' {{(pid=90434) _process_scheduled /opt/stack/data/venv/lib/python3.12/site-packages/futurist/periodics.py:784}}
Jun 27 01:57:30.452338 np0000003818 devstack@neutron-api.service[90434]: DEBUG neutron.plugins.ml2.drivers.ovn.mech_driver.ovsdb.maintenance [-] Touching Hash Ring node "ecb25b1565b85e28840a8928f8e24acd" from periodic health check thread {{(pid=90434) touch_hash_ring_node /opt/stack/neutron/neutron/plugins/ml2/drivers/ovn/mech_driver/ovsdb/maintenance.py:1419}}
Jun 27 01:57:34.288691 np0000003818 devstack@neutron-api.service[90432]: DEBUG neutron.api.wsgi [None req-48dda1d8-dc94-4ccb-adba-213701ef74fc admin admin] Missing Content-Type {{(pid=90432) get_content_type /opt/stack/neutron/neutron/api/wsgi.py:80}}
Jun 27 01:57:34.289123 np0000003818 devstack@neutron-api.service[90432]: DEBUG neutron.api.wsgi [None req-48dda1d8-dc94-4ccb-adba-213701ef74fc admin admin] https://10.4.3.40/networking/v2.0/extensions returned with HTTP 200 {{(pid=90432) __call__ /opt/stack/neutron/neutron/api/wsgi.py:540}}
Jun 27 01:57:34.289410 np0000003818 devstack@neutron-api.service[90432]: [pid: 90432|app: 0|req: 10/34] 10.4.3.40 () {64 vars in 1285 bytes} [Sat Jun 27 01:57:34 2026] GET /networking/v2.0/extensions => generated 16171 bytes in 3 msecs (HTTP/1.1 200) 4 headers in 159 bytes (1 switches on core 0)
Jun 27 01:57:34.540383 np0000003818 devstack@neutron-api.service[90431]: INFO neutron.pecan_wsgi.hooks.translation [None req-025e0b7c-f099-43a6-8f90-92499ae90f96 admin admin] GET failed (client error): The resource could not be found.
Jun 27 01:57:34.540961 np0000003818 devstack@neutron-api.service[90431]: [pid: 90431|app: 0|req: 9/35] 10.4.3.40 () {64 vars in 1287 bytes} [Sat Jun 27 01:57:34 2026] GET /networking/v2.0/networks/public => generated 108 bytes in 8 msecs (HTTP/1.1 404) 4 headers in 164 bytes (1 switches on core 0)
Jun 27 01:57:34.581440 np0000003818 devstack@neutron-api.service[90433]: DEBUG neutron.pecan_wsgi.hooks.policy_enforcement [None req-044ae023-a450-4152-a132-c94f2ff74b65 admin admin] Attributes excluded by policy engine: ['standard_attr_id'] {{(pid=90433) _exclude_attributes_by_policy /opt/stack/neutron/neutron/pecan_wsgi/hooks/policy_enforcement.py:259}}
Jun 27 01:57:34.582452 np0000003818 devstack@neutron-api.service[90433]: [pid: 90433|app: 0|req: 9/36] 10.4.3.40 () {64 vars in 1302 bytes} [Sat Jun 27 01:57:34 2026] GET /networking/v2.0/networks?name=public => generated 759 bytes in 35 msecs (HTTP/1.1 200) 4 headers in 157 bytes (1 switches on core 0)
Jun 27 01:57:34.774130 np0000003818 devstack@neutron-api.service[90434]: DEBUG neutron.api.v2.base [None req-400e750f-308d-49ce-98ae-e2baa618bccd admin admin] Request body: {'network': {'shared': True, 'admin_state_up': True, 'name': 'shared'}} {{(pid=90434) prepare_request_body /opt/stack/neutron/neutron/api/v2/base.py:727}}
Jun 27 01:57:34.786202 np0000003818 devstack@neutron-api.service[90434]: DEBUG neutron.pecan_wsgi.hooks.quota_enforcement [None req-400e750f-308d-49ce-98ae-e2baa618bccd admin admin] Made reservation on behalf of 9721ed39c31446e69c8c653d213c33a5 for: {'network': 1} {{(pid=90434) before /opt/stack/neutron/neutron/pecan_wsgi/hooks/quota_enforcement.py:66}}
Jun 27 01:57:34.788812 np0000003818 devstack@neutron-api.service[90434]: DEBUG neutron_lib.callbacks.manager [None req-400e750f-308d-49ce-98ae-e2baa618bccd admin admin] Publish callbacks ['neutron.plugins.ml2.plugin.SecurityGroupDbMixin._ensure_default_security_group_handler-72875'] for network (None), before_create {{(pid=90434) _notify_loop /opt/stack/data/venv/lib/python3.12/site-packages/neutron_lib/callbacks/manager.py:184}}
Jun 27 01:57:34.815227 np0000003818 devstack@neutron-api.service[90434]: WARNING neutron.services.revisions.revision_plugin [None req-400e750f-308d-49ce-98ae-e2baa618bccd admin admin] Could not find related network for resource to bump revision.
Jun 27 01:57:34.841278 np0000003818 devstack@neutron-api.service[90434]: DEBUG neutron.plugins.ml2.drivers.helpers [None req-400e750f-308d-49ce-98ae-e2baa618bccd admin admin] geneve segment allocate from pool success with {'geneve_vni': 51823} {{(pid=90434) allocate_partially_specified_segment /opt/stack/neutron/neutron/plugins/ml2/drivers/helpers.py:142}}
Jun 27 01:57:34.848260 np0000003818 devstack@neutron-api.service[90434]: DEBUG neutron_lib.callbacks.manager [None req-400e750f-308d-49ce-98ae-e2baa618bccd admin admin] Publish callbacks ['neutron.services.segments.db._add_segment_host_mapping_for_segment-8445048866076', 'neutron.plugins.ml2.plugin.Ml2Plugin._handle_segment_change-175833'] for segment (310f7639-f568-4fcc-bd51-c8c42866bdec), precommit_create {{(pid=90434) _notify_loop /opt/stack/data/venv/lib/python3.12/site-packages/neutron_lib/callbacks/manager.py:184}}
Jun 27 01:57:34.848424 np0000003818 devstack@neutron-api.service[90434]: INFO neutron.db.segments_db [None req-400e750f-308d-49ce-98ae-e2baa618bccd admin admin] Added segment 310f7639-f568-4fcc-bd51-c8c42866bdec of type geneve for network 3e9dc021-d77e-47bf-b0c3-988f7ed8fbad
Jun 27 01:57:34.861349 np0000003818 devstack@neutron-api.service[90434]: DEBUG neutron_lib.callbacks.manager [None req-400e750f-308d-49ce-98ae-e2baa618bccd admin admin] Publish callbacks ['neutron.services.auto_allocate.db._ensure_external_network_default_value_callback-8445046226978'] for network (3e9dc021-d77e-47bf-b0c3-988f7ed8fbad), precommit_create {{(pid=90434) _notify_loop /opt/stack/data/venv/lib/python3.12/site-packages/neutron_lib/callbacks/manager.py:184}}
Jun 27 01:57:34.871783 np0000003818 devstack@neutron-api.service[90434]: DEBUG neutron.plugins.ml2.drivers.ovn.mech_driver.mech_driver [None req-400e750f-308d-49ce-98ae-e2baa618bccd admin admin] Validating network segment with type geneve, segmentation ID 51823, physical network None {{(pid=90434) _validate_network_segments /opt/stack/neutron/neutron/plugins/ml2/drivers/ovn/mech_driver/mech_driver.py:646}}
Jun 27 01:57:34.871956 np0000003818 devstack@neutron-api.service[90434]: DEBUG neutron.db.ovn_revision_numbers_db [None req-400e750f-308d-49ce-98ae-e2baa618bccd admin admin] create_initial_revision uuid=3e9dc021-d77e-47bf-b0c3-988f7ed8fbad, type=networks, rev=-1 {{(pid=90434) create_initial_revision /opt/stack/neutron/neutron/db/ovn_revision_numbers_db.py:98}}
Jun 27 01:57:34.878572 np0000003818 devstack@neutron-api.service[90434]: DEBUG neutron_lib.callbacks.manager [None req-400e750f-308d-49ce-98ae-e2baa618bccd admin admin] Publish callbacks ['neutron.plugins.ml2.ovo_rpc._ObjectChangeHandler.handle_event-3386211'] for network (3e9dc021-d77e-47bf-b0c3-988f7ed8fbad), after_create {{(pid=90434) _notify_loop /opt/stack/data/venv/lib/python3.12/site-packages/neutron_lib/callbacks/manager.py:184}}
Jun 27 01:57:34.892993 np0000003818 devstack@neutron-api.service[90434]: DEBUG neutron.api.rpc.handlers.resources_rpc [None req-400e750f-308d-49ce-98ae-e2baa618bccd admin admin] Pushing event updated for resources: {'Network': ['ID=3e9dc021-d77e-47bf-b0c3-988f7ed8fbad,revision_number=1']} {{(pid=90434) push /opt/stack/neutron/neutron/api/rpc/handlers/resources_rpc.py:237}}
Jun 27 01:57:34.896859 np0000003818 devstack@neutron-api.service[90434]: DEBUG ovsdbapp.backend.ovs_idl.transaction [None req-0912304b-1f54-4663-bcfe-8b9a10f8ccb8 None None] Running txn n=1 command(idx=0): CheckLivenessCommand(_result=None) {{(pid=90434) do_commit /opt/stack/data/venv/lib/python3.12/site-packages/ovsdbapp/backend/ovs_idl/transaction.py:89}}
Jun 27 01:57:34.902703 np0000003818 devstack@neutron-api.service[90431]: DEBUG neutron.plugins.ml2.drivers.ovn.mech_driver.ovsdb.ovsdb_monitor [-] ChassisAgentWriteEvent : Matched Chassis_Private, update, None None {{(pid=90431) matches /opt/stack/neutron/neutron/plugins/ml2/drivers/ovn/mech_driver/ovsdb/ovsdb_monitor.py:64}}
Jun 27 01:57:34.903038 np0000003818 devstack@neutron-api.service[90434]: DEBUG neutron.plugins.ml2.drivers.ovn.mech_driver.ovsdb.ovsdb_monitor [-] ChassisAgentWriteEvent : Matched Chassis_Private, update, None None {{(pid=90434) matches /opt/stack/neutron/neutron/plugins/ml2/drivers/ovn/mech_driver/ovsdb/ovsdb_monitor.py:64}}
Jun 27 01:57:34.904053 np0000003818 devstack@neutron-api.service[90432]: DEBUG neutron.plugins.ml2.drivers.ovn.mech_driver.ovsdb.ovsdb_monitor [None req-78a44a2a-e9eb-4cf4-bff4-244eae54098f None None] ChassisAgentWriteEvent : Matched Chassis_Private, update, None None {{(pid=90432) matches /opt/stack/neutron/neutron/plugins/ml2/drivers/ovn/mech_driver/ovsdb/ovsdb_monitor.py:64}}
Jun 27 01:57:34.904365 np0000003818 devstack@neutron-api.service[90433]: DEBUG neutron.plugins.ml2.drivers.ovn.mech_driver.ovsdb.ovsdb_monitor [None req-01e5dbbb-7264-48e7-a53c-67b28e1bae26 None None] ChassisAgentWriteEvent : Matched Chassis_Private, update, None None {{(pid=90433) matches /opt/stack/neutron/neutron/plugins/ml2/drivers/ovn/mech_driver/ovsdb/ovsdb_monitor.py:64}}
Jun 27 01:57:34.912118 np0000003818 devstack@neutron-api.service[90433]: DEBUG neutron.common.ovn.hash_ring_manager [None req-d1b01b63-9b8f-45de-8613-78d47d2578ac None None] Hash Ring loaded. 4 active nodes. 0 offline nodes {{(pid=90433) _load_hash_ring /opt/stack/neutron/neutron/common/ovn/hash_ring_manager.py:110}}
Jun 27 01:57:34.912638 np0000003818 devstack@neutron-api.service[90434]: DEBUG neutron.common.ovn.hash_ring_manager [None req-0912304b-1f54-4663-bcfe-8b9a10f8ccb8 None None] Hash Ring loaded. 4 active nodes. 0 offline nodes {{(pid=90434) _load_hash_ring /opt/stack/neutron/neutron/common/ovn/hash_ring_manager.py:110}}
Jun 27 01:57:34.912733 np0000003818 devstack@neutron-api.service[90433]: DEBUG neutron.common.ovn.hash_ring_manager [None req-01e5dbbb-7264-48e7-a53c-67b28e1bae26 None None] Hash Ring loaded. 4 active nodes. 0 offline nodes {{(pid=90433) _load_hash_ring /opt/stack/neutron/neutron/common/ovn/hash_ring_manager.py:110}}
Jun 27 01:57:34.913841 np0000003818 devstack@neutron-api.service[90434]: DEBUG neutron.common.ovn.hash_ring_manager [-] Hash Ring loaded. 4 active nodes. 0 offline nodes {{(pid=90434) _load_hash_ring /opt/stack/neutron/neutron/common/ovn/hash_ring_manager.py:110}}
Jun 27 01:57:34.914449 np0000003818 devstack@neutron-api.service[90431]: DEBUG neutron.common.ovn.hash_ring_manager [None req-2ee535e0-414f-4613-9213-b3c7cd18a2cc None None] Hash Ring loaded. 4 active nodes. 0 offline nodes {{(pid=90431) _load_hash_ring /opt/stack/neutron/neutron/common/ovn/hash_ring_manager.py:110}}
Jun 27 01:57:34.915062 np0000003818 devstack@neutron-api.service[90431]: DEBUG neutron.common.ovn.hash_ring_manager [-] Hash Ring loaded. 4 active nodes. 0 offline nodes {{(pid=90431) _load_hash_ring /opt/stack/neutron/neutron/common/ovn/hash_ring_manager.py:110}}
Jun 27 01:57:34.915434 np0000003818 devstack@neutron-api.service[90431]: DEBUG neutron.plugins.ml2.drivers.ovn.mech_driver.ovsdb.ovsdb_monitor [-] Hash Ring: Node 22cf436103a455f69db9cd6e242584f1 (host: np0000003818) handling event "update" for row 5aba8f6a-c27f-482a-9c40-dd84cbafd3b5 (table: Chassis_Private) {{(pid=90431) notify /opt/stack/neutron/neutron/plugins/ml2/drivers/ovn/mech_driver/ovsdb/ovsdb_monitor.py:1015}}
Jun 27 01:57:34.915526 np0000003818 devstack@neutron-api.service[90432]: DEBUG neutron.common.ovn.hash_ring_manager [None req-b4f31adb-21e0-4a62-968c-c99975251ae7 None None] Hash Ring loaded. 4 active nodes. 0 offline nodes {{(pid=90432) _load_hash_ring /opt/stack/neutron/neutron/common/ovn/hash_ring_manager.py:110}}
Jun 27 01:57:34.915526 np0000003818 devstack@neutron-api.service[90432]: DEBUG neutron.plugins.ml2.drivers.ovn.mech_driver.ovsdb.ovsdb_monitor [None req-b4f31adb-21e0-4a62-968c-c99975251ae7 None None] Hash Ring: Node 1f611b4fe2e457eb811e1727595caefc (host: np0000003818) handling event "update" for row e4df8c04-39dd-44b9-8c12-3737c584bcf1 (table: NB_Global) {{(pid=90432) notify /opt/stack/neutron/neutron/plugins/ml2/drivers/ovn/mech_driver/ovsdb/ovsdb_monitor.py:1015}}
Jun 27 01:57:34.916462 np0000003818 devstack@neutron-api.service[90432]: DEBUG neutron.plugins.ml2.drivers.ovn.mech_driver.ovsdb.ovsdb_monitor [None req-b4f31adb-21e0-4a62-968c-c99975251ae7 None None] Hash Ring: Node 1f611b4fe2e457eb811e1727595caefc (host: np0000003818) handling event "update" for row e4df8c04-39dd-44b9-8c12-3737c584bcf1 (table: NB_Global) {{(pid=90432) notify /opt/stack/neutron/neutron/plugins/ml2/drivers/ovn/mech_driver/ovsdb/ovsdb_monitor.py:1015}}
Jun 27 01:57:34.916809 np0000003818 devstack@neutron-api.service[90434]: DEBUG neutron.api.rpc.callbacks.version_manager [None req-400e750f-308d-49ce-98ae-e2baa618bccd admin admin] Tracked resource versions report:
Jun 27 01:57:34.916809 np0000003818 devstack@neutron-api.service[90434]: pushed versions:
Jun 27 01:57:34.916809 np0000003818 devstack@neutron-api.service[90434]: { 'AddressGroup': {'1.2'},
Jun 27 01:57:34.916809 np0000003818 devstack@neutron-api.service[90434]: 'Agent': {'1.1'},
Jun 27 01:57:34.916809 np0000003818 devstack@neutron-api.service[90434]: 'ConntrackHelper': {'1.0'},
Jun 27 01:57:34.916809 np0000003818 devstack@neutron-api.service[90434]: 'LocalIPAssociation': {'1.0'},
Jun 27 01:57:34.916809 np0000003818 devstack@neutron-api.service[90434]: 'Log': {'1.0'},
Jun 27 01:57:34.916809 np0000003818 devstack@neutron-api.service[90434]: 'NDPProxy': {'1.0'},
Jun 27 01:57:34.916809 np0000003818 devstack@neutron-api.service[90434]: 'Network': {'1.3'},
Jun 27 01:57:34.916809 np0000003818 devstack@neutron-api.service[90434]: 'Port': {'1.11'},
Jun 27 01:57:34.916809 np0000003818 devstack@neutron-api.service[90434]: 'PortForwarding': {'1.3'},
Jun 27 01:57:34.916809 np0000003818 devstack@neutron-api.service[90434]: 'QosPolicy': {'1.10'},
Jun 27 01:57:34.916809 np0000003818 devstack@neutron-api.service[90434]: 'SecurityGroup': {'1.6'},
Jun 27 01:57:34.916809 np0000003818 devstack@neutron-api.service[90434]: 'SecurityGroupRule': {'1.3'},
Jun 27 01:57:34.916809 np0000003818 devstack@neutron-api.service[90434]: 'SubPort': {'1.0'},
Jun 27 01:57:34.916809 np0000003818 devstack@neutron-api.service[90434]: 'Subnet': {'1.2'},
Jun 27 01:57:34.916809 np0000003818 devstack@neutron-api.service[90434]: 'Trunk': {'1.1'}}
Jun 27 01:57:34.916809 np0000003818 devstack@neutron-api.service[90434]: consumer versions:
Jun 27 01:57:34.916809 np0000003818 devstack@neutron-api.service[90434]: { OVN Controller Gateway agent@np0000003818: {},
Jun 27 01:57:34.916809 np0000003818 devstack@neutron-api.service[90434]: OVN Neutron agent@np0000003818: {}}
Jun 27 01:57:34.916809 np0000003818 devstack@neutron-api.service[90434]: {{(pid=90434) report /opt/stack/neutron/neutron/api/rpc/callbacks/version_manager.py:183}}
Jun 27 01:57:34.917452 np0000003818 devstack@neutron-api.service[90432]: DEBUG neutron.plugins.ml2.drivers.ovn.mech_driver.ovsdb.ovsdb_monitor [None req-b4f31adb-21e0-4a62-968c-c99975251ae7 None None] Hash Ring: Node 1f611b4fe2e457eb811e1727595caefc (host: np0000003818) handling event "update" for row e4df8c04-39dd-44b9-8c12-3737c584bcf1 (table: NB_Global) {{(pid=90432) notify /opt/stack/neutron/neutron/plugins/ml2/drivers/ovn/mech_driver/ovsdb/ovsdb_monitor.py:1015}}
Jun 27 01:57:34.917809 np0000003818 devstack@neutron-api.service[90432]: DEBUG neutron.common.ovn.hash_ring_manager [None req-78a44a2a-e9eb-4cf4-bff4-244eae54098f None None] Hash Ring loaded. 4 active nodes. 0 offline nodes {{(pid=90432) _load_hash_ring /opt/stack/neutron/neutron/common/ovn/hash_ring_manager.py:110}}
Jun 27 01:57:34.918247 np0000003818 devstack@neutron-api.service[90432]: DEBUG neutron.plugins.ml2.drivers.ovn.mech_driver.ovsdb.ovsdb_monitor [None req-b4f31adb-21e0-4a62-968c-c99975251ae7 None None] Hash Ring: Node 1f611b4fe2e457eb811e1727595caefc (host: np0000003818) handling event "update" for row e4df8c04-39dd-44b9-8c12-3737c584bcf1 (table: NB_Global) {{(pid=90432) notify /opt/stack/neutron/neutron/plugins/ml2/drivers/ovn/mech_driver/ovsdb/ovsdb_monitor.py:1015}}
Jun 27 01:57:34.926194 np0000003818 devstack@neutron-api.service[90434]: DEBUG ovsdbapp.backend.ovs_idl.transaction [None req-0912304b-1f54-4663-bcfe-8b9a10f8ccb8 None None] Running txn n=1 command(idx=0): AddNetworkCommand(_result=None, network_uuid=3e9dc021-d77e-47bf-b0c3-988f7ed8fbad, may_exist=True, columns={'external_ids': {'neutron:network_name': 'shared', 'neutron:mtu': '1372', 'neutron:revision_number': '1', 'neutron:availability_zone_hints': '', 'neutron:provnet-network-type': 'geneve'}, 'other_config': {'mcast_snoop': 'false', 'mcast_flood_unregistered': 'false', 'vlan-passthru': 'false'}}) {{(pid=90434) do_commit /opt/stack/data/venv/lib/python3.12/site-packages/ovsdbapp/backend/ovs_idl/transaction.py:89}}
Jun 27 01:57:34.930755 np0000003818 devstack@neutron-api.service[90431]: DEBUG neutron.plugins.ml2.drivers.ovn.mech_driver.ovsdb.ovsdb_monitor [None req-2ee535e0-414f-4613-9213-b3c7cd18a2cc None None] Hash Ring: Node 22cf436103a455f69db9cd6e242584f1 (host: np0000003818) handling event "create" for row 3e9dc021-d77e-47bf-b0c3-988f7ed8fbad (table: Logical_Switch) {{(pid=90431) notify /opt/stack/neutron/neutron/plugins/ml2/drivers/ovn/mech_driver/ovsdb/ovsdb_monitor.py:1015}}
Jun 27 01:57:34.932265 np0000003818 devstack@neutron-api.service[90431]: DEBUG neutron.plugins.ml2.drivers.ovn.mech_driver.ovsdb.ovsdb_monitor [-] Hash Ring: Node 22cf436103a455f69db9cd6e242584f1 (host: np0000003818) handling event "create" for row ff050a91-8da2-484d-afac-3db9366a2e9b (table: Datapath_Binding) {{(pid=90431) notify /opt/stack/neutron/neutron/plugins/ml2/drivers/ovn/mech_driver/ovsdb/ovsdb_monitor.py:1015}}
Jun 27 01:57:34.951295 np0000003818 devstack@neutron-api.service[90434]: INFO neutron.db.ovn_revision_numbers_db [None req-400e750f-308d-49ce-98ae-e2baa618bccd admin admin] Successfully bumped revision number for resource 3e9dc021-d77e-47bf-b0c3-988f7ed8fbad (type: networks) to 1
Jun 27 01:57:34.962722 np0000003818 devstack@neutron-api.service[90434]: DEBUG neutron_lib.callbacks.manager [None req-400e750f-308d-49ce-98ae-e2baa618bccd admin admin] Publish callbacks ['neutron.plugins.ml2.plugin.SecurityGroupDbMixin._ensure_default_security_group_handler-72875'] for port (None), before_create {{(pid=90434) _notify_loop /opt/stack/data/venv/lib/python3.12/site-packages/neutron_lib/callbacks/manager.py:184}}
Jun 27 01:57:35.025843 np0000003818 devstack@neutron-api.service[90434]: DEBUG neutron_lib.callbacks.manager [None req-400e750f-308d-49ce-98ae-e2baa618bccd admin admin] Publish callbacks ['neutron.plugins.ml2.drivers.ovn.mech_driver.mech_driver.OVNMechanismDriver._validate_allowed_address_pairs-4000683'] for allowed_address_pair (38e77d5b-1f32-4b6b-988f-b428a45a0a82), before_create {{(pid=90434) _notify_loop /opt/stack/data/venv/lib/python3.12/site-packages/neutron_lib/callbacks/manager.py:184}}
Jun 27 01:57:35.026450 np0000003818 devstack@neutron-api.service[90434]: DEBUG neutron_lib.callbacks.manager [None req-400e750f-308d-49ce-98ae-e2baa618bccd admin admin] Publish callbacks [] for port (38e77d5b-1f32-4b6b-988f-b428a45a0a82), precommit_create {{(pid=90434) _notify_loop /opt/stack/data/venv/lib/python3.12/site-packages/neutron_lib/callbacks/manager.py:184}}
Jun 27 01:57:35.026654 np0000003818 devstack@neutron-api.service[90434]: DEBUG neutron.plugins.ml2.drivers.ovn.mech_driver.mech_driver [None req-400e750f-308d-49ce-98ae-e2baa618bccd admin admin] No provisioning block for port 38e77d5b-1f32-4b6b-988f-b428a45a0a82 since it does not have a host {{(pid=90434) _is_port_provisioning_required /opt/stack/neutron/neutron/plugins/ml2/drivers/ovn/mech_driver/mech_driver.py:899}}
Jun 27 01:57:35.026821 np0000003818 devstack@neutron-api.service[90434]: DEBUG neutron.db.ovn_revision_numbers_db [None req-400e750f-308d-49ce-98ae-e2baa618bccd admin admin] create_initial_revision uuid=38e77d5b-1f32-4b6b-988f-b428a45a0a82, type=ports, rev=-1 {{(pid=90434) create_initial_revision /opt/stack/neutron/neutron/db/ovn_revision_numbers_db.py:98}}
