Jun 04 20:41:27.530190 np0000002192 devstack@c-api.service[99246]: INFO cinder.api.openstack.wsgi [None req-bad7b4b2-902b-4803-8b10-4d7ceb469718 tempest-ServerRescueNegativeTestJSON-1778069649 tempest-ServerRescueNegativeTestJSON-1778069649-project-member] GET https://10.4.3.238/volume/v3/volumes/64d7626d-b5f6-4cc8-afb6-4f45fd36486b
Jun 04 20:41:27.530410 np0000002192 devstack@c-api.service[99246]: DEBUG cinder.api.openstack.wsgi [None req-bad7b4b2-902b-4803-8b10-4d7ceb469718 tempest-ServerRescueNegativeTestJSON-1778069649 tempest-ServerRescueNegativeTestJSON-1778069649-project-member] Empty body provided in request {{(pid=99246) get_body /opt/stack/cinder/cinder/api/openstack/wsgi.py:725}}
Jun 04 20:41:27.530680 np0000002192 devstack@c-api.service[99246]: DEBUG cinder.api.openstack.wsgi [None req-bad7b4b2-902b-4803-8b10-4d7ceb469718 tempest-ServerRescueNegativeTestJSON-1778069649 tempest-ServerRescueNegativeTestJSON-1778069649-project-member] Calling method 'show' {{(pid=99246) _process_stack /opt/stack/cinder/cinder/api/openstack/wsgi.py:878}}
Jun 04 20:41:27.537412 np0000002192 devstack@c-api.service[99249]: DEBUG cinder.api.middleware.request_id [None req-b202f467-f664-4a0e-bd85-c8b6785a2e10 None None] RequestId filter calling following filter/app {{(pid=99249) _context_setter /opt/stack/cinder/cinder/api/middleware/request_id.py:62}}
Jun 04 20:41:27.539125 np0000002192 devstack@c-api.service[99249]: INFO cinder.api.openstack.wsgi [None req-b202f467-f664-4a0e-bd85-c8b6785a2e10 tempest-UserMessagesTest-1961344516 tempest-UserMessagesTest-1961344516-project-member] DELETE https://10.4.3.238/volume/v3/volumes/7cb27d6c-2aeb-40bc-afd5-2980e4c196ac
Jun 04 20:41:27.539320 np0000002192 devstack@c-api.service[99249]: DEBUG cinder.api.openstack.wsgi [None req-b202f467-f664-4a0e-bd85-c8b6785a2e10 tempest-UserMessagesTest-1961344516 tempest-UserMessagesTest-1961344516-project-member] Empty body provided in request {{(pid=99249) get_body /opt/stack/cinder/cinder/api/openstack/wsgi.py:725}}
Jun 04 20:41:27.539498 np0000002192 devstack@c-api.service[99249]: DEBUG cinder.api.openstack.wsgi [None req-b202f467-f664-4a0e-bd85-c8b6785a2e10 tempest-UserMessagesTest-1961344516 tempest-UserMessagesTest-1961344516-project-member] Calling method 'delete' {{(pid=99249) _process_stack /opt/stack/cinder/cinder/api/openstack/wsgi.py:878}}
Jun 04 20:41:27.539643 np0000002192 devstack@c-api.service[99249]: INFO cinder.api.v3.volumes [None req-b202f467-f664-4a0e-bd85-c8b6785a2e10 tempest-UserMessagesTest-1961344516 tempest-UserMessagesTest-1961344516-project-member] Delete volume with id: 7cb27d6c-2aeb-40bc-afd5-2980e4c196ac
Jun 04 20:41:27.540593 np0000002192 devstack@c-api.service[99246]: /opt/stack/data/venv/lib/python3.12/site-packages/oslo_context/context.py:102: DeprecationWarning: Policy enforcement is depending on the value of is_admin. This key is deprecated. Please update your policy file to use the standard policy values.
Jun 04 20:41:27.540593 np0000002192 devstack@c-api.service[99246]: warnings.warn(
Jun 04 20:41:27.543925 np0000002192 devstack@c-api.service[99246]: INFO cinder.volume.api [None req-bad7b4b2-902b-4803-8b10-4d7ceb469718 tempest-ServerRescueNegativeTestJSON-1778069649 tempest-ServerRescueNegativeTestJSON-1778069649-project-member] Volume info retrieved successfully.
Jun 04 20:41:27.546203 np0000002192 devstack@c-api.service[99249]: /opt/stack/data/venv/lib/python3.12/site-packages/oslo_context/context.py:102: DeprecationWarning: Policy enforcement is depending on the value of is_admin. This key is deprecated. Please update your policy file to use the standard policy values.
Jun 04 20:41:27.546203 np0000002192 devstack@c-api.service[99249]: warnings.warn(
Jun 04 20:41:27.546697 np0000002192 devstack@c-api.service[99249]: INFO cinder.volume.api [None req-b202f467-f664-4a0e-bd85-c8b6785a2e10 tempest-UserMessagesTest-1961344516 tempest-UserMessagesTest-1961344516-project-member] Volume info retrieved successfully.
Jun 04 20:41:27.547763 np0000002192 devstack@c-api.service[99249]: DEBUG cinder.volume.api [None req-b202f467-f664-4a0e-bd85-c8b6785a2e10 tempest-UserMessagesTest-1961344516 tempest-UserMessagesTest-1961344516-project-member] Decrease volume quotas for non temporary volume in non error_managing status. {{(pid=99249) delete /opt/stack/cinder/cinder/volume/api.py:433}}
Jun 04 20:41:27.548552 np0000002192 devstack@c-api.service[99246]: INFO cinder.api.openstack.wsgi [None req-bad7b4b2-902b-4803-8b10-4d7ceb469718 tempest-ServerRescueNegativeTestJSON-1778069649 tempest-ServerRescueNegativeTestJSON-1778069649-project-member] https://10.4.3.238/volume/v3/volumes/64d7626d-b5f6-4cc8-afb6-4f45fd36486b returned with HTTP 200
Jun 04 20:41:27.549077 np0000002192 devstack@c-api.service[99246]: [pid: 99246|app: 0|req: 124/378] 10.4.3.238 () {66 vars in 1348 bytes} [Thu Jun 4 20:41:27 2026] GET /volume/v3/volumes/64d7626d-b5f6-4cc8-afb6-4f45fd36486b => generated 1144 bytes in 21 msecs (HTTP/1.1 200) 7 headers in 286 bytes (1 switches on core 0)
Jun 04 20:41:27.560654 np0000002192 devstack@c-api.service[99249]: WARNING cinder.quota [None req-b202f467-f664-4a0e-bd85-c8b6785a2e10 tempest-UserMessagesTest-1961344516 tempest-UserMessagesTest-1961344516-project-member] Deprecated: Default quota for resource: volumes_tempest-UserMessagesTest-volume-type-1386248890 is set by the default quota flag: quota_volumes_tempest-UserMessagesTest-volume-type-1386248890, it is now deprecated. Please use the default quota class for default quota.
Jun 04 20:41:27.560909 np0000002192 devstack@c-api.service[99249]: WARNING cinder.quota [None req-b202f467-f664-4a0e-bd85-c8b6785a2e10 tempest-UserMessagesTest-1961344516 tempest-UserMessagesTest-1961344516-project-member] Deprecated: Default quota for resource: gigabytes_tempest-UserMessagesTest-volume-type-1386248890 is set by the default quota flag: quota_gigabytes_tempest-UserMessagesTest-volume-type-1386248890, it is now deprecated. Please use the default quota class for default quota.
Jun 04 20:41:27.571016 np0000002192 devstack@c-api.service[99249]: DEBUG cinder.quota [None req-b202f467-f664-4a0e-bd85-c8b6785a2e10 tempest-UserMessagesTest-1961344516 tempest-UserMessagesTest-1961344516-project-member] Created reservations ['cfd46b65-1784-4a75-bfe9-12c16e329175', 'a4a3fca5-6db2-47e7-b9df-f18bc63892a5', '4ccb3921-f6dc-4184-954d-bcdc0893d780', '286e58c2-fef7-4557-a4fb-5e5a9a321649'] {{(pid=99249) reserve /opt/stack/cinder/cinder/quota.py:752}}
Jun 04 20:41:27.597312 np0000002192 devstack@c-api.service[99246]: DEBUG cinder.api.middleware.request_id [req-98a1bebc-755b-46ec-812e-02f946ee657b req-dae064b5-237e-4f7e-83e8-929fb0acc659 None None] RequestId filter calling following filter/app {{(pid=99246) _context_setter /opt/stack/cinder/cinder/api/middleware/request_id.py:62}}
Jun 04 20:41:27.599164 np0000002192 devstack@c-api.service[99246]: INFO cinder.api.openstack.wsgi [req-98a1bebc-755b-46ec-812e-02f946ee657b req-dae064b5-237e-4f7e-83e8-929fb0acc659 tempest-ServerRescueNegativeTestJSON-1778069649 tempest-ServerRescueNegativeTestJSON-1778069649-project-member] GET https://10.4.3.238/volume/v3/volumes/64d7626d-b5f6-4cc8-afb6-4f45fd36486b
Jun 04 20:41:27.599347 np0000002192 devstack@c-api.service[99246]: DEBUG cinder.api.openstack.wsgi [req-98a1bebc-755b-46ec-812e-02f946ee657b req-dae064b5-237e-4f7e-83e8-929fb0acc659 tempest-ServerRescueNegativeTestJSON-1778069649 tempest-ServerRescueNegativeTestJSON-1778069649-project-member] Empty body provided in request {{(pid=99246) get_body /opt/stack/cinder/cinder/api/openstack/wsgi.py:725}}
Jun 04 20:41:27.599542 np0000002192 devstack@c-api.service[99246]: DEBUG cinder.api.openstack.wsgi [req-98a1bebc-755b-46ec-812e-02f946ee657b req-dae064b5-237e-4f7e-83e8-929fb0acc659 tempest-ServerRescueNegativeTestJSON-1778069649 tempest-ServerRescueNegativeTestJSON-1778069649-project-member] Calling method 'show' {{(pid=99246) _process_stack /opt/stack/cinder/cinder/api/openstack/wsgi.py:878}}
Jun 04 20:41:27.603817 np0000002192 devstack@c-api.service[99249]: INFO cinder.volume.api [None req-b202f467-f664-4a0e-bd85-c8b6785a2e10 tempest-UserMessagesTest-1961344516 tempest-UserMessagesTest-1961344516-project-member] Delete volume request issued successfully.
Jun 04 20:41:27.604109 np0000002192 devstack@c-api.service[99249]: INFO cinder.api.openstack.wsgi [None req-b202f467-f664-4a0e-bd85-c8b6785a2e10 tempest-UserMessagesTest-1961344516 tempest-UserMessagesTest-1961344516-project-member] https://10.4.3.238/volume/v3/volumes/7cb27d6c-2aeb-40bc-afd5-2980e4c196ac returned with HTTP 202
Jun 04 20:41:27.604697 np0000002192 devstack@c-api.service[99249]: [pid: 99249|app: 0|req: 130/379] 10.4.3.238 () {68 vars in 1391 bytes} [Thu Jun 4 20:41:27 2026] DELETE /volume/v3/volumes/7cb27d6c-2aeb-40bc-afd5-2980e4c196ac => generated 0 bytes in 68 msecs (HTTP/1.1 202) 6 headers in 233 bytes (1 switches on core 0)
Jun 04 20:41:27.608936 np0000002192 devstack@c-api.service[99246]: /opt/stack/data/venv/lib/python3.12/site-packages/oslo_context/context.py:102: DeprecationWarning: Policy enforcement is depending on the value of is_admin. This key is deprecated. Please update your policy file to use the standard policy values.
Jun 04 20:41:27.608936 np0000002192 devstack@c-api.service[99246]: warnings.warn(
Jun 04 20:41:27.611216 np0000002192 devstack@c-api.service[99246]: INFO cinder.volume.api [req-98a1bebc-755b-46ec-812e-02f946ee657b req-dae064b5-237e-4f7e-83e8-929fb0acc659 tempest-ServerRescueNegativeTestJSON-1778069649 tempest-ServerRescueNegativeTestJSON-1778069649-project-member] Volume info retrieved successfully.
Jun 04 20:41:27.612386 np0000002192 devstack@c-api.service[99249]: DEBUG cinder.api.middleware.request_id [None req-864099de-e602-4c39-b96c-dc071701e8af None None] RequestId filter calling following filter/app {{(pid=99249) _context_setter /opt/stack/cinder/cinder/api/middleware/request_id.py:62}}
Jun 04 20:41:27.614639 np0000002192 devstack@c-api.service[99249]: INFO cinder.api.openstack.wsgi [None req-864099de-e602-4c39-b96c-dc071701e8af tempest-UserMessagesTest-1961344516 tempest-UserMessagesTest-1961344516-project-member] GET https://10.4.3.238/volume/v3/volumes/7cb27d6c-2aeb-40bc-afd5-2980e4c196ac
Jun 04 20:41:27.614796 np0000002192 devstack@c-api.service[99246]: INFO cinder.api.openstack.wsgi [req-98a1bebc-755b-46ec-812e-02f946ee657b req-dae064b5-237e-4f7e-83e8-929fb0acc659 tempest-ServerRescueNegativeTestJSON-1778069649 tempest-ServerRescueNegativeTestJSON-1778069649-project-member] https://10.4.3.238/volume/v3/volumes/64d7626d-b5f6-4cc8-afb6-4f45fd36486b returned with HTTP 200
Jun 04 20:41:27.614904 np0000002192 devstack@c-api.service[99249]: DEBUG cinder.api.openstack.wsgi [None req-864099de-e602-4c39-b96c-dc071701e8af tempest-UserMessagesTest-1961344516 tempest-UserMessagesTest-1961344516-project-member] Empty body provided in request {{(pid=99249) get_body /opt/stack/cinder/cinder/api/openstack/wsgi.py:725}}
Jun 04 20:41:27.615180 np0000002192 devstack@c-api.service[99246]: [pid: 99246|app: 0|req: 125/380] 10.4.3.238 () {68 vars in 1598 bytes} [Thu Jun 4 20:41:27 2026] GET /volume/v3/volumes/64d7626d-b5f6-4cc8-afb6-4f45fd36486b => generated 1144 bytes in 18 msecs (HTTP/1.1 200) 7 headers in 286 bytes (1 switches on core 0)
Jun 04 20:41:27.615232 np0000002192 devstack@c-api.service[99249]: DEBUG cinder.api.openstack.wsgi [None req-864099de-e602-4c39-b96c-dc071701e8af tempest-UserMessagesTest-1961344516 tempest-UserMessagesTest-1961344516-project-member] Calling method 'show' {{(pid=99249) _process_stack /opt/stack/cinder/cinder/api/openstack/wsgi.py:878}}
Jun 04 20:41:27.623453 np0000002192 devstack@c-api.service[99249]: INFO cinder.api.openstack.wsgi [None req-864099de-e602-4c39-b96c-dc071701e8af tempest-UserMessagesTest-1961344516 tempest-UserMessagesTest-1961344516-project-member] https://10.4.3.238/volume/v3/volumes/7cb27d6c-2aeb-40bc-afd5-2980e4c196ac returned with HTTP 404
Jun 04 20:41:27.624743 np0000002192 devstack@c-api.service[99249]: [pid: 99249|app: 0|req: 131/381] 10.4.3.238 () {68 vars in 1388 bytes} [Thu Jun 4 20:41:27 2026] GET /volume/v3/volumes/7cb27d6c-2aeb-40bc-afd5-2980e4c196ac => generated 109 bytes in 12 msecs (HTTP/1.1 404) 7 headers in 292 bytes (1 switches on core 0)
Jun 04 20:41:27.632555 np0000002192 devstack@c-api.service[99246]: DEBUG cinder.api.middleware.request_id [None req-c06359a2-fe7b-4b6e-b18a-8b8f698397ab None None] RequestId filter calling following filter/app {{(pid=99246) _context_setter /opt/stack/cinder/cinder/api/middleware/request_id.py:62}}
Jun 04 20:41:27.636552 np0000002192 devstack@c-api.service[99246]: INFO cinder.api.openstack.wsgi [None req-c06359a2-fe7b-4b6e-b18a-8b8f698397ab tempest-UserMessagesTest-1297991178 tempest-UserMessagesTest-1297991178-project-admin] DELETE https://10.4.3.238/volume/v3/types/dc7d0a0b-49e4-4bcd-92d9-e41ab77a2cc0
Jun 04 20:41:27.636720 np0000002192 devstack@c-api.service[99246]: DEBUG cinder.api.openstack.wsgi [None req-c06359a2-fe7b-4b6e-b18a-8b8f698397ab tempest-UserMessagesTest-1297991178 tempest-UserMessagesTest-1297991178-project-admin] Empty body provided in request {{(pid=99246) get_body /opt/stack/cinder/cinder/api/openstack/wsgi.py:725}}
Jun 04 20:41:27.636900 np0000002192 devstack@c-api.service[99246]: DEBUG cinder.api.openstack.wsgi [None req-c06359a2-fe7b-4b6e-b18a-8b8f698397ab tempest-UserMessagesTest-1297991178 tempest-UserMessagesTest-1297991178-project-admin] Calling method '_delete' {{(pid=99246) _process_stack /opt/stack/cinder/cinder/api/openstack/wsgi.py:878}}
Jun 04 20:41:27.660055 np0000002192 devstack@c-api.service[99248]: INFO cinder.api.openstack.wsgi [None req-eb75fccc-307e-4fdd-b407-8698e6f2d8e0 tempest-BackendsCapabilitiesAdminTestsJSON-2076728475 tempest-BackendsCapabilitiesAdminTestsJSON-2076728475-project-admin] https://10.4.3.238/volume/v3/scheduler-stats/get_pools?detail=True returned with HTTP 200
Jun 04 20:41:27.660526 np0000002192 devstack@c-api.service[99248]: [pid: 99248|app: 0|req: 126/382] 10.4.3.238 () {66 vars in 1314 bytes} [Thu Jun 4 20:41:27 2026] GET /volume/v3/scheduler-stats/get_pools?detail=True => generated 1167 bytes in 505 msecs (HTTP/1.1 200) 7 headers in 286 bytes (1 switches on core 0)
Jun 04 20:41:27.671692 np0000002192 devstack@c-api.service[99249]: DEBUG cinder.api.middleware.request_id [None req-73c33693-43ab-41af-b1d9-0abb0421e14d None None] RequestId filter calling following filter/app {{(pid=99249) _context_setter /opt/stack/cinder/cinder/api/middleware/request_id.py:62}}
Jun 04 20:41:27.673751 np0000002192 devstack@c-api.service[99249]: INFO cinder.api.openstack.wsgi [None req-73c33693-43ab-41af-b1d9-0abb0421e14d tempest-BackendsCapabilitiesAdminTestsJSON-2076728475 tempest-BackendsCapabilitiesAdminTestsJSON-2076728475-project-admin] GET https://10.4.3.238/volume/v3/capabilities/np0000002192@storpool
Jun 04 20:41:27.673751 np0000002192 devstack@c-api.service[99249]: DEBUG cinder.api.openstack.wsgi [None req-73c33693-43ab-41af-b1d9-0abb0421e14d tempest-BackendsCapabilitiesAdminTestsJSON-2076728475 tempest-BackendsCapabilitiesAdminTestsJSON-2076728475-project-admin] Empty body provided in request {{(pid=99249) get_body /opt/stack/cinder/cinder/api/openstack/wsgi.py:725}}
Jun 04 20:41:27.673894 np0000002192 devstack@c-api.service[99249]: DEBUG cinder.api.openstack.wsgi [None req-73c33693-43ab-41af-b1d9-0abb0421e14d tempest-BackendsCapabilitiesAdminTestsJSON-2076728475 tempest-BackendsCapabilitiesAdminTestsJSON-2076728475-project-admin] Calling method 'show' {{(pid=99249) _process_stack /opt/stack/cinder/cinder/api/openstack/wsgi.py:878}}
Jun 04 20:41:27.700901 np0000002192 devstack@c-api.service[99248]: DEBUG cinder.api.middleware.request_id [None req-a989a20d-8d60-42db-9dfb-51abb4177a41 None None] RequestId filter calling following filter/app {{(pid=99248) _context_setter /opt/stack/cinder/cinder/api/middleware/request_id.py:62}}
Jun 04 20:41:27.702767 np0000002192 devstack@c-api.service[99248]: INFO cinder.api.openstack.wsgi [None req-a989a20d-8d60-42db-9dfb-51abb4177a41 tempest-TestMultiAttachVolumeSwap-848571104 tempest-TestMultiAttachVolumeSwap-848571104-project-member] GET https://10.4.3.238/volume/v3/volumes/3349fed3-e712-4bc2-8388-3f23dd7237dd
Jun 04 20:41:27.703189 np0000002192 devstack@c-api.service[99248]: DEBUG cinder.api.openstack.wsgi [None req-a989a20d-8d60-42db-9dfb-51abb4177a41 tempest-TestMultiAttachVolumeSwap-848571104 tempest-TestMultiAttachVolumeSwap-848571104-project-member] Empty body provided in request {{(pid=99248) get_body /opt/stack/cinder/cinder/api/openstack/wsgi.py:725}}
Jun 04 20:41:27.703189 np0000002192 devstack@c-api.service[99248]: DEBUG cinder.api.openstack.wsgi [None req-a989a20d-8d60-42db-9dfb-51abb4177a41 tempest-TestMultiAttachVolumeSwap-848571104 tempest-TestMultiAttachVolumeSwap-848571104-project-member] Calling method 'show' {{(pid=99248) _process_stack /opt/stack/cinder/cinder/api/openstack/wsgi.py:878}}
Jun 04 20:41:27.703603 np0000002192 devstack@c-api.service[99246]: INFO cinder.api.openstack.wsgi [None req-c06359a2-fe7b-4b6e-b18a-8b8f698397ab tempest-UserMessagesTest-1297991178 tempest-UserMessagesTest-1297991178-project-admin] https://10.4.3.238/volume/v3/types/dc7d0a0b-49e4-4bcd-92d9-e41ab77a2cc0 returned with HTTP 202
Jun 04 20:41:27.704090 np0000002192 devstack@c-api.service[99246]: [pid: 99246|app: 0|req: 126/383] 10.4.3.238 () {66 vars in 1345 bytes} [Thu Jun 4 20:41:27 2026] DELETE /volume/v3/types/dc7d0a0b-49e4-4bcd-92d9-e41ab77a2cc0 => generated 0 bytes in 72 msecs (HTTP/1.1 202) 6 headers in 233 bytes (1 switches on core 0)
Jun 04 20:41:27.712971 np0000002192 devstack@c-api.service[99246]: DEBUG cinder.api.middleware.request_id [None req-177bf741-2280-4a88-89ec-c2d6dcda744f None None] RequestId filter calling following filter/app {{(pid=99246) _context_setter /opt/stack/cinder/cinder/api/middleware/request_id.py:62}}
Jun 04 20:41:27.714823 np0000002192 devstack@c-api.service[99246]: INFO cinder.api.openstack.wsgi [None req-177bf741-2280-4a88-89ec-c2d6dcda744f tempest-UserMessagesTest-1297991178 tempest-UserMessagesTest-1297991178-project-admin] GET https://10.4.3.238/volume/v3/types/dc7d0a0b-49e4-4bcd-92d9-e41ab77a2cc0
Jun 04 20:41:27.715453 np0000002192 devstack@c-api.service[99246]: DEBUG cinder.api.openstack.wsgi [None req-177bf741-2280-4a88-89ec-c2d6dcda744f tempest-UserMessagesTest-1297991178 tempest-UserMessagesTest-1297991178-project-admin] Empty body provided in request {{(pid=99246) get_body /opt/stack/cinder/cinder/api/openstack/wsgi.py:725}}
Jun 04 20:41:27.715453 np0000002192 devstack@c-api.service[99246]: DEBUG cinder.api.openstack.wsgi [None req-177bf741-2280-4a88-89ec-c2d6dcda744f tempest-UserMessagesTest-1297991178 tempest-UserMessagesTest-1297991178-project-admin] Calling method 'show' {{(pid=99246) _process_stack /opt/stack/cinder/cinder/api/openstack/wsgi.py:878}}
Jun 04 20:41:27.716056 np0000002192 devstack@c-api.service[99248]: /opt/stack/data/venv/lib/python3.12/site-packages/oslo_context/context.py:102: DeprecationWarning: Policy enforcement is depending on the value of is_admin. This key is deprecated. Please update your policy file to use the standard policy values.
Jun 04 20:41:27.716056 np0000002192 devstack@c-api.service[99248]: warnings.warn(
Jun 04 20:41:27.718795 np0000002192 devstack@c-api.service[99246]: INFO cinder.api.openstack.wsgi [None req-177bf741-2280-4a88-89ec-c2d6dcda744f tempest-UserMessagesTest-1297991178 tempest-UserMessagesTest-1297991178-project-admin] https://10.4.3.238/volume/v3/types/dc7d0a0b-49e4-4bcd-92d9-e41ab77a2cc0 returned with HTTP 404
Jun 04 20:41:27.719294 np0000002192 devstack@c-api.service[99246]: [pid: 99246|app: 0|req: 127/384] 10.4.3.238 () {66 vars in 1342 bytes} [Thu Jun 4 20:41:27 2026] GET /volume/v3/types/dc7d0a0b-49e4-4bcd-92d9-e41ab77a2cc0 => generated 114 bytes in 7 msecs (HTTP/1.1 404) 7 headers in 292 bytes (1 switches on core 0)
Jun 04 20:41:27.720867 np0000002192 devstack@c-api.service[99248]: INFO cinder.volume.api [None req-a989a20d-8d60-42db-9dfb-51abb4177a41 tempest-TestMultiAttachVolumeSwap-848571104 tempest-TestMultiAttachVolumeSwap-848571104-project-member] Volume info retrieved successfully.
Jun 04 20:41:27.726942 np0000002192 devstack@c-api.service[99248]: INFO cinder.api.openstack.wsgi [None req-a989a20d-8d60-42db-9dfb-51abb4177a41 tempest-TestMultiAttachVolumeSwap-848571104 tempest-TestMultiAttachVolumeSwap-848571104-project-member] https://10.4.3.238/volume/v3/volumes/3349fed3-e712-4bc2-8388-3f23dd7237dd returned with HTTP 200
Jun 04 20:41:27.727445 np0000002192 devstack@c-api.service[99248]: [pid: 99248|app: 0|req: 127/385] 10.4.3.238 () {66 vars in 1348 bytes} [Thu Jun 4 20:41:27 2026] GET /volume/v3/volumes/3349fed3-e712-4bc2-8388-3f23dd7237dd => generated 869 bytes in 27 msecs (HTTP/1.1 200) 7 headers in 285 bytes (1 switches on core 0)
Jun 04 20:41:27.731445 np0000002192 devstack@c-api.service[99246]: DEBUG cinder.api.middleware.request_id [None req-2acc1b32-cda4-4da4-9307-62003edf7601 None None] RequestId filter calling following filter/app {{(pid=99246) _context_setter /opt/stack/cinder/cinder/api/middleware/request_id.py:62}}
Jun 04 20:41:27.732809 np0000002192 devstack@c-api.service[99246]: INFO cinder.api.openstack.wsgi [None req-2acc1b32-cda4-4da4-9307-62003edf7601 tempest-UserMessagesTest-1297991178 tempest-UserMessagesTest-1297991178-project-admin] POST https://10.4.3.238/volume/v3/types
Jun 04 20:41:27.733199 np0000002192 devstack@c-api.service[99246]: DEBUG cinder.api.openstack.wsgi [None req-2acc1b32-cda4-4da4-9307-62003edf7601 tempest-UserMessagesTest-1297991178 tempest-UserMessagesTest-1297991178-project-admin] Action: 'create', calling method: _create, body: {"volume_type": {"name": "tempest-UserMessagesTest-volume-type-616678296", "extra_specs": {"storage_protocol": "tempest-storage_protocol-1964667033", "vendor_name": "tempest-vendor_name-1602142465"}}} {{(pid=99246) _process_stack /opt/stack/cinder/cinder/api/openstack/wsgi.py:876}}
Jun 04 20:41:27.751814 np0000002192 devstack@c-api.service[99246]: INFO cinder.api.openstack.wsgi [None req-2acc1b32-cda4-4da4-9307-62003edf7601 tempest-UserMessagesTest-1297991178 tempest-UserMessagesTest-1297991178-project-admin] https://10.4.3.238/volume/v3/types returned with HTTP 200
Jun 04 20:41:27.752737 np0000002192 devstack@c-api.service[99246]: [pid: 99246|app: 0|req: 128/386] 10.4.3.238 () {68 vars in 1253 bytes} [Thu Jun 4 20:41:27 2026] POST /volume/v3/types => generated 327 bytes in 22 msecs (HTTP/1.1 200) 7 headers in 285 bytes (1 switches on core 0)
Jun 04 20:41:27.759424 np0000002192 devstack@c-api.service[99248]: DEBUG cinder.api.middleware.request_id [None req-e0403f3a-f5bb-4bf4-b07a-3455c05ac30a None None] RequestId filter calling following filter/app {{(pid=99248) _context_setter /opt/stack/cinder/cinder/api/middleware/request_id.py:62}}
Jun 04 20:41:27.761127 np0000002192 devstack@c-api.service[99248]: INFO cinder.api.openstack.wsgi [None req-e0403f3a-f5bb-4bf4-b07a-3455c05ac30a tempest-UserMessagesTest-1961344516 tempest-UserMessagesTest-1961344516-project-member] POST https://10.4.3.238/volume/v3/volumes
Jun 04 20:41:27.761484 np0000002192 devstack@c-api.service[99248]: DEBUG cinder.api.openstack.wsgi [None req-e0403f3a-f5bb-4bf4-b07a-3455c05ac30a tempest-UserMessagesTest-1961344516 tempest-UserMessagesTest-1961344516-project-member] Action: 'create', calling method: create, body: {"volume": {"volume_type": "18c5e837-9624-4693-87ac-327561d91b9c", "size": 1, "name": "tempest-UserMessagesTest-Volume-469953761"}} {{(pid=99248) _process_stack /opt/stack/cinder/cinder/api/openstack/wsgi.py:876}}
Jun 04 20:41:27.763067 np0000002192 devstack@c-api.service[99248]: DEBUG cinder.api.v3.volumes [None req-e0403f3a-f5bb-4bf4-b07a-3455c05ac30a tempest-UserMessagesTest-1961344516 tempest-UserMessagesTest-1961344516-project-member] Create volume request body: {'volume': {'volume_type': '18c5e837-9624-4693-87ac-327561d91b9c', 'size': 1, 'name': 'tempest-UserMessagesTest-Volume-469953761'}} {{(pid=99248) create /opt/stack/cinder/cinder/api/v3/volumes.py:368}}
Jun 04 20:41:27.767463 np0000002192 devstack@c-api.service[99248]: INFO cinder.api.v3.volumes [None req-e0403f3a-f5bb-4bf4-b07a-3455c05ac30a tempest-UserMessagesTest-1961344516 tempest-UserMessagesTest-1961344516-project-member] Create volume of 1 GB
Jun 04 20:41:27.767735 np0000002192 devstack@c-api.service[99248]: /opt/stack/data/venv/lib/python3.12/site-packages/oslo_context/context.py:102: DeprecationWarning: Policy enforcement is depending on the value of is_admin. This key is deprecated. Please update your policy file to use the standard policy values.
Jun 04 20:41:27.767735 np0000002192 devstack@c-api.service[99248]: warnings.warn(
Jun 04 20:41:27.768210 np0000002192 devstack@c-api.service[99248]: INFO cinder.volume.api [None req-e0403f3a-f5bb-4bf4-b07a-3455c05ac30a tempest-UserMessagesTest-1961344516 tempest-UserMessagesTest-1961344516-project-member] Availability Zones retrieved successfully.
Jun 04 20:41:27.773559 np0000002192 devstack@c-api.service[99248]: DEBUG cinder.volume.api [None req-e0403f3a-f5bb-4bf4-b07a-3455c05ac30a tempest-UserMessagesTest-1961344516 tempest-UserMessagesTest-1961344516-project-member] Flow 'volume_create_api' (8462c4c6-a99c-4b00-bb7d-965ef535220c) transitioned into state 'RUNNING' from state 'PENDING' {{(pid=99248) _flow_receiver /opt/stack/data/venv/lib/python3.12/site-packages/taskflow/listeners/logging.py:160}}
Jun 04 20:41:27.774435 np0000002192 devstack@c-api.service[99248]: DEBUG cinder.volume.api [None req-e0403f3a-f5bb-4bf4-b07a-3455c05ac30a tempest-UserMessagesTest-1961344516 tempest-UserMessagesTest-1961344516-project-member] Task 'cinder.volume.flows.api.create_volume.ExtractVolumeRequestTask;volume:create' (a7553cb5-dc49-4e3d-bc03-c913a57b9931) transitioned into state 'RUNNING' from state 'PENDING' {{(pid=99248) _task_receiver /opt/stack/data/venv/lib/python3.12/site-packages/taskflow/listeners/logging.py:242}}
Jun 04 20:41:27.775558 np0000002192 devstack@c-api.service[99248]: DEBUG cinder.volume.flows.api.create_volume [None req-e0403f3a-f5bb-4bf4-b07a-3455c05ac30a tempest-UserMessagesTest-1961344516 tempest-UserMessagesTest-1961344516-project-member] Validating volume size '1' using validate_int {{(pid=99248) _extract_size /opt/stack/cinder/cinder/volume/flows/api/create_volume.py:226}}
Jun 04 20:41:27.794312 np0000002192 devstack@c-api.service[99248]: DEBUG cinder.volume.api [None req-e0403f3a-f5bb-4bf4-b07a-3455c05ac30a tempest-UserMessagesTest-1961344516 tempest-UserMessagesTest-1961344516-project-member] Task 'cinder.volume.flows.api.create_volume.ExtractVolumeRequestTask;volume:create' (a7553cb5-dc49-4e3d-bc03-c913a57b9931) transitioned into state 'SUCCESS' from state 'RUNNING' with result '{'size': 1, 'snapshot_id': None, 'source_volid': None, 'volume_type': VolumeType(created_at=2026-06-04T20:41:28Z,deleted=False,deleted_at=None,description=None,extra_specs={storage_protocol='tempest-storage_protocol-1964667033',vendor_name='tempest-vendor_name-1602142465'},id=18c5e837-9624-4693-87ac-327561d91b9c,is_public=True,name='tempest-UserMessagesTest-volume-type-616678296',projects=[],qos_specs=,qos_specs_id=None,updated_at=None), 'volume_type_id': '18c5e837-9624-4693-87ac-327561d91b9c', 'encryption_key_id': None, 'qos_specs': None, 'consistencygroup_id': None, 'cgsnapshot_id': None, 'group_id': None, 'replication_status': 'disabled', 'refresh_az': False, 'backup_id': None, 'multiattach': False, 'availability_zones': ['nova']}' {{(pid=99248) _task_receiver /opt/stack/data/venv/lib/python3.12/site-packages/taskflow/listeners/logging.py:218}}
Jun 04 20:41:27.795127 np0000002192 devstack@c-api.service[99248]: DEBUG cinder.volume.api [None req-e0403f3a-f5bb-4bf4-b07a-3455c05ac30a tempest-UserMessagesTest-1961344516 tempest-UserMessagesTest-1961344516-project-member] Task 'cinder.volume.flows.api.create_volume.QuotaReserveTask;volume:create' (493816ed-d85b-4e9e-b4c9-2fb3766dd180) transitioned into state 'RUNNING' from state 'PENDING' {{(pid=99248) _task_receiver /opt/stack/data/venv/lib/python3.12/site-packages/taskflow/listeners/logging.py:242}}
Jun 04 20:41:27.819477 np0000002192 devstack@c-api.service[99248]: WARNING cinder.quota [None req-e0403f3a-f5bb-4bf4-b07a-3455c05ac30a tempest-UserMessagesTest-1961344516 tempest-UserMessagesTest-1961344516-project-member] Deprecated: Default quota for resource: volumes_tempest-UserMessagesTest-volume-type-616678296 is set by the default quota flag: quota_volumes_tempest-UserMessagesTest-volume-type-616678296, it is now deprecated. Please use the default quota class for default quota.
Jun 04 20:41:27.819709 np0000002192 devstack@c-api.service[99248]: WARNING cinder.quota [None req-e0403f3a-f5bb-4bf4-b07a-3455c05ac30a tempest-UserMessagesTest-1961344516 tempest-UserMessagesTest-1961344516-project-member] Deprecated: Default quota for resource: gigabytes_tempest-UserMessagesTest-volume-type-616678296 is set by the default quota flag: quota_gigabytes_tempest-UserMessagesTest-volume-type-616678296, it is now deprecated. Please use the default quota class for default quota.
Jun 04 20:41:27.845833 np0000002192 devstack@c-api.service[99248]: DEBUG cinder.quota [None req-e0403f3a-f5bb-4bf4-b07a-3455c05ac30a tempest-UserMessagesTest-1961344516 tempest-UserMessagesTest-1961344516-project-member] Created reservations ['2cbd0ce9-241c-4050-9d2c-de2f1b48e343', 'ab6f2fe2-bc4f-4768-8564-81752e239165', 'e5727f3a-dc48-4f2f-85e6-9ade7c1c6684', '99d279db-b9b9-45c8-ad54-d7b37e89093f'] {{(pid=99248) reserve /opt/stack/cinder/cinder/quota.py:752}}
Jun 04 20:41:27.846097 np0000002192 devstack@c-api.service[99248]: DEBUG cinder.volume.api [None req-e0403f3a-f5bb-4bf4-b07a-3455c05ac30a tempest-UserMessagesTest-1961344516 tempest-UserMessagesTest-1961344516-project-member] Task 'cinder.volume.flows.api.create_volume.QuotaReserveTask;volume:create' (493816ed-d85b-4e9e-b4c9-2fb3766dd180) transitioned into state 'SUCCESS' from state 'RUNNING' with result '{'reservations': ['2cbd0ce9-241c-4050-9d2c-de2f1b48e343', 'ab6f2fe2-bc4f-4768-8564-81752e239165', 'e5727f3a-dc48-4f2f-85e6-9ade7c1c6684', '99d279db-b9b9-45c8-ad54-d7b37e89093f']}' {{(pid=99248) _task_receiver /opt/stack/data/venv/lib/python3.12/site-packages/taskflow/listeners/logging.py:218}}
Jun 04 20:41:27.846906 np0000002192 devstack@c-api.service[99248]: DEBUG cinder.volume.api [None req-e0403f3a-f5bb-4bf4-b07a-3455c05ac30a tempest-UserMessagesTest-1961344516 tempest-UserMessagesTest-1961344516-project-member] Task 'cinder.volume.flows.api.create_volume.EntryCreateTask;volume:create' (8b64ad72-8a68-4c5e-a726-64172bc90cbc) transitioned into state 'RUNNING' from state 'PENDING' {{(pid=99248) _task_receiver /opt/stack/data/venv/lib/python3.12/site-packages/taskflow/listeners/logging.py:242}}
Jun 04 20:41:27.867746 np0000002192 devstack@c-api.service[99248]: DEBUG cinder.volume.api [None req-e0403f3a-f5bb-4bf4-b07a-3455c05ac30a tempest-UserMessagesTest-1961344516 tempest-UserMessagesTest-1961344516-project-member] Task 'cinder.volume.flows.api.create_volume.EntryCreateTask;volume:create' (8b64ad72-8a68-4c5e-a726-64172bc90cbc) transitioned into state 'SUCCESS' from state 'RUNNING' with result '{'volume_id': '569ea10e-d6a2-4abb-b4c7-cdb07c7ce7e6', 'volume_properties': VolumeProperties(attach_status='detached',availability_zone='nova',cgsnapshot_id=None,consistencygroup_id=None,display_description=None,display_name='tempest-UserMessagesTest-Volume-469953761',encryption_key_id=None,group_id=None,group_type_id=,metadata={},multiattach=False,project_id='0321205f5a124548b159d9d93b23d9ef',qos_specs=None,replication_status=,reservations=['2cbd0ce9-241c-4050-9d2c-de2f1b48e343','ab6f2fe2-bc4f-4768-8564-81752e239165','e5727f3a-dc48-4f2f-85e6-9ade7c1c6684','99d279db-b9b9-45c8-ad54-d7b37e89093f'],size=1,snapshot_id=None,source_replicaid=,source_volid=None,status='creating',user_id='5aba4c66f54448cb9ec6b00d1f811ca3',volume_type_id=18c5e837-9624-4693-87ac-327561d91b9c), 'volume': Volume(_name_id=None,admin_metadata=,attach_status='detached',availability_zone='nova',bootable=False,cluster=,cluster_name=None,consistencygroup=,consistencygroup_id=None,created_at=2026-06-04T20:41:27Z,deleted=False,deleted_at=None,display_description=None,display_name='tempest-UserMessagesTest-Volume-469953761',ec2_id=None,encryption_key_id=None,glance_metadata=,group=,group_id=None,host=None,id=569ea10e-d6a2-4abb-b4c7-cdb07c7ce7e6,launched_at=None,metadata={},migration_status=None,multiattach=False,previous_status=None,project_id='0321205f5a124548b159d9d93b23d9ef',provider_auth=None,provider_geometry=None,provider_id=None,provider_location=None,replication_driver_data=None,replication_extended_status=None,replication_status=None,scheduled_at=None,service_uuid=None,shared_targets=True,size=1,snapshot_id=None,snapshots=,source_volid=None,status='creating',terminated_at=None,updated_at=None,use_quota=True,user_id='5aba4c66f54448cb9ec6b00d1f811ca3',volume_attachment=VolumeAttachmentList,volume_type=VolumeType(18c5e837-9624-4693-87ac-327561d91b9c),volume_type_id=18c5e837-9624-4693-87ac-327561d91b9c)}' {{(pid=99248) _task_receiver /opt/stack/data/venv/lib/python3.12/site-packages/taskflow/listeners/logging.py:218}}
Jun 04 20:41:27.868629 np0000002192 devstack@c-api.service[99248]: DEBUG cinder.volume.api [None req-e0403f3a-f5bb-4bf4-b07a-3455c05ac30a tempest-UserMessagesTest-1961344516 tempest-UserMessagesTest-1961344516-project-member] Task 'cinder.volume.flows.api.create_volume.QuotaCommitTask;volume:create' (5ffc438a-61db-4668-bf90-61bf29dfc7f4) transitioned into state 'RUNNING' from state 'PENDING' {{(pid=99248) _task_receiver /opt/stack/data/venv/lib/python3.12/site-packages/taskflow/listeners/logging.py:242}}
Jun 04 20:41:27.887469 np0000002192 devstack@c-api.service[99248]: DEBUG cinder.volume.api [None req-e0403f3a-f5bb-4bf4-b07a-3455c05ac30a tempest-UserMessagesTest-1961344516 tempest-UserMessagesTest-1961344516-project-member] Task 'cinder.volume.flows.api.create_volume.QuotaCommitTask;volume:create' (5ffc438a-61db-4668-bf90-61bf29dfc7f4) transitioned into state 'SUCCESS' from state 'RUNNING' with result '{'volume_properties': VolumeProperties(attach_status='detached',availability_zone='nova',cgsnapshot_id=None,consistencygroup_id=None,display_description=None,display_name='tempest-UserMessagesTest-Volume-469953761',encryption_key_id=None,group_id=None,group_type_id=,metadata={},multiattach=False,project_id='0321205f5a124548b159d9d93b23d9ef',qos_specs=None,replication_status=,reservations=['2cbd0ce9-241c-4050-9d2c-de2f1b48e343','ab6f2fe2-bc4f-4768-8564-81752e239165','e5727f3a-dc48-4f2f-85e6-9ade7c1c6684','99d279db-b9b9-45c8-ad54-d7b37e89093f'],size=1,snapshot_id=None,source_replicaid=,source_volid=None,status='creating',user_id='5aba4c66f54448cb9ec6b00d1f811ca3',volume_type_id=18c5e837-9624-4693-87ac-327561d91b9c)}' {{(pid=99248) _task_receiver /opt/stack/data/venv/lib/python3.12/site-packages/taskflow/listeners/logging.py:218}}
Jun 04 20:41:27.888749 np0000002192 devstack@c-api.service[99248]: DEBUG cinder.volume.api [None req-e0403f3a-f5bb-4bf4-b07a-3455c05ac30a tempest-UserMessagesTest-1961344516 tempest-UserMessagesTest-1961344516-project-member] Task 'cinder.volume.flows.api.create_volume.VolumeCastTask;volume:create' (98845979-08d5-4acf-9427-a336c7d3af89) transitioned into state 'RUNNING' from state 'PENDING' {{(pid=99248) _task_receiver /opt/stack/data/venv/lib/python3.12/site-packages/taskflow/listeners/logging.py:242}}
Jun 04 20:41:27.901286 np0000002192 devstack@c-api.service[99248]: DEBUG cinder.volume.api [None req-e0403f3a-f5bb-4bf4-b07a-3455c05ac30a tempest-UserMessagesTest-1961344516 tempest-UserMessagesTest-1961344516-project-member] Task 'cinder.volume.flows.api.create_volume.VolumeCastTask;volume:create' (98845979-08d5-4acf-9427-a336c7d3af89) transitioned into state 'SUCCESS' from state 'RUNNING' with result 'None' {{(pid=99248) _task_receiver /opt/stack/data/venv/lib/python3.12/site-packages/taskflow/listeners/logging.py:218}}
Jun 04 20:41:27.902747 np0000002192 devstack@c-api.service[99248]: DEBUG cinder.volume.api [None req-e0403f3a-f5bb-4bf4-b07a-3455c05ac30a tempest-UserMessagesTest-1961344516 tempest-UserMessagesTest-1961344516-project-member] Flow 'volume_create_api' (8462c4c6-a99c-4b00-bb7d-965ef535220c) transitioned into state 'SUCCESS' from state 'RUNNING' {{(pid=99248) _flow_receiver /opt/stack/data/venv/lib/python3.12/site-packages/taskflow/listeners/logging.py:160}}
Jun 04 20:41:27.904094 np0000002192 devstack@c-api.service[99248]: INFO cinder.volume.api [None req-e0403f3a-f5bb-4bf4-b07a-3455c05ac30a tempest-UserMessagesTest-1961344516 tempest-UserMessagesTest-1961344516-project-member] Create volume request issued successfully.
Jun 04 20:41:27.904760 np0000002192 devstack@c-api.service[99248]: INFO cinder.api.openstack.wsgi [None req-e0403f3a-f5bb-4bf4-b07a-3455c05ac30a tempest-UserMessagesTest-1961344516 tempest-UserMessagesTest-1961344516-project-member] https://10.4.3.238/volume/v3/volumes returned with HTTP 202
Jun 04 20:41:27.905189 np0000002192 devstack@c-api.service[99248]: [pid: 99248|app: 0|req: 128/387] 10.4.3.238 () {70 vars in 1299 bytes} [Thu Jun 4 20:41:27 2026] POST /volume/v3/volumes => generated 784 bytes in 146 msecs (HTTP/1.1 202) 7 headers in 291 bytes (1 switches on core 0)
Jun 04 20:41:27.916674 np0000002192 devstack@c-api.service[99246]: DEBUG cinder.api.middleware.request_id [None req-910762b7-04e8-4881-970b-3a6be8be18a1 None None] RequestId filter calling following filter/app {{(pid=99246) _context_setter /opt/stack/cinder/cinder/api/middleware/request_id.py:62}}
Jun 04 20:41:27.918226 np0000002192 devstack@c-api.service[99246]: INFO cinder.api.openstack.wsgi [None req-910762b7-04e8-4881-970b-3a6be8be18a1 tempest-UserMessagesTest-1961344516 tempest-UserMessagesTest-1961344516-project-member] GET https://10.4.3.238/volume/v3/volumes/569ea10e-d6a2-4abb-b4c7-cdb07c7ce7e6
Jun 04 20:41:27.918436 np0000002192 devstack@c-api.service[99246]: DEBUG cinder.api.openstack.wsgi [None req-910762b7-04e8-4881-970b-3a6be8be18a1 tempest-UserMessagesTest-1961344516 tempest-UserMessagesTest-1961344516-project-member] Empty body provided in request {{(pid=99246) get_body /opt/stack/cinder/cinder/api/openstack/wsgi.py:725}}
Jun 04 20:41:27.918632 np0000002192 devstack@c-api.service[99246]: DEBUG cinder.api.openstack.wsgi [None req-910762b7-04e8-4881-970b-3a6be8be18a1 tempest-UserMessagesTest-1961344516 tempest-UserMessagesTest-1961344516-project-member] Calling method 'show' {{(pid=99246) _process_stack /opt/stack/cinder/cinder/api/openstack/wsgi.py:878}}
Jun 04 20:41:27.924726 np0000002192 devstack@c-api.service[99246]: /opt/stack/data/venv/lib/python3.12/site-packages/oslo_context/context.py:102: DeprecationWarning: Policy enforcement is depending on the value of is_admin. This key is deprecated. Please update your policy file to use the standard policy values.
Jun 04 20:41:27.924726 np0000002192 devstack@c-api.service[99246]: warnings.warn(
Jun 04 20:41:27.929257 np0000002192 devstack@c-api.service[99246]: INFO cinder.volume.api [None req-910762b7-04e8-4881-970b-3a6be8be18a1 tempest-UserMessagesTest-1961344516 tempest-UserMessagesTest-1961344516-project-member] Volume info retrieved successfully.
Jun 04 20:41:27.936290 np0000002192 devstack@c-api.service[99246]: INFO cinder.api.openstack.wsgi [None req-910762b7-04e8-4881-970b-3a6be8be18a1 tempest-UserMessagesTest-1961344516 tempest-UserMessagesTest-1961344516-project-member] https://10.4.3.238/volume/v3/volumes/569ea10e-d6a2-4abb-b4c7-cdb07c7ce7e6 returned with HTTP 200
Jun 04 20:41:27.936739 np0000002192 devstack@c-api.service[99246]: [pid: 99246|app: 0|req: 129/388] 10.4.3.238 () {68 vars in 1388 bytes} [Thu Jun 4 20:41:27 2026] GET /volume/v3/volumes/569ea10e-d6a2-4abb-b4c7-cdb07c7ce7e6 => generated 852 bytes in 21 msecs (HTTP/1.1 200) 7 headers in 285 bytes (1 switches on core 0)
Jun 04 20:41:28.181944 np0000002192 devstack@c-api.service[99249]: INFO cinder.api.openstack.wsgi [None req-73c33693-43ab-41af-b1d9-0abb0421e14d tempest-BackendsCapabilitiesAdminTestsJSON-2076728475 tempest-BackendsCapabilitiesAdminTestsJSON-2076728475-project-admin] https://10.4.3.238/volume/v3/capabilities/np0000002192@storpool returned with HTTP 200
Jun 04 20:41:28.182565 np0000002192 devstack@c-api.service[99249]: [pid: 99249|app: 0|req: 132/389] 10.4.3.238 () {66 vars in 1318 bytes} [Thu Jun 4 20:41:27 2026] GET /volume/v3/capabilities/np0000002192@storpool => generated 703 bytes in 511 msecs (HTTP/1.1 200) 7 headers in 285 bytes (1 switches on core 0)
Jun 04 20:41:28.191115 np0000002192 devstack@c-api.service[99248]: DEBUG cinder.api.middleware.request_id [None req-de3919cd-c254-413b-b2eb-8d7aadfd2e0f None None] RequestId filter calling following filter/app {{(pid=99248) _context_setter /opt/stack/cinder/cinder/api/middleware/request_id.py:62}}
Jun 04 20:41:28.193030 np0000002192 devstack@c-api.service[99248]: INFO cinder.api.openstack.wsgi [None req-de3919cd-c254-413b-b2eb-8d7aadfd2e0f tempest-BackendsCapabilitiesAdminTestsJSON-2076728475 tempest-BackendsCapabilitiesAdminTestsJSON-2076728475-project-admin] GET https://10.4.3.238/volume/v3/capabilities/np0000002192@storpool
Jun 04 20:41:28.193517 np0000002192 devstack@c-api.service[99248]: DEBUG cinder.api.openstack.wsgi [None req-de3919cd-c254-413b-b2eb-8d7aadfd2e0f tempest-BackendsCapabilitiesAdminTestsJSON-2076728475 tempest-BackendsCapabilitiesAdminTestsJSON-2076728475-project-admin] Empty body provided in request {{(pid=99248) get_body /opt/stack/cinder/cinder/api/openstack/wsgi.py:725}}
Jun 04 20:41:28.193517 np0000002192 devstack@c-api.service[99248]: DEBUG cinder.api.openstack.wsgi [None req-de3919cd-c254-413b-b2eb-8d7aadfd2e0f tempest-BackendsCapabilitiesAdminTestsJSON-2076728475 tempest-BackendsCapabilitiesAdminTestsJSON-2076728475-project-admin] Calling method 'show' {{(pid=99248) _process_stack /opt/stack/cinder/cinder/api/openstack/wsgi.py:878}}
Jun 04 20:41:28.193643 np0000002192 devstack@c-api.service[99248]: /opt/stack/data/venv/lib/python3.12/site-packages/oslo_context/context.py:102: DeprecationWarning: Policy enforcement is depending on the value of is_admin. This key is deprecated. Please update your policy file to use the standard policy values.
Jun 04 20:41:28.193643 np0000002192 devstack@c-api.service[99248]: warnings.warn(
Jun 04 20:41:28.704111 np0000002192 devstack@c-api.service[99248]: INFO cinder.api.openstack.wsgi [None req-de3919cd-c254-413b-b2eb-8d7aadfd2e0f tempest-BackendsCapabilitiesAdminTestsJSON-2076728475 tempest-BackendsCapabilitiesAdminTestsJSON-2076728475-project-admin] https://10.4.3.238/volume/v3/capabilities/np0000002192@storpool returned with HTTP 200
Jun 04 20:41:28.704237 np0000002192 devstack@c-api.service[99248]: [pid: 99248|app: 0|req: 129/390] 10.4.3.238 () {66 vars in 1318 bytes} [Thu Jun 4 20:41:28 2026] GET /volume/v3/capabilities/np0000002192@storpool => generated 703 bytes in 514 msecs (HTTP/1.1 200) 7 headers in 285 bytes (1 switches on core 0)
Jun 04 20:41:28.713087 np0000002192 devstack@c-api.service[99246]: DEBUG cinder.api.middleware.request_id [None req-820f8540-1c07-4db8-99ef-a511b906ac5f None None] RequestId filter calling following filter/app {{(pid=99246) _context_setter /opt/stack/cinder/cinder/api/middleware/request_id.py:62}}
Jun 04 20:41:28.715002 np0000002192 devstack@c-api.service[99246]: INFO cinder.api.openstack.wsgi [None req-820f8540-1c07-4db8-99ef-a511b906ac5f tempest-BackendsCapabilitiesAdminTestsJSON-2076728475 tempest-BackendsCapabilitiesAdminTestsJSON-2076728475-project-admin] GET https://10.4.3.238/volume/v3/capabilities/np0000002192@storpool
Jun 04 20:41:28.715206 np0000002192 devstack@c-api.service[99246]: DEBUG cinder.api.openstack.wsgi [None req-820f8540-1c07-4db8-99ef-a511b906ac5f tempest-BackendsCapabilitiesAdminTestsJSON-2076728475 tempest-BackendsCapabilitiesAdminTestsJSON-2076728475-project-admin] Empty body provided in request {{(pid=99246) get_body /opt/stack/cinder/cinder/api/openstack/wsgi.py:725}}
Jun 04 20:41:28.715626 np0000002192 devstack@c-api.service[99246]: DEBUG cinder.api.openstack.wsgi [None req-820f8540-1c07-4db8-99ef-a511b906ac5f tempest-BackendsCapabilitiesAdminTestsJSON-2076728475 tempest-BackendsCapabilitiesAdminTestsJSON-2076728475-project-admin] Calling method 'show' {{(pid=99246) _process_stack /opt/stack/cinder/cinder/api/openstack/wsgi.py:878}}
Jun 04 20:41:28.725490 np0000002192 devstack@c-api.service[99246]: INFO cinder.api.openstack.wsgi [None req-820f8540-1c07-4db8-99ef-a511b906ac5f tempest-BackendsCapabilitiesAdminTestsJSON-2076728475 tempest-BackendsCapabilitiesAdminTestsJSON-2076728475-project-admin] https://10.4.3.238/volume/v3/capabilities/np0000002192@storpool returned with HTTP 200
Jun 04 20:41:28.726147 np0000002192 devstack@c-api.service[99246]: [pid: 99246|app: 0|req: 130/391] 10.4.3.238 () {66 vars in 1318 bytes} [Thu Jun 4 20:41:28 2026] GET /volume/v3/capabilities/np0000002192@storpool => generated 703 bytes in 13 msecs (HTTP/1.1 200) 7 headers in 285 bytes (1 switches on core 0)
Jun 04 20:41:28.739676 np0000002192 devstack@c-api.service[99249]: DEBUG cinder.api.middleware.request_id [None req-5387ac2d-20c1-4cda-a5b2-03653dea5d68 None None] RequestId filter calling following filter/app {{(pid=99249) _context_setter /opt/stack/cinder/cinder/api/middleware/request_id.py:62}}
Jun 04 20:41:28.741344 np0000002192 devstack@c-api.service[99249]: INFO cinder.api.openstack.wsgi [None req-5387ac2d-20c1-4cda-a5b2-03653dea5d68 tempest-TestMultiAttachVolumeSwap-848571104 tempest-TestMultiAttachVolumeSwap-848571104-project-member] GET https://10.4.3.238/volume/v3/volumes/3349fed3-e712-4bc2-8388-3f23dd7237dd
Jun 04 20:41:28.741548 np0000002192 devstack@c-api.service[99249]: DEBUG cinder.api.openstack.wsgi [None req-5387ac2d-20c1-4cda-a5b2-03653dea5d68 tempest-TestMultiAttachVolumeSwap-848571104 tempest-TestMultiAttachVolumeSwap-848571104-project-member] Empty body provided in request {{(pid=99249) get_body /opt/stack/cinder/cinder/api/openstack/wsgi.py:725}}
Jun 04 20:41:28.741729 np0000002192 devstack@c-api.service[99249]: DEBUG cinder.api.openstack.wsgi [None req-5387ac2d-20c1-4cda-a5b2-03653dea5d68 tempest-TestMultiAttachVolumeSwap-848571104 tempest-TestMultiAttachVolumeSwap-848571104-project-member] Calling method 'show' {{(pid=99249) _process_stack /opt/stack/cinder/cinder/api/openstack/wsgi.py:878}}
Jun 04 20:41:28.751600 np0000002192 devstack@c-api.service[99249]: /opt/stack/data/venv/lib/python3.12/site-packages/oslo_context/context.py:102: DeprecationWarning: Policy enforcement is depending on the value of is_admin. This key is deprecated. Please update your policy file to use the standard policy values.
Jun 04 20:41:28.751600 np0000002192 devstack@c-api.service[99249]: warnings.warn(
Jun 04 20:41:28.755748 np0000002192 devstack@c-api.service[99249]: INFO cinder.volume.api [None req-5387ac2d-20c1-4cda-a5b2-03653dea5d68 tempest-TestMultiAttachVolumeSwap-848571104 tempest-TestMultiAttachVolumeSwap-848571104-project-member] Volume info retrieved successfully.
Jun 04 20:41:28.760486 np0000002192 devstack@c-api.service[99249]: INFO cinder.api.openstack.wsgi [None req-5387ac2d-20c1-4cda-a5b2-03653dea5d68 tempest-TestMultiAttachVolumeSwap-848571104 tempest-TestMultiAttachVolumeSwap-848571104-project-member] https://10.4.3.238/volume/v3/volumes/3349fed3-e712-4bc2-8388-3f23dd7237dd returned with HTTP 200
Jun 04 20:41:28.761012 np0000002192 devstack@c-api.service[99249]: [pid: 99249|app: 0|req: 133/392] 10.4.3.238 () {66 vars in 1348 bytes} [Thu Jun 4 20:41:28 2026] GET /volume/v3/volumes/3349fed3-e712-4bc2-8388-3f23dd7237dd => generated 869 bytes in 21 msecs (HTTP/1.1 200) 7 headers in 285 bytes (1 switches on core 0)
Jun 04 20:41:28.951468 np0000002192 devstack@c-api.service[99248]: DEBUG cinder.api.middleware.request_id [None req-df42678e-d0ed-428f-a41f-557b64ca5cf8 None None] RequestId filter calling following filter/app {{(pid=99248) _context_setter /opt/stack/cinder/cinder/api/middleware/request_id.py:62}}
Jun 04 20:41:28.952964 np0000002192 devstack@c-api.service[99248]: INFO cinder.api.openstack.wsgi [None req-df42678e-d0ed-428f-a41f-557b64ca5cf8 tempest-UserMessagesTest-1961344516 tempest-UserMessagesTest-1961344516-project-member] GET https://10.4.3.238/volume/v3/volumes/569ea10e-d6a2-4abb-b4c7-cdb07c7ce7e6
Jun 04 20:41:28.953164 np0000002192 devstack@c-api.service[99248]: DEBUG cinder.api.openstack.wsgi [None req-df42678e-d0ed-428f-a41f-557b64ca5cf8 tempest-UserMessagesTest-1961344516 tempest-UserMessagesTest-1961344516-project-member] Empty body provided in request {{(pid=99248) get_body /opt/stack/cinder/cinder/api/openstack/wsgi.py:725}}
Jun 04 20:41:28.953339 np0000002192 devstack@c-api.service[99248]: DEBUG cinder.api.openstack.wsgi [None req-df42678e-d0ed-428f-a41f-557b64ca5cf8 tempest-UserMessagesTest-1961344516 tempest-UserMessagesTest-1961344516-project-member] Calling method 'show' {{(pid=99248) _process_stack /opt/stack/cinder/cinder/api/openstack/wsgi.py:878}}
Jun 04 20:41:28.961917 np0000002192 devstack@c-api.service[99248]: /opt/stack/data/venv/lib/python3.12/site-packages/oslo_context/context.py:102: DeprecationWarning: Policy enforcement is depending on the value of is_admin. This key is deprecated. Please update your policy file to use the standard policy values.
Jun 04 20:41:28.961917 np0000002192 devstack@c-api.service[99248]: warnings.warn(
Jun 04 20:41:28.965779 np0000002192 devstack@c-api.service[99248]: INFO cinder.volume.api [None req-df42678e-d0ed-428f-a41f-557b64ca5cf8 tempest-UserMessagesTest-1961344516 tempest-UserMessagesTest-1961344516-project-member] Volume info retrieved successfully.
