Jun 04 20:36:43.924629 np0000002192 devstack@neutron-api.service[89990]: WARNING neutron.services.revisions.revision_plugin [None req-9ab8033a-fb17-40b4-84c2-6503eb453b33 admin admin] Could not find related network for resource to bump revision.
Jun 04 20:36:43.948250 np0000002192 devstack@neutron-api.service[89990]: DEBUG neutron.plugins.ml2.drivers.helpers [None req-9ab8033a-fb17-40b4-84c2-6503eb453b33 admin admin] geneve segment allocate from pool success with {'geneve_vni': 63797} {{(pid=89990) allocate_partially_specified_segment /opt/stack/neutron/neutron/plugins/ml2/drivers/helpers.py:142}}
Jun 04 20:36:43.953458 np0000002192 devstack@neutron-api.service[89990]: DEBUG neutron_lib.callbacks.manager [None req-9ab8033a-fb17-40b4-84c2-6503eb453b33 admin admin] Publish callbacks ['neutron.plugins.ml2.plugin.Ml2Plugin._handle_segment_change-258167'] for segment (7935896c-d9f3-43ea-86e0-38749b53a839), precommit_create {{(pid=89990) _notify_loop /opt/stack/data/venv/lib/python3.12/site-packages/neutron_lib/callbacks/manager.py:184}}
Jun 04 20:36:43.953580 np0000002192 devstack@neutron-api.service[89990]: INFO neutron.db.segments_db [None req-9ab8033a-fb17-40b4-84c2-6503eb453b33 admin admin] Added segment 7935896c-d9f3-43ea-86e0-38749b53a839 of type geneve for network d97f52f9-dc31-45dd-a3c4-7fb32e60ca78
Jun 04 20:36:43.963869 np0000002192 devstack@neutron-api.service[89990]: DEBUG neutron_lib.callbacks.manager [None req-9ab8033a-fb17-40b4-84c2-6503eb453b33 admin admin] Publish callbacks ['neutron.services.auto_allocate.db._ensure_external_network_default_value_callback-8666894578568'] for network (d97f52f9-dc31-45dd-a3c4-7fb32e60ca78), precommit_create {{(pid=89990) _notify_loop /opt/stack/data/venv/lib/python3.12/site-packages/neutron_lib/callbacks/manager.py:184}}
Jun 04 20:36:43.971974 np0000002192 devstack@neutron-api.service[89990]: DEBUG neutron.plugins.ml2.drivers.ovn.mech_driver.mech_driver [None req-9ab8033a-fb17-40b4-84c2-6503eb453b33 admin admin] Validating network segment with type geneve, segmentation ID 63797, physical network None {{(pid=89990) _validate_network_segments /opt/stack/neutron/neutron/plugins/ml2/drivers/ovn/mech_driver/mech_driver.py:643}}
Jun 04 20:36:43.972130 np0000002192 devstack@neutron-api.service[89990]: DEBUG neutron.db.ovn_revision_numbers_db [None req-9ab8033a-fb17-40b4-84c2-6503eb453b33 admin admin] create_initial_revision uuid=d97f52f9-dc31-45dd-a3c4-7fb32e60ca78, type=networks, rev=-1 {{(pid=89990) create_initial_revision /opt/stack/neutron/neutron/db/ovn_revision_numbers_db.py:98}}
Jun 04 20:36:43.977447 np0000002192 devstack@neutron-api.service[89990]: DEBUG neutron_lib.callbacks.manager [None req-9ab8033a-fb17-40b4-84c2-6503eb453b33 admin admin] Publish callbacks ['neutron.plugins.ml2.ovo_rpc._ObjectChangeHandler.handle_event-1971775'] for network (d97f52f9-dc31-45dd-a3c4-7fb32e60ca78), after_create {{(pid=89990) _notify_loop /opt/stack/data/venv/lib/python3.12/site-packages/neutron_lib/callbacks/manager.py:184}}
Jun 04 20:36:43.988626 np0000002192 devstack@neutron-api.service[89990]: DEBUG neutron.api.rpc.handlers.resources_rpc [None req-9ab8033a-fb17-40b4-84c2-6503eb453b33 admin admin] Pushing event updated for resources: {'Network': ['ID=d97f52f9-dc31-45dd-a3c4-7fb32e60ca78,revision_number=1']} {{(pid=89990) push /opt/stack/neutron/neutron/api/rpc/handlers/resources_rpc.py:237}}
Jun 04 20:36:43.991812 np0000002192 devstack@neutron-api.service[89990]: DEBUG ovsdbapp.backend.ovs_idl.transaction [None req-fe5d6d2a-9e7c-4cfe-937a-0a5652862a63 None None] Running txn n=1 command(idx=0): CheckLivenessCommand(_result=None) {{(pid=89990) do_commit /opt/stack/data/venv/lib/python3.12/site-packages/ovsdbapp/backend/ovs_idl/transaction.py:89}}
Jun 04 20:36:44.009901 np0000002192 devstack@neutron-api.service[89989]: DEBUG neutron.plugins.ml2.drivers.ovn.mech_driver.ovsdb.ovsdb_monitor [None req-20ee34be-03f2-431c-a0bf-4871487eccb7 None None] ChassisAgentWriteEvent : Matched Chassis_Private, update, None None {{(pid=89989) matches /opt/stack/neutron/neutron/plugins/ml2/drivers/ovn/mech_driver/ovsdb/ovsdb_monitor.py:64}}
Jun 04 20:36:44.010039 np0000002192 devstack@neutron-api.service[89990]: DEBUG neutron.plugins.ml2.drivers.ovn.mech_driver.ovsdb.ovsdb_monitor [None req-7e8b240d-ba2c-4414-8cf5-bde06969c84e None None] ChassisAgentWriteEvent : Matched Chassis_Private, update, None None {{(pid=89990) matches /opt/stack/neutron/neutron/plugins/ml2/drivers/ovn/mech_driver/ovsdb/ovsdb_monitor.py:64}}
Jun 04 20:36:44.011385 np0000002192 devstack@neutron-api.service[89988]: DEBUG neutron.plugins.ml2.drivers.ovn.mech_driver.ovsdb.ovsdb_monitor [None req-035483d8-a91a-4be1-b32e-82147e0ee7e2 None None] ChassisAgentWriteEvent : Matched Chassis_Private, update, None None {{(pid=89988) matches /opt/stack/neutron/neutron/plugins/ml2/drivers/ovn/mech_driver/ovsdb/ovsdb_monitor.py:64}}
Jun 04 20:36:44.015070 np0000002192 devstack@neutron-api.service[89990]: DEBUG neutron.common.ovn.hash_ring_manager [None req-fe5d6d2a-9e7c-4cfe-937a-0a5652862a63 None None] Hash Ring loaded. 3 active nodes. 0 offline nodes {{(pid=89990) _load_hash_ring /opt/stack/neutron/neutron/common/ovn/hash_ring_manager.py:102}}
Jun 04 20:36:44.016955 np0000002192 devstack@neutron-api.service[89988]: DEBUG neutron.common.ovn.hash_ring_manager [None req-982bbb2b-7f0c-4f1d-849a-4ea20aee5ad5 None None] Hash Ring loaded. 3 active nodes. 0 offline nodes {{(pid=89988) _load_hash_ring /opt/stack/neutron/neutron/common/ovn/hash_ring_manager.py:102}}
Jun 04 20:36:44.017126 np0000002192 devstack@neutron-api.service[89989]: DEBUG neutron.common.ovn.hash_ring_manager [None req-ab0e5126-794f-47ba-9549-f9e862dc2cb4 None None] Hash Ring loaded. 3 active nodes. 0 offline nodes {{(pid=89989) _load_hash_ring /opt/stack/neutron/neutron/common/ovn/hash_ring_manager.py:102}}
Jun 04 20:36:44.017683 np0000002192 devstack@neutron-api.service[89989]: DEBUG neutron.plugins.ml2.drivers.ovn.mech_driver.ovsdb.ovsdb_monitor [None req-ab0e5126-794f-47ba-9549-f9e862dc2cb4 None None] Hash Ring: Node 465b4ca09b92557795bf243cf02e2036 (host: np0000002192) handling event "update" for row 9eea982b-8c83-4b43-a404-9b4b1d75478e (table: NB_Global) {{(pid=89989) notify /opt/stack/neutron/neutron/plugins/ml2/drivers/ovn/mech_driver/ovsdb/ovsdb_monitor.py:1015}}
Jun 04 20:36:44.018333 np0000002192 devstack@neutron-api.service[89990]: DEBUG neutron.common.ovn.hash_ring_manager [None req-7e8b240d-ba2c-4414-8cf5-bde06969c84e None None] Hash Ring loaded. 3 active nodes. 0 offline nodes {{(pid=89990) _load_hash_ring /opt/stack/neutron/neutron/common/ovn/hash_ring_manager.py:102}}
Jun 04 20:36:44.018493 np0000002192 devstack@neutron-api.service[89990]: DEBUG neutron.plugins.ml2.drivers.ovn.mech_driver.ovsdb.ovsdb_monitor [None req-7e8b240d-ba2c-4414-8cf5-bde06969c84e None None] Hash Ring: Node 2efe03fc42aa54c0952ddc5acf49d72b (host: np0000002192) handling event "update" for row fc763949-3e90-4083-a436-948fccff0cb1 (table: Chassis_Private) {{(pid=89990) notify /opt/stack/neutron/neutron/plugins/ml2/drivers/ovn/mech_driver/ovsdb/ovsdb_monitor.py:1015}}
Jun 04 20:36:44.018558 np0000002192 devstack@neutron-api.service[89989]: DEBUG neutron.plugins.ml2.drivers.ovn.mech_driver.ovsdb.ovsdb_monitor [None req-ab0e5126-794f-47ba-9549-f9e862dc2cb4 None None] Hash Ring: Node 465b4ca09b92557795bf243cf02e2036 (host: np0000002192) handling event "update" for row 9eea982b-8c83-4b43-a404-9b4b1d75478e (table: NB_Global) {{(pid=89989) notify /opt/stack/neutron/neutron/plugins/ml2/drivers/ovn/mech_driver/ovsdb/ovsdb_monitor.py:1015}}
Jun 04 20:36:44.019291 np0000002192 devstack@neutron-api.service[89989]: DEBUG neutron.plugins.ml2.drivers.ovn.mech_driver.ovsdb.ovsdb_monitor [None req-ab0e5126-794f-47ba-9549-f9e862dc2cb4 None None] Hash Ring: Node 465b4ca09b92557795bf243cf02e2036 (host: np0000002192) handling event "update" for row 9eea982b-8c83-4b43-a404-9b4b1d75478e (table: NB_Global) {{(pid=89989) notify /opt/stack/neutron/neutron/plugins/ml2/drivers/ovn/mech_driver/ovsdb/ovsdb_monitor.py:1015}}
Jun 04 20:36:44.019394 np0000002192 devstack@neutron-api.service[89990]: DEBUG neutron.plugins.ml2.drivers.ovn.mech_driver.ovsdb.ovsdb_monitor [None req-7e8b240d-ba2c-4414-8cf5-bde06969c84e None None] ChassisOVNAgentWriteEvent : Matched Chassis_Private, update, None None {{(pid=89990) matches /opt/stack/neutron/neutron/plugins/ml2/drivers/ovn/mech_driver/ovsdb/ovsdb_monitor.py:64}}
Jun 04 20:36:44.019689 np0000002192 devstack@neutron-api.service[89989]: DEBUG neutron.common.ovn.hash_ring_manager [None req-20ee34be-03f2-431c-a0bf-4871487eccb7 None None] Hash Ring loaded. 3 active nodes. 0 offline nodes {{(pid=89989) _load_hash_ring /opt/stack/neutron/neutron/common/ovn/hash_ring_manager.py:102}}
Jun 04 20:36:44.019757 np0000002192 devstack@neutron-api.service[89990]: DEBUG neutron.plugins.ml2.drivers.ovn.mech_driver.ovsdb.ovsdb_monitor [None req-7e8b240d-ba2c-4414-8cf5-bde06969c84e None None] Hash Ring: Node 2efe03fc42aa54c0952ddc5acf49d72b (host: np0000002192) handling event "update" for row fc763949-3e90-4083-a436-948fccff0cb1 (table: Chassis_Private) {{(pid=89990) notify /opt/stack/neutron/neutron/plugins/ml2/drivers/ovn/mech_driver/ovsdb/ovsdb_monitor.py:1015}}
Jun 04 20:36:44.019959 np0000002192 devstack@neutron-api.service[89988]: DEBUG neutron.common.ovn.hash_ring_manager [None req-035483d8-a91a-4be1-b32e-82147e0ee7e2 None None] Hash Ring loaded. 3 active nodes. 0 offline nodes {{(pid=89988) _load_hash_ring /opt/stack/neutron/neutron/common/ovn/hash_ring_manager.py:102}}
Jun 04 20:36:44.021638 np0000002192 devstack@neutron-api.service[89989]: DEBUG neutron.plugins.ml2.drivers.ovn.mech_driver.ovsdb.ovsdb_monitor [None req-ab0e5126-794f-47ba-9549-f9e862dc2cb4 None None] Hash Ring: Node 465b4ca09b92557795bf243cf02e2036 (host: np0000002192) handling event "update" for row 9eea982b-8c83-4b43-a404-9b4b1d75478e (table: NB_Global) {{(pid=89989) notify /opt/stack/neutron/neutron/plugins/ml2/drivers/ovn/mech_driver/ovsdb/ovsdb_monitor.py:1015}}
Jun 04 20:36:44.021764 np0000002192 devstack@neutron-api.service[89988]: DEBUG neutron.plugins.ml2.drivers.ovn.mech_driver.ovsdb.ovsdb_monitor [None req-035483d8-a91a-4be1-b32e-82147e0ee7e2 None None] ChassisOVNAgentWriteEvent : Matched Chassis_Private, update, None None {{(pid=89988) matches /opt/stack/neutron/neutron/plugins/ml2/drivers/ovn/mech_driver/ovsdb/ovsdb_monitor.py:64}}
Jun 04 20:36:44.021835 np0000002192 devstack@neutron-api.service[89989]: DEBUG neutron.plugins.ml2.drivers.ovn.mech_driver.ovsdb.ovsdb_monitor [None req-20ee34be-03f2-431c-a0bf-4871487eccb7 None None] ChassisOVNAgentWriteEvent : Matched Chassis_Private, update, None None {{(pid=89989) matches /opt/stack/neutron/neutron/plugins/ml2/drivers/ovn/mech_driver/ovsdb/ovsdb_monitor.py:64}}
Jun 04 20:36:44.021879 np0000002192 devstack@neutron-api.service[89990]: DEBUG neutron.api.rpc.callbacks.version_manager [None req-9ab8033a-fb17-40b4-84c2-6503eb453b33 admin admin] Tracked resource versions report:
Jun 04 20:36:44.021879 np0000002192 devstack@neutron-api.service[89990]: pushed versions:
Jun 04 20:36:44.021879 np0000002192 devstack@neutron-api.service[89990]: { 'AddressGroup': {'1.2'},
Jun 04 20:36:44.021879 np0000002192 devstack@neutron-api.service[89990]: 'Agent': {'1.1'},
Jun 04 20:36:44.021879 np0000002192 devstack@neutron-api.service[89990]: 'ConntrackHelper': {'1.0'},
Jun 04 20:36:44.021879 np0000002192 devstack@neutron-api.service[89990]: 'LocalIPAssociation': {'1.0'},
Jun 04 20:36:44.021879 np0000002192 devstack@neutron-api.service[89990]: 'Log': {'1.0'},
Jun 04 20:36:44.021879 np0000002192 devstack@neutron-api.service[89990]: 'NDPProxy': {'1.0'},
Jun 04 20:36:44.021879 np0000002192 devstack@neutron-api.service[89990]: 'Network': {'1.3'},
Jun 04 20:36:44.021879 np0000002192 devstack@neutron-api.service[89990]: 'Port': {'1.11'},
Jun 04 20:36:44.021879 np0000002192 devstack@neutron-api.service[89990]: 'PortForwarding': {'1.3'},
Jun 04 20:36:44.021879 np0000002192 devstack@neutron-api.service[89990]: 'QosPolicy': {'1.10'},
Jun 04 20:36:44.021879 np0000002192 devstack@neutron-api.service[89990]: 'SecurityGroup': {'1.6'},
Jun 04 20:36:44.021879 np0000002192 devstack@neutron-api.service[89990]: 'SecurityGroupRule': {'1.3'},
Jun 04 20:36:44.021879 np0000002192 devstack@neutron-api.service[89990]: 'SubPort': {'1.0'},
Jun 04 20:36:44.021879 np0000002192 devstack@neutron-api.service[89990]: 'Subnet': {'1.2'},
Jun 04 20:36:44.021879 np0000002192 devstack@neutron-api.service[89990]: 'Trunk': {'1.1'}}
Jun 04 20:36:44.021879 np0000002192 devstack@neutron-api.service[89990]: consumer versions:
Jun 04 20:36:44.021879 np0000002192 devstack@neutron-api.service[89990]: { OVN Controller Gateway agent@np0000002192: {},
Jun 04 20:36:44.021879 np0000002192 devstack@neutron-api.service[89990]: OVN Neutron agent@np0000002192: {}}
Jun 04 20:36:44.021879 np0000002192 devstack@neutron-api.service[89990]: {{(pid=89990) report /opt/stack/neutron/neutron/api/rpc/callbacks/version_manager.py:183}}
Jun 04 20:36:44.029458 np0000002192 devstack@neutron-api.service[89990]: DEBUG ovsdbapp.backend.ovs_idl.transaction [None req-fe5d6d2a-9e7c-4cfe-937a-0a5652862a63 None None] Running txn n=1 command(idx=0): AddNetworkCommand(_result=None, network_uuid=d97f52f9-dc31-45dd-a3c4-7fb32e60ca78, may_exist=True, columns={'external_ids': {'neutron:network_name': 'shared', 'neutron:mtu': '1372', 'neutron:revision_number': '1', 'neutron:availability_zone_hints': '', 'neutron:provnet-network-type': 'geneve'}, 'other_config': {'mcast_snoop': 'false', 'mcast_flood_unregistered': 'false', 'vlan-passthru': 'false'}}) {{(pid=89990) do_commit /opt/stack/data/venv/lib/python3.12/site-packages/ovsdbapp/backend/ovs_idl/transaction.py:89}}
Jun 04 20:36:44.031874 np0000002192 devstack@neutron-api.service[89989]: DEBUG neutron.plugins.ml2.drivers.ovn.mech_driver.ovsdb.ovsdb_monitor [None req-ab0e5126-794f-47ba-9549-f9e862dc2cb4 None None] Hash Ring: Node 465b4ca09b92557795bf243cf02e2036 (host: np0000002192) handling event "create" for row d97f52f9-dc31-45dd-a3c4-7fb32e60ca78 (table: Logical_Switch) {{(pid=89989) notify /opt/stack/neutron/neutron/plugins/ml2/drivers/ovn/mech_driver/ovsdb/ovsdb_monitor.py:1015}}
Jun 04 20:36:44.033541 np0000002192 devstack@neutron-api.service[89989]: DEBUG neutron.plugins.ml2.drivers.ovn.mech_driver.ovsdb.ovsdb_monitor [None req-20ee34be-03f2-431c-a0bf-4871487eccb7 None None] Hash Ring: Node 465b4ca09b92557795bf243cf02e2036 (host: np0000002192) handling event "create" for row 563cdff1-aad6-4add-8262-b87cc05a296d (table: Datapath_Binding) {{(pid=89989) notify /opt/stack/neutron/neutron/plugins/ml2/drivers/ovn/mech_driver/ovsdb/ovsdb_monitor.py:1015}}
Jun 04 20:36:44.051052 np0000002192 devstack@neutron-api.service[89990]: INFO neutron.db.ovn_revision_numbers_db [None req-9ab8033a-fb17-40b4-84c2-6503eb453b33 admin admin] Successfully bumped revision number for resource d97f52f9-dc31-45dd-a3c4-7fb32e60ca78 (type: networks) to 1
Jun 04 20:36:44.062177 np0000002192 devstack@neutron-api.service[89990]: DEBUG neutron_lib.callbacks.manager [None req-9ab8033a-fb17-40b4-84c2-6503eb453b33 admin admin] Publish callbacks ['neutron.plugins.ml2.plugin.SecurityGroupDbMixin._ensure_default_security_group_handler-286721'] for port (None), before_create {{(pid=89990) _notify_loop /opt/stack/data/venv/lib/python3.12/site-packages/neutron_lib/callbacks/manager.py:184}}
Jun 04 20:36:44.111095 np0000002192 devstack@neutron-api.service[89990]: DEBUG neutron_lib.callbacks.manager [None req-9ab8033a-fb17-40b4-84c2-6503eb453b33 admin admin] Publish callbacks ['neutron.plugins.ml2.drivers.ovn.mech_driver.mech_driver.OVNMechanismDriver._validate_allowed_address_pairs-888575'] for allowed_address_pair (da830dd9-ab5c-4660-8da8-316f1da6e94d), before_create {{(pid=89990) _notify_loop /opt/stack/data/venv/lib/python3.12/site-packages/neutron_lib/callbacks/manager.py:184}}
Jun 04 20:36:44.111481 np0000002192 devstack@neutron-api.service[89990]: DEBUG neutron_lib.callbacks.manager [None req-9ab8033a-fb17-40b4-84c2-6503eb453b33 admin admin] Publish callbacks [] for port (da830dd9-ab5c-4660-8da8-316f1da6e94d), precommit_create {{(pid=89990) _notify_loop /opt/stack/data/venv/lib/python3.12/site-packages/neutron_lib/callbacks/manager.py:184}}
Jun 04 20:36:44.111621 np0000002192 devstack@neutron-api.service[89990]: DEBUG neutron.plugins.ml2.drivers.ovn.mech_driver.mech_driver [None req-9ab8033a-fb17-40b4-84c2-6503eb453b33 admin admin] No provisioning block for port da830dd9-ab5c-4660-8da8-316f1da6e94d since it does not have a host {{(pid=89990) _is_port_provisioning_required /opt/stack/neutron/neutron/plugins/ml2/drivers/ovn/mech_driver/mech_driver.py:896}}
Jun 04 20:36:44.111719 np0000002192 devstack@neutron-api.service[89990]: DEBUG neutron.db.ovn_revision_numbers_db [None req-9ab8033a-fb17-40b4-84c2-6503eb453b33 admin admin] create_initial_revision uuid=da830dd9-ab5c-4660-8da8-316f1da6e94d, type=ports, rev=-1 {{(pid=89990) create_initial_revision /opt/stack/neutron/neutron/db/ovn_revision_numbers_db.py:98}}
Jun 04 20:36:44.133625 np0000002192 devstack@neutron-api.service[89990]: DEBUG neutron_lib.callbacks.manager [None req-9ab8033a-fb17-40b4-84c2-6503eb453b33 admin admin] Publish callbacks ['neutron.plugins.ml2.ovo_rpc._ObjectChangeHandler.handle_event-1972174'] for port (da830dd9-ab5c-4660-8da8-316f1da6e94d), after_create {{(pid=89990) _notify_loop /opt/stack/data/venv/lib/python3.12/site-packages/neutron_lib/callbacks/manager.py:184}}
Jun 04 20:36:44.156722 np0000002192 devstack@neutron-api.service[89990]: DEBUG neutron.api.rpc.handlers.resources_rpc [None req-9ab8033a-fb17-40b4-84c2-6503eb453b33 admin admin] Pushing event updated for resources: {'Port': ['ID=da830dd9-ab5c-4660-8da8-316f1da6e94d,revision_number=1']} {{(pid=89990) push /opt/stack/neutron/neutron/api/rpc/handlers/resources_rpc.py:237}}
Jun 04 20:36:44.161675 np0000002192 devstack@neutron-api.service[89990]: DEBUG ovsdbapp.backend.ovs_idl.transaction [None req-fe5d6d2a-9e7c-4cfe-937a-0a5652862a63 None None] Running txn n=1 command(idx=0): AddLSwitchPortCommand(_result=None, lport=da830dd9-ab5c-4660-8da8-316f1da6e94d, lswitch=neutron-d97f52f9-dc31-45dd-a3c4-7fb32e60ca78, may_exist=True, network_uuid=d97f52f9-dc31-45dd-a3c4-7fb32e60ca78, columns={'addresses': ['fa:16:3e:60:e0:82'], 'external_ids': {'neutron:port_name': '', 'neutron:device_id': 'ovnmeta-d97f52f9-dc31-45dd-a3c4-7fb32e60ca78', 'neutron:project_id': '041a81db72ad4967a344befd345b8333', 'neutron:cidrs': '', 'neutron:device_owner': 'network:distributed', 'neutron:subnet_pool_addr_scope4': '', 'neutron:subnet_pool_addr_scope6': '', 'neutron:network_name': 'neutron-d97f52f9-dc31-45dd-a3c4-7fb32e60ca78', 'neutron:security_group_ids': '', 'neutron:revision_number': '1', 'neutron:vnic_type': 'normal', 'neutron:port_capabilities': '', 'neutron:mtu': '1372'}, 'parent_name': [], 'tag': [], 'enabled': True, 'options': {}, 'type': 'localport', 'port_security': [], 'dhcpv4_options': [], 'dhcpv6_options': []}) {{(pid=89990) do_commit /opt/stack/data/venv/lib/python3.12/site-packages/ovsdbapp/backend/ovs_idl/transaction.py:89}}
Jun 04 20:36:44.162137 np0000002192 devstack@neutron-api.service[89990]: DEBUG ovsdbapp.backend.ovs_idl.transaction [None req-fe5d6d2a-9e7c-4cfe-937a-0a5652862a63 None None] Running txn n=1 command(idx=1): QoSDelCommand(_result=None, switch=neutron-d97f52f9-dc31-45dd-a3c4-7fb32e60ca78, conditions=[('direction', '=', 'to-lport'), ('priority', '=', 2002), ('match', '=', 'outport == "da830dd9-ab5c-4660-8da8-316f1da6e94d"')], if_exists=True) {{(pid=89990) do_commit /opt/stack/data/venv/lib/python3.12/site-packages/ovsdbapp/backend/ovs_idl/transaction.py:89}}
Jun 04 20:36:44.162300 np0000002192 devstack@neutron-api.service[89990]: DEBUG ovsdbapp.backend.ovs_idl.transaction [None req-fe5d6d2a-9e7c-4cfe-937a-0a5652862a63 None None] Running txn n=1 command(idx=2): QoSDelCommand(_result=None, switch=neutron-d97f52f9-dc31-45dd-a3c4-7fb32e60ca78, conditions=[('direction', '=', 'from-lport'), ('priority', '=', 2002), ('match', '=', 'inport == "da830dd9-ab5c-4660-8da8-316f1da6e94d"')], if_exists=True) {{(pid=89990) do_commit /opt/stack/data/venv/lib/python3.12/site-packages/ovsdbapp/backend/ovs_idl/transaction.py:89}}
Jun 04 20:36:44.165334 np0000002192 devstack@neutron-api.service[89989]: DEBUG neutron.plugins.ml2.drivers.ovn.mech_driver.ovsdb.ovsdb_monitor [None req-ab0e5126-794f-47ba-9549-f9e862dc2cb4 None None] Hash Ring: Node 465b4ca09b92557795bf243cf02e2036 (host: np0000002192) handling event "update" for row d97f52f9-dc31-45dd-a3c4-7fb32e60ca78 (table: Logical_Switch) {{(pid=89989) notify /opt/stack/neutron/neutron/plugins/ml2/drivers/ovn/mech_driver/ovsdb/ovsdb_monitor.py:1015}}
Jun 04 20:36:44.166169 np0000002192 devstack@neutron-api.service[89988]: DEBUG neutron.plugins.ml2.drivers.ovn.mech_driver.ovsdb.ovsdb_monitor [None req-982bbb2b-7f0c-4f1d-849a-4ea20aee5ad5 None None] Hash Ring: Node d32c0dfe785c570e9e4d1eb8a7efbe9c (host: np0000002192) handling event "create" for row 19312f8d-e5c6-4419-b6f9-63f78f8ea7ed (table: Logical_Switch_Port) {{(pid=89988) notify /opt/stack/neutron/neutron/plugins/ml2/drivers/ovn/mech_driver/ovsdb/ovsdb_monitor.py:1015}}
Jun 04 20:36:44.167742 np0000002192 devstack@neutron-api.service[89988]: DEBUG ovsdbapp.backend.ovs_idl.event [None req-982bbb2b-7f0c-4f1d-849a-4ea20aee5ad5 None None] Matched CREATE: LogicalSwitchPortCreateEvent(events=('create',), table='Logical_Switch_Port', conditions=[], old_conditions=None), priority=20 to row=Logical_Switch_Port(uuid=19312f8d-e5c6-4419-b6f9-63f78f8ea7ed, addresses=['fa:16:3e:60:e0:82'], dhcpv4_options=[], dhcpv6_options=[], dynamic_addresses=[], enabled=True, external_ids={'neutron:cidrs': '', 'neutron:device_id': 'ovnmeta-d97f52f9-dc31-45dd-a3c4-7fb32e60ca78', 'neutron:device_owner': 'network:distributed', 'neutron:mtu': '1372', 'neutron:network_name': 'neutron-d97f52f9-dc31-45dd-a3c4-7fb32e60ca78', 'neutron:port_capabilities': '', 'neutron:port_name': '', 'neutron:project_id': '041a81db72ad4967a344befd345b8333', 'neutron:revision_number': '1', 'neutron:security_group_ids': '', 'neutron:subnet_pool_addr_scope4': '', 'neutron:subnet_pool_addr_scope6': '', 'neutron:vnic_type': 'normal'}, ha_chassis_group=[], mirror_rules=[], name='da830dd9-ab5c-4660-8da8-316f1da6e94d', options={}, parent_name=[], port_security=[], tag=[], tag_request=[], type='localport', up=[]) old= {{(pid=89988) matches /opt/stack/data/venv/lib/python3.12/site-packages/ovsdbapp/backend/ovs_idl/event.py:55}}
Jun 04 20:36:44.168338 np0000002192 devstack@neutron-api.service[89989]: DEBUG neutron.plugins.ml2.drivers.ovn.mech_driver.ovsdb.ovsdb_monitor [None req-20ee34be-03f2-431c-a0bf-4871487eccb7 None None] Hash Ring: Node 465b4ca09b92557795bf243cf02e2036 (host: np0000002192) handling event "create" for row 07dbd0b5-43fc-4268-94e2-699767cf6742 (table: Port_Binding) {{(pid=89989) notify /opt/stack/neutron/neutron/plugins/ml2/drivers/ovn/mech_driver/ovsdb/ovsdb_monitor.py:1015}}
Jun 04 20:36:44.168750 np0000002192 devstack@neutron-api.service[89988]: INFO neutron.plugins.ml2.drivers.ovn.mech_driver.mech_driver [None req-c602a1ae-3c61-4cc4-a03f-72ed774fbf54 None None] OVN reports status down for port: da830dd9-ab5c-4660-8da8-316f1da6e94d
Jun 04 20:36:44.170854 np0000002192 devstack@neutron-api.service[89988]: DEBUG neutron.plugins.ml2.drivers.ovn.mech_driver.ovsdb.ovsdb_monitor [None req-982bbb2b-7f0c-4f1d-849a-4ea20aee5ad5 None None] Hash Ring: Node d32c0dfe785c570e9e4d1eb8a7efbe9c (host: np0000002192) handling event "update" for row 19312f8d-e5c6-4419-b6f9-63f78f8ea7ed (table: Logical_Switch_Port) {{(pid=89988) notify /opt/stack/neutron/neutron/plugins/ml2/drivers/ovn/mech_driver/ovsdb/ovsdb_monitor.py:1015}}
Jun 04 20:36:44.188808 np0000002192 devstack@neutron-api.service[89990]: INFO neutron.db.ovn_revision_numbers_db [None req-9ab8033a-fb17-40b4-84c2-6503eb453b33 admin admin] Successfully bumped revision number for resource da830dd9-ab5c-4660-8da8-316f1da6e94d (type: ports) to 1
Jun 04 20:36:44.189765 np0000002192 devstack@neutron-api.service[89988]: DEBUG neutron.db.provisioning_blocks [None req-c602a1ae-3c61-4cc4-a03f-72ed774fbf54 None None] Transition to ACTIVE for port object da830dd9-ab5c-4660-8da8-316f1da6e94d will not be triggered until provisioned by entity L2. {{(pid=89988) add_provisioning_component /opt/stack/neutron/neutron/db/provisioning_blocks.py:74}}
Jun 04 20:36:44.193460 np0000002192 devstack@neutron-api.service[89990]: DEBUG neutron.pecan_wsgi.hooks.policy_enforcement [None req-9ab8033a-fb17-40b4-84c2-6503eb453b33 admin admin] Attributes excluded by policy engine: ['standard_attr_id'] {{(pid=89990) _exclude_attributes_by_policy /opt/stack/neutron/neutron/pecan_wsgi/hooks/policy_enforcement.py:256}}
Jun 04 20:36:44.193753 np0000002192 devstack@neutron-api.service[89990]: DEBUG neutron_lib.callbacks.manager [None req-9ab8033a-fb17-40b4-84c2-6503eb453b33 admin admin] Publish callbacks [] for network (None), before_response {{(pid=89990) _notify_loop /opt/stack/data/venv/lib/python3.12/site-packages/neutron_lib/callbacks/manager.py:184}}
Jun 04 20:36:44.201235 np0000002192 devstack@neutron-api.service[89990]: [pid: 89990|app: 0|req: 12/37] 10.4.3.238 () {68 vars in 1326 bytes} [Thu Jun 4 20:36:43 2026] POST /networking/v2.0/networks => generated 679 bytes in 312 msecs (HTTP/1.1 201) 4 headers in 162 bytes (1 switches on core 0)
Jun 04 20:36:44.206672 np0000002192 devstack@neutron-api.service[89988]: DEBUG neutron.plugins.ml2.plugin [None req-c602a1ae-3c61-4cc4-a03f-72ed774fbf54 None None] Current status of the port da830dd9-ab5c-4660-8da8-316f1da6e94d is: DOWN; New status is: DOWN {{(pid=89988) _update_individual_port_db_status /opt/stack/neutron/neutron/plugins/ml2/plugin.py:2470}}
Jun 04 20:36:44.207820 np0000002192 devstack@neutron-api.service[89988]: DEBUG ovsdbapp.backend.ovs_idl.transaction [None req-982bbb2b-7f0c-4f1d-849a-4ea20aee5ad5 None None] Running txn n=1 command(idx=0): DbRemoveCommand(_result=None, table=Logical_Switch_Port, record=da830dd9-ab5c-4660-8da8-316f1da6e94d, column=external_ids, values=('neutron:host_id',), keyvalues={}, if_exists=True) {{(pid=89988) do_commit /opt/stack/data/venv/lib/python3.12/site-packages/ovsdbapp/backend/ovs_idl/transaction.py:89}}
Jun 04 20:36:44.372391 np0000002192 devstack@neutron-api.service[89988]: INFO neutron.pecan_wsgi.hooks.translation [None req-58d62978-6c89-4854-92ce-6963a5e6765d admin admin] GET failed (client error): The resource could not be found.
Jun 04 20:36:44.373169 np0000002192 devstack@neutron-api.service[89988]: [pid: 89988|app: 0|req: 14/38] 10.4.3.238 () {64 vars in 1294 bytes} [Thu Jun 4 20:36:44 2026] GET /networking/v2.0/networks/shared => generated 108 bytes in 7 msecs (HTTP/1.1 404) 4 headers in 164 bytes (1 switches on core 0)
Jun 04 20:36:44.398945 np0000002192 devstack@neutron-api.service[89989]: DEBUG neutron.pecan_wsgi.hooks.policy_enforcement [None req-8d70ab7a-74c9-495a-87e2-ad5497cf3ed6 admin admin] Attributes excluded by policy engine: ['standard_attr_id'] {{(pid=89989) _exclude_attributes_by_policy /opt/stack/neutron/neutron/pecan_wsgi/hooks/policy_enforcement.py:256}}
Jun 04 20:36:44.399529 np0000002192 devstack@neutron-api.service[89989]: [pid: 89989|app: 0|req: 13/39] 10.4.3.238 () {64 vars in 1309 bytes} [Thu Jun 4 20:36:44 2026] GET /networking/v2.0/networks?name=shared => generated 663 bytes in 20 msecs (HTTP/1.1 200) 4 headers in 157 bytes (1 switches on core 0)
Jun 04 20:36:44.410020 np0000002192 devstack@neutron-api.service[89990]: DEBUG neutron.api.v2.base [None req-87c99ab4-5149-4d2d-b12f-81eae3d94f11 admin admin] Request body: {'subnet': {'description': 'shared-subnet', 'name': 'shared-subnet', 'ip_version': 4, 'cidr': '192.168.233.0/24', 'network_id': 'd97f52f9-dc31-45dd-a3c4-7fb32e60ca78'}} {{(pid=89990) prepare_request_body /opt/stack/neutron/neutron/api/v2/base.py:727}}
Jun 04 20:36:44.420068 np0000002192 devstack@neutron-api.service[89990]: DEBUG neutron.pecan_wsgi.hooks.quota_enforcement [None req-87c99ab4-5149-4d2d-b12f-81eae3d94f11 admin admin] Made reservation on behalf of 041a81db72ad4967a344befd345b8333 for: {'subnet': 1} {{(pid=89990) before /opt/stack/neutron/neutron/pecan_wsgi/hooks/quota_enforcement.py:66}}
Jun 04 20:36:44.422369 np0000002192 devstack@neutron-api.service[89990]: DEBUG neutron_lib.callbacks.manager [None req-87c99ab4-5149-4d2d-b12f-81eae3d94f11 admin admin] Publish callbacks [] for subnet (None), before_create {{(pid=89990) _notify_loop /opt/stack/data/venv/lib/python3.12/site-packages/neutron_lib/callbacks/manager.py:184}}
Jun 04 20:36:44.470645 np0000002192 devstack@neutron-api.service[89990]: DEBUG neutron.db.ovn_revision_numbers_db [None req-87c99ab4-5149-4d2d-b12f-81eae3d94f11 admin admin] create_initial_revision uuid=7a489a40-7a90-4cdd-b8aa-272d7806f5b0, type=subnets, rev=-1 {{(pid=89990) create_initial_revision /opt/stack/neutron/neutron/db/ovn_revision_numbers_db.py:98}}
Jun 04 20:36:44.473640 np0000002192 devstack@neutron-api.service[89990]: DEBUG neutron_lib.callbacks.manager [None req-87c99ab4-5149-4d2d-b12f-81eae3d94f11 admin admin] Publish callbacks ['neutron.plugins.ml2.ovo_rpc._ObjectChangeHandler.handle_event-1972171'] for subnet (7a489a40-7a90-4cdd-b8aa-272d7806f5b0), after_create {{(pid=89990) _notify_loop /opt/stack/data/venv/lib/python3.12/site-packages/neutron_lib/callbacks/manager.py:184}}
Jun 04 20:36:44.483531 np0000002192 devstack@neutron-api.service[89990]: DEBUG neutron.api.rpc.handlers.resources_rpc [None req-87c99ab4-5149-4d2d-b12f-81eae3d94f11 admin admin] Pushing event updated for resources: {'Subnet': ['ID=7a489a40-7a90-4cdd-b8aa-272d7806f5b0,revision_number=0']} {{(pid=89990) push /opt/stack/neutron/neutron/api/rpc/handlers/resources_rpc.py:237}}
Jun 04 20:36:44.523619 np0000002192 devstack@neutron-api.service[89990]: DEBUG neutron_lib.callbacks.manager [None req-87c99ab4-5149-4d2d-b12f-81eae3d94f11 admin admin] Publish callbacks ['neutron.plugins.ml2.plugin.SecurityGroupDbMixin._ensure_default_security_group_handler-286721', 'neutron.services.ovn_l3.plugin.OVNL3RouterPlugin._port_update-8666894577968', 'neutron.db.l3_db.L3_NAT_dbonly_mixin._prevent_internal_ip_change_for_fip-8666895635286'] for port (da830dd9-ab5c-4660-8da8-316f1da6e94d), before_update {{(pid=89990) _notify_loop /opt/stack/data/venv/lib/python3.12/site-packages/neutron_lib/callbacks/manager.py:184}}
Jun 04 20:36:44.590729 np0000002192 devstack@neutron-api.service[89990]: DEBUG neutron.db.db_base_plugin_common [None req-87c99ab4-5149-4d2d-b12f-81eae3d94f11 admin admin] Allocated IP 192.168.233.2 (d97f52f9-dc31-45dd-a3c4-7fb32e60ca78/7a489a40-7a90-4cdd-b8aa-272d7806f5b0/da830dd9-ab5c-4660-8da8-316f1da6e94d) {{(pid=89990) _store_ip_allocation /opt/stack/neutron/neutron/db/db_base_plugin_common.py:131}}
Jun 04 20:36:44.641671 np0000002192 devstack@neutron-api.service[89990]: DEBUG neutron_lib.callbacks.manager [None req-87c99ab4-5149-4d2d-b12f-81eae3d94f11 admin admin] Publish callbacks [] for port (da830dd9-ab5c-4660-8da8-316f1da6e94d), precommit_update {{(pid=89990) _notify_loop /opt/stack/data/venv/lib/python3.12/site-packages/neutron_lib/callbacks/manager.py:184}}
Jun 04 20:36:44.641808 np0000002192 devstack@neutron-api.service[89990]: DEBUG neutron.plugins.ml2.drivers.ovn.mech_driver.mech_driver [None req-87c99ab4-5149-4d2d-b12f-81eae3d94f11 admin admin] No provisioning block for port da830dd9-ab5c-4660-8da8-316f1da6e94d since it does not have a host {{(pid=89990) _is_port_provisioning_required /opt/stack/neutron/neutron/plugins/ml2/drivers/ovn/mech_driver/mech_driver.py:896}}
Jun 04 20:36:44.649924 np0000002192 devstack@neutron-api.service[89990]: DEBUG neutron_lib.callbacks.manager [None req-87c99ab4-5149-4d2d-b12f-81eae3d94f11 admin admin] Publish callbacks ['neutron.plugins.ml2.ovo_rpc._ObjectChangeHandler.handle_event-1972174', 'neutron.services.ovn_l3.plugin.OVNL3RouterPlugin._port_update-8666894577968'] for port (da830dd9-ab5c-4660-8da8-316f1da6e94d), after_update {{(pid=89990) _notify_loop /opt/stack/data/venv/lib/python3.12/site-packages/neutron_lib/callbacks/manager.py:184}}
Jun 04 20:36:44.674961 np0000002192 devstack@neutron-api.service[89990]: DEBUG neutron.api.rpc.handlers.resources_rpc [None req-87c99ab4-5149-4d2d-b12f-81eae3d94f11 admin admin] Pushing event updated for resources: {'Port': ['ID=da830dd9-ab5c-4660-8da8-316f1da6e94d,revision_number=2']} {{(pid=89990) push /opt/stack/neutron/neutron/api/rpc/handlers/resources_rpc.py:237}}
Jun 04 20:36:44.747701 np0000002192 devstack@neutron-api.service[89990]: DEBUG ovsdbapp.backend.ovs_idl.transaction [None req-fe5d6d2a-9e7c-4cfe-937a-0a5652862a63 None None] Running txn n=1 command(idx=0): CheckRevisionNumberCommand(_result=None, name=da830dd9-ab5c-4660-8da8-316f1da6e94d, resource={'id': 'da830dd9-ab5c-4660-8da8-316f1da6e94d', 'name': '', 'network_id': 'd97f52f9-dc31-45dd-a3c4-7fb32e60ca78', 'project_id': '041a81db72ad4967a344befd345b8333', 'mac_address': 'fa:16:3e:60:e0:82', 'admin_state_up': True, 'status': 'DOWN', 'device_id': 'ovnmeta-d97f52f9-dc31-45dd-a3c4-7fb32e60ca78', 'device_owner': 'network:distributed', 'standard_attr_id': 28, 'fixed_ips': [{'subnet_id': '7a489a40-7a90-4cdd-b8aa-272d7806f5b0', 'ip_address': '192.168.233.2'}], 'allowed_address_pairs': [], 'extra_dhcp_opts': [], 'security_groups': [], 'description': '', 'binding:vnic_type': 'normal', 'binding:profile': {}, 'binding:host_id': '', 'binding:vif_type': 'unbound', 'binding:vif_details': {}, 'port_security_enabled': False, 'tags': [], 'created_at': '2026-06-04T20:36:44Z', 'updated_at': '2026-06-04T20:36:44Z', 'revision_number': 2, 'tenant_id': '041a81db72ad4967a344befd345b8333', 'network': {'id': 'd97f52f9-dc31-45dd-a3c4-7fb32e60ca78', 'name': 'shared', 'tenant_id': '041a81db72ad4967a344befd345b8333', 'project_id': '041a81db72ad4967a344befd345b8333', 'admin_state_up': True, 'mtu': 1372, 'status': 'ACTIVE', 'subnets': ['7a489a40-7a90-4cdd-b8aa-272d7806f5b0'], 'standard_attr_id': 26, 'shared': True, 'availability_zone_hints': [], 'availability_zones': [], 'ipv4_address_scope': None, 'ipv6_address_scope': None, 'router:external': False, 'qinq': False, 'vlan_transparent': False, 'description': '', 'port_security_enabled': True, 'tags': [], 'created_at': '2026-06-04T20:36:43Z', 'updated_at': '2026-06-04T20:36:44Z', 'revision_number': 2, 'provider:network_type': 'geneve', 'provider:physical_network': None, 'provider:segmentation_id': 63797}}, resource_type=ports, if_exists=True) {{(pid=89990) do_commit /opt/stack/data/venv/lib/python3.12/site-packages/ovsdbapp/backend/ovs_idl/transaction.py:89}}
Jun 04 20:36:44.748159 np0000002192 devstack@neutron-api.service[89990]: DEBUG ovsdbapp.backend.ovs_idl.transaction [None req-fe5d6d2a-9e7c-4cfe-937a-0a5652862a63 None None] Running txn n=1 command(idx=1): AddDHCPOptionsCommand(_result=None, columns={'cidr': '192.168.233.0/24', 'options': {'server_id': '192.168.233.1', 'lease_time': '43200', 'mtu': '1372', 'router': '192.168.233.1', 'server_mac': 'fa:16:3e:7b:66:7d', 'dns_server': '{127.0.0.53}', 'classless_static_route': '{169.254.169.254/32,192.168.233.2, 0.0.0.0/0,192.168.233.1}'}, 'external_ids': {'subnet_id': '7a489a40-7a90-4cdd-b8aa-272d7806f5b0', 'neutron:network_id': 'd97f52f9-dc31-45dd-a3c4-7fb32e60ca78', 'neutron:revision_number': '0'}}, may_exist=True, subnet_id=7a489a40-7a90-4cdd-b8aa-272d7806f5b0, port_id=None, new_insert=False) {{(pid=89990) do_commit /opt/stack/data/venv/lib/python3.12/site-packages/ovsdbapp/backend/ovs_idl/transaction.py:89}}
Jun 04 20:36:44.748521 np0000002192 devstack@neutron-api.service[89990]: DEBUG ovsdbapp.backend.ovs_idl.transaction [None req-fe5d6d2a-9e7c-4cfe-937a-0a5652862a63 None None] Running txn n=1 command(idx=2): SetLSwitchPortCommand(_result=None, lport=da830dd9-ab5c-4660-8da8-316f1da6e94d, external_ids_update=None, columns={'external_ids': {'neutron:port_name': '', 'neutron:device_id': 'ovnmeta-d97f52f9-dc31-45dd-a3c4-7fb32e60ca78', 'neutron:project_id': '041a81db72ad4967a344befd345b8333', 'neutron:cidrs': '192.168.233.2/24', 'neutron:device_owner': 'network:distributed', 'neutron:subnet_pool_addr_scope4': '', 'neutron:subnet_pool_addr_scope6': '', 'neutron:network_name': 'neutron-d97f52f9-dc31-45dd-a3c4-7fb32e60ca78', 'neutron:security_group_ids': '', 'neutron:revision_number': '2', 'neutron:vnic_type': 'normal', 'neutron:port_capabilities': '', 'neutron:mtu': '1372'}, 'parent_name': [], 'tag': [], 'options': {}, 'enabled': True, 'port_security': [], 'dhcpv4_options': [], 'dhcpv6_options': [], 'type': 'localport', 'addresses': ['fa:16:3e:60:e0:82 192.168.233.2'], 'ha_chassis_group': []}, if_exists=False) {{(pid=89990) do_commit /opt/stack/data/venv/lib/python3.12/site-packages/ovsdbapp/backend/ovs_idl/transaction.py:89}}
Jun 04 20:36:44.749122 np0000002192 devstack@neutron-api.service[89990]: DEBUG ovsdbapp.backend.ovs_idl.transaction [None req-fe5d6d2a-9e7c-4cfe-937a-0a5652862a63 None None] Running txn n=1 command(idx=3): PgDelPortCommand(_result=None, port_group=neutron_pg_drop, lsp=['da830dd9-ab5c-4660-8da8-316f1da6e94d'], if_exists=False) {{(pid=89990) do_commit /opt/stack/data/venv/lib/python3.12/site-packages/ovsdbapp/backend/ovs_idl/transaction.py:89}}
Jun 04 20:36:44.752091 np0000002192 devstack@neutron-api.service[89990]: DEBUG neutron.plugins.ml2.drivers.ovn.mech_driver.ovsdb.ovsdb_monitor [None req-fe5d6d2a-9e7c-4cfe-937a-0a5652862a63 None None] Hash Ring: Node 2efe03fc42aa54c0952ddc5acf49d72b (host: np0000002192) handling event "create" for row 9ad06c45-8ccf-4de4-a396-7bcc55b0ad31 (table: DHCP_Options) {{(pid=89990) notify /opt/stack/neutron/neutron/plugins/ml2/drivers/ovn/mech_driver/ovsdb/ovsdb_monitor.py:1015}}
Jun 04 20:36:44.752475 np0000002192 devstack@neutron-api.service[89988]: DEBUG neutron.plugins.ml2.drivers.ovn.mech_driver.ovsdb.ovsdb_monitor [None req-982bbb2b-7f0c-4f1d-849a-4ea20aee5ad5 None None] Hash Ring: Node d32c0dfe785c570e9e4d1eb8a7efbe9c (host: np0000002192) handling event "update" for row 19312f8d-e5c6-4419-b6f9-63f78f8ea7ed (table: Logical_Switch_Port) {{(pid=89988) notify /opt/stack/neutron/neutron/plugins/ml2/drivers/ovn/mech_driver/ovsdb/ovsdb_monitor.py:1015}}
Jun 04 20:36:44.753310 np0000002192 devstack@neutron-api.service[89989]: DEBUG neutron.plugins.ml2.drivers.ovn.mech_driver.ovsdb.ovsdb_monitor [None req-20ee34be-03f2-431c-a0bf-4871487eccb7 None None] Hash Ring: Node 465b4ca09b92557795bf243cf02e2036 (host: np0000002192) handling event "update" for row 07dbd0b5-43fc-4268-94e2-699767cf6742 (table: Port_Binding) {{(pid=89989) notify /opt/stack/neutron/neutron/plugins/ml2/drivers/ovn/mech_driver/ovsdb/ovsdb_monitor.py:1015}}
Jun 04 20:36:44.773398 np0000002192 devstack@neutron-api.service[89990]: INFO neutron.db.ovn_revision_numbers_db [None req-87c99ab4-5149-4d2d-b12f-81eae3d94f11 admin admin] Successfully bumped revision number for resource da830dd9-ab5c-4660-8da8-316f1da6e94d (type: ports) to 2
Jun 04 20:36:44.780345 np0000002192 devstack@neutron-api.service[89990]: DEBUG neutron.plugins.ml2.plugin [None req-87c99ab4-5149-4d2d-b12f-81eae3d94f11 admin admin] In _notify_port_updated(), no bound segment for port da830dd9-ab5c-4660-8da8-316f1da6e94d on network d97f52f9-dc31-45dd-a3c4-7fb32e60ca78 {{(pid=89990) _notify_port_updated /opt/stack/neutron/neutron/plugins/ml2/plugin.py:1038}}
Jun 04 20:36:44.792859 np0000002192 devstack@neutron-api.service[89990]: INFO neutron.db.ovn_revision_numbers_db [None req-87c99ab4-5149-4d2d-b12f-81eae3d94f11 admin admin] Successfully bumped revision number for resource 7a489a40-7a90-4cdd-b8aa-272d7806f5b0 (type: subnets) to 0
Jun 04 20:36:44.793811 np0000002192 devstack@neutron-api.service[89990]: DEBUG neutron.pecan_wsgi.hooks.policy_enforcement [None req-87c99ab4-5149-4d2d-b12f-81eae3d94f11 admin admin] Attributes excluded by policy engine: ['standard_attr_id', 'shared', 'network'] {{(pid=89990) _exclude_attributes_by_policy /opt/stack/neutron/neutron/pecan_wsgi/hooks/policy_enforcement.py:256}}
Jun 04 20:36:44.794051 np0000002192 devstack@neutron-api.service[89990]: DEBUG neutron_lib.callbacks.manager [None req-87c99ab4-5149-4d2d-b12f-81eae3d94f11 admin admin] Publish callbacks [] for subnet (None), before_response {{(pid=89990) _notify_loop /opt/stack/data/venv/lib/python3.12/site-packages/neutron_lib/callbacks/manager.py:184}}
Jun 04 20:36:44.800857 np0000002192 devstack@neutron-api.service[89990]: [pid: 89990|app: 0|req: 13/40] 10.4.3.238 () {68 vars in 1324 bytes} [Thu Jun 4 20:36:44 2026] POST /networking/v2.0/subnets => generated 665 bytes in 394 msecs (HTTP/1.1 201) 4 headers in 162 bytes (1 switches on core 0)
Jun 04 20:36:54.369850 np0000002192 devstack@neutron-api.service[89988]: DEBUG dbcounter [-] [89988] Writing DB stats neutron:UPDATE=1,neutron:SELECT=30,neutron:INSERT=1 {{(pid=89988) stat_writer /opt/stack/data/venv/lib/python3.12/site-packages/dbcounter.py:115}}
Jun 04 20:36:54.396209 np0000002192 devstack@neutron-api.service[89989]: DEBUG dbcounter [-] [89989] Writing DB stats neutron:UPDATE=1,neutron:SELECT=32 {{(pid=89989) stat_writer /opt/stack/data/venv/lib/python3.12/site-packages/dbcounter.py:115}}
Jun 04 20:36:54.798607 np0000002192 devstack@neutron-api.service[89990]: DEBUG dbcounter [-] [89990] Writing DB stats neutron:UPDATE=15,neutron:SELECT=367,neutron:INSERT=25,neutron:DELETE=4 {{(pid=89990) stat_writer /opt/stack/data/venv/lib/python3.12/site-packages/dbcounter.py:115}}
Jun 04 20:36:56.071954 np0000002192 devstack@neutron-api.service[89988]: DEBUG futurist.periodics [-] Submitting periodic callback 'neutron.plugins.ml2.drivers.ovn.mech_driver.ovsdb.maintenance.HashRingHealthCheckPeriodics.touch_hash_ring_node' {{(pid=89988) _process_scheduled /opt/stack/data/venv/lib/python3.12/site-packages/futurist/periodics.py:784}}
Jun 04 20:36:56.072392 np0000002192 devstack@neutron-api.service[89988]: DEBUG neutron.plugins.ml2.drivers.ovn.mech_driver.ovsdb.maintenance [-] Touching Hash Ring node "d32c0dfe785c570e9e4d1eb8a7efbe9c" from periodic health check thread {{(pid=89988) touch_hash_ring_node /opt/stack/neutron/neutron/plugins/ml2/drivers/ovn/mech_driver/ovsdb/maintenance.py:1421}}
Jun 04 20:36:56.953096 np0000002192 devstack@neutron-api.service[89989]: DEBUG futurist.periodics [-] Submitting periodic callback 'neutron.plugins.ml2.drivers.ovn.mech_driver.ovsdb.maintenance.HashRingHealthCheckPeriodics.touch_hash_ring_node' {{(pid=89989) _process_scheduled /opt/stack/data/venv/lib/python3.12/site-packages/futurist/periodics.py:784}}
Jun 04 20:36:56.953610 np0000002192 devstack@neutron-api.service[89989]: DEBUG neutron.plugins.ml2.drivers.ovn.mech_driver.ovsdb.maintenance [-] Touching Hash Ring node "465b4ca09b92557795bf243cf02e2036" from periodic health check thread {{(pid=89989) touch_hash_ring_node /opt/stack/neutron/neutron/plugins/ml2/drivers/ovn/mech_driver/ovsdb/maintenance.py:1421}}
Jun 04 20:36:56.962260 np0000002192 devstack@neutron-api.service[89990]: DEBUG futurist.periodics [-] Submitting periodic callback 'neutron.plugins.ml2.drivers.ovn.mech_driver.ovsdb.maintenance.HashRingHealthCheckPeriodics.touch_hash_ring_node' {{(pid=89990) _process_scheduled /opt/stack/data/venv/lib/python3.12/site-packages/futurist/periodics.py:784}}
Jun 04 20:36:56.962607 np0000002192 devstack@neutron-api.service[89990]: DEBUG neutron.plugins.ml2.drivers.ovn.mech_driver.ovsdb.maintenance [-] Touching Hash Ring node "2efe03fc42aa54c0952ddc5acf49d72b" from periodic health check thread {{(pid=89990) touch_hash_ring_node /opt/stack/neutron/neutron/plugins/ml2/drivers/ovn/mech_driver/ovsdb/maintenance.py:1421}}
Jun 04 20:37:06.078267 np0000002192 devstack@neutron-api.service[89988]: DEBUG dbcounter [-] [89988] Writing DB stats neutron:UPDATE=1,neutron:SELECT=1 {{(pid=89988) stat_writer /opt/stack/data/venv/lib/python3.12/site-packages/dbcounter.py:115}}
Jun 04 20:37:06.959951 np0000002192 devstack@neutron-api.service[89989]: DEBUG dbcounter [-] [89989] Writing DB stats neutron:UPDATE=1,neutron:SELECT=1 {{(pid=89989) stat_writer /opt/stack/data/venv/lib/python3.12/site-packages/dbcounter.py:115}}
Jun 04 20:37:06.967452 np0000002192 devstack@neutron-api.service[89990]: DEBUG dbcounter [-] [89990] Writing DB stats neutron:UPDATE=1,neutron:SELECT=1 {{(pid=89990) stat_writer /opt/stack/data/venv/lib/python3.12/site-packages/dbcounter.py:115}}
Jun 04 20:37:11.072423 np0000002192 devstack@neutron-api.service[89988]: DEBUG futurist.periodics [-] Submitting periodic callback 'neutron.plugins.ml2.drivers.ovn.mech_driver.ovsdb.maintenance.HashRingHealthCheckPeriodics.touch_hash_ring_node' {{(pid=89988) _process_scheduled /opt/stack/data/venv/lib/python3.12/site-packages/futurist/periodics.py:784}}
Jun 04 20:37:11.072880 np0000002192 devstack@neutron-api.service[89988]: DEBUG neutron.plugins.ml2.drivers.ovn.mech_driver.ovsdb.maintenance [-] Touching Hash Ring node "d32c0dfe785c570e9e4d1eb8a7efbe9c" from periodic health check thread {{(pid=89988) touch_hash_ring_node /opt/stack/neutron/neutron/plugins/ml2/drivers/ovn/mech_driver/ovsdb/maintenance.py:1421}}
Jun 04 20:37:11.953565 np0000002192 devstack@neutron-api.service[89989]: DEBUG futurist.periodics [-] Submitting periodic callback 'neutron.plugins.ml2.drivers.ovn.mech_driver.ovsdb.maintenance.HashRingHealthCheckPeriodics.touch_hash_ring_node' {{(pid=89989) _process_scheduled /opt/stack/data/venv/lib/python3.12/site-packages/futurist/periodics.py:784}}
Jun 04 20:37:11.954034 np0000002192 devstack@neutron-api.service[89989]: DEBUG neutron.plugins.ml2.drivers.ovn.mech_driver.ovsdb.maintenance [-] Touching Hash Ring node "465b4ca09b92557795bf243cf02e2036" from periodic health check thread {{(pid=89989) touch_hash_ring_node /opt/stack/neutron/neutron/plugins/ml2/drivers/ovn/mech_driver/ovsdb/maintenance.py:1421}}
Jun 04 20:37:11.962729 np0000002192 devstack@neutron-api.service[89990]: DEBUG futurist.periodics [-] Submitting periodic callback 'neutron.plugins.ml2.drivers.ovn.mech_driver.ovsdb.maintenance.HashRingHealthCheckPeriodics.touch_hash_ring_node' {{(pid=89990) _process_scheduled /opt/stack/data/venv/lib/python3.12/site-packages/futurist/periodics.py:784}}
Jun 04 20:37:11.963127 np0000002192 devstack@neutron-api.service[89990]: DEBUG neutron.plugins.ml2.drivers.ovn.mech_driver.ovsdb.maintenance [-] Touching Hash Ring node "2efe03fc42aa54c0952ddc5acf49d72b" from periodic health check thread {{(pid=89990) touch_hash_ring_node /opt/stack/neutron/neutron/plugins/ml2/drivers/ovn/mech_driver/ovsdb/maintenance.py:1421}}
Jun 04 20:37:21.079381 np0000002192 devstack@neutron-api.service[89988]: DEBUG dbcounter [-] [89988] Writing DB stats neutron:UPDATE=1,neutron:SELECT=1 {{(pid=89988) stat_writer /opt/stack/data/venv/lib/python3.12/site-packages/dbcounter.py:115}}
Jun 04 20:37:21.959514 np0000002192 devstack@neutron-api.service[89989]: DEBUG dbcounter [-] [89989] Writing DB stats neutron:UPDATE=1,neutron:SELECT=1 {{(pid=89989) stat_writer /opt/stack/data/venv/lib/python3.12/site-packages/dbcounter.py:115}}
Jun 04 20:37:21.969539 np0000002192 devstack@neutron-api.service[89990]: DEBUG dbcounter [-] [89990] Writing DB stats neutron:UPDATE=1,neutron:SELECT=1 {{(pid=89990) stat_writer /opt/stack/data/venv/lib/python3.12/site-packages/dbcounter.py:115}}
Jun 04 20:37:22.775249 np0000002192 devstack@neutron-api.service[89988]: DEBUG neutron.api.wsgi [None req-bb044a7a-26dc-4d51-a2d0-4d1ba4e8f849 tempest-verify_tempest_config-1375498240 tempest-verify_tempest_config-1375498240-project-member] https://10.4.3.238/networking/v2.0/extensions returned with HTTP 200 {{(pid=89988) __call__ /opt/stack/neutron/neutron/api/wsgi.py:540}}
Jun 04 20:37:22.775577 np0000002192 devstack@neutron-api.service[89988]: [pid: 89988|app: 0|req: 15/41] 10.4.3.238 () {66 vars in 1261 bytes} [Thu Jun 4 20:37:22 2026] GET /networking/v2.0/extensions => generated 15873 bytes in 3 msecs (HTTP/1.1 200) 4 headers in 159 bytes (1 switches on core 0)
Jun 04 20:37:23.348731 np0000002192 devstack@neutron-api.service[89989]: DEBUG neutron_lib.callbacks.manager [None req-91a106cc-b03a-404a-8af0-92a29757906f admin admin] Publish callbacks [] for security_group (None), before_create {{(pid=89989) _notify_loop /opt/stack/data/venv/lib/python3.12/site-packages/neutron_lib/callbacks/manager.py:184}}
Jun 04 20:37:23.439959 np0000002192 devstack@neutron-api.service[89989]: DEBUG neutron_lib.callbacks.manager [None req-91a106cc-b03a-404a-8af0-92a29757906f admin admin] Publish callbacks ['neutron.plugins.ml2.drivers.ovn.mech_driver.mech_driver.OVNMechanismDriver._create_security_group_precommit-787279'] for security_group (543e5228-d0e1-4c46-823b-1d45b6e448be), precommit_create {{(pid=89989) _notify_loop /opt/stack/data/venv/lib/python3.12/site-packages/neutron_lib/callbacks/manager.py:184}}
Jun 04 20:37:23.440148 np0000002192 devstack@neutron-api.service[89989]: DEBUG neutron.db.ovn_revision_numbers_db [None req-91a106cc-b03a-404a-8af0-92a29757906f admin admin] create_initial_revision uuid=543e5228-d0e1-4c46-823b-1d45b6e448be, type=security_groups, rev=-1 {{(pid=89989) create_initial_revision /opt/stack/neutron/neutron/db/ovn_revision_numbers_db.py:98}}
Jun 04 20:37:23.441186 np0000002192 devstack@neutron-api.service[89989]: DEBUG neutron.db.ovn_revision_numbers_db [None req-91a106cc-b03a-404a-8af0-92a29757906f admin admin] create_initial_revision uuid=50d255d1-8512-44e8-98cb-1879c7abc63a, type=security_group_rules, rev=-1 {{(pid=89989) create_initial_revision /opt/stack/neutron/neutron/db/ovn_revision_numbers_db.py:98}}
Jun 04 20:37:23.441968 np0000002192 devstack@neutron-api.service[89989]: DEBUG neutron.db.ovn_revision_numbers_db [None req-91a106cc-b03a-404a-8af0-92a29757906f admin admin] create_initial_revision uuid=5c8fe109-e6d4-45e3-a6dc-b980bcb62dbd, type=security_group_rules, rev=-1 {{(pid=89989) create_initial_revision /opt/stack/neutron/neutron/db/ovn_revision_numbers_db.py:98}}
