Jun 02 19:12:04.356569 np0000001964 devstack@g-api.service[102140]: DEBUG glance.api.middleware.version_negotiation [None req-1220b987-0603-4ebc-bf04-715d081031aa tempest-VolumesActionsTest-1197841670 tempest-VolumesActionsTest-1197841670-project-member] new path /v2/images/166b4ba6-3a5f-4d27-a733-6e1b2f494106 {{(pid=102140) process_request /opt/stack/glance/glance/api/middleware/version_negotiation.py:70}}
Jun 02 19:12:04.367116 np0000001964 devstack@g-api.service[102140]: [pid: 102140|app: 0|req: 122/368] 127.0.0.1 () {40 vars in 838 bytes} [Tue Jun 2 19:12:04 2026] GET /v2/images/166b4ba6-3a5f-4d27-a733-6e1b2f494106 => generated 648 bytes in 11 msecs (HTTP/1.1 200) 4 headers in 157 bytes (1 switches on core 0)
Jun 02 19:12:04.767970 np0000001964 devstack@g-api.service[102139]: DEBUG swiftclient [None req-0e167082-6776-43bd-a448-8724279db0b0 tempest-VolumesActionsTest-1197841670 tempest-VolumesActionsTest-1197841670-project-member] REQ: curl -i https://10.4.3.182:8080/v1/AUTH_acacf250ba7e4d56bd5b5af59f35cd8c/glance/166b4ba6-3a5f-4d27-a733-6e1b2f494106-00001 -X PUT -H "X-Auth-Token: gAAAAABqHysBYIia..." {{(pid=102139) http_log /opt/stack/data/venv/lib/python3.12/site-packages/swiftclient/client.py:160}}
Jun 02 19:12:04.768260 np0000001964 devstack@g-api.service[102139]: DEBUG swiftclient [None req-0e167082-6776-43bd-a448-8724279db0b0 tempest-VolumesActionsTest-1197841670 tempest-VolumesActionsTest-1197841670-project-member] RESP STATUS: 201 Created {{(pid=102139) http_log /opt/stack/data/venv/lib/python3.12/site-packages/swiftclient/client.py:161}}
Jun 02 19:12:04.768260 np0000001964 devstack@g-api.service[102139]: DEBUG swiftclient [None req-0e167082-6776-43bd-a448-8724279db0b0 tempest-VolumesActionsTest-1197841670 tempest-VolumesActionsTest-1197841670-project-member] RESP HEADERS: {'Date': 'Tue, 02 Jun 2026 19:12:04 GMT', 'Server': 'Apache/2.4.58 (Ubuntu)', 'Content-Type': 'text/html; charset=UTF-8', 'Content-Length': '0', 'Etag': 'eda9a9889837ac4bc81d6387d92c1bec', 'Last-Modified': 'Tue, 02 Jun 2026 19:12:02 GMT', 'X-Trans-Id': 'tx60dbbfe6a2d84298b30ff-006a1f2b01', 'X-Openstack-Request-Id': 'tx60dbbfe6a2d84298b30ff-006a1f2b01', 'Connection': 'close'} {{(pid=102139) http_log /opt/stack/data/venv/lib/python3.12/site-packages/swiftclient/client.py:162}}
Jun 02 19:12:04.768608 np0000001964 devstack@g-api.service[102139]: DEBUG glance_store._drivers.swift.store [None req-0e167082-6776-43bd-a448-8724279db0b0 tempest-VolumesActionsTest-1197841670 tempest-VolumesActionsTest-1197841670-project-member] Wrote chunk 166b4ba6-3a5f-4d27-a733-6e1b2f494106-00001 (1/?) of length 204800000 to Swift returning MD5 of content: eda9a9889837ac4bc81d6387d92c1bec {{(pid=102139) add /opt/stack/data/venv/lib/python3.12/site-packages/glance_store/_drivers/swift/store.py:1059}}
Jun 02 19:12:05.379713 np0000001964 devstack@g-api.service[102141]: DEBUG glance.api.middleware.version_negotiation [None req-4ea29eb2-86c2-4b6e-a22b-4d73630dd19d tempest-VolumesActionsTest-1197841670 tempest-VolumesActionsTest-1197841670-project-member] Determining version of request: GET /v2/images/166b4ba6-3a5f-4d27-a733-6e1b2f494106 Accept: application/json {{(pid=102141) process_request /opt/stack/glance/glance/api/middleware/version_negotiation.py:44}}
Jun 02 19:12:05.380139 np0000001964 devstack@g-api.service[102141]: DEBUG glance.api.middleware.version_negotiation [None req-4ea29eb2-86c2-4b6e-a22b-4d73630dd19d tempest-VolumesActionsTest-1197841670 tempest-VolumesActionsTest-1197841670-project-member] Using url versioning {{(pid=102141) process_request /opt/stack/glance/glance/api/middleware/version_negotiation.py:57}}
Jun 02 19:12:05.380139 np0000001964 devstack@g-api.service[102141]: DEBUG glance.api.middleware.version_negotiation [None req-4ea29eb2-86c2-4b6e-a22b-4d73630dd19d tempest-VolumesActionsTest-1197841670 tempest-VolumesActionsTest-1197841670-project-member] Matched version: v2 {{(pid=102141) process_request /opt/stack/glance/glance/api/middleware/version_negotiation.py:69}}
Jun 02 19:12:05.380737 np0000001964 devstack@g-api.service[102141]: DEBUG glance.api.middleware.version_negotiation [None req-4ea29eb2-86c2-4b6e-a22b-4d73630dd19d tempest-VolumesActionsTest-1197841670 tempest-VolumesActionsTest-1197841670-project-member] new path /v2/images/166b4ba6-3a5f-4d27-a733-6e1b2f494106 {{(pid=102141) process_request /opt/stack/glance/glance/api/middleware/version_negotiation.py:70}}
Jun 02 19:12:05.392747 np0000001964 devstack@g-api.service[102141]: [pid: 102141|app: 0|req: 124/369] 127.0.0.1 () {40 vars in 838 bytes} [Tue Jun 2 19:12:05 2026] GET /v2/images/166b4ba6-3a5f-4d27-a733-6e1b2f494106 => generated 648 bytes in 13 msecs (HTTP/1.1 200) 4 headers in 157 bytes (1 switches on core 0)
Jun 02 19:12:06.404416 np0000001964 devstack@g-api.service[102140]: DEBUG glance.api.middleware.version_negotiation [None req-ac7af1ef-4bbc-44b9-9a4b-8b4134dda49d tempest-VolumesActionsTest-1197841670 tempest-VolumesActionsTest-1197841670-project-member] Determining version of request: GET /v2/images/166b4ba6-3a5f-4d27-a733-6e1b2f494106 Accept: application/json {{(pid=102140) process_request /opt/stack/glance/glance/api/middleware/version_negotiation.py:44}}
Jun 02 19:12:06.406197 np0000001964 devstack@g-api.service[102140]: DEBUG glance.api.middleware.version_negotiation [None req-ac7af1ef-4bbc-44b9-9a4b-8b4134dda49d tempest-VolumesActionsTest-1197841670 tempest-VolumesActionsTest-1197841670-project-member] Using url versioning {{(pid=102140) process_request /opt/stack/glance/glance/api/middleware/version_negotiation.py:57}}
Jun 02 19:12:06.406197 np0000001964 devstack@g-api.service[102140]: DEBUG glance.api.middleware.version_negotiation [None req-ac7af1ef-4bbc-44b9-9a4b-8b4134dda49d tempest-VolumesActionsTest-1197841670 tempest-VolumesActionsTest-1197841670-project-member] Matched version: v2 {{(pid=102140) process_request /opt/stack/glance/glance/api/middleware/version_negotiation.py:69}}
Jun 02 19:12:06.406433 np0000001964 devstack@g-api.service[102140]: DEBUG glance.api.middleware.version_negotiation [None req-ac7af1ef-4bbc-44b9-9a4b-8b4134dda49d tempest-VolumesActionsTest-1197841670 tempest-VolumesActionsTest-1197841670-project-member] new path /v2/images/166b4ba6-3a5f-4d27-a733-6e1b2f494106 {{(pid=102140) process_request /opt/stack/glance/glance/api/middleware/version_negotiation.py:70}}
Jun 02 19:12:06.432232 np0000001964 devstack@g-api.service[102140]: [pid: 102140|app: 0|req: 123/370] 127.0.0.1 () {40 vars in 838 bytes} [Tue Jun 2 19:12:06 2026] GET /v2/images/166b4ba6-3a5f-4d27-a733-6e1b2f494106 => generated 648 bytes in 28 msecs (HTTP/1.1 200) 4 headers in 157 bytes (1 switches on core 0)
Jun 02 19:12:06.887485 np0000001964 devstack@g-api.service[102139]: DEBUG swiftclient [None req-0e167082-6776-43bd-a448-8724279db0b0 tempest-VolumesActionsTest-1197841670 tempest-VolumesActionsTest-1197841670-project-member] REQ: curl -i https://10.4.3.182:8080/v1/AUTH_acacf250ba7e4d56bd5b5af59f35cd8c/glance/166b4ba6-3a5f-4d27-a733-6e1b2f494106-00002 -X PUT -H "X-Auth-Token: gAAAAABqHysBYIia..." {{(pid=102139) http_log /opt/stack/data/venv/lib/python3.12/site-packages/swiftclient/client.py:160}}
Jun 02 19:12:06.887818 np0000001964 devstack@g-api.service[102139]: DEBUG swiftclient [None req-0e167082-6776-43bd-a448-8724279db0b0 tempest-VolumesActionsTest-1197841670 tempest-VolumesActionsTest-1197841670-project-member] RESP STATUS: 201 Created {{(pid=102139) http_log /opt/stack/data/venv/lib/python3.12/site-packages/swiftclient/client.py:161}}
Jun 02 19:12:06.887818 np0000001964 devstack@g-api.service[102139]: DEBUG swiftclient [None req-0e167082-6776-43bd-a448-8724279db0b0 tempest-VolumesActionsTest-1197841670 tempest-VolumesActionsTest-1197841670-project-member] RESP HEADERS: {'Date': 'Tue, 02 Jun 2026 19:12:06 GMT', 'Server': 'Apache/2.4.58 (Ubuntu)', 'Content-Type': 'text/html; charset=UTF-8', 'Content-Length': '0', 'Etag': 'eda9a9889837ac4bc81d6387d92c1bec', 'Last-Modified': 'Tue, 02 Jun 2026 19:12:05 GMT', 'X-Trans-Id': 'tx8a49992777f64ea391347-006a1f2b04', 'X-Openstack-Request-Id': 'tx8a49992777f64ea391347-006a1f2b04', 'Connection': 'close'} {{(pid=102139) http_log /opt/stack/data/venv/lib/python3.12/site-packages/swiftclient/client.py:162}}
Jun 02 19:12:06.887818 np0000001964 devstack@g-api.service[102139]: DEBUG glance_store._drivers.swift.store [None req-0e167082-6776-43bd-a448-8724279db0b0 tempest-VolumesActionsTest-1197841670 tempest-VolumesActionsTest-1197841670-project-member] Wrote chunk 166b4ba6-3a5f-4d27-a733-6e1b2f494106-00002 (2/?) of length 204800000 to Swift returning MD5 of content: eda9a9889837ac4bc81d6387d92c1bec {{(pid=102139) add /opt/stack/data/venv/lib/python3.12/site-packages/glance_store/_drivers/swift/store.py:1059}}
Jun 02 19:12:07.445145 np0000001964 devstack@g-api.service[102141]: DEBUG glance.api.middleware.version_negotiation [None req-dfda879f-39ee-4509-af60-20aeea24e70a tempest-VolumesActionsTest-1197841670 tempest-VolumesActionsTest-1197841670-project-member] Determining version of request: GET /v2/images/166b4ba6-3a5f-4d27-a733-6e1b2f494106 Accept: application/json {{(pid=102141) process_request /opt/stack/glance/glance/api/middleware/version_negotiation.py:44}}
Jun 02 19:12:07.446951 np0000001964 devstack@g-api.service[102141]: DEBUG glance.api.middleware.version_negotiation [None req-dfda879f-39ee-4509-af60-20aeea24e70a tempest-VolumesActionsTest-1197841670 tempest-VolumesActionsTest-1197841670-project-member] Using url versioning {{(pid=102141) process_request /opt/stack/glance/glance/api/middleware/version_negotiation.py:57}}
Jun 02 19:12:07.446951 np0000001964 devstack@g-api.service[102141]: DEBUG glance.api.middleware.version_negotiation [None req-dfda879f-39ee-4509-af60-20aeea24e70a tempest-VolumesActionsTest-1197841670 tempest-VolumesActionsTest-1197841670-project-member] Matched version: v2 {{(pid=102141) process_request /opt/stack/glance/glance/api/middleware/version_negotiation.py:69}}
Jun 02 19:12:07.446951 np0000001964 devstack@g-api.service[102141]: DEBUG glance.api.middleware.version_negotiation [None req-dfda879f-39ee-4509-af60-20aeea24e70a tempest-VolumesActionsTest-1197841670 tempest-VolumesActionsTest-1197841670-project-member] new path /v2/images/166b4ba6-3a5f-4d27-a733-6e1b2f494106 {{(pid=102141) process_request /opt/stack/glance/glance/api/middleware/version_negotiation.py:70}}
Jun 02 19:12:07.470019 np0000001964 devstack@g-api.service[102141]: [pid: 102141|app: 0|req: 125/371] 127.0.0.1 () {40 vars in 838 bytes} [Tue Jun 2 19:12:07 2026] GET /v2/images/166b4ba6-3a5f-4d27-a733-6e1b2f494106 => generated 648 bytes in 25 msecs (HTTP/1.1 200) 4 headers in 157 bytes (1 switches on core 0)
Jun 02 19:12:08.480257 np0000001964 devstack@g-api.service[102140]: DEBUG glance.api.middleware.version_negotiation [None req-15c7d78e-4b9c-4751-8e88-289987f3429e tempest-VolumesActionsTest-1197841670 tempest-VolumesActionsTest-1197841670-project-member] Determining version of request: GET /v2/images/166b4ba6-3a5f-4d27-a733-6e1b2f494106 Accept: application/json {{(pid=102140) process_request /opt/stack/glance/glance/api/middleware/version_negotiation.py:44}}
Jun 02 19:12:08.480257 np0000001964 devstack@g-api.service[102140]: DEBUG glance.api.middleware.version_negotiation [None req-15c7d78e-4b9c-4751-8e88-289987f3429e tempest-VolumesActionsTest-1197841670 tempest-VolumesActionsTest-1197841670-project-member] Using url versioning {{(pid=102140) process_request /opt/stack/glance/glance/api/middleware/version_negotiation.py:57}}
Jun 02 19:12:08.480257 np0000001964 devstack@g-api.service[102140]: DEBUG glance.api.middleware.version_negotiation [None req-15c7d78e-4b9c-4751-8e88-289987f3429e tempest-VolumesActionsTest-1197841670 tempest-VolumesActionsTest-1197841670-project-member] Matched version: v2 {{(pid=102140) process_request /opt/stack/glance/glance/api/middleware/version_negotiation.py:69}}
Jun 02 19:12:08.480257 np0000001964 devstack@g-api.service[102140]: DEBUG glance.api.middleware.version_negotiation [None req-15c7d78e-4b9c-4751-8e88-289987f3429e tempest-VolumesActionsTest-1197841670 tempest-VolumesActionsTest-1197841670-project-member] new path /v2/images/166b4ba6-3a5f-4d27-a733-6e1b2f494106 {{(pid=102140) process_request /opt/stack/glance/glance/api/middleware/version_negotiation.py:70}}
Jun 02 19:12:08.490708 np0000001964 devstack@g-api.service[102140]: [pid: 102140|app: 0|req: 124/372] 127.0.0.1 () {40 vars in 838 bytes} [Tue Jun 2 19:12:08 2026] GET /v2/images/166b4ba6-3a5f-4d27-a733-6e1b2f494106 => generated 648 bytes in 12 msecs (HTTP/1.1 200) 4 headers in 157 bytes (1 switches on core 0)
Jun 02 19:12:09.151194 np0000001964 devstack@g-api.service[102139]: DEBUG swiftclient [None req-0e167082-6776-43bd-a448-8724279db0b0 tempest-VolumesActionsTest-1197841670 tempest-VolumesActionsTest-1197841670-project-member] REQ: curl -i https://10.4.3.182:8080/v1/AUTH_acacf250ba7e4d56bd5b5af59f35cd8c/glance/166b4ba6-3a5f-4d27-a733-6e1b2f494106-00003 -X PUT -H "X-Auth-Token: gAAAAABqHysBYIia..." {{(pid=102139) http_log /opt/stack/data/venv/lib/python3.12/site-packages/swiftclient/client.py:160}}
Jun 02 19:12:09.151571 np0000001964 devstack@g-api.service[102139]: DEBUG swiftclient [None req-0e167082-6776-43bd-a448-8724279db0b0 tempest-VolumesActionsTest-1197841670 tempest-VolumesActionsTest-1197841670-project-member] RESP STATUS: 201 Created {{(pid=102139) http_log /opt/stack/data/venv/lib/python3.12/site-packages/swiftclient/client.py:161}}
Jun 02 19:12:09.151571 np0000001964 devstack@g-api.service[102139]: DEBUG swiftclient [None req-0e167082-6776-43bd-a448-8724279db0b0 tempest-VolumesActionsTest-1197841670 tempest-VolumesActionsTest-1197841670-project-member] RESP HEADERS: {'Date': 'Tue, 02 Jun 2026 19:12:09 GMT', 'Server': 'Apache/2.4.58 (Ubuntu)', 'Content-Type': 'text/html; charset=UTF-8', 'Content-Length': '0', 'Etag': 'eda9a9889837ac4bc81d6387d92c1bec', 'Last-Modified': 'Tue, 02 Jun 2026 19:12:07 GMT', 'X-Trans-Id': 'tx80007f331e6745849afbb-006a1f2b06', 'X-Openstack-Request-Id': 'tx80007f331e6745849afbb-006a1f2b06', 'Connection': 'close'} {{(pid=102139) http_log /opt/stack/data/venv/lib/python3.12/site-packages/swiftclient/client.py:162}}
Jun 02 19:12:09.151706 np0000001964 devstack@g-api.service[102139]: DEBUG glance_store._drivers.swift.store [None req-0e167082-6776-43bd-a448-8724279db0b0 tempest-VolumesActionsTest-1197841670 tempest-VolumesActionsTest-1197841670-project-member] Wrote chunk 166b4ba6-3a5f-4d27-a733-6e1b2f494106-00003 (3/?) of length 204800000 to Swift returning MD5 of content: eda9a9889837ac4bc81d6387d92c1bec {{(pid=102139) add /opt/stack/data/venv/lib/python3.12/site-packages/glance_store/_drivers/swift/store.py:1059}}
Jun 02 19:12:09.505795 np0000001964 devstack@g-api.service[102141]: DEBUG glance.api.middleware.version_negotiation [None req-ffe8bf3e-dd8a-489c-b140-2cad8b696f2a tempest-VolumesActionsTest-1197841670 tempest-VolumesActionsTest-1197841670-project-member] Determining version of request: GET /v2/images/166b4ba6-3a5f-4d27-a733-6e1b2f494106 Accept: application/json {{(pid=102141) process_request /opt/stack/glance/glance/api/middleware/version_negotiation.py:44}}
Jun 02 19:12:09.505795 np0000001964 devstack@g-api.service[102141]: DEBUG glance.api.middleware.version_negotiation [None req-ffe8bf3e-dd8a-489c-b140-2cad8b696f2a tempest-VolumesActionsTest-1197841670 tempest-VolumesActionsTest-1197841670-project-member] Using url versioning {{(pid=102141) process_request /opt/stack/glance/glance/api/middleware/version_negotiation.py:57}}
Jun 02 19:12:09.505795 np0000001964 devstack@g-api.service[102141]: DEBUG glance.api.middleware.version_negotiation [None req-ffe8bf3e-dd8a-489c-b140-2cad8b696f2a tempest-VolumesActionsTest-1197841670 tempest-VolumesActionsTest-1197841670-project-member] Matched version: v2 {{(pid=102141) process_request /opt/stack/glance/glance/api/middleware/version_negotiation.py:69}}
Jun 02 19:12:09.505795 np0000001964 devstack@g-api.service[102141]: DEBUG glance.api.middleware.version_negotiation [None req-ffe8bf3e-dd8a-489c-b140-2cad8b696f2a tempest-VolumesActionsTest-1197841670 tempest-VolumesActionsTest-1197841670-project-member] new path /v2/images/166b4ba6-3a5f-4d27-a733-6e1b2f494106 {{(pid=102141) process_request /opt/stack/glance/glance/api/middleware/version_negotiation.py:70}}
Jun 02 19:12:09.532039 np0000001964 devstack@g-api.service[102141]: [pid: 102141|app: 0|req: 126/373] 127.0.0.1 () {40 vars in 838 bytes} [Tue Jun 2 19:12:09 2026] GET /v2/images/166b4ba6-3a5f-4d27-a733-6e1b2f494106 => generated 648 bytes in 28 msecs (HTTP/1.1 200) 4 headers in 157 bytes (1 switches on core 0)
Jun 02 19:12:10.549868 np0000001964 devstack@g-api.service[102140]: DEBUG glance.api.middleware.version_negotiation [None req-9ce1a566-ebe1-4cc6-892f-120ce174f50d tempest-VolumesActionsTest-1197841670 tempest-VolumesActionsTest-1197841670-project-member] Determining version of request: GET /v2/images/166b4ba6-3a5f-4d27-a733-6e1b2f494106 Accept: application/json {{(pid=102140) process_request /opt/stack/glance/glance/api/middleware/version_negotiation.py:44}}
Jun 02 19:12:10.549868 np0000001964 devstack@g-api.service[102140]: DEBUG glance.api.middleware.version_negotiation [None req-9ce1a566-ebe1-4cc6-892f-120ce174f50d tempest-VolumesActionsTest-1197841670 tempest-VolumesActionsTest-1197841670-project-member] Using url versioning {{(pid=102140) process_request /opt/stack/glance/glance/api/middleware/version_negotiation.py:57}}
Jun 02 19:12:10.549868 np0000001964 devstack@g-api.service[102140]: DEBUG glance.api.middleware.version_negotiation [None req-9ce1a566-ebe1-4cc6-892f-120ce174f50d tempest-VolumesActionsTest-1197841670 tempest-VolumesActionsTest-1197841670-project-member] Matched version: v2 {{(pid=102140) process_request /opt/stack/glance/glance/api/middleware/version_negotiation.py:69}}
Jun 02 19:12:10.549868 np0000001964 devstack@g-api.service[102140]: DEBUG glance.api.middleware.version_negotiation [None req-9ce1a566-ebe1-4cc6-892f-120ce174f50d tempest-VolumesActionsTest-1197841670 tempest-VolumesActionsTest-1197841670-project-member] new path /v2/images/166b4ba6-3a5f-4d27-a733-6e1b2f494106 {{(pid=102140) process_request /opt/stack/glance/glance/api/middleware/version_negotiation.py:70}}
Jun 02 19:12:10.571589 np0000001964 devstack@g-api.service[102140]: [pid: 102140|app: 0|req: 125/374] 127.0.0.1 () {40 vars in 838 bytes} [Tue Jun 2 19:12:10 2026] GET /v2/images/166b4ba6-3a5f-4d27-a733-6e1b2f494106 => generated 648 bytes in 22 msecs (HTTP/1.1 200) 4 headers in 157 bytes (1 switches on core 0)
Jun 02 19:12:11.501348 np0000001964 devstack@g-api.service[102139]: DEBUG swiftclient [None req-0e167082-6776-43bd-a448-8724279db0b0 tempest-VolumesActionsTest-1197841670 tempest-VolumesActionsTest-1197841670-project-member] REQ: curl -i https://10.4.3.182:8080/v1/AUTH_acacf250ba7e4d56bd5b5af59f35cd8c/glance/166b4ba6-3a5f-4d27-a733-6e1b2f494106-00004 -X PUT -H "X-Auth-Token: gAAAAABqHysBYIia..." {{(pid=102139) http_log /opt/stack/data/venv/lib/python3.12/site-packages/swiftclient/client.py:160}}
Jun 02 19:12:11.501348 np0000001964 devstack@g-api.service[102139]: DEBUG swiftclient [None req-0e167082-6776-43bd-a448-8724279db0b0 tempest-VolumesActionsTest-1197841670 tempest-VolumesActionsTest-1197841670-project-member] RESP STATUS: 201 Created {{(pid=102139) http_log /opt/stack/data/venv/lib/python3.12/site-packages/swiftclient/client.py:161}}
Jun 02 19:12:11.501348 np0000001964 devstack@g-api.service[102139]: DEBUG swiftclient [None req-0e167082-6776-43bd-a448-8724279db0b0 tempest-VolumesActionsTest-1197841670 tempest-VolumesActionsTest-1197841670-project-member] RESP HEADERS: {'Date': 'Tue, 02 Jun 2026 19:12:11 GMT', 'Server': 'Apache/2.4.58 (Ubuntu)', 'Content-Type': 'text/html; charset=UTF-8', 'Content-Length': '0', 'Etag': 'eda9a9889837ac4bc81d6387d92c1bec', 'Last-Modified': 'Tue, 02 Jun 2026 19:12:10 GMT', 'X-Trans-Id': 'tx509c4aabb072462a8a971-006a1f2b09', 'X-Openstack-Request-Id': 'tx509c4aabb072462a8a971-006a1f2b09', 'Connection': 'close'} {{(pid=102139) http_log /opt/stack/data/venv/lib/python3.12/site-packages/swiftclient/client.py:162}}
Jun 02 19:12:11.501348 np0000001964 devstack@g-api.service[102139]: DEBUG glance_store._drivers.swift.store [None req-0e167082-6776-43bd-a448-8724279db0b0 tempest-VolumesActionsTest-1197841670 tempest-VolumesActionsTest-1197841670-project-member] Wrote chunk 166b4ba6-3a5f-4d27-a733-6e1b2f494106-00004 (4/?) of length 204800000 to Swift returning MD5 of content: eda9a9889837ac4bc81d6387d92c1bec {{(pid=102139) add /opt/stack/data/venv/lib/python3.12/site-packages/glance_store/_drivers/swift/store.py:1059}}
Jun 02 19:12:11.587482 np0000001964 devstack@g-api.service[102141]: DEBUG glance.api.middleware.version_negotiation [None req-dfa40eba-3a8c-4e4a-8322-ed8d6916cd75 tempest-VolumesActionsTest-1197841670 tempest-VolumesActionsTest-1197841670-project-member] Determining version of request: GET /v2/images/166b4ba6-3a5f-4d27-a733-6e1b2f494106 Accept: application/json {{(pid=102141) process_request /opt/stack/glance/glance/api/middleware/version_negotiation.py:44}}
Jun 02 19:12:11.587482 np0000001964 devstack@g-api.service[102141]: DEBUG glance.api.middleware.version_negotiation [None req-dfa40eba-3a8c-4e4a-8322-ed8d6916cd75 tempest-VolumesActionsTest-1197841670 tempest-VolumesActionsTest-1197841670-project-member] Using url versioning {{(pid=102141) process_request /opt/stack/glance/glance/api/middleware/version_negotiation.py:57}}
Jun 02 19:12:11.587482 np0000001964 devstack@g-api.service[102141]: DEBUG glance.api.middleware.version_negotiation [None req-dfa40eba-3a8c-4e4a-8322-ed8d6916cd75 tempest-VolumesActionsTest-1197841670 tempest-VolumesActionsTest-1197841670-project-member] Matched version: v2 {{(pid=102141) process_request /opt/stack/glance/glance/api/middleware/version_negotiation.py:69}}
Jun 02 19:12:11.587482 np0000001964 devstack@g-api.service[102141]: DEBUG glance.api.middleware.version_negotiation [None req-dfa40eba-3a8c-4e4a-8322-ed8d6916cd75 tempest-VolumesActionsTest-1197841670 tempest-VolumesActionsTest-1197841670-project-member] new path /v2/images/166b4ba6-3a5f-4d27-a733-6e1b2f494106 {{(pid=102141) process_request /opt/stack/glance/glance/api/middleware/version_negotiation.py:70}}
Jun 02 19:12:11.611344 np0000001964 devstack@g-api.service[102141]: [pid: 102141|app: 0|req: 127/375] 127.0.0.1 () {40 vars in 838 bytes} [Tue Jun 2 19:12:11 2026] GET /v2/images/166b4ba6-3a5f-4d27-a733-6e1b2f494106 => generated 648 bytes in 24 msecs (HTTP/1.1 200) 4 headers in 157 bytes (1 switches on core 0)
Jun 02 19:12:11.799291 np0000001964 devstack@g-api.service[102139]: DEBUG dbcounter [-] [102139] Writing DB stats glance:SELECT=12,glance:UPDATE=1 {{(pid=102139) stat_writer /opt/stack/data/venv/lib/python3.12/site-packages/dbcounter.py:115}}
Jun 02 19:12:12.625053 np0000001964 devstack@g-api.service[102140]: DEBUG glance.api.middleware.version_negotiation [None req-a13b4dfe-84d6-4200-8e06-d64efebbdcbd tempest-VolumesActionsTest-1197841670 tempest-VolumesActionsTest-1197841670-project-member] Determining version of request: GET /v2/images/166b4ba6-3a5f-4d27-a733-6e1b2f494106 Accept: application/json {{(pid=102140) process_request /opt/stack/glance/glance/api/middleware/version_negotiation.py:44}}
Jun 02 19:12:12.625457 np0000001964 devstack@g-api.service[102140]: DEBUG glance.api.middleware.version_negotiation [None req-a13b4dfe-84d6-4200-8e06-d64efebbdcbd tempest-VolumesActionsTest-1197841670 tempest-VolumesActionsTest-1197841670-project-member] Using url versioning {{(pid=102140) process_request /opt/stack/glance/glance/api/middleware/version_negotiation.py:57}}
Jun 02 19:12:12.626372 np0000001964 devstack@g-api.service[102140]: DEBUG glance.api.middleware.version_negotiation [None req-a13b4dfe-84d6-4200-8e06-d64efebbdcbd tempest-VolumesActionsTest-1197841670 tempest-VolumesActionsTest-1197841670-project-member] Matched version: v2 {{(pid=102140) process_request /opt/stack/glance/glance/api/middleware/version_negotiation.py:69}}
Jun 02 19:12:12.626901 np0000001964 devstack@g-api.service[102140]: DEBUG glance.api.middleware.version_negotiation [None req-a13b4dfe-84d6-4200-8e06-d64efebbdcbd tempest-VolumesActionsTest-1197841670 tempest-VolumesActionsTest-1197841670-project-member] new path /v2/images/166b4ba6-3a5f-4d27-a733-6e1b2f494106 {{(pid=102140) process_request /opt/stack/glance/glance/api/middleware/version_negotiation.py:70}}
Jun 02 19:12:12.643927 np0000001964 devstack@g-api.service[102140]: [pid: 102140|app: 0|req: 126/376] 127.0.0.1 () {40 vars in 838 bytes} [Tue Jun 2 19:12:12 2026] GET /v2/images/166b4ba6-3a5f-4d27-a733-6e1b2f494106 => generated 648 bytes in 19 msecs (HTTP/1.1 200) 4 headers in 157 bytes (1 switches on core 0)
Jun 02 19:12:13.652389 np0000001964 devstack@g-api.service[102141]: DEBUG glance.api.middleware.version_negotiation [None req-47ac5fbe-0ece-40bb-9828-6551ab7d585e tempest-VolumesActionsTest-1197841670 tempest-VolumesActionsTest-1197841670-project-member] Determining version of request: GET /v2/images/166b4ba6-3a5f-4d27-a733-6e1b2f494106 Accept: application/json {{(pid=102141) process_request /opt/stack/glance/glance/api/middleware/version_negotiation.py:44}}
Jun 02 19:12:13.652859 np0000001964 devstack@g-api.service[102141]: DEBUG glance.api.middleware.version_negotiation [None req-47ac5fbe-0ece-40bb-9828-6551ab7d585e tempest-VolumesActionsTest-1197841670 tempest-VolumesActionsTest-1197841670-project-member] Using url versioning {{(pid=102141) process_request /opt/stack/glance/glance/api/middleware/version_negotiation.py:57}}
Jun 02 19:12:13.652859 np0000001964 devstack@g-api.service[102141]: DEBUG glance.api.middleware.version_negotiation [None req-47ac5fbe-0ece-40bb-9828-6551ab7d585e tempest-VolumesActionsTest-1197841670 tempest-VolumesActionsTest-1197841670-project-member] Matched version: v2 {{(pid=102141) process_request /opt/stack/glance/glance/api/middleware/version_negotiation.py:69}}
Jun 02 19:12:13.652859 np0000001964 devstack@g-api.service[102141]: DEBUG glance.api.middleware.version_negotiation [None req-47ac5fbe-0ece-40bb-9828-6551ab7d585e tempest-VolumesActionsTest-1197841670 tempest-VolumesActionsTest-1197841670-project-member] new path /v2/images/166b4ba6-3a5f-4d27-a733-6e1b2f494106 {{(pid=102141) process_request /opt/stack/glance/glance/api/middleware/version_negotiation.py:70}}
Jun 02 19:12:13.664434 np0000001964 devstack@g-api.service[102141]: [pid: 102141|app: 0|req: 128/377] 127.0.0.1 () {40 vars in 838 bytes} [Tue Jun 2 19:12:13 2026] GET /v2/images/166b4ba6-3a5f-4d27-a733-6e1b2f494106 => generated 648 bytes in 12 msecs (HTTP/1.1 200) 4 headers in 157 bytes (1 switches on core 0)
Jun 02 19:12:13.791442 np0000001964 devstack@g-api.service[102139]: DEBUG swiftclient [None req-0e167082-6776-43bd-a448-8724279db0b0 tempest-VolumesActionsTest-1197841670 tempest-VolumesActionsTest-1197841670-project-member] REQ: curl -i https://10.4.3.182:8080/v1/AUTH_acacf250ba7e4d56bd5b5af59f35cd8c/glance/166b4ba6-3a5f-4d27-a733-6e1b2f494106-00005 -X PUT -H "X-Auth-Token: gAAAAABqHysBYIia..." {{(pid=102139) http_log /opt/stack/data/venv/lib/python3.12/site-packages/swiftclient/client.py:160}}
Jun 02 19:12:13.792480 np0000001964 devstack@g-api.service[102139]: DEBUG swiftclient [None req-0e167082-6776-43bd-a448-8724279db0b0 tempest-VolumesActionsTest-1197841670 tempest-VolumesActionsTest-1197841670-project-member] RESP STATUS: 201 Created {{(pid=102139) http_log /opt/stack/data/venv/lib/python3.12/site-packages/swiftclient/client.py:161}}
Jun 02 19:12:13.792480 np0000001964 devstack@g-api.service[102139]: DEBUG swiftclient [None req-0e167082-6776-43bd-a448-8724279db0b0 tempest-VolumesActionsTest-1197841670 tempest-VolumesActionsTest-1197841670-project-member] RESP HEADERS: {'Date': 'Tue, 02 Jun 2026 19:12:13 GMT', 'Server': 'Apache/2.4.58 (Ubuntu)', 'Content-Type': 'text/html; charset=UTF-8', 'Content-Length': '0', 'Etag': 'eda9a9889837ac4bc81d6387d92c1bec', 'Last-Modified': 'Tue, 02 Jun 2026 19:12:12 GMT', 'X-Trans-Id': 'tx4eea8ef1023f44c2a703b-006a1f2b0b', 'X-Openstack-Request-Id': 'tx4eea8ef1023f44c2a703b-006a1f2b0b', 'Connection': 'close'} {{(pid=102139) http_log /opt/stack/data/venv/lib/python3.12/site-packages/swiftclient/client.py:162}}
Jun 02 19:12:13.792480 np0000001964 devstack@g-api.service[102139]: DEBUG glance_store._drivers.swift.store [None req-0e167082-6776-43bd-a448-8724279db0b0 tempest-VolumesActionsTest-1197841670 tempest-VolumesActionsTest-1197841670-project-member] Wrote chunk 166b4ba6-3a5f-4d27-a733-6e1b2f494106-00005 (5/?) of length 204800000 to Swift returning MD5 of content: eda9a9889837ac4bc81d6387d92c1bec {{(pid=102139) add /opt/stack/data/venv/lib/python3.12/site-packages/glance_store/_drivers/swift/store.py:1059}}
Jun 02 19:12:14.380246 np0000001964 devstack@g-api.service[102139]: DEBUG swiftclient [None req-0e167082-6776-43bd-a448-8724279db0b0 tempest-VolumesActionsTest-1197841670 tempest-VolumesActionsTest-1197841670-project-member] REQ: curl -i https://10.4.3.182:8080/v1/AUTH_acacf250ba7e4d56bd5b5af59f35cd8c/glance/166b4ba6-3a5f-4d27-a733-6e1b2f494106-00006 -X PUT -H "X-Auth-Token: gAAAAABqHysBYIia..." {{(pid=102139) http_log /opt/stack/data/venv/lib/python3.12/site-packages/swiftclient/client.py:160}}
Jun 02 19:12:14.380399 np0000001964 devstack@g-api.service[102139]: DEBUG swiftclient [None req-0e167082-6776-43bd-a448-8724279db0b0 tempest-VolumesActionsTest-1197841670 tempest-VolumesActionsTest-1197841670-project-member] RESP STATUS: 201 Created {{(pid=102139) http_log /opt/stack/data/venv/lib/python3.12/site-packages/swiftclient/client.py:161}}
Jun 02 19:12:14.380581 np0000001964 devstack@g-api.service[102139]: DEBUG swiftclient [None req-0e167082-6776-43bd-a448-8724279db0b0 tempest-VolumesActionsTest-1197841670 tempest-VolumesActionsTest-1197841670-project-member] RESP HEADERS: {'Date': 'Tue, 02 Jun 2026 19:12:14 GMT', 'Server': 'Apache/2.4.58 (Ubuntu)', 'Content-Type': 'text/html; charset=UTF-8', 'Content-Length': '0', 'Etag': '708761f3b8777ec77058e63da08eeeb6', 'Last-Modified': 'Tue, 02 Jun 2026 19:12:14 GMT', 'X-Trans-Id': 'tx0f07feffa3a6490bbfa4d-006a1f2b0d', 'X-Openstack-Request-Id': 'tx0f07feffa3a6490bbfa4d-006a1f2b0d', 'Connection': 'close'} {{(pid=102139) http_log /opt/stack/data/venv/lib/python3.12/site-packages/swiftclient/client.py:162}}
Jun 02 19:12:14.380715 np0000001964 devstack@g-api.service[102139]: DEBUG glance_store._drivers.swift.store [None req-0e167082-6776-43bd-a448-8724279db0b0 tempest-VolumesActionsTest-1197841670 tempest-VolumesActionsTest-1197841670-project-member] Wrote chunk 166b4ba6-3a5f-4d27-a733-6e1b2f494106-00006 (6/?) of length 49741824 to Swift returning MD5 of content: 708761f3b8777ec77058e63da08eeeb6 {{(pid=102139) add /opt/stack/data/venv/lib/python3.12/site-packages/glance_store/_drivers/swift/store.py:1059}}
Jun 02 19:12:14.381035 np0000001964 devstack@g-api.service[102139]: DEBUG glance_store._drivers.swift.store [None req-0e167082-6776-43bd-a448-8724279db0b0 tempest-VolumesActionsTest-1197841670 tempest-VolumesActionsTest-1197841670-project-member] Not writing zero-length chunk. {{(pid=102139) add /opt/stack/data/venv/lib/python3.12/site-packages/glance_store/_drivers/swift/store.py:1028}}
Jun 02 19:12:14.411870 np0000001964 devstack@g-api.service[102139]: DEBUG swiftclient [None req-0e167082-6776-43bd-a448-8724279db0b0 tempest-VolumesActionsTest-1197841670 tempest-VolumesActionsTest-1197841670-project-member] REQ: curl -i https://10.4.3.182:8080/v1/AUTH_acacf250ba7e4d56bd5b5af59f35cd8c/glance/166b4ba6-3a5f-4d27-a733-6e1b2f494106 -X PUT -H "X-Object-Manifest: glance/166b4ba6-3a5f-4d27-a733-6e1b2f494106-" -H "X-Auth-Token: gAAAAABqHysBYIia..." -H "Content-Length: 0" {{(pid=102139) http_log /opt/stack/data/venv/lib/python3.12/site-packages/swiftclient/client.py:160}}
Jun 02 19:12:14.412961 np0000001964 devstack@g-api.service[102139]: DEBUG swiftclient [None req-0e167082-6776-43bd-a448-8724279db0b0 tempest-VolumesActionsTest-1197841670 tempest-VolumesActionsTest-1197841670-project-member] RESP STATUS: 201 Created {{(pid=102139) http_log /opt/stack/data/venv/lib/python3.12/site-packages/swiftclient/client.py:161}}
Jun 02 19:12:14.412961 np0000001964 devstack@g-api.service[102139]: DEBUG swiftclient [None req-0e167082-6776-43bd-a448-8724279db0b0 tempest-VolumesActionsTest-1197841670 tempest-VolumesActionsTest-1197841670-project-member] RESP HEADERS: {'Date': 'Tue, 02 Jun 2026 19:12:14 GMT', 'Server': 'Apache/2.4.58 (Ubuntu)', 'Content-Type': 'text/html; charset=UTF-8', 'Content-Length': '0', 'Etag': 'd41d8cd98f00b204e9800998ecf8427e', 'Last-Modified': 'Tue, 02 Jun 2026 19:12:15 GMT', 'X-Trans-Id': 'txf9bcfcced4af446f92999-006a1f2b0e', 'X-Openstack-Request-Id': 'txf9bcfcced4af446f92999-006a1f2b0e', 'Connection': 'close'} {{(pid=102139) http_log /opt/stack/data/venv/lib/python3.12/site-packages/swiftclient/client.py:162}}
Jun 02 19:12:14.412961 np0000001964 devstack@g-api.service[102139]: INFO glance.location [None req-0e167082-6776-43bd-a448-8724279db0b0 tempest-VolumesActionsTest-1197841670 tempest-VolumesActionsTest-1197841670-project-member] Image format matched and virtual size computed: 1073741824
Jun 02 19:12:14.440471 np0000001964 devstack@g-api.service[102139]: DEBUG glance_store.backend [None req-0e167082-6776-43bd-a448-8724279db0b0 tempest-VolumesActionsTest-1197841670 tempest-VolumesActionsTest-1197841670-project-member] Attempting to import store swift {{(pid=102139) _load_store /opt/stack/data/venv/lib/python3.12/site-packages/glance_store/backend.py:215}}
Jun 02 19:12:14.442125 np0000001964 devstack@g-api.service[102139]: DEBUG glance_store.capabilities [None req-0e167082-6776-43bd-a448-8724279db0b0 tempest-VolumesActionsTest-1197841670 tempest-VolumesActionsTest-1197841670-project-member] Store glance_store._drivers.swift.store.SingleTenantStore doesn't support updating dynamic storage capabilities. Please overwrite 'update_capabilities' method of the store to implement updating logics if needed. {{(pid=102139) update_capabilities /opt/stack/data/venv/lib/python3.12/site-packages/glance_store/capabilities.py:91}}
Jun 02 19:12:14.442282 np0000001964 devstack@g-api.service[102139]: DEBUG glance_store.driver [None req-0e167082-6776-43bd-a448-8724279db0b0 tempest-VolumesActionsTest-1197841670 tempest-VolumesActionsTest-1197841670-project-member] Late loading location class glance_store._drivers.swift.store.StoreLocation {{(pid=102139) get_store_location_class /opt/stack/data/venv/lib/python3.12/site-packages/glance_store/driver.py:134}}
Jun 02 19:12:14.442446 np0000001964 devstack@g-api.service[102139]: DEBUG glance_store.location [None req-0e167082-6776-43bd-a448-8724279db0b0 tempest-VolumesActionsTest-1197841670 tempest-VolumesActionsTest-1197841670-project-member] Registering scheme swift+https with {'store': , 'location_class': , 'store_entry': 'swift'} {{(pid=102139) register_scheme_map /opt/stack/data/venv/lib/python3.12/site-packages/glance_store/location.py:146}}
Jun 02 19:12:14.442562 np0000001964 devstack@g-api.service[102139]: DEBUG glance_store.location [None req-0e167082-6776-43bd-a448-8724279db0b0 tempest-VolumesActionsTest-1197841670 tempest-VolumesActionsTest-1197841670-project-member] Registering scheme swift+https with {'store': , 'location_class': , 'store_entry': 'swift'} {{(pid=102139) register_scheme_map /opt/stack/data/venv/lib/python3.12/site-packages/glance_store/location.py:146}}
Jun 02 19:12:14.442699 np0000001964 devstack@g-api.service[102139]: DEBUG glance_store.location [None req-0e167082-6776-43bd-a448-8724279db0b0 tempest-VolumesActionsTest-1197841670 tempest-VolumesActionsTest-1197841670-project-member] Registering scheme swift with {'store': , 'location_class': , 'store_entry': 'swift'} {{(pid=102139) register_scheme_map /opt/stack/data/venv/lib/python3.12/site-packages/glance_store/location.py:146}}
Jun 02 19:12:14.442796 np0000001964 devstack@g-api.service[102139]: DEBUG glance_store.location [None req-0e167082-6776-43bd-a448-8724279db0b0 tempest-VolumesActionsTest-1197841670 tempest-VolumesActionsTest-1197841670-project-member] Registering scheme swift+https with {'store': , 'location_class': , 'store_entry': 'swift'} {{(pid=102139) register_scheme_map /opt/stack/data/venv/lib/python3.12/site-packages/glance_store/location.py:146}}
Jun 02 19:12:14.442886 np0000001964 devstack@g-api.service[102139]: DEBUG glance_store.location [None req-0e167082-6776-43bd-a448-8724279db0b0 tempest-VolumesActionsTest-1197841670 tempest-VolumesActionsTest-1197841670-project-member] Registering scheme swift with {'store': , 'location_class': , 'store_entry': 'swift'} {{(pid=102139) register_scheme_map /opt/stack/data/venv/lib/python3.12/site-packages/glance_store/location.py:146}}
Jun 02 19:12:14.442972 np0000001964 devstack@g-api.service[102139]: DEBUG glance_store.location [None req-0e167082-6776-43bd-a448-8724279db0b0 tempest-VolumesActionsTest-1197841670 tempest-VolumesActionsTest-1197841670-project-member] Registering scheme swift+http with {'store': , 'location_class': , 'store_entry': 'swift'} {{(pid=102139) register_scheme_map /opt/stack/data/venv/lib/python3.12/site-packages/glance_store/location.py:146}}
Jun 02 19:12:14.443060 np0000001964 devstack@g-api.service[102139]: DEBUG glance_store.location [None req-0e167082-6776-43bd-a448-8724279db0b0 tempest-VolumesActionsTest-1197841670 tempest-VolumesActionsTest-1197841670-project-member] Registering scheme swift+https with {'store': , 'location_class': , 'store_entry': 'swift'} {{(pid=102139) register_scheme_map /opt/stack/data/venv/lib/python3.12/site-packages/glance_store/location.py:146}}
Jun 02 19:12:14.443139 np0000001964 devstack@g-api.service[102139]: DEBUG glance_store.location [None req-0e167082-6776-43bd-a448-8724279db0b0 tempest-VolumesActionsTest-1197841670 tempest-VolumesActionsTest-1197841670-project-member] Registering scheme swift with {'store': , 'location_class': , 'store_entry': 'swift'} {{(pid=102139) register_scheme_map /opt/stack/data/venv/lib/python3.12/site-packages/glance_store/location.py:146}}
Jun 02 19:12:14.443230 np0000001964 devstack@g-api.service[102139]: DEBUG glance_store.location [None req-0e167082-6776-43bd-a448-8724279db0b0 tempest-VolumesActionsTest-1197841670 tempest-VolumesActionsTest-1197841670-project-member] Registering scheme swift+http with {'store': , 'location_class': , 'store_entry': 'swift'} {{(pid=102139) register_scheme_map /opt/stack/data/venv/lib/python3.12/site-packages/glance_store/location.py:146}}
Jun 02 19:12:14.443574 np0000001964 devstack@g-api.service[102139]: DEBUG glance_store.location [None req-0e167082-6776-43bd-a448-8724279db0b0 tempest-VolumesActionsTest-1197841670 tempest-VolumesActionsTest-1197841670-project-member] Registering scheme swift+config with {'store': , 'location_class': , 'store_entry': 'swift'} {{(pid=102139) register_scheme_map /opt/stack/data/venv/lib/python3.12/site-packages/glance_store/location.py:146}}
Jun 02 19:12:14.443574 np0000001964 devstack@g-api.service[102139]: DEBUG glance_store.backend [None req-0e167082-6776-43bd-a448-8724279db0b0 tempest-VolumesActionsTest-1197841670 tempest-VolumesActionsTest-1197841670-project-member] Skipping store.set_acls... not implemented. {{(pid=102139) set_acls /opt/stack/data/venv/lib/python3.12/site-packages/glance_store/backend.py:507}}
Jun 02 19:12:14.445261 np0000001964 devstack@g-api.service[102139]: [pid: 102139|app: 0|req: 124/378] 127.0.0.1 () {46 vars in 1158 bytes} [Tue Jun 2 19:12:00 2026] PUT /v2/images/166b4ba6-3a5f-4d27-a733-6e1b2f494106/file => generated 0 bytes in 13733 msecs (HTTP/1.1 204) 4 headers in 171 bytes (1 switches on core 0)
Jun 02 19:12:14.467394 np0000001964 devstack@g-api.service[102140]: DEBUG glance.api.middleware.version_negotiation [None req-18f8e8c1-c5b4-489c-bdd4-b9fcb3ed4b85 tempest-VolumesActionsTest-1197841670 tempest-VolumesActionsTest-1197841670-project-member] Determining version of request: GET /v2/images/166b4ba6-3a5f-4d27-a733-6e1b2f494106 Accept: */* {{(pid=102140) process_request /opt/stack/glance/glance/api/middleware/version_negotiation.py:44}}
Jun 02 19:12:14.467394 np0000001964 devstack@g-api.service[102140]: DEBUG glance.api.middleware.version_negotiation [None req-18f8e8c1-c5b4-489c-bdd4-b9fcb3ed4b85 tempest-VolumesActionsTest-1197841670 tempest-VolumesActionsTest-1197841670-project-member] Using url versioning {{(pid=102140) process_request /opt/stack/glance/glance/api/middleware/version_negotiation.py:57}}
Jun 02 19:12:14.467394 np0000001964 devstack@g-api.service[102140]: DEBUG glance.api.middleware.version_negotiation [None req-18f8e8c1-c5b4-489c-bdd4-b9fcb3ed4b85 tempest-VolumesActionsTest-1197841670 tempest-VolumesActionsTest-1197841670-project-member] Matched version: v2 {{(pid=102140) process_request /opt/stack/glance/glance/api/middleware/version_negotiation.py:69}}
Jun 02 19:12:14.467394 np0000001964 devstack@g-api.service[102140]: DEBUG glance.api.middleware.version_negotiation [None req-18f8e8c1-c5b4-489c-bdd4-b9fcb3ed4b85 tempest-VolumesActionsTest-1197841670 tempest-VolumesActionsTest-1197841670-project-member] new path /v2/images/166b4ba6-3a5f-4d27-a733-6e1b2f494106 {{(pid=102140) process_request /opt/stack/glance/glance/api/middleware/version_negotiation.py:70}}
Jun 02 19:12:14.481093 np0000001964 devstack@g-api.service[102140]: [pid: 102140|app: 0|req: 127/379] 127.0.0.1 () {44 vars in 1115 bytes} [Tue Jun 2 19:12:14 2026] GET /v2/images/166b4ba6-3a5f-4d27-a733-6e1b2f494106 => generated 820 bytes in 18 msecs (HTTP/1.1 200) 4 headers in 157 bytes (1 switches on core 0)
Jun 02 19:12:14.490932 np0000001964 devstack@g-api.service[102141]: DEBUG glance.api.middleware.version_negotiation [None req-c6f37008-cb9e-4771-8195-bbe6eecf0b90 tempest-VolumesActionsTest-1197841670 tempest-VolumesActionsTest-1197841670-project-member] Determining version of request: GET /v2/schemas/image Accept: */* {{(pid=102141) process_request /opt/stack/glance/glance/api/middleware/version_negotiation.py:44}}
Jun 02 19:12:14.490932 np0000001964 devstack@g-api.service[102141]: DEBUG glance.api.middleware.version_negotiation [None req-c6f37008-cb9e-4771-8195-bbe6eecf0b90 tempest-VolumesActionsTest-1197841670 tempest-VolumesActionsTest-1197841670-project-member] Using url versioning {{(pid=102141) process_request /opt/stack/glance/glance/api/middleware/version_negotiation.py:57}}
Jun 02 19:12:14.490932 np0000001964 devstack@g-api.service[102141]: DEBUG glance.api.middleware.version_negotiation [None req-c6f37008-cb9e-4771-8195-bbe6eecf0b90 tempest-VolumesActionsTest-1197841670 tempest-VolumesActionsTest-1197841670-project-member] Matched version: v2 {{(pid=102141) process_request /opt/stack/glance/glance/api/middleware/version_negotiation.py:69}}
Jun 02 19:12:14.491181 np0000001964 devstack@g-api.service[102141]: DEBUG glance.api.middleware.version_negotiation [None req-c6f37008-cb9e-4771-8195-bbe6eecf0b90 tempest-VolumesActionsTest-1197841670 tempest-VolumesActionsTest-1197841670-project-member] new path /v2/schemas/image {{(pid=102141) process_request /opt/stack/glance/glance/api/middleware/version_negotiation.py:70}}
Jun 02 19:12:14.495840 np0000001964 devstack@g-api.service[102141]: [pid: 102141|app: 0|req: 129/380] 127.0.0.1 () {44 vars in 1055 bytes} [Tue Jun 2 19:12:14 2026] GET /v2/schemas/image => generated 6083 bytes in 5 msecs (HTTP/1.1 200) 4 headers in 158 bytes (1 switches on core 0)
Jun 02 19:12:14.505183 np0000001964 devstack@g-api.service[102139]: DEBUG glance.api.middleware.version_negotiation [None req-0e167082-6776-43bd-a448-8724279db0b0 tempest-VolumesActionsTest-1197841670 tempest-VolumesActionsTest-1197841670-project-member] Determining version of request: GET /v2/schemas/image Accept: */* {{(pid=102139) process_request /opt/stack/glance/glance/api/middleware/version_negotiation.py:44}}
Jun 02 19:12:14.505452 np0000001964 devstack@g-api.service[102139]: DEBUG glance.api.middleware.version_negotiation [None req-0e167082-6776-43bd-a448-8724279db0b0 tempest-VolumesActionsTest-1197841670 tempest-VolumesActionsTest-1197841670-project-member] Using url versioning {{(pid=102139) process_request /opt/stack/glance/glance/api/middleware/version_negotiation.py:57}}
Jun 02 19:12:14.505660 np0000001964 devstack@g-api.service[102139]: DEBUG glance.api.middleware.version_negotiation [None req-0e167082-6776-43bd-a448-8724279db0b0 tempest-VolumesActionsTest-1197841670 tempest-VolumesActionsTest-1197841670-project-member] Matched version: v2 {{(pid=102139) process_request /opt/stack/glance/glance/api/middleware/version_negotiation.py:69}}
Jun 02 19:12:14.505826 np0000001964 devstack@g-api.service[102139]: DEBUG glance.api.middleware.version_negotiation [None req-0e167082-6776-43bd-a448-8724279db0b0 tempest-VolumesActionsTest-1197841670 tempest-VolumesActionsTest-1197841670-project-member] new path /v2/schemas/image {{(pid=102139) process_request /opt/stack/glance/glance/api/middleware/version_negotiation.py:70}}
Jun 02 19:12:14.512411 np0000001964 devstack@g-api.service[102139]: [pid: 102139|app: 0|req: 125/381] 127.0.0.1 () {44 vars in 1055 bytes} [Tue Jun 2 19:12:14 2026] GET /v2/schemas/image => generated 6083 bytes in 7 msecs (HTTP/1.1 200) 4 headers in 158 bytes (1 switches on core 0)
Jun 02 19:12:14.674821 np0000001964 devstack@g-api.service[102140]: DEBUG glance.api.middleware.version_negotiation [None req-0e167082-6776-43bd-a448-8724279db0b0 tempest-VolumesActionsTest-1197841670 tempest-VolumesActionsTest-1197841670-project-member] Determining version of request: GET /v2/images/166b4ba6-3a5f-4d27-a733-6e1b2f494106 Accept: application/json {{(pid=102140) process_request /opt/stack/glance/glance/api/middleware/version_negotiation.py:44}}
Jun 02 19:12:14.674980 np0000001964 devstack@g-api.service[102140]: DEBUG glance.api.middleware.version_negotiation [None req-0e167082-6776-43bd-a448-8724279db0b0 tempest-VolumesActionsTest-1197841670 tempest-VolumesActionsTest-1197841670-project-member] Using url versioning {{(pid=102140) process_request /opt/stack/glance/glance/api/middleware/version_negotiation.py:57}}
Jun 02 19:12:14.675166 np0000001964 devstack@g-api.service[102140]: DEBUG glance.api.middleware.version_negotiation [None req-0e167082-6776-43bd-a448-8724279db0b0 tempest-VolumesActionsTest-1197841670 tempest-VolumesActionsTest-1197841670-project-member] Matched version: v2 {{(pid=102140) process_request /opt/stack/glance/glance/api/middleware/version_negotiation.py:69}}
Jun 02 19:12:14.675329 np0000001964 devstack@g-api.service[102140]: DEBUG glance.api.middleware.version_negotiation [None req-0e167082-6776-43bd-a448-8724279db0b0 tempest-VolumesActionsTest-1197841670 tempest-VolumesActionsTest-1197841670-project-member] new path /v2/images/166b4ba6-3a5f-4d27-a733-6e1b2f494106 {{(pid=102140) process_request /opt/stack/glance/glance/api/middleware/version_negotiation.py:70}}
Jun 02 19:12:14.683297 np0000001964 devstack@g-api.service[102140]: [pid: 102140|app: 0|req: 128/382] 127.0.0.1 () {40 vars in 838 bytes} [Tue Jun 2 19:12:14 2026] GET /v2/images/166b4ba6-3a5f-4d27-a733-6e1b2f494106 => generated 820 bytes in 8 msecs (HTTP/1.1 200) 4 headers in 157 bytes (1 switches on core 0)
Jun 02 19:12:15.734233 np0000001964 devstack@g-api.service[102141]: DEBUG glance.api.middleware.version_negotiation [None req-0e167082-6776-43bd-a448-8724279db0b0 tempest-VolumesActionsTest-1197841670 tempest-VolumesActionsTest-1197841670-project-member] Determining version of request: GET /v2/images/6d43eba6-2ec3-4fe4-b7c1-51e657894807 Accept: */* {{(pid=102141) process_request /opt/stack/glance/glance/api/middleware/version_negotiation.py:44}}
Jun 02 19:12:15.734736 np0000001964 devstack@g-api.service[102141]: DEBUG glance.api.middleware.version_negotiation [None req-0e167082-6776-43bd-a448-8724279db0b0 tempest-VolumesActionsTest-1197841670 tempest-VolumesActionsTest-1197841670-project-member] Using url versioning {{(pid=102141) process_request /opt/stack/glance/glance/api/middleware/version_negotiation.py:57}}
Jun 02 19:12:15.734736 np0000001964 devstack@g-api.service[102141]: DEBUG glance.api.middleware.version_negotiation [None req-0e167082-6776-43bd-a448-8724279db0b0 tempest-VolumesActionsTest-1197841670 tempest-VolumesActionsTest-1197841670-project-member] Matched version: v2 {{(pid=102141) process_request /opt/stack/glance/glance/api/middleware/version_negotiation.py:69}}
Jun 02 19:12:15.734736 np0000001964 devstack@g-api.service[102141]: DEBUG glance.api.middleware.version_negotiation [None req-0e167082-6776-43bd-a448-8724279db0b0 tempest-VolumesActionsTest-1197841670 tempest-VolumesActionsTest-1197841670-project-member] new path /v2/images/6d43eba6-2ec3-4fe4-b7c1-51e657894807 {{(pid=102141) process_request /opt/stack/glance/glance/api/middleware/version_negotiation.py:70}}
Jun 02 19:12:15.746380 np0000001964 devstack@g-api.service[102141]: [pid: 102141|app: 0|req: 130/383] 127.0.0.1 () {44 vars in 1115 bytes} [Tue Jun 2 19:12:15 2026] GET /v2/images/6d43eba6-2ec3-4fe4-b7c1-51e657894807 => generated 1044 bytes in 12 msecs (HTTP/1.1 200) 4 headers in 158 bytes (1 switches on core 0)
Jun 02 19:12:15.769759 np0000001964 devstack@g-api.service[102139]: DEBUG glance.api.middleware.version_negotiation [None req-0e167082-6776-43bd-a448-8724279db0b0 tempest-VolumesActionsTest-1197841670 tempest-VolumesActionsTest-1197841670-project-member] Determining version of request: GET /v2/images/166b4ba6-3a5f-4d27-a733-6e1b2f494106 Accept: application/json {{(pid=102139) process_request /opt/stack/glance/glance/api/middleware/version_negotiation.py:44}}
Jun 02 19:12:15.769759 np0000001964 devstack@g-api.service[102139]: DEBUG glance.api.middleware.version_negotiation [None req-0e167082-6776-43bd-a448-8724279db0b0 tempest-VolumesActionsTest-1197841670 tempest-VolumesActionsTest-1197841670-project-member] Using url versioning {{(pid=102139) process_request /opt/stack/glance/glance/api/middleware/version_negotiation.py:57}}
