Jun 02 19:10:52.973290 np0000001964 devstack@g-api.service[102140]: DEBUG glance.api.middleware.version_negotiation [None req-2a78b59b-3683-4b8a-ae17-0dc900670341 tempest-TaggedBootDevicesTest-1812860180 tempest-TaggedBootDevicesTest-1812860180-project-member] new path /v2/schemas/image {{(pid=102140) process_request /opt/stack/glance/glance/api/middleware/version_negotiation.py:70}}
Jun 02 19:10:52.977446 np0000001964 devstack@g-api.service[102140]: [pid: 102140|app: 0|req: 92/279] 127.0.0.1 () {44 vars in 1055 bytes} [Tue Jun 2 19:10:52 2026] GET /v2/schemas/image => generated 6083 bytes in 5 msecs (HTTP/1.1 200) 4 headers in 158 bytes (1 switches on core 0)
Jun 02 19:10:52.990395 np0000001964 devstack@g-api.service[102139]: DEBUG glance.api.middleware.version_negotiation [None req-0ce41285-253b-4bd0-a475-d50c6cc5bff9 tempest-ServerBootFromVolumeStableRescueTest-164861284 tempest-ServerBootFromVolumeStableRescueTest-164861284-project-member] Determining version of request: GET /v2/schemas/image Accept: */* {{(pid=102139) process_request /opt/stack/glance/glance/api/middleware/version_negotiation.py:44}}
Jun 02 19:10:52.990795 np0000001964 devstack@g-api.service[102139]: DEBUG glance.api.middleware.version_negotiation [None req-0ce41285-253b-4bd0-a475-d50c6cc5bff9 tempest-ServerBootFromVolumeStableRescueTest-164861284 tempest-ServerBootFromVolumeStableRescueTest-164861284-project-member] Using url versioning {{(pid=102139) process_request /opt/stack/glance/glance/api/middleware/version_negotiation.py:57}}
Jun 02 19:10:52.991146 np0000001964 devstack@g-api.service[102139]: DEBUG glance.api.middleware.version_negotiation [None req-0ce41285-253b-4bd0-a475-d50c6cc5bff9 tempest-ServerBootFromVolumeStableRescueTest-164861284 tempest-ServerBootFromVolumeStableRescueTest-164861284-project-member] Matched version: v2 {{(pid=102139) process_request /opt/stack/glance/glance/api/middleware/version_negotiation.py:69}}
Jun 02 19:10:52.991806 np0000001964 devstack@g-api.service[102141]: DEBUG glance.api.middleware.version_negotiation [None req-2a78b59b-3683-4b8a-ae17-0dc900670341 tempest-TaggedBootDevicesTest-1812860180 tempest-TaggedBootDevicesTest-1812860180-project-member] Determining version of request: GET /v2/schemas/image Accept: */* {{(pid=102141) process_request /opt/stack/glance/glance/api/middleware/version_negotiation.py:44}}
Jun 02 19:10:52.992200 np0000001964 devstack@g-api.service[102141]: DEBUG glance.api.middleware.version_negotiation [None req-2a78b59b-3683-4b8a-ae17-0dc900670341 tempest-TaggedBootDevicesTest-1812860180 tempest-TaggedBootDevicesTest-1812860180-project-member] Using url versioning {{(pid=102141) process_request /opt/stack/glance/glance/api/middleware/version_negotiation.py:57}}
Jun 02 19:10:52.992401 np0000001964 devstack@g-api.service[102141]: DEBUG glance.api.middleware.version_negotiation [None req-2a78b59b-3683-4b8a-ae17-0dc900670341 tempest-TaggedBootDevicesTest-1812860180 tempest-TaggedBootDevicesTest-1812860180-project-member] Matched version: v2 {{(pid=102141) process_request /opt/stack/glance/glance/api/middleware/version_negotiation.py:69}}
Jun 02 19:10:52.992539 np0000001964 devstack@g-api.service[102141]: DEBUG glance.api.middleware.version_negotiation [None req-2a78b59b-3683-4b8a-ae17-0dc900670341 tempest-TaggedBootDevicesTest-1812860180 tempest-TaggedBootDevicesTest-1812860180-project-member] new path /v2/schemas/image {{(pid=102141) process_request /opt/stack/glance/glance/api/middleware/version_negotiation.py:70}}
Jun 02 19:10:52.993000 np0000001964 devstack@g-api.service[102139]: DEBUG glance.api.middleware.version_negotiation [None req-0ce41285-253b-4bd0-a475-d50c6cc5bff9 tempest-ServerBootFromVolumeStableRescueTest-164861284 tempest-ServerBootFromVolumeStableRescueTest-164861284-project-member] new path /v2/schemas/image {{(pid=102139) process_request /opt/stack/glance/glance/api/middleware/version_negotiation.py:70}}
Jun 02 19:10:52.997214 np0000001964 devstack@g-api.service[102139]: [pid: 102139|app: 0|req: 94/280] 127.0.0.1 () {44 vars in 1055 bytes} [Tue Jun 2 19:10:52 2026] GET /v2/schemas/image => generated 6083 bytes in 7 msecs (HTTP/1.1 200) 4 headers in 158 bytes (1 switches on core 0)
Jun 02 19:10:52.998475 np0000001964 devstack@g-api.service[102141]: [pid: 102141|app: 0|req: 95/281] 127.0.0.1 () {44 vars in 1055 bytes} [Tue Jun 2 19:10:52 2026] GET /v2/schemas/image => generated 6083 bytes in 6 msecs (HTTP/1.1 200) 4 headers in 158 bytes (1 switches on core 0)
Jun 02 19:10:53.031124 np0000001964 devstack@g-api.service[102140]: DEBUG glance.api.middleware.version_negotiation [None req-2a78b59b-3683-4b8a-ae17-0dc900670341 tempest-TaggedBootDevicesTest-1812860180 tempest-TaggedBootDevicesTest-1812860180-project-member] Determining version of request: GET /v2/images/6d43eba6-2ec3-4fe4-b7c1-51e657894807 Accept: */* {{(pid=102140) process_request /opt/stack/glance/glance/api/middleware/version_negotiation.py:44}}
Jun 02 19:10:53.031982 np0000001964 devstack@g-api.service[102140]: DEBUG glance.api.middleware.version_negotiation [None req-2a78b59b-3683-4b8a-ae17-0dc900670341 tempest-TaggedBootDevicesTest-1812860180 tempest-TaggedBootDevicesTest-1812860180-project-member] Using url versioning {{(pid=102140) process_request /opt/stack/glance/glance/api/middleware/version_negotiation.py:57}}
Jun 02 19:10:53.032155 np0000001964 devstack@g-api.service[102140]: DEBUG glance.api.middleware.version_negotiation [None req-2a78b59b-3683-4b8a-ae17-0dc900670341 tempest-TaggedBootDevicesTest-1812860180 tempest-TaggedBootDevicesTest-1812860180-project-member] Matched version: v2 {{(pid=102140) process_request /opt/stack/glance/glance/api/middleware/version_negotiation.py:69}}
Jun 02 19:10:53.032288 np0000001964 devstack@g-api.service[102140]: DEBUG glance.api.middleware.version_negotiation [None req-2a78b59b-3683-4b8a-ae17-0dc900670341 tempest-TaggedBootDevicesTest-1812860180 tempest-TaggedBootDevicesTest-1812860180-project-member] new path /v2/images/6d43eba6-2ec3-4fe4-b7c1-51e657894807 {{(pid=102140) process_request /opt/stack/glance/glance/api/middleware/version_negotiation.py:70}}
Jun 02 19:10:53.045936 np0000001964 devstack@g-api.service[102139]: DEBUG glance.api.middleware.version_negotiation [None req-0ce41285-253b-4bd0-a475-d50c6cc5bff9 tempest-ServerBootFromVolumeStableRescueTest-164861284 tempest-ServerBootFromVolumeStableRescueTest-164861284-project-member] Determining version of request: GET /v2/schemas/image Accept: */* {{(pid=102139) process_request /opt/stack/glance/glance/api/middleware/version_negotiation.py:44}}
Jun 02 19:10:53.046150 np0000001964 devstack@g-api.service[102139]: DEBUG glance.api.middleware.version_negotiation [None req-0ce41285-253b-4bd0-a475-d50c6cc5bff9 tempest-ServerBootFromVolumeStableRescueTest-164861284 tempest-ServerBootFromVolumeStableRescueTest-164861284-project-member] Using url versioning {{(pid=102139) process_request /opt/stack/glance/glance/api/middleware/version_negotiation.py:57}}
Jun 02 19:10:53.046384 np0000001964 devstack@g-api.service[102139]: DEBUG glance.api.middleware.version_negotiation [None req-0ce41285-253b-4bd0-a475-d50c6cc5bff9 tempest-ServerBootFromVolumeStableRescueTest-164861284 tempest-ServerBootFromVolumeStableRescueTest-164861284-project-member] Matched version: v2 {{(pid=102139) process_request /opt/stack/glance/glance/api/middleware/version_negotiation.py:69}}
Jun 02 19:10:53.046605 np0000001964 devstack@g-api.service[102139]: DEBUG glance.api.middleware.version_negotiation [None req-0ce41285-253b-4bd0-a475-d50c6cc5bff9 tempest-ServerBootFromVolumeStableRescueTest-164861284 tempest-ServerBootFromVolumeStableRescueTest-164861284-project-member] new path /v2/schemas/image {{(pid=102139) process_request /opt/stack/glance/glance/api/middleware/version_negotiation.py:70}}
Jun 02 19:10:53.049538 np0000001964 devstack@g-api.service[102139]: [pid: 102139|app: 0|req: 95/282] 127.0.0.1 () {44 vars in 1055 bytes} [Tue Jun 2 19:10:53 2026] GET /v2/schemas/image => generated 6083 bytes in 3 msecs (HTTP/1.1 200) 4 headers in 158 bytes (1 switches on core 0)
Jun 02 19:10:53.050004 np0000001964 devstack@g-api.service[102140]: [pid: 102140|app: 0|req: 93/283] 127.0.0.1 () {44 vars in 1115 bytes} [Tue Jun 2 19:10:53 2026] GET /v2/images/6d43eba6-2ec3-4fe4-b7c1-51e657894807 => generated 1044 bytes in 19 msecs (HTTP/1.1 200) 4 headers in 158 bytes (1 switches on core 0)
Jun 02 19:10:53.061013 np0000001964 devstack@g-api.service[102141]: DEBUG glance.api.middleware.version_negotiation [None req-2a78b59b-3683-4b8a-ae17-0dc900670341 tempest-TaggedBootDevicesTest-1812860180 tempest-TaggedBootDevicesTest-1812860180-project-member] Determining version of request: GET /v2/schemas/image Accept: */* {{(pid=102141) process_request /opt/stack/glance/glance/api/middleware/version_negotiation.py:44}}
Jun 02 19:10:53.061711 np0000001964 devstack@g-api.service[102141]: DEBUG glance.api.middleware.version_negotiation [None req-2a78b59b-3683-4b8a-ae17-0dc900670341 tempest-TaggedBootDevicesTest-1812860180 tempest-TaggedBootDevicesTest-1812860180-project-member] Using url versioning {{(pid=102141) process_request /opt/stack/glance/glance/api/middleware/version_negotiation.py:57}}
Jun 02 19:10:53.061711 np0000001964 devstack@g-api.service[102141]: DEBUG glance.api.middleware.version_negotiation [None req-2a78b59b-3683-4b8a-ae17-0dc900670341 tempest-TaggedBootDevicesTest-1812860180 tempest-TaggedBootDevicesTest-1812860180-project-member] Matched version: v2 {{(pid=102141) process_request /opt/stack/glance/glance/api/middleware/version_negotiation.py:69}}
Jun 02 19:10:53.061711 np0000001964 devstack@g-api.service[102141]: DEBUG glance.api.middleware.version_negotiation [None req-2a78b59b-3683-4b8a-ae17-0dc900670341 tempest-TaggedBootDevicesTest-1812860180 tempest-TaggedBootDevicesTest-1812860180-project-member] new path /v2/schemas/image {{(pid=102141) process_request /opt/stack/glance/glance/api/middleware/version_negotiation.py:70}}
Jun 02 19:10:53.067566 np0000001964 devstack@g-api.service[102141]: [pid: 102141|app: 0|req: 96/284] 127.0.0.1 () {44 vars in 1055 bytes} [Tue Jun 2 19:10:53 2026] GET /v2/schemas/image => generated 6083 bytes in 4 msecs (HTTP/1.1 200) 4 headers in 158 bytes (1 switches on core 0)
Jun 02 19:10:53.099958 np0000001964 devstack@g-api.service[102139]: DEBUG glance.api.middleware.version_negotiation [None req-0ce41285-253b-4bd0-a475-d50c6cc5bff9 tempest-ServerBootFromVolumeStableRescueTest-164861284 tempest-ServerBootFromVolumeStableRescueTest-164861284-project-member] Determining version of request: PATCH /v2/images/846802fe-c792-4dfa-9aca-44df23578319 Accept: */* {{(pid=102139) process_request /opt/stack/glance/glance/api/middleware/version_negotiation.py:44}}
Jun 02 19:10:53.100144 np0000001964 devstack@g-api.service[102139]: DEBUG glance.api.middleware.version_negotiation [None req-0ce41285-253b-4bd0-a475-d50c6cc5bff9 tempest-ServerBootFromVolumeStableRescueTest-164861284 tempest-ServerBootFromVolumeStableRescueTest-164861284-project-member] Using url versioning {{(pid=102139) process_request /opt/stack/glance/glance/api/middleware/version_negotiation.py:57}}
Jun 02 19:10:53.100331 np0000001964 devstack@g-api.service[102139]: DEBUG glance.api.middleware.version_negotiation [None req-0ce41285-253b-4bd0-a475-d50c6cc5bff9 tempest-ServerBootFromVolumeStableRescueTest-164861284 tempest-ServerBootFromVolumeStableRescueTest-164861284-project-member] Matched version: v2 {{(pid=102139) process_request /opt/stack/glance/glance/api/middleware/version_negotiation.py:69}}
Jun 02 19:10:53.100462 np0000001964 devstack@g-api.service[102139]: DEBUG glance.api.middleware.version_negotiation [None req-0ce41285-253b-4bd0-a475-d50c6cc5bff9 tempest-ServerBootFromVolumeStableRescueTest-164861284 tempest-ServerBootFromVolumeStableRescueTest-164861284-project-member] new path /v2/images/846802fe-c792-4dfa-9aca-44df23578319 {{(pid=102139) process_request /opt/stack/glance/glance/api/middleware/version_negotiation.py:70}}
Jun 02 19:10:53.289254 np0000001964 devstack@g-api.service[102139]: [pid: 102139|app: 0|req: 96/285] 127.0.0.1 () {46 vars in 1158 bytes} [Tue Jun 2 19:10:53 2026] PATCH /v2/images/846802fe-c792-4dfa-9aca-44df23578319 => generated 1469 bytes in 187 msecs (HTTP/1.1 200) 4 headers in 158 bytes (1 switches on core 0)
Jun 02 19:10:53.329208 np0000001964 devstack@g-api.service[102140]: DEBUG glance.api.middleware.version_negotiation [None req-2a78b59b-3683-4b8a-ae17-0dc900670341 tempest-TaggedBootDevicesTest-1812860180 tempest-TaggedBootDevicesTest-1812860180-project-member] Determining version of request: GET /v2/images/846802fe-c792-4dfa-9aca-44df23578319 Accept: */* {{(pid=102140) process_request /opt/stack/glance/glance/api/middleware/version_negotiation.py:44}}
Jun 02 19:10:53.329452 np0000001964 devstack@g-api.service[102140]: DEBUG glance.api.middleware.version_negotiation [None req-2a78b59b-3683-4b8a-ae17-0dc900670341 tempest-TaggedBootDevicesTest-1812860180 tempest-TaggedBootDevicesTest-1812860180-project-member] Using url versioning {{(pid=102140) process_request /opt/stack/glance/glance/api/middleware/version_negotiation.py:57}}
Jun 02 19:10:53.329699 np0000001964 devstack@g-api.service[102140]: DEBUG glance.api.middleware.version_negotiation [None req-2a78b59b-3683-4b8a-ae17-0dc900670341 tempest-TaggedBootDevicesTest-1812860180 tempest-TaggedBootDevicesTest-1812860180-project-member] Matched version: v2 {{(pid=102140) process_request /opt/stack/glance/glance/api/middleware/version_negotiation.py:69}}
Jun 02 19:10:53.330043 np0000001964 devstack@g-api.service[102140]: DEBUG glance.api.middleware.version_negotiation [None req-2a78b59b-3683-4b8a-ae17-0dc900670341 tempest-TaggedBootDevicesTest-1812860180 tempest-TaggedBootDevicesTest-1812860180-project-member] new path /v2/images/846802fe-c792-4dfa-9aca-44df23578319 {{(pid=102140) process_request /opt/stack/glance/glance/api/middleware/version_negotiation.py:70}}
Jun 02 19:10:53.345727 np0000001964 devstack@g-api.service[102140]: [pid: 102140|app: 0|req: 94/286] 127.0.0.1 () {44 vars in 1115 bytes} [Tue Jun 2 19:10:53 2026] GET /v2/images/846802fe-c792-4dfa-9aca-44df23578319 => generated 1469 bytes in 17 msecs (HTTP/1.1 200) 4 headers in 158 bytes (1 switches on core 0)
Jun 02 19:10:53.383017 np0000001964 devstack@g-api.service[102141]: DEBUG glance.api.middleware.version_negotiation [None req-2a78b59b-3683-4b8a-ae17-0dc900670341 tempest-TaggedBootDevicesTest-1812860180 tempest-TaggedBootDevicesTest-1812860180-project-member] Determining version of request: PUT /v2/images/846802fe-c792-4dfa-9aca-44df23578319/file Accept: */* {{(pid=102141) process_request /opt/stack/glance/glance/api/middleware/version_negotiation.py:44}}
Jun 02 19:10:53.383017 np0000001964 devstack@g-api.service[102141]: DEBUG glance.api.middleware.version_negotiation [None req-2a78b59b-3683-4b8a-ae17-0dc900670341 tempest-TaggedBootDevicesTest-1812860180 tempest-TaggedBootDevicesTest-1812860180-project-member] Using url versioning {{(pid=102141) process_request /opt/stack/glance/glance/api/middleware/version_negotiation.py:57}}
Jun 02 19:10:53.383017 np0000001964 devstack@g-api.service[102141]: DEBUG glance.api.middleware.version_negotiation [None req-2a78b59b-3683-4b8a-ae17-0dc900670341 tempest-TaggedBootDevicesTest-1812860180 tempest-TaggedBootDevicesTest-1812860180-project-member] Matched version: v2 {{(pid=102141) process_request /opt/stack/glance/glance/api/middleware/version_negotiation.py:69}}
Jun 02 19:10:53.383017 np0000001964 devstack@g-api.service[102141]: DEBUG glance.api.middleware.version_negotiation [None req-2a78b59b-3683-4b8a-ae17-0dc900670341 tempest-TaggedBootDevicesTest-1812860180 tempest-TaggedBootDevicesTest-1812860180-project-member] new path /v2/images/846802fe-c792-4dfa-9aca-44df23578319/file {{(pid=102141) process_request /opt/stack/glance/glance/api/middleware/version_negotiation.py:70}}
Jun 02 19:10:53.487243 np0000001964 devstack@g-api.service[102139]: DEBUG glance.api.middleware.version_negotiation [None req-0ce41285-253b-4bd0-a475-d50c6cc5bff9 tempest-ServerBootFromVolumeStableRescueTest-164861284 tempest-ServerBootFromVolumeStableRescueTest-164861284-project-member] Determining version of request: GET /v2/images/846802fe-c792-4dfa-9aca-44df23578319 Accept: application/json {{(pid=102139) process_request /opt/stack/glance/glance/api/middleware/version_negotiation.py:44}}
Jun 02 19:10:53.487243 np0000001964 devstack@g-api.service[102139]: DEBUG glance.api.middleware.version_negotiation [None req-0ce41285-253b-4bd0-a475-d50c6cc5bff9 tempest-ServerBootFromVolumeStableRescueTest-164861284 tempest-ServerBootFromVolumeStableRescueTest-164861284-project-member] Using url versioning {{(pid=102139) process_request /opt/stack/glance/glance/api/middleware/version_negotiation.py:57}}
Jun 02 19:10:53.487243 np0000001964 devstack@g-api.service[102139]: DEBUG glance.api.middleware.version_negotiation [None req-0ce41285-253b-4bd0-a475-d50c6cc5bff9 tempest-ServerBootFromVolumeStableRescueTest-164861284 tempest-ServerBootFromVolumeStableRescueTest-164861284-project-member] Matched version: v2 {{(pid=102139) process_request /opt/stack/glance/glance/api/middleware/version_negotiation.py:69}}
Jun 02 19:10:53.487243 np0000001964 devstack@g-api.service[102139]: DEBUG glance.api.middleware.version_negotiation [None req-0ce41285-253b-4bd0-a475-d50c6cc5bff9 tempest-ServerBootFromVolumeStableRescueTest-164861284 tempest-ServerBootFromVolumeStableRescueTest-164861284-project-member] new path /v2/images/846802fe-c792-4dfa-9aca-44df23578319 {{(pid=102139) process_request /opt/stack/glance/glance/api/middleware/version_negotiation.py:70}}
Jun 02 19:10:53.498897 np0000001964 devstack@g-api.service[102140]: DEBUG glance.api.middleware.version_negotiation [None req-0ce41285-253b-4bd0-a475-d50c6cc5bff9 tempest-ServerBootFromVolumeStableRescueTest-164861284 tempest-ServerBootFromVolumeStableRescueTest-164861284-project-member] Determining version of request: GET /versions Accept: */* {{(pid=102140) process_request /opt/stack/glance/glance/api/middleware/version_negotiation.py:44}}
Jun 02 19:10:53.500216 np0000001964 devstack@g-api.service[102140]: [pid: 102140|app: 0|req: 95/287] 127.0.0.1 () {44 vars in 1039 bytes} [Tue Jun 2 19:10:53 2026] GET /versions => generated 1407 bytes in 1 msecs (HTTP/1.1 200) 3 headers in 92 bytes (1 switches on core 0)
Jun 02 19:10:53.500331 np0000001964 devstack@g-api.service[102139]: [pid: 102139|app: 0|req: 97/288] 127.0.0.1 () {40 vars in 838 bytes} [Tue Jun 2 19:10:53 2026] GET /v2/images/846802fe-c792-4dfa-9aca-44df23578319 => generated 1469 bytes in 14 msecs (HTTP/1.1 200) 4 headers in 158 bytes (1 switches on core 0)
Jun 02 19:10:53.508803 np0000001964 devstack@g-api.service[102140]: DEBUG glance.api.middleware.version_negotiation [None req-0ce41285-253b-4bd0-a475-d50c6cc5bff9 tempest-ServerBootFromVolumeStableRescueTest-164861284 tempest-ServerBootFromVolumeStableRescueTest-164861284-project-member] Determining version of request: GET /v2/images/6d43eba6-2ec3-4fe4-b7c1-51e657894807/locations Accept: */* {{(pid=102140) process_request /opt/stack/glance/glance/api/middleware/version_negotiation.py:44}}
Jun 02 19:10:53.508933 np0000001964 devstack@g-api.service[102140]: DEBUG glance.api.middleware.version_negotiation [None req-0ce41285-253b-4bd0-a475-d50c6cc5bff9 tempest-ServerBootFromVolumeStableRescueTest-164861284 tempest-ServerBootFromVolumeStableRescueTest-164861284-project-member] Using url versioning {{(pid=102140) process_request /opt/stack/glance/glance/api/middleware/version_negotiation.py:57}}
Jun 02 19:10:53.509067 np0000001964 devstack@g-api.service[102140]: DEBUG glance.api.middleware.version_negotiation [None req-0ce41285-253b-4bd0-a475-d50c6cc5bff9 tempest-ServerBootFromVolumeStableRescueTest-164861284 tempest-ServerBootFromVolumeStableRescueTest-164861284-project-member] Matched version: v2 {{(pid=102140) process_request /opt/stack/glance/glance/api/middleware/version_negotiation.py:69}}
Jun 02 19:10:53.509148 np0000001964 devstack@g-api.service[102140]: DEBUG glance.api.middleware.version_negotiation [None req-0ce41285-253b-4bd0-a475-d50c6cc5bff9 tempest-ServerBootFromVolumeStableRescueTest-164861284 tempest-ServerBootFromVolumeStableRescueTest-164861284-project-member] new path /v2/images/6d43eba6-2ec3-4fe4-b7c1-51e657894807/locations {{(pid=102140) process_request /opt/stack/glance/glance/api/middleware/version_negotiation.py:70}}
Jun 02 19:10:53.559412 np0000001964 devstack@g-api.service[102140]: [pid: 102140|app: 0|req: 96/289] 127.0.0.1 () {44 vars in 1135 bytes} [Tue Jun 2 19:10:53 2026] GET /v2/images/6d43eba6-2ec3-4fe4-b7c1-51e657894807/locations => generated 92 bytes in 50 msecs (HTTP/1.1 200) 4 headers in 156 bytes (1 switches on core 0)
Jun 02 19:10:53.570640 np0000001964 devstack@g-api.service[102139]: DEBUG glance.api.middleware.version_negotiation [None req-7987b9c1-cc5d-4609-9962-85499c0e8c1e tempest-ServerBootFromVolumeStableRescueTest-164861284 tempest-ServerBootFromVolumeStableRescueTest-164861284-project-member] Determining version of request: GET /v2/images/6d43eba6-2ec3-4fe4-b7c1-51e657894807 Accept: */* {{(pid=102139) process_request /opt/stack/glance/glance/api/middleware/version_negotiation.py:44}}
Jun 02 19:10:53.571896 np0000001964 devstack@g-api.service[102139]: DEBUG glance.api.middleware.version_negotiation [None req-7987b9c1-cc5d-4609-9962-85499c0e8c1e tempest-ServerBootFromVolumeStableRescueTest-164861284 tempest-ServerBootFromVolumeStableRescueTest-164861284-project-member] Using url versioning {{(pid=102139) process_request /opt/stack/glance/glance/api/middleware/version_negotiation.py:57}}
Jun 02 19:10:53.571896 np0000001964 devstack@g-api.service[102139]: DEBUG glance.api.middleware.version_negotiation [None req-7987b9c1-cc5d-4609-9962-85499c0e8c1e tempest-ServerBootFromVolumeStableRescueTest-164861284 tempest-ServerBootFromVolumeStableRescueTest-164861284-project-member] Matched version: v2 {{(pid=102139) process_request /opt/stack/glance/glance/api/middleware/version_negotiation.py:69}}
Jun 02 19:10:53.571896 np0000001964 devstack@g-api.service[102139]: DEBUG glance.api.middleware.version_negotiation [None req-7987b9c1-cc5d-4609-9962-85499c0e8c1e tempest-ServerBootFromVolumeStableRescueTest-164861284 tempest-ServerBootFromVolumeStableRescueTest-164861284-project-member] new path /v2/images/6d43eba6-2ec3-4fe4-b7c1-51e657894807 {{(pid=102139) process_request /opt/stack/glance/glance/api/middleware/version_negotiation.py:70}}
Jun 02 19:10:53.586452 np0000001964 devstack@g-api.service[102139]: [pid: 102139|app: 0|req: 98/290] 127.0.0.1 () {44 vars in 1115 bytes} [Tue Jun 2 19:10:53 2026] GET /v2/images/6d43eba6-2ec3-4fe4-b7c1-51e657894807 => generated 1044 bytes in 16 msecs (HTTP/1.1 200) 4 headers in 158 bytes (1 switches on core 0)
Jun 02 19:10:53.597057 np0000001964 devstack@g-api.service[102140]: DEBUG glance.api.middleware.version_negotiation [None req-2a78b59b-3683-4b8a-ae17-0dc900670341 service glance] Determining version of request: GET /v2/schemas/image Accept: */* {{(pid=102140) process_request /opt/stack/glance/glance/api/middleware/version_negotiation.py:44}}
Jun 02 19:10:53.597057 np0000001964 devstack@g-api.service[102140]: DEBUG glance.api.middleware.version_negotiation [None req-2a78b59b-3683-4b8a-ae17-0dc900670341 service glance] Using url versioning {{(pid=102140) process_request /opt/stack/glance/glance/api/middleware/version_negotiation.py:57}}
Jun 02 19:10:53.597248 np0000001964 devstack@g-api.service[102140]: DEBUG glance.api.middleware.version_negotiation [None req-2a78b59b-3683-4b8a-ae17-0dc900670341 service glance] Matched version: v2 {{(pid=102140) process_request /opt/stack/glance/glance/api/middleware/version_negotiation.py:69}}
Jun 02 19:10:53.597976 np0000001964 devstack@g-api.service[102140]: DEBUG glance.api.middleware.version_negotiation [None req-2a78b59b-3683-4b8a-ae17-0dc900670341 service glance] new path /v2/schemas/image {{(pid=102140) process_request /opt/stack/glance/glance/api/middleware/version_negotiation.py:70}}
Jun 02 19:10:53.603813 np0000001964 devstack@g-api.service[102140]: [pid: 102140|app: 0|req: 97/291] 127.0.0.1 () {44 vars in 1055 bytes} [Tue Jun 2 19:10:53 2026] GET /v2/schemas/image => generated 6083 bytes in 7 msecs (HTTP/1.1 200) 4 headers in 158 bytes (1 switches on core 0)
Jun 02 19:10:53.616139 np0000001964 devstack@g-api.service[102139]: DEBUG glance.api.middleware.version_negotiation [None req-2a78b59b-3683-4b8a-ae17-0dc900670341 tempest-TaggedBootDevicesTest-1812860180 tempest-TaggedBootDevicesTest-1812860180-project-member] Determining version of request: GET /v2/schemas/image Accept: */* {{(pid=102139) process_request /opt/stack/glance/glance/api/middleware/version_negotiation.py:44}}
Jun 02 19:10:53.616387 np0000001964 devstack@g-api.service[102139]: DEBUG glance.api.middleware.version_negotiation [None req-2a78b59b-3683-4b8a-ae17-0dc900670341 tempest-TaggedBootDevicesTest-1812860180 tempest-TaggedBootDevicesTest-1812860180-project-member] Using url versioning {{(pid=102139) process_request /opt/stack/glance/glance/api/middleware/version_negotiation.py:57}}
Jun 02 19:10:53.616599 np0000001964 devstack@g-api.service[102139]: DEBUG glance.api.middleware.version_negotiation [None req-2a78b59b-3683-4b8a-ae17-0dc900670341 tempest-TaggedBootDevicesTest-1812860180 tempest-TaggedBootDevicesTest-1812860180-project-member] Matched version: v2 {{(pid=102139) process_request /opt/stack/glance/glance/api/middleware/version_negotiation.py:69}}
Jun 02 19:10:53.616725 np0000001964 devstack@g-api.service[102139]: DEBUG glance.api.middleware.version_negotiation [None req-2a78b59b-3683-4b8a-ae17-0dc900670341 tempest-TaggedBootDevicesTest-1812860180 tempest-TaggedBootDevicesTest-1812860180-project-member] new path /v2/schemas/image {{(pid=102139) process_request /opt/stack/glance/glance/api/middleware/version_negotiation.py:70}}
Jun 02 19:10:53.620238 np0000001964 devstack@g-api.service[102139]: [pid: 102139|app: 0|req: 99/292] 127.0.0.1 () {44 vars in 1055 bytes} [Tue Jun 2 19:10:53 2026] GET /v2/schemas/image => generated 6083 bytes in 4 msecs (HTTP/1.1 200) 4 headers in 158 bytes (1 switches on core 0)
Jun 02 19:10:53.938641 np0000001964 devstack@g-api.service[102141]: INFO glance.api.v2.image_data [None req-0ce41285-253b-4bd0-a475-d50c6cc5bff9 tempest-ServerBootFromVolumeStableRescueTest-164861284 tempest-ServerBootFromVolumeStableRescueTest-164861284-project-member] Unable to create trust: no such option collect_timing in group [keystone_authtoken] Use the existing user token.
Jun 02 19:10:54.509672 np0000001964 devstack@g-api.service[102140]: DEBUG glance.api.middleware.version_negotiation [None req-2a78b59b-3683-4b8a-ae17-0dc900670341 tempest-TaggedBootDevicesTest-1812860180 tempest-TaggedBootDevicesTest-1812860180-project-member] Determining version of request: GET /v2/images/846802fe-c792-4dfa-9aca-44df23578319 Accept: application/json {{(pid=102140) process_request /opt/stack/glance/glance/api/middleware/version_negotiation.py:44}}
Jun 02 19:10:54.510655 np0000001964 devstack@g-api.service[102140]: DEBUG glance.api.middleware.version_negotiation [None req-2a78b59b-3683-4b8a-ae17-0dc900670341 tempest-TaggedBootDevicesTest-1812860180 tempest-TaggedBootDevicesTest-1812860180-project-member] Using url versioning {{(pid=102140) process_request /opt/stack/glance/glance/api/middleware/version_negotiation.py:57}}
Jun 02 19:10:54.510974 np0000001964 devstack@g-api.service[102140]: DEBUG glance.api.middleware.version_negotiation [None req-2a78b59b-3683-4b8a-ae17-0dc900670341 tempest-TaggedBootDevicesTest-1812860180 tempest-TaggedBootDevicesTest-1812860180-project-member] Matched version: v2 {{(pid=102140) process_request /opt/stack/glance/glance/api/middleware/version_negotiation.py:69}}
Jun 02 19:10:54.511444 np0000001964 devstack@g-api.service[102140]: DEBUG glance.api.middleware.version_negotiation [None req-2a78b59b-3683-4b8a-ae17-0dc900670341 tempest-TaggedBootDevicesTest-1812860180 tempest-TaggedBootDevicesTest-1812860180-project-member] new path /v2/images/846802fe-c792-4dfa-9aca-44df23578319 {{(pid=102140) process_request /opt/stack/glance/glance/api/middleware/version_negotiation.py:70}}
Jun 02 19:10:54.535967 np0000001964 devstack@g-api.service[102140]: [pid: 102140|app: 0|req: 98/293] 127.0.0.1 () {40 vars in 838 bytes} [Tue Jun 2 19:10:54 2026] GET /v2/images/846802fe-c792-4dfa-9aca-44df23578319 => generated 1469 bytes in 27 msecs (HTTP/1.1 200) 4 headers in 158 bytes (1 switches on core 0)
Jun 02 19:10:54.580863 np0000001964 devstack@g-api.service[102141]: DEBUG glance.location [None req-0ce41285-253b-4bd0-a475-d50c6cc5bff9 tempest-ServerBootFromVolumeStableRescueTest-164861284 tempest-ServerBootFromVolumeStableRescueTest-164861284-project-member] Enabling in-flight format inspection for qcow2 {{(pid=102141) set_data /opt/stack/glance/glance/location.py:616}}
Jun 02 19:10:54.581769 np0000001964 devstack@g-api.service[102141]: DEBUG glance_store.backend [None req-0ce41285-253b-4bd0-a475-d50c6cc5bff9 tempest-ServerBootFromVolumeStableRescueTest-164861284 tempest-ServerBootFromVolumeStableRescueTest-164861284-project-member] Attempting to import store swift {{(pid=102141) _load_store /opt/stack/data/venv/lib/python3.12/site-packages/glance_store/backend.py:215}}
Jun 02 19:10:54.585070 np0000001964 devstack@g-api.service[102141]: DEBUG glance_store.capabilities [None req-0ce41285-253b-4bd0-a475-d50c6cc5bff9 tempest-ServerBootFromVolumeStableRescueTest-164861284 tempest-ServerBootFromVolumeStableRescueTest-164861284-project-member] Store glance_store._drivers.swift.store.SingleTenantStore doesn't support updating dynamic storage capabilities. Please overwrite 'update_capabilities' method of the store to implement updating logics if needed. {{(pid=102141) update_capabilities /opt/stack/data/venv/lib/python3.12/site-packages/glance_store/capabilities.py:91}}
Jun 02 19:10:54.585415 np0000001964 devstack@g-api.service[102141]: DEBUG glance_store.driver [None req-0ce41285-253b-4bd0-a475-d50c6cc5bff9 tempest-ServerBootFromVolumeStableRescueTest-164861284 tempest-ServerBootFromVolumeStableRescueTest-164861284-project-member] Late loading location class glance_store._drivers.swift.store.StoreLocation {{(pid=102141) get_store_location_class /opt/stack/data/venv/lib/python3.12/site-packages/glance_store/driver.py:134}}
Jun 02 19:10:54.585666 np0000001964 devstack@g-api.service[102141]: DEBUG glance_store.location [None req-0ce41285-253b-4bd0-a475-d50c6cc5bff9 tempest-ServerBootFromVolumeStableRescueTest-164861284 tempest-ServerBootFromVolumeStableRescueTest-164861284-project-member] Registering scheme swift+https with {'store': , 'location_class': , 'store_entry': 'swift'} {{(pid=102141) register_scheme_map /opt/stack/data/venv/lib/python3.12/site-packages/glance_store/location.py:146}}
Jun 02 19:10:54.586813 np0000001964 devstack@g-api.service[102141]: DEBUG glance_store.location [None req-0ce41285-253b-4bd0-a475-d50c6cc5bff9 tempest-ServerBootFromVolumeStableRescueTest-164861284 tempest-ServerBootFromVolumeStableRescueTest-164861284-project-member] Registering scheme swift+https with {'store': , 'location_class': , 'store_entry': 'swift'} {{(pid=102141) register_scheme_map /opt/stack/data/venv/lib/python3.12/site-packages/glance_store/location.py:146}}
Jun 02 19:10:54.586813 np0000001964 devstack@g-api.service[102141]: DEBUG glance_store.location [None req-0ce41285-253b-4bd0-a475-d50c6cc5bff9 tempest-ServerBootFromVolumeStableRescueTest-164861284 tempest-ServerBootFromVolumeStableRescueTest-164861284-project-member] Registering scheme swift with {'store': , 'location_class': , 'store_entry': 'swift'} {{(pid=102141) register_scheme_map /opt/stack/data/venv/lib/python3.12/site-packages/glance_store/location.py:146}}
Jun 02 19:10:54.586813 np0000001964 devstack@g-api.service[102141]: DEBUG glance_store.location [None req-0ce41285-253b-4bd0-a475-d50c6cc5bff9 tempest-ServerBootFromVolumeStableRescueTest-164861284 tempest-ServerBootFromVolumeStableRescueTest-164861284-project-member] Registering scheme swift+https with {'store': , 'location_class': , 'store_entry': 'swift'} {{(pid=102141) register_scheme_map /opt/stack/data/venv/lib/python3.12/site-packages/glance_store/location.py:146}}
Jun 02 19:10:54.586813 np0000001964 devstack@g-api.service[102141]: DEBUG glance_store.location [None req-0ce41285-253b-4bd0-a475-d50c6cc5bff9 tempest-ServerBootFromVolumeStableRescueTest-164861284 tempest-ServerBootFromVolumeStableRescueTest-164861284-project-member] Registering scheme swift with {'store': , 'location_class': , 'store_entry': 'swift'} {{(pid=102141) register_scheme_map /opt/stack/data/venv/lib/python3.12/site-packages/glance_store/location.py:146}}
Jun 02 19:10:54.586813 np0000001964 devstack@g-api.service[102141]: DEBUG glance_store.location [None req-0ce41285-253b-4bd0-a475-d50c6cc5bff9 tempest-ServerBootFromVolumeStableRescueTest-164861284 tempest-ServerBootFromVolumeStableRescueTest-164861284-project-member] Registering scheme swift+http with {'store': , 'location_class': , 'store_entry': 'swift'} {{(pid=102141) register_scheme_map /opt/stack/data/venv/lib/python3.12/site-packages/glance_store/location.py:146}}
Jun 02 19:10:54.586813 np0000001964 devstack@g-api.service[102141]: DEBUG glance_store.location [None req-0ce41285-253b-4bd0-a475-d50c6cc5bff9 tempest-ServerBootFromVolumeStableRescueTest-164861284 tempest-ServerBootFromVolumeStableRescueTest-164861284-project-member] Registering scheme swift+https with {'store': , 'location_class': , 'store_entry': 'swift'} {{(pid=102141) register_scheme_map /opt/stack/data/venv/lib/python3.12/site-packages/glance_store/location.py:146}}
Jun 02 19:10:54.586813 np0000001964 devstack@g-api.service[102141]: DEBUG glance_store.location [None req-0ce41285-253b-4bd0-a475-d50c6cc5bff9 tempest-ServerBootFromVolumeStableRescueTest-164861284 tempest-ServerBootFromVolumeStableRescueTest-164861284-project-member] Registering scheme swift with {'store': , 'location_class': , 'store_entry': 'swift'} {{(pid=102141) register_scheme_map /opt/stack/data/venv/lib/python3.12/site-packages/glance_store/location.py:146}}
Jun 02 19:10:54.587565 np0000001964 devstack@g-api.service[102141]: DEBUG glance_store.location [None req-0ce41285-253b-4bd0-a475-d50c6cc5bff9 tempest-ServerBootFromVolumeStableRescueTest-164861284 tempest-ServerBootFromVolumeStableRescueTest-164861284-project-member] Registering scheme swift+http with {'store': , 'location_class': , 'store_entry': 'swift'} {{(pid=102141) register_scheme_map /opt/stack/data/venv/lib/python3.12/site-packages/glance_store/location.py:146}}
Jun 02 19:10:54.587788 np0000001964 devstack@g-api.service[102141]: DEBUG glance_store.location [None req-0ce41285-253b-4bd0-a475-d50c6cc5bff9 tempest-ServerBootFromVolumeStableRescueTest-164861284 tempest-ServerBootFromVolumeStableRescueTest-164861284-project-member] Registering scheme swift+config with {'store': , 'location_class': , 'store_entry': 'swift'} {{(pid=102141) register_scheme_map /opt/stack/data/venv/lib/python3.12/site-packages/glance_store/location.py:146}}
Jun 02 19:10:54.867281 np0000001964 devstack@g-api.service[102141]: DEBUG swiftclient [None req-0ce41285-253b-4bd0-a475-d50c6cc5bff9 tempest-ServerBootFromVolumeStableRescueTest-164861284 tempest-ServerBootFromVolumeStableRescueTest-164861284-project-member] REQ: curl -i https://10.4.3.182:8080/v1/AUTH_acacf250ba7e4d56bd5b5af59f35cd8c/glance -I -H "X-Auth-Token: gAAAAABqHyq-xuVK..." {{(pid=102141) http_log /opt/stack/data/venv/lib/python3.12/site-packages/swiftclient/client.py:160}}
Jun 02 19:10:54.867444 np0000001964 devstack@g-api.service[102141]: DEBUG swiftclient [None req-0ce41285-253b-4bd0-a475-d50c6cc5bff9 tempest-ServerBootFromVolumeStableRescueTest-164861284 tempest-ServerBootFromVolumeStableRescueTest-164861284-project-member] RESP STATUS: 204 No Content {{(pid=102141) http_log /opt/stack/data/venv/lib/python3.12/site-packages/swiftclient/client.py:161}}
Jun 02 19:10:54.867557 np0000001964 devstack@g-api.service[102141]: DEBUG swiftclient [None req-0ce41285-253b-4bd0-a475-d50c6cc5bff9 tempest-ServerBootFromVolumeStableRescueTest-164861284 tempest-ServerBootFromVolumeStableRescueTest-164861284-project-member] RESP HEADERS: {'Date': 'Tue, 02 Jun 2026 19:10:54 GMT', 'Server': 'Apache/2.4.58 (Ubuntu)', 'Content-Type': 'text/plain; charset=utf-8', 'X-Container-Object-Count': '7', 'X-Container-Bytes-Used': '109576192', 'X-Timestamp': '1780427078.69696', 'Last-Modified': 'Tue, 02 Jun 2026 19:04:39 GMT', 'Accept-Ranges': 'bytes', 'X-Storage-Policy': 'Policy-0', 'X-Container-Sharding': 'False', 'Vary': 'Accept', 'X-Trans-Id': 'tx485fafb8e9af4f9ca59ab-006a1f2abe', 'X-Openstack-Request-Id': 'tx485fafb8e9af4f9ca59ab-006a1f2abe', 'Connection': 'close'} {{(pid=102141) http_log /opt/stack/data/venv/lib/python3.12/site-packages/swiftclient/client.py:162}}
Jun 02 19:10:54.867735 np0000001964 devstack@g-api.service[102141]: DEBUG glance_store._drivers.swift.store [None req-0ce41285-253b-4bd0-a475-d50c6cc5bff9 tempest-ServerBootFromVolumeStableRescueTest-164861284 tempest-ServerBootFromVolumeStableRescueTest-164861284-project-member] Adding image object '846802fe-c792-4dfa-9aca-44df23578319' to Swift {{(pid=102141) add /opt/stack/data/venv/lib/python3.12/site-packages/glance_store/_drivers/swift/store.py:970}}
Jun 02 19:10:54.867873 np0000001964 devstack@g-api.service[102141]: DEBUG glance_store._drivers.swift.store [None req-0ce41285-253b-4bd0-a475-d50c6cc5bff9 tempest-ServerBootFromVolumeStableRescueTest-164861284 tempest-ServerBootFromVolumeStableRescueTest-164861284-project-member] Cannot determine image size because it is either not provided in the request or chunked-transfer encoding is used. Adding image as a segmented object to Swift. {{(pid=102141) add /opt/stack/data/venv/lib/python3.12/site-packages/glance_store/_drivers/swift/store.py:994}}
Jun 02 19:10:54.874063 np0000001964 devstack@g-api.service[102141]: DEBUG oslo_utils.imageutils.format_inspector [None req-0ce41285-253b-4bd0-a475-d50c6cc5bff9 tempest-ServerBootFromVolumeStableRescueTest-164861284 tempest-ServerBootFromVolumeStableRescueTest-164861284-project-member] Format inspector for vmdk does not match, excluding from consideration (Signature KDMV not found: b'QFI\xfb') {{(pid=102141) _process_chunk /opt/stack/data/venv/lib/python3.12/site-packages/oslo_utils/imageutils/format_inspector.py:1758}}
Jun 02 19:10:54.877854 np0000001964 devstack@g-api.service[102141]: DEBUG oslo_utils.imageutils.format_inspector [None req-0ce41285-253b-4bd0-a475-d50c6cc5bff9 tempest-ServerBootFromVolumeStableRescueTest-164861284 tempest-ServerBootFromVolumeStableRescueTest-164861284-project-member] Format inspector for vhdx does not match, excluding from consideration (Region signature not found at 30000) {{(pid=102141) _process_chunk /opt/stack/data/venv/lib/python3.12/site-packages/oslo_utils/imageutils/format_inspector.py:1758}}
Jun 02 19:10:55.227103 np0000001964 devstack@g-api.service[102141]: DEBUG swiftclient [None req-0ce41285-253b-4bd0-a475-d50c6cc5bff9 tempest-ServerBootFromVolumeStableRescueTest-164861284 tempest-ServerBootFromVolumeStableRescueTest-164861284-project-member] REQ: curl -i https://10.4.3.182:8080/v1/AUTH_acacf250ba7e4d56bd5b5af59f35cd8c/glance/846802fe-c792-4dfa-9aca-44df23578319-00001 -X PUT -H "X-Auth-Token: gAAAAABqHyq-xuVK..." {{(pid=102141) http_log /opt/stack/data/venv/lib/python3.12/site-packages/swiftclient/client.py:160}}
Jun 02 19:10:55.227581 np0000001964 devstack@g-api.service[102141]: DEBUG swiftclient [None req-0ce41285-253b-4bd0-a475-d50c6cc5bff9 tempest-ServerBootFromVolumeStableRescueTest-164861284 tempest-ServerBootFromVolumeStableRescueTest-164861284-project-member] RESP STATUS: 201 Created {{(pid=102141) http_log /opt/stack/data/venv/lib/python3.12/site-packages/swiftclient/client.py:161}}
Jun 02 19:10:55.227581 np0000001964 devstack@g-api.service[102141]: DEBUG swiftclient [None req-0ce41285-253b-4bd0-a475-d50c6cc5bff9 tempest-ServerBootFromVolumeStableRescueTest-164861284 tempest-ServerBootFromVolumeStableRescueTest-164861284-project-member] RESP HEADERS: {'Date': 'Tue, 02 Jun 2026 19:10:55 GMT', 'Server': 'Apache/2.4.58 (Ubuntu)', 'Content-Type': 'text/html; charset=UTF-8', 'Content-Length': '0', 'Etag': '4fa343ee581d8d2e78533191fd1ac3e1', 'Last-Modified': 'Tue, 02 Jun 2026 19:10:55 GMT', 'X-Trans-Id': 'tx7f682763cf6e42e58e8a3-006a1f2abe', 'X-Openstack-Request-Id': 'tx7f682763cf6e42e58e8a3-006a1f2abe', 'Connection': 'close'} {{(pid=102141) http_log /opt/stack/data/venv/lib/python3.12/site-packages/swiftclient/client.py:162}}
Jun 02 19:10:55.227581 np0000001964 devstack@g-api.service[102141]: DEBUG glance_store._drivers.swift.store [None req-0ce41285-253b-4bd0-a475-d50c6cc5bff9 tempest-ServerBootFromVolumeStableRescueTest-164861284 tempest-ServerBootFromVolumeStableRescueTest-164861284-project-member] Wrote chunk 846802fe-c792-4dfa-9aca-44df23578319-00001 (1/?) of length 23527424 to Swift returning MD5 of content: 4fa343ee581d8d2e78533191fd1ac3e1 {{(pid=102141) add /opt/stack/data/venv/lib/python3.12/site-packages/glance_store/_drivers/swift/store.py:1059}}
Jun 02 19:10:55.229109 np0000001964 devstack@g-api.service[102141]: DEBUG glance_store._drivers.swift.store [None req-0ce41285-253b-4bd0-a475-d50c6cc5bff9 tempest-ServerBootFromVolumeStableRescueTest-164861284 tempest-ServerBootFromVolumeStableRescueTest-164861284-project-member] Not writing zero-length chunk. {{(pid=102141) add /opt/stack/data/venv/lib/python3.12/site-packages/glance_store/_drivers/swift/store.py:1028}}
Jun 02 19:10:55.269756 np0000001964 devstack@g-api.service[102141]: DEBUG swiftclient [None req-0ce41285-253b-4bd0-a475-d50c6cc5bff9 tempest-ServerBootFromVolumeStableRescueTest-164861284 tempest-ServerBootFromVolumeStableRescueTest-164861284-project-member] REQ: curl -i https://10.4.3.182:8080/v1/AUTH_acacf250ba7e4d56bd5b5af59f35cd8c/glance/846802fe-c792-4dfa-9aca-44df23578319 -X PUT -H "X-Object-Manifest: glance/846802fe-c792-4dfa-9aca-44df23578319-" -H "X-Auth-Token: gAAAAABqHyq-xuVK..." -H "Content-Length: 0" {{(pid=102141) http_log /opt/stack/data/venv/lib/python3.12/site-packages/swiftclient/client.py:160}}
Jun 02 19:10:55.269898 np0000001964 devstack@g-api.service[102141]: DEBUG swiftclient [None req-0ce41285-253b-4bd0-a475-d50c6cc5bff9 tempest-ServerBootFromVolumeStableRescueTest-164861284 tempest-ServerBootFromVolumeStableRescueTest-164861284-project-member] RESP STATUS: 201 Created {{(pid=102141) http_log /opt/stack/data/venv/lib/python3.12/site-packages/swiftclient/client.py:161}}
Jun 02 19:10:55.270026 np0000001964 devstack@g-api.service[102141]: DEBUG swiftclient [None req-0ce41285-253b-4bd0-a475-d50c6cc5bff9 tempest-ServerBootFromVolumeStableRescueTest-164861284 tempest-ServerBootFromVolumeStableRescueTest-164861284-project-member] RESP HEADERS: {'Date': 'Tue, 02 Jun 2026 19:10:55 GMT', 'Server': 'Apache/2.4.58 (Ubuntu)', 'Content-Type': 'text/html; charset=UTF-8', 'Content-Length': '0', 'Etag': 'd41d8cd98f00b204e9800998ecf8427e', 'Last-Modified': 'Tue, 02 Jun 2026 19:10:56 GMT', 'X-Trans-Id': 'tx4b97e268a5eb461ab74fa-006a1f2abf', 'X-Openstack-Request-Id': 'tx4b97e268a5eb461ab74fa-006a1f2abf', 'Connection': 'close'} {{(pid=102141) http_log /opt/stack/data/venv/lib/python3.12/site-packages/swiftclient/client.py:162}}
Jun 02 19:10:55.270465 np0000001964 devstack@g-api.service[102141]: INFO glance.location [None req-0ce41285-253b-4bd0-a475-d50c6cc5bff9 tempest-ServerBootFromVolumeStableRescueTest-164861284 tempest-ServerBootFromVolumeStableRescueTest-164861284-project-member] Image format matched and virtual size computed: 1073741824
Jun 02 19:10:55.325665 np0000001964 devstack@g-api.service[102141]: DEBUG glance_store.backend [None req-0ce41285-253b-4bd0-a475-d50c6cc5bff9 tempest-ServerBootFromVolumeStableRescueTest-164861284 tempest-ServerBootFromVolumeStableRescueTest-164861284-project-member] Attempting to import store swift {{(pid=102141) _load_store /opt/stack/data/venv/lib/python3.12/site-packages/glance_store/backend.py:215}}
Jun 02 19:10:55.327730 np0000001964 devstack@g-api.service[102141]: DEBUG glance_store.capabilities [None req-0ce41285-253b-4bd0-a475-d50c6cc5bff9 tempest-ServerBootFromVolumeStableRescueTest-164861284 tempest-ServerBootFromVolumeStableRescueTest-164861284-project-member] Store glance_store._drivers.swift.store.SingleTenantStore doesn't support updating dynamic storage capabilities. Please overwrite 'update_capabilities' method of the store to implement updating logics if needed. {{(pid=102141) update_capabilities /opt/stack/data/venv/lib/python3.12/site-packages/glance_store/capabilities.py:91}}
Jun 02 19:10:55.327882 np0000001964 devstack@g-api.service[102141]: DEBUG glance_store.driver [None req-0ce41285-253b-4bd0-a475-d50c6cc5bff9 tempest-ServerBootFromVolumeStableRescueTest-164861284 tempest-ServerBootFromVolumeStableRescueTest-164861284-project-member] Late loading location class glance_store._drivers.swift.store.StoreLocation {{(pid=102141) get_store_location_class /opt/stack/data/venv/lib/python3.12/site-packages/glance_store/driver.py:134}}
Jun 02 19:10:55.328013 np0000001964 devstack@g-api.service[102141]: DEBUG glance_store.location [None req-0ce41285-253b-4bd0-a475-d50c6cc5bff9 tempest-ServerBootFromVolumeStableRescueTest-164861284 tempest-ServerBootFromVolumeStableRescueTest-164861284-project-member] Registering scheme swift+https with {'store': , 'location_class': , 'store_entry': 'swift'} {{(pid=102141) register_scheme_map /opt/stack/data/venv/lib/python3.12/site-packages/glance_store/location.py:146}}
Jun 02 19:10:55.328203 np0000001964 devstack@g-api.service[102141]: DEBUG glance_store.location [None req-0ce41285-253b-4bd0-a475-d50c6cc5bff9 tempest-ServerBootFromVolumeStableRescueTest-164861284 tempest-ServerBootFromVolumeStableRescueTest-164861284-project-member] Registering scheme swift+https with {'store': , 'location_class': , 'store_entry': 'swift'} {{(pid=102141) register_scheme_map /opt/stack/data/venv/lib/python3.12/site-packages/glance_store/location.py:146}}
Jun 02 19:10:55.328443 np0000001964 devstack@g-api.service[102141]: DEBUG glance_store.location [None req-0ce41285-253b-4bd0-a475-d50c6cc5bff9 tempest-ServerBootFromVolumeStableRescueTest-164861284 tempest-ServerBootFromVolumeStableRescueTest-164861284-project-member] Registering scheme swift with {'store': , 'location_class': , 'store_entry': 'swift'} {{(pid=102141) register_scheme_map /opt/stack/data/venv/lib/python3.12/site-packages/glance_store/location.py:146}}
Jun 02 19:10:55.328443 np0000001964 devstack@g-api.service[102141]: DEBUG glance_store.location [None req-0ce41285-253b-4bd0-a475-d50c6cc5bff9 tempest-ServerBootFromVolumeStableRescueTest-164861284 tempest-ServerBootFromVolumeStableRescueTest-164861284-project-member] Registering scheme swift+https with {'store': , 'location_class': , 'store_entry': 'swift'} {{(pid=102141) register_scheme_map /opt/stack/data/venv/lib/python3.12/site-packages/glance_store/location.py:146}}
Jun 02 19:10:55.328563 np0000001964 devstack@g-api.service[102141]: DEBUG glance_store.location [None req-0ce41285-253b-4bd0-a475-d50c6cc5bff9 tempest-ServerBootFromVolumeStableRescueTest-164861284 tempest-ServerBootFromVolumeStableRescueTest-164861284-project-member] Registering scheme swift with {'store': , 'location_class': , 'store_entry': 'swift'} {{(pid=102141) register_scheme_map /opt/stack/data/venv/lib/python3.12/site-packages/glance_store/location.py:146}}
Jun 02 19:10:55.328613 np0000001964 devstack@g-api.service[102141]: DEBUG glance_store.location [None req-0ce41285-253b-4bd0-a475-d50c6cc5bff9 tempest-ServerBootFromVolumeStableRescueTest-164861284 tempest-ServerBootFromVolumeStableRescueTest-164861284-project-member] Registering scheme swift+http with {'store': , 'location_class': , 'store_entry': 'swift'} {{(pid=102141) register_scheme_map /opt/stack/data/venv/lib/python3.12/site-packages/glance_store/location.py:146}}
Jun 02 19:10:55.328718 np0000001964 devstack@g-api.service[102141]: DEBUG glance_store.location [None req-0ce41285-253b-4bd0-a475-d50c6cc5bff9 tempest-ServerBootFromVolumeStableRescueTest-164861284 tempest-ServerBootFromVolumeStableRescueTest-164861284-project-member] Registering scheme swift+https with {'store': , 'location_class': , 'store_entry': 'swift'} {{(pid=102141) register_scheme_map /opt/stack/data/venv/lib/python3.12/site-packages/glance_store/location.py:146}}
Jun 02 19:10:55.328925 np0000001964 devstack@g-api.service[102141]: DEBUG glance_store.location [None req-0ce41285-253b-4bd0-a475-d50c6cc5bff9 tempest-ServerBootFromVolumeStableRescueTest-164861284 tempest-ServerBootFromVolumeStableRescueTest-164861284-project-member] Registering scheme swift with {'store': , 'location_class': , 'store_entry': 'swift'} {{(pid=102141) register_scheme_map /opt/stack/data/venv/lib/python3.12/site-packages/glance_store/location.py:146}}
Jun 02 19:10:55.329075 np0000001964 devstack@g-api.service[102141]: DEBUG glance_store.location [None req-0ce41285-253b-4bd0-a475-d50c6cc5bff9 tempest-ServerBootFromVolumeStableRescueTest-164861284 tempest-ServerBootFromVolumeStableRescueTest-164861284-project-member] Registering scheme swift+http with {'store': , 'location_class': , 'store_entry': 'swift'} {{(pid=102141) register_scheme_map /opt/stack/data/venv/lib/python3.12/site-packages/glance_store/location.py:146}}
Jun 02 19:10:55.329183 np0000001964 devstack@g-api.service[102141]: DEBUG glance_store.location [None req-0ce41285-253b-4bd0-a475-d50c6cc5bff9 tempest-ServerBootFromVolumeStableRescueTest-164861284 tempest-ServerBootFromVolumeStableRescueTest-164861284-project-member] Registering scheme swift+config with {'store': , 'location_class': , 'store_entry': 'swift'} {{(pid=102141) register_scheme_map /opt/stack/data/venv/lib/python3.12/site-packages/glance_store/location.py:146}}
