Jun 02 19:04:30.579833 np0000001964 devstack@g-api.service[102141]: DEBUG glance_store.capabilities [-] Store glance_store._drivers.swift.store.SingleTenantStore doesn't support updating dynamic storage capabilities. Please overwrite 'update_capabilities' method of the store to implement updating logics if needed. {{(pid=102141) update_capabilities /opt/stack/data/venv/lib/python3.12/site-packages/glance_store/capabilities.py:91}}
Jun 02 19:04:30.579891 np0000001964 devstack@g-api.service[102141]: DEBUG glance_store.backend [-] Registering store swift with schemes ('swift+https', 'swift', 'swift+http', 'swift+config') {{(pid=102141) create_stores /opt/stack/data/venv/lib/python3.12/site-packages/glance_store/backend.py:261}}
Jun 02 19:04:30.579944 np0000001964 devstack@g-api.service[102141]: DEBUG glance_store.driver [-] Late loading location class glance_store._drivers.swift.store.StoreLocation {{(pid=102141) get_store_location_class /opt/stack/data/venv/lib/python3.12/site-packages/glance_store/driver.py:134}}
Jun 02 19:04:30.579981 np0000001964 devstack@g-api.service[102141]: DEBUG glance_store.location [-] Registering scheme swift+https with {'store': , 'location_class': , 'store_entry': 'swift'} {{(pid=102141) register_scheme_map /opt/stack/data/venv/lib/python3.12/site-packages/glance_store/location.py:146}}
Jun 02 19:04:30.580024 np0000001964 devstack@g-api.service[102141]: DEBUG glance_store.location [-] Registering scheme swift with {'store': , 'location_class': , 'store_entry': 'swift'} {{(pid=102141) register_scheme_map /opt/stack/data/venv/lib/python3.12/site-packages/glance_store/location.py:146}}
Jun 02 19:04:30.580091 np0000001964 devstack@g-api.service[102141]: DEBUG glance_store.location [-] Registering scheme swift+http with {'store': , 'location_class': , 'store_entry': 'swift'} {{(pid=102141) register_scheme_map /opt/stack/data/venv/lib/python3.12/site-packages/glance_store/location.py:146}}
Jun 02 19:04:30.580132 np0000001964 devstack@g-api.service[102141]: DEBUG glance_store.location [-] Registering scheme swift+config with {'store': , 'location_class': , 'store_entry': 'swift'} {{(pid=102141) register_scheme_map /opt/stack/data/venv/lib/python3.12/site-packages/glance_store/location.py:146}}
Jun 02 19:04:30.580174 np0000001964 devstack@g-api.service[102141]: DEBUG glance_store.backend [-] Attempting to import store http {{(pid=102141) _load_store /opt/stack/data/venv/lib/python3.12/site-packages/glance_store/backend.py:215}}
Jun 02 19:04:30.580382 np0000001964 devstack@g-api.service[102141]: DEBUG glance_store.capabilities [-] Store glance_store._drivers.http.Store doesn't support updating dynamic storage capabilities. Please overwrite 'update_capabilities' method of the store to implement updating logics if needed. {{(pid=102141) update_capabilities /opt/stack/data/venv/lib/python3.12/site-packages/glance_store/capabilities.py:91}}
Jun 02 19:04:30.580440 np0000001964 devstack@g-api.service[102141]: DEBUG glance_store.backend [-] Registering store http with schemes ('http', 'https') {{(pid=102141) create_stores /opt/stack/data/venv/lib/python3.12/site-packages/glance_store/backend.py:261}}
Jun 02 19:04:30.580490 np0000001964 devstack@g-api.service[102141]: DEBUG glance_store.driver [-] Late loading location class glance_store._drivers.http.StoreLocation {{(pid=102141) get_store_location_class /opt/stack/data/venv/lib/python3.12/site-packages/glance_store/driver.py:134}}
Jun 02 19:04:30.580525 np0000001964 devstack@g-api.service[102141]: DEBUG glance_store.location [-] Registering scheme http with {'store': , 'location_class': , 'store_entry': 'http'} {{(pid=102141) register_scheme_map /opt/stack/data/venv/lib/python3.12/site-packages/glance_store/location.py:146}}
Jun 02 19:04:30.580569 np0000001964 devstack@g-api.service[102141]: DEBUG glance_store.location [-] Registering scheme https with {'store': , 'location_class': , 'store_entry': 'http'} {{(pid=102141) register_scheme_map /opt/stack/data/venv/lib/python3.12/site-packages/glance_store/location.py:146}}
Jun 02 19:04:30.580668 np0000001964 devstack@g-api.service[102141]: DEBUG glance_store.backend [-] Attempting to import store swift {{(pid=102141) _load_store /opt/stack/data/venv/lib/python3.12/site-packages/glance_store/backend.py:215}}
Jun 02 19:04:30.581657 np0000001964 devstack@g-api.service[102141]: DEBUG glance_store.capabilities [-] Store glance_store._drivers.swift.store.SingleTenantStore doesn't support updating dynamic storage capabilities. Please overwrite 'update_capabilities' method of the store to implement updating logics if needed. {{(pid=102141) update_capabilities /opt/stack/data/venv/lib/python3.12/site-packages/glance_store/capabilities.py:91}}
Jun 02 19:04:30.581716 np0000001964 devstack@g-api.service[102141]: DEBUG glance_store.driver [-] Late loading location class glance_store._drivers.swift.store.StoreLocation {{(pid=102141) get_store_location_class /opt/stack/data/venv/lib/python3.12/site-packages/glance_store/driver.py:134}}
Jun 02 19:04:30.581759 np0000001964 devstack@g-api.service[102141]: DEBUG glance_store.location [-] Registering scheme swift+https with {'store': , 'location_class': , 'store_entry': 'swift'} {{(pid=102141) register_scheme_map /opt/stack/data/venv/lib/python3.12/site-packages/glance_store/location.py:146}}
Jun 02 19:04:30.581795 np0000001964 devstack@g-api.service[102141]: DEBUG glance_store.location [-] Registering scheme swift+https with {'store': , 'location_class': , 'store_entry': 'swift'} {{(pid=102141) register_scheme_map /opt/stack/data/venv/lib/python3.12/site-packages/glance_store/location.py:146}}
Jun 02 19:04:30.581848 np0000001964 devstack@g-api.service[102141]: DEBUG glance_store.location [-] Registering scheme swift with {'store': , 'location_class': , 'store_entry': 'swift'} {{(pid=102141) register_scheme_map /opt/stack/data/venv/lib/python3.12/site-packages/glance_store/location.py:146}}
Jun 02 19:04:30.581901 np0000001964 devstack@g-api.service[102141]: DEBUG glance_store.location [-] Registering scheme swift+https with {'store': , 'location_class': , 'store_entry': 'swift'} {{(pid=102141) register_scheme_map /opt/stack/data/venv/lib/python3.12/site-packages/glance_store/location.py:146}}
Jun 02 19:04:30.581942 np0000001964 devstack@g-api.service[102141]: DEBUG glance_store.location [-] Registering scheme swift with {'store': , 'location_class': , 'store_entry': 'swift'} {{(pid=102141) register_scheme_map /opt/stack/data/venv/lib/python3.12/site-packages/glance_store/location.py:146}}
Jun 02 19:04:30.581981 np0000001964 devstack@g-api.service[102141]: DEBUG glance_store.location [-] Registering scheme swift+http with {'store': , 'location_class': , 'store_entry': 'swift'} {{(pid=102141) register_scheme_map /opt/stack/data/venv/lib/python3.12/site-packages/glance_store/location.py:146}}
Jun 02 19:04:30.582031 np0000001964 devstack@g-api.service[102141]: DEBUG glance_store.location [-] Registering scheme swift+https with {'store': , 'location_class': , 'store_entry': 'swift'} {{(pid=102141) register_scheme_map /opt/stack/data/venv/lib/python3.12/site-packages/glance_store/location.py:146}}
Jun 02 19:04:30.582096 np0000001964 devstack@g-api.service[102141]: DEBUG glance_store.location [-] Registering scheme swift with {'store': , 'location_class': , 'store_entry': 'swift'} {{(pid=102141) register_scheme_map /opt/stack/data/venv/lib/python3.12/site-packages/glance_store/location.py:146}}
Jun 02 19:04:30.582133 np0000001964 devstack@g-api.service[102141]: DEBUG glance_store.location [-] Registering scheme swift+http with {'store': , 'location_class': , 'store_entry': 'swift'} {{(pid=102141) register_scheme_map /opt/stack/data/venv/lib/python3.12/site-packages/glance_store/location.py:146}}
Jun 02 19:04:30.582171 np0000001964 devstack@g-api.service[102141]: DEBUG glance_store.location [-] Registering scheme swift+config with {'store': , 'location_class': , 'store_entry': 'swift'} {{(pid=102141) register_scheme_map /opt/stack/data/venv/lib/python3.12/site-packages/glance_store/location.py:146}}
Jun 02 19:04:30.582411 np0000001964 devstack@g-api.service[102141]: DEBUG glance.sqlite_migration [-] SQLite caching database not located, skipping migration {{(pid=102141) get_db_path /opt/stack/glance/glance/sqlite_migration.py:68}}
Jun 02 19:04:30.582586 np0000001964 devstack@g-api.service[102141]: WARNING glance.common.wsgi_app [-] Import methods are enabled but staging directory /tmp/staging/ does not exist; Imports will fail!
Jun 02 19:04:30.784118 np0000001964 devstack@g-api.service[102140]: DEBUG glance.common.config [None req-50fd62e6-9525-447f-ab2e-18f86d7d3f78 None None] Loading glance-api-keystone+cachemanagement from /etc/glance/glance-api-paste.ini {{(pid=102140) load_paste_app /opt/stack/glance/glance/common/config.py:758}}
Jun 02 19:04:30.793963 np0000001964 devstack@g-api.service[102139]: DEBUG glance.common.config [None req-526592da-c4e7-44a7-bea9-5871af482db8 None None] Loading glance-api-keystone+cachemanagement from /etc/glance/glance-api-paste.ini {{(pid=102139) load_paste_app /opt/stack/glance/glance/common/config.py:758}}
Jun 02 19:04:30.836329 np0000001964 devstack@g-api.service[102141]: DEBUG glance.common.config [None req-06036f32-bb94-4721-b87d-75e7eb0c303d None None] Loading glance-api-keystone+cachemanagement from /etc/glance/glance-api-paste.ini {{(pid=102141) load_paste_app /opt/stack/glance/glance/common/config.py:758}}
Jun 02 19:04:31.374285 np0000001964 devstack@g-api.service[102140]: INFO glance.image_cache [None req-50fd62e6-9525-447f-ab2e-18f86d7d3f78 None None] Image cache loaded driver 'centralized_db'.
Jun 02 19:04:31.375533 np0000001964 devstack@g-api.service[102141]: INFO glance.image_cache [None req-06036f32-bb94-4721-b87d-75e7eb0c303d None None] Image cache loaded driver 'centralized_db'.
Jun 02 19:04:31.377144 np0000001964 devstack@g-api.service[102139]: INFO glance.image_cache [None req-526592da-c4e7-44a7-bea9-5871af482db8 None None] Image cache loaded driver 'centralized_db'.
Jun 02 19:04:31.417518 np0000001964 devstack@g-api.service[102140]: INFO dbcounter [None req-50fd62e6-9525-447f-ab2e-18f86d7d3f78 None None] Registered counter for database glance
Jun 02 19:04:31.419686 np0000001964 devstack@g-api.service[102139]: INFO dbcounter [None req-526592da-c4e7-44a7-bea9-5871af482db8 None None] Registered counter for database glance
Jun 02 19:04:31.420023 np0000001964 devstack@g-api.service[102141]: INFO dbcounter [None req-06036f32-bb94-4721-b87d-75e7eb0c303d None None] Registered counter for database glance
Jun 02 19:04:31.460456 np0000001964 devstack@g-api.service[102140]: DEBUG oslo_db.sqlalchemy.engines [None req-50fd62e6-9525-447f-ab2e-18f86d7d3f78 None None] MySQL server mode set to STRICT_TRANS_TABLES,STRICT_ALL_TABLES,NO_ZERO_IN_DATE,NO_ZERO_DATE,ERROR_FOR_DIVISION_BY_ZERO,TRADITIONAL,NO_ENGINE_SUBSTITUTION {{(pid=102140) _check_effective_sql_mode /opt/stack/data/venv/lib/python3.12/site-packages/oslo_db/sqlalchemy/engines.py:325}}
Jun 02 19:04:31.463274 np0000001964 devstack@g-api.service[102141]: DEBUG oslo_db.sqlalchemy.engines [None req-06036f32-bb94-4721-b87d-75e7eb0c303d None None] MySQL server mode set to STRICT_TRANS_TABLES,STRICT_ALL_TABLES,NO_ZERO_IN_DATE,NO_ZERO_DATE,ERROR_FOR_DIVISION_BY_ZERO,TRADITIONAL,NO_ENGINE_SUBSTITUTION {{(pid=102141) _check_effective_sql_mode /opt/stack/data/venv/lib/python3.12/site-packages/oslo_db/sqlalchemy/engines.py:325}}
Jun 02 19:04:31.466875 np0000001964 devstack@g-api.service[102139]: DEBUG oslo_db.sqlalchemy.engines [None req-526592da-c4e7-44a7-bea9-5871af482db8 None None] MySQL server mode set to STRICT_TRANS_TABLES,STRICT_ALL_TABLES,NO_ZERO_IN_DATE,NO_ZERO_DATE,ERROR_FOR_DIVISION_BY_ZERO,TRADITIONAL,NO_ENGINE_SUBSTITUTION {{(pid=102139) _check_effective_sql_mode /opt/stack/data/venv/lib/python3.12/site-packages/oslo_db/sqlalchemy/engines.py:325}}
Jun 02 19:04:31.482096 np0000001964 devstack@g-api.service[102140]: DEBUG dbcounter [-] [102140] Writer thread running {{(pid=102140) stat_writer /opt/stack/data/venv/lib/python3.12/site-packages/dbcounter.py:102}}
Jun 02 19:04:31.485777 np0000001964 devstack@g-api.service[102141]: DEBUG dbcounter [-] [102141] Writer thread running {{(pid=102141) stat_writer /opt/stack/data/venv/lib/python3.12/site-packages/dbcounter.py:102}}
Jun 02 19:04:31.488446 np0000001964 devstack@g-api.service[102141]: DEBUG glance.image_cache.drivers.centralized_db [None req-06036f32-bb94-4721-b87d-75e7eb0c303d None None] Node reference is already recorded, ignoring it {{(pid=102141) configure /opt/stack/glance/glance/image_cache/drivers/centralized_db.py:71}}
Jun 02 19:04:31.492721 np0000001964 devstack@g-api.service[102139]: DEBUG dbcounter [-] [102139] Writer thread running {{(pid=102139) stat_writer /opt/stack/data/venv/lib/python3.12/site-packages/dbcounter.py:102}}
Jun 02 19:04:31.493431 np0000001964 devstack@g-api.service[102140]: INFO glance.image_cache [None req-50fd62e6-9525-447f-ab2e-18f86d7d3f78 None None] Image cache loaded driver 'centralized_db'.
Jun 02 19:04:31.493581 np0000001964 devstack@g-api.service[102141]: INFO glance.image_cache [None req-06036f32-bb94-4721-b87d-75e7eb0c303d None None] Image cache loaded driver 'centralized_db'.
Jun 02 19:04:31.495655 np0000001964 devstack@g-api.service[102139]: DEBUG glance.image_cache.drivers.centralized_db [None req-526592da-c4e7-44a7-bea9-5871af482db8 None None] Node reference is already recorded, ignoring it {{(pid=102139) configure /opt/stack/glance/glance/image_cache/drivers/centralized_db.py:71}}
Jun 02 19:04:31.500460 np0000001964 devstack@g-api.service[102141]: DEBUG glance.image_cache.drivers.centralized_db [None req-06036f32-bb94-4721-b87d-75e7eb0c303d None None] Node reference is already recorded, ignoring it {{(pid=102141) configure /opt/stack/glance/glance/image_cache/drivers/centralized_db.py:71}}
Jun 02 19:04:31.501753 np0000001964 devstack@g-api.service[102140]: DEBUG glance.image_cache.drivers.centralized_db [None req-50fd62e6-9525-447f-ab2e-18f86d7d3f78 None None] Node reference is already recorded, ignoring it {{(pid=102140) configure /opt/stack/glance/glance/image_cache/drivers/centralized_db.py:71}}
Jun 02 19:04:31.502096 np0000001964 devstack@g-api.service[102139]: INFO glance.image_cache [None req-526592da-c4e7-44a7-bea9-5871af482db8 None None] Image cache loaded driver 'centralized_db'.
Jun 02 19:04:31.505284 np0000001964 devstack@g-api.service[102141]: DEBUG glance.api.v2.cached_images [None req-06036f32-bb94-4721-b87d-75e7eb0c303d None None] Started cache worker thread {{(pid=102141) __init__ /opt/stack/glance/glance/api/v2/cached_images.py:69}}
Jun 02 19:04:31.505872 np0000001964 devstack@g-api.service[102141]: INFO glance.image_cache [None req-06036f32-bb94-4721-b87d-75e7eb0c303d None None] Image cache loaded driver 'centralized_db'.
Jun 02 19:04:31.506242 np0000001964 devstack@g-api.service[102140]: DEBUG glance.api.v2.cached_images [None req-50fd62e6-9525-447f-ab2e-18f86d7d3f78 None None] Started cache worker thread {{(pid=102140) __init__ /opt/stack/glance/glance/api/v2/cached_images.py:69}}
Jun 02 19:04:31.506886 np0000001964 devstack@g-api.service[102140]: INFO glance.image_cache [None req-50fd62e6-9525-447f-ab2e-18f86d7d3f78 None None] Image cache loaded driver 'centralized_db'.
Jun 02 19:04:31.511340 np0000001964 devstack@g-api.service[102139]: DEBUG glance.image_cache.drivers.centralized_db [None req-526592da-c4e7-44a7-bea9-5871af482db8 None None] Node reference is already recorded, ignoring it {{(pid=102139) configure /opt/stack/glance/glance/image_cache/drivers/centralized_db.py:71}}
Jun 02 19:04:31.512449 np0000001964 devstack@g-api.service[102141]: DEBUG glance.image_cache.drivers.centralized_db [None req-06036f32-bb94-4721-b87d-75e7eb0c303d None None] Node reference is already recorded, ignoring it {{(pid=102141) configure /opt/stack/glance/glance/image_cache/drivers/centralized_db.py:71}}
Jun 02 19:04:31.513230 np0000001964 devstack@g-api.service[102140]: DEBUG glance.image_cache.drivers.centralized_db [None req-50fd62e6-9525-447f-ab2e-18f86d7d3f78 None None] Node reference is already recorded, ignoring it {{(pid=102140) configure /opt/stack/glance/glance/image_cache/drivers/centralized_db.py:71}}
Jun 02 19:04:31.515995 np0000001964 devstack@g-api.service[102139]: DEBUG glance.api.v2.cached_images [None req-526592da-c4e7-44a7-bea9-5871af482db8 None None] Started cache worker thread {{(pid=102139) __init__ /opt/stack/glance/glance/api/v2/cached_images.py:69}}
Jun 02 19:04:31.516745 np0000001964 devstack@g-api.service[102139]: INFO glance.image_cache [None req-526592da-c4e7-44a7-bea9-5871af482db8 None None] Image cache loaded driver 'centralized_db'.
Jun 02 19:04:31.516810 np0000001964 devstack@g-api.service[102141]: INFO glance.api.middleware.cache_manage [None req-06036f32-bb94-4721-b87d-75e7eb0c303d None None] Initialized image cache management middleware
Jun 02 19:04:31.516878 np0000001964 devstack@g-api.service[102141]: INFO glance.image_cache [None req-06036f32-bb94-4721-b87d-75e7eb0c303d None None] Image cache loaded driver 'centralized_db'.
Jun 02 19:04:31.517684 np0000001964 devstack@g-api.service[102140]: INFO glance.api.middleware.cache_manage [None req-50fd62e6-9525-447f-ab2e-18f86d7d3f78 None None] Initialized image cache management middleware
Jun 02 19:04:31.517790 np0000001964 devstack@g-api.service[102140]: INFO glance.image_cache [None req-50fd62e6-9525-447f-ab2e-18f86d7d3f78 None None] Image cache loaded driver 'centralized_db'.
Jun 02 19:04:31.523523 np0000001964 devstack@g-api.service[102139]: DEBUG glance.image_cache.drivers.centralized_db [None req-526592da-c4e7-44a7-bea9-5871af482db8 None None] Node reference is already recorded, ignoring it {{(pid=102139) configure /opt/stack/glance/glance/image_cache/drivers/centralized_db.py:71}}
Jun 02 19:04:31.525239 np0000001964 devstack@g-api.service[102140]: DEBUG glance.image_cache.drivers.centralized_db [None req-50fd62e6-9525-447f-ab2e-18f86d7d3f78 None None] Node reference is already recorded, ignoring it {{(pid=102140) configure /opt/stack/glance/glance/image_cache/drivers/centralized_db.py:71}}
Jun 02 19:04:31.527878 np0000001964 devstack@g-api.service[102139]: INFO glance.api.middleware.cache_manage [None req-526592da-c4e7-44a7-bea9-5871af482db8 None None] Initialized image cache management middleware
Jun 02 19:04:31.528004 np0000001964 devstack@g-api.service[102139]: INFO glance.image_cache [None req-526592da-c4e7-44a7-bea9-5871af482db8 None None] Image cache loaded driver 'centralized_db'.
Jun 02 19:04:31.534514 np0000001964 devstack@g-api.service[102139]: DEBUG glance.image_cache.drivers.centralized_db [None req-526592da-c4e7-44a7-bea9-5871af482db8 None None] Node reference is already recorded, ignoring it {{(pid=102139) configure /opt/stack/glance/glance/image_cache/drivers/centralized_db.py:71}}
Jun 02 19:04:31.538259 np0000001964 devstack@g-api.service[102139]: INFO glance.api.middleware.cache [None req-526592da-c4e7-44a7-bea9-5871af482db8 None None] Initialized image cache middleware
Jun 02 19:04:31.550872 np0000001964 devstack@g-api.service[102139]: DEBUG glance.common.config [None req-526592da-c4e7-44a7-bea9-5871af482db8 None None] ******************************************************************************** {{(pid=102139) log_opt_values /opt/stack/data/venv/lib/python3.12/site-packages/oslo_config/cfg.py:3229}}
Jun 02 19:04:31.551052 np0000001964 devstack@g-api.service[102139]: DEBUG glance.common.config [None req-526592da-c4e7-44a7-bea9-5871af482db8 None None] Configuration options gathered from: {{(pid=102139) log_opt_values /opt/stack/data/venv/lib/python3.12/site-packages/oslo_config/cfg.py:3230}}
Jun 02 19:04:31.551293 np0000001964 devstack@g-api.service[102139]: DEBUG glance.common.config [None req-526592da-c4e7-44a7-bea9-5871af482db8 None None] command line args: [] {{(pid=102139) log_opt_values /opt/stack/data/venv/lib/python3.12/site-packages/oslo_config/cfg.py:3231}}
Jun 02 19:04:31.551453 np0000001964 devstack@g-api.service[102139]: DEBUG glance.common.config [None req-526592da-c4e7-44a7-bea9-5871af482db8 None None] config files: ['/etc/glance/glance-image-import.conf', '/etc/glance/glance-api.conf'] {{(pid=102139) log_opt_values /opt/stack/data/venv/lib/python3.12/site-packages/oslo_config/cfg.py:3232}}
Jun 02 19:04:31.551528 np0000001964 devstack@g-api.service[102139]: DEBUG glance.common.config [None req-526592da-c4e7-44a7-bea9-5871af482db8 None None] ================================================================================ {{(pid=102139) log_opt_values /opt/stack/data/venv/lib/python3.12/site-packages/oslo_config/cfg.py:3237}}
Jun 02 19:04:31.551655 np0000001964 devstack@g-api.service[102139]: DEBUG glance.common.config [None req-526592da-c4e7-44a7-bea9-5871af482db8 None None] allow_anonymous_access = False {{(pid=102139) log_opt_values /opt/stack/data/venv/lib/python3.12/site-packages/oslo_config/cfg.py:3245}}
Jun 02 19:04:31.551785 np0000001964 devstack@g-api.service[102139]: DEBUG glance.common.config [None req-526592da-c4e7-44a7-bea9-5871af482db8 None None] api_limit_max = 1000 {{(pid=102139) log_opt_values /opt/stack/data/venv/lib/python3.12/site-packages/oslo_config/cfg.py:3245}}
Jun 02 19:04:31.551899 np0000001964 devstack@g-api.service[102139]: DEBUG glance.common.config [None req-526592da-c4e7-44a7-bea9-5871af482db8 None None] backlog = 4096 {{(pid=102139) log_opt_values /opt/stack/data/venv/lib/python3.12/site-packages/oslo_config/cfg.py:3245}}
Jun 02 19:04:31.552029 np0000001964 devstack@g-api.service[102139]: DEBUG glance.common.config [None req-526592da-c4e7-44a7-bea9-5871af482db8 None None] bind_host = 0.0.0.0 {{(pid=102139) log_opt_values /opt/stack/data/venv/lib/python3.12/site-packages/oslo_config/cfg.py:3245}}
Jun 02 19:04:31.552174 np0000001964 devstack@g-api.service[102139]: DEBUG glance.common.config [None req-526592da-c4e7-44a7-bea9-5871af482db8 None None] bind_port = 19292 {{(pid=102139) log_opt_values /opt/stack/data/venv/lib/python3.12/site-packages/oslo_config/cfg.py:3245}}
Jun 02 19:04:31.552294 np0000001964 devstack@g-api.service[102139]: DEBUG glance.common.config [None req-526592da-c4e7-44a7-bea9-5871af482db8 None None] client_socket_timeout = 900 {{(pid=102139) log_opt_values /opt/stack/data/venv/lib/python3.12/site-packages/oslo_config/cfg.py:3245}}
Jun 02 19:04:31.552428 np0000001964 devstack@g-api.service[102139]: DEBUG glance.common.config [None req-526592da-c4e7-44a7-bea9-5871af482db8 None None] config_dir = [] {{(pid=102139) log_opt_values /opt/stack/data/venv/lib/python3.12/site-packages/oslo_config/cfg.py:3245}}
Jun 02 19:04:31.552508 np0000001964 devstack@g-api.service[102139]: DEBUG glance.common.config [None req-526592da-c4e7-44a7-bea9-5871af482db8 None None] config_file = ['/etc/glance/glance-image-import.conf', '/etc/glance/glance-api.conf'] {{(pid=102139) log_opt_values /opt/stack/data/venv/lib/python3.12/site-packages/oslo_config/cfg.py:3245}}
Jun 02 19:04:31.552605 np0000001964 devstack@g-api.service[102139]: DEBUG glance.common.config [None req-526592da-c4e7-44a7-bea9-5871af482db8 None None] config_source = [] {{(pid=102139) log_opt_values /opt/stack/data/venv/lib/python3.12/site-packages/oslo_config/cfg.py:3245}}
Jun 02 19:04:31.552708 np0000001964 devstack@g-api.service[102139]: DEBUG glance.common.config [None req-526592da-c4e7-44a7-bea9-5871af482db8 None None] control_exchange = glance {{(pid=102139) log_opt_values /opt/stack/data/venv/lib/python3.12/site-packages/oslo_config/cfg.py:3245}}
Jun 02 19:04:31.552799 np0000001964 devstack@g-api.service[102139]: DEBUG glance.common.config [None req-526592da-c4e7-44a7-bea9-5871af482db8 None None] debug = True {{(pid=102139) log_opt_values /opt/stack/data/venv/lib/python3.12/site-packages/oslo_config/cfg.py:3245}}
Jun 02 19:04:31.552973 np0000001964 devstack@g-api.service[102139]: DEBUG glance.common.config [None req-526592da-c4e7-44a7-bea9-5871af482db8 None None] default_log_levels = ['amqp=WARN', 'boto=WARN', 'sqlalchemy=WARN', 'suds=INFO', 'oslo.messaging=INFO', 'oslo_messaging=INFO', 'iso8601=WARN', 'requests.packages.urllib3.connectionpool=WARN', 'urllib3.connectionpool=WARN', 'websocket=WARN', 'requests.packages.urllib3.util.retry=WARN', 'urllib3.util.retry=WARN', 'keystonemiddleware=WARN', 'routes.middleware=WARN', 'stevedore=WARN', 'taskflow=WARN', 'keystoneauth=WARN', 'oslo.cache=INFO', 'oslo_policy=INFO', 'dogpile.core.dogpile=INFO'] {{(pid=102139) log_opt_values /opt/stack/data/venv/lib/python3.12/site-packages/oslo_config/cfg.py:3245}}
Jun 02 19:04:31.553091 np0000001964 devstack@g-api.service[102139]: DEBUG glance.common.config [None req-526592da-c4e7-44a7-bea9-5871af482db8 None None] default_publisher_id = image.localhost {{(pid=102139) log_opt_values /opt/stack/data/venv/lib/python3.12/site-packages/oslo_config/cfg.py:3245}}
Jun 02 19:04:31.553209 np0000001964 devstack@g-api.service[102139]: DEBUG glance.common.config [None req-526592da-c4e7-44a7-bea9-5871af482db8 None None] delayed_delete = False {{(pid=102139) log_opt_values /opt/stack/data/venv/lib/python3.12/site-packages/oslo_config/cfg.py:3245}}
Jun 02 19:04:31.553371 np0000001964 devstack@g-api.service[102139]: DEBUG glance.common.config [None req-526592da-c4e7-44a7-bea9-5871af482db8 None None] digest_algorithm = sha256 {{(pid=102139) log_opt_values /opt/stack/data/venv/lib/python3.12/site-packages/oslo_config/cfg.py:3245}}
Jun 02 19:04:31.553509 np0000001964 devstack@g-api.service[102139]: DEBUG glance.common.config [None req-526592da-c4e7-44a7-bea9-5871af482db8 None None] disabled_notifications = [] {{(pid=102139) log_opt_values /opt/stack/data/venv/lib/python3.12/site-packages/oslo_config/cfg.py:3245}}
Jun 02 19:04:31.553650 np0000001964 devstack@g-api.service[102139]: DEBUG glance.common.config [None req-526592da-c4e7-44a7-bea9-5871af482db8 None None] do_secure_hash = True {{(pid=102139) log_opt_values /opt/stack/data/venv/lib/python3.12/site-packages/oslo_config/cfg.py:3245}}
Jun 02 19:04:31.553815 np0000001964 devstack@g-api.service[102139]: DEBUG glance.common.config [None req-526592da-c4e7-44a7-bea9-5871af482db8 None None] enabled_backends = None {{(pid=102139) log_opt_values /opt/stack/data/venv/lib/python3.12/site-packages/oslo_config/cfg.py:3245}}
Jun 02 19:04:31.553951 np0000001964 devstack@g-api.service[102139]: DEBUG glance.common.config [None req-526592da-c4e7-44a7-bea9-5871af482db8 None None] enabled_import_methods = ['glance-direct', 'web-download', 'copy-image'] {{(pid=102139) log_opt_values /opt/stack/data/venv/lib/python3.12/site-packages/oslo_config/cfg.py:3245}}
Jun 02 19:04:31.554069 np0000001964 devstack@g-api.service[102139]: DEBUG glance.common.config [None req-526592da-c4e7-44a7-bea9-5871af482db8 None None] fatal_deprecations = False {{(pid=102139) log_opt_values /opt/stack/data/venv/lib/python3.12/site-packages/oslo_config/cfg.py:3245}}
Jun 02 19:04:31.554199 np0000001964 devstack@g-api.service[102139]: DEBUG glance.common.config [None req-526592da-c4e7-44a7-bea9-5871af482db8 None None] hashing_algorithm = sha512 {{(pid=102139) log_opt_values /opt/stack/data/venv/lib/python3.12/site-packages/oslo_config/cfg.py:3245}}
Jun 02 19:04:31.554317 np0000001964 devstack@g-api.service[102139]: DEBUG glance.common.config [None req-526592da-c4e7-44a7-bea9-5871af482db8 None None] http_keepalive = True {{(pid=102139) log_opt_values /opt/stack/data/venv/lib/python3.12/site-packages/oslo_config/cfg.py:3245}}
Jun 02 19:04:31.554414 np0000001964 devstack@g-api.service[102139]: DEBUG glance.common.config [None req-526592da-c4e7-44a7-bea9-5871af482db8 None None] http_retries = 3 {{(pid=102139) log_opt_values /opt/stack/data/venv/lib/python3.12/site-packages/oslo_config/cfg.py:3245}}
Jun 02 19:04:31.554513 np0000001964 devstack@g-api.service[102139]: DEBUG glance.common.config [None req-526592da-c4e7-44a7-bea9-5871af482db8 None None] image_cache_dir = /opt/stack/data/glance/cache/ {{(pid=102139) log_opt_values /opt/stack/data/venv/lib/python3.12/site-packages/oslo_config/cfg.py:3245}}
Jun 02 19:04:31.554613 np0000001964 devstack@g-api.service[102139]: DEBUG glance.common.config [None req-526592da-c4e7-44a7-bea9-5871af482db8 None None] image_cache_driver = centralized_db {{(pid=102139) log_opt_values /opt/stack/data/venv/lib/python3.12/site-packages/oslo_config/cfg.py:3245}}
Jun 02 19:04:31.554708 np0000001964 devstack@g-api.service[102139]: DEBUG glance.common.config [None req-526592da-c4e7-44a7-bea9-5871af482db8 None None] image_cache_max_size = 10737418240 {{(pid=102139) log_opt_values /opt/stack/data/venv/lib/python3.12/site-packages/oslo_config/cfg.py:3245}}
Jun 02 19:04:31.554806 np0000001964 devstack@g-api.service[102139]: DEBUG glance.common.config [None req-526592da-c4e7-44a7-bea9-5871af482db8 None None] image_cache_sqlite_db = cache.db {{(pid=102139) log_opt_values /opt/stack/data/venv/lib/python3.12/site-packages/oslo_config/cfg.py:3245}}
Jun 02 19:04:31.554903 np0000001964 devstack@g-api.service[102139]: DEBUG glance.common.config [None req-526592da-c4e7-44a7-bea9-5871af482db8 None None] image_cache_stall_time = 86400 {{(pid=102139) log_opt_values /opt/stack/data/venv/lib/python3.12/site-packages/oslo_config/cfg.py:3245}}
Jun 02 19:04:31.554995 np0000001964 devstack@g-api.service[102139]: DEBUG glance.common.config [None req-526592da-c4e7-44a7-bea9-5871af482db8 None None] image_location_quota = 10 {{(pid=102139) log_opt_values /opt/stack/data/venv/lib/python3.12/site-packages/oslo_config/cfg.py:3245}}
Jun 02 19:04:31.555098 np0000001964 devstack@g-api.service[102139]: DEBUG glance.common.config [None req-526592da-c4e7-44a7-bea9-5871af482db8 None None] image_member_quota = 128 {{(pid=102139) log_opt_values /opt/stack/data/venv/lib/python3.12/site-packages/oslo_config/cfg.py:3245}}
Jun 02 19:04:31.555230 np0000001964 devstack@g-api.service[102139]: DEBUG glance.common.config [None req-526592da-c4e7-44a7-bea9-5871af482db8 None None] image_property_quota = 128 {{(pid=102139) log_opt_values /opt/stack/data/venv/lib/python3.12/site-packages/oslo_config/cfg.py:3245}}
Jun 02 19:04:31.555388 np0000001964 devstack@g-api.service[102139]: DEBUG glance.common.config [None req-526592da-c4e7-44a7-bea9-5871af482db8 None None] image_size_cap = 1099511627776 {{(pid=102139) log_opt_values /opt/stack/data/venv/lib/python3.12/site-packages/oslo_config/cfg.py:3245}}
Jun 02 19:04:31.555454 np0000001964 devstack@g-api.service[102139]: DEBUG glance.common.config [None req-526592da-c4e7-44a7-bea9-5871af482db8 None None] image_tag_quota = 128 {{(pid=102139) log_opt_values /opt/stack/data/venv/lib/python3.12/site-packages/oslo_config/cfg.py:3245}}
Jun 02 19:04:31.555552 np0000001964 devstack@g-api.service[102139]: DEBUG glance.common.config [None req-526592da-c4e7-44a7-bea9-5871af482db8 None None] instance_format = [instance: %(uuid)s] {{(pid=102139) log_opt_values /opt/stack/data/venv/lib/python3.12/site-packages/oslo_config/cfg.py:3245}}
Jun 02 19:04:31.555650 np0000001964 devstack@g-api.service[102139]: DEBUG glance.common.config [None req-526592da-c4e7-44a7-bea9-5871af482db8 None None] instance_uuid_format = [instance: %(uuid)s] {{(pid=102139) log_opt_values /opt/stack/data/venv/lib/python3.12/site-packages/oslo_config/cfg.py:3245}}
Jun 02 19:04:31.555743 np0000001964 devstack@g-api.service[102139]: DEBUG glance.common.config [None req-526592da-c4e7-44a7-bea9-5871af482db8 None None] limit_param_default = 25 {{(pid=102139) log_opt_values /opt/stack/data/venv/lib/python3.12/site-packages/oslo_config/cfg.py:3245}}
Jun 02 19:04:31.555862 np0000001964 devstack@g-api.service[102139]: DEBUG glance.common.config [None req-526592da-c4e7-44a7-bea9-5871af482db8 None None] log_color = False {{(pid=102139) log_opt_values /opt/stack/data/venv/lib/python3.12/site-packages/oslo_config/cfg.py:3245}}
Jun 02 19:04:31.555962 np0000001964 devstack@g-api.service[102139]: DEBUG glance.common.config [None req-526592da-c4e7-44a7-bea9-5871af482db8 None None] log_config_append = None {{(pid=102139) log_opt_values /opt/stack/data/venv/lib/python3.12/site-packages/oslo_config/cfg.py:3245}}
Jun 02 19:04:31.556078 np0000001964 devstack@g-api.service[102139]: DEBUG glance.common.config [None req-526592da-c4e7-44a7-bea9-5871af482db8 None None] log_date_format = %Y-%m-%d %H:%M:%S {{(pid=102139) log_opt_values /opt/stack/data/venv/lib/python3.12/site-packages/oslo_config/cfg.py:3245}}
Jun 02 19:04:31.556179 np0000001964 devstack@g-api.service[102139]: DEBUG glance.common.config [None req-526592da-c4e7-44a7-bea9-5871af482db8 None None] log_dir = None {{(pid=102139) log_opt_values /opt/stack/data/venv/lib/python3.12/site-packages/oslo_config/cfg.py:3245}}
Jun 02 19:04:31.556306 np0000001964 devstack@g-api.service[102139]: DEBUG glance.common.config [None req-526592da-c4e7-44a7-bea9-5871af482db8 None None] log_file = None {{(pid=102139) log_opt_values /opt/stack/data/venv/lib/python3.12/site-packages/oslo_config/cfg.py:3245}}
Jun 02 19:04:31.556399 np0000001964 devstack@g-api.service[102139]: DEBUG glance.common.config [None req-526592da-c4e7-44a7-bea9-5871af482db8 None None] log_rotate_interval = 1 {{(pid=102139) log_opt_values /opt/stack/data/venv/lib/python3.12/site-packages/oslo_config/cfg.py:3245}}
Jun 02 19:04:31.556499 np0000001964 devstack@g-api.service[102139]: DEBUG glance.common.config [None req-526592da-c4e7-44a7-bea9-5871af482db8 None None] log_rotate_interval_type = days {{(pid=102139) log_opt_values /opt/stack/data/venv/lib/python3.12/site-packages/oslo_config/cfg.py:3245}}
Jun 02 19:04:31.556599 np0000001964 devstack@g-api.service[102139]: DEBUG glance.common.config [None req-526592da-c4e7-44a7-bea9-5871af482db8 None None] log_rotation_type = none {{(pid=102139) log_opt_values /opt/stack/data/venv/lib/python3.12/site-packages/oslo_config/cfg.py:3245}}
Jun 02 19:04:31.556671 np0000001964 devstack@g-api.service[102139]: DEBUG glance.common.config [None req-526592da-c4e7-44a7-bea9-5871af482db8 None None] logging_context_format_string = %(color)s%(levelname)s %(name)s [%(global_request_id)s %(request_id)s %(project_name)s %(user_name)s%(color)s] %(instance)s%(color)s%(message)s {{(pid=102139) log_opt_values /opt/stack/data/venv/lib/python3.12/site-packages/oslo_config/cfg.py:3245}}
Jun 02 19:04:31.556736 np0000001964 devstack@g-api.service[102139]: DEBUG glance.common.config [None req-526592da-c4e7-44a7-bea9-5871af482db8 None None] logging_debug_format_suffix = {{(pid=%(process)d) %(funcName)s %(pathname)s:%(lineno)d}} {{(pid=102139) log_opt_values /opt/stack/data/venv/lib/python3.12/site-packages/oslo_config/cfg.py:3245}}
Jun 02 19:04:31.556852 np0000001964 devstack@g-api.service[102139]: DEBUG glance.common.config [None req-526592da-c4e7-44a7-bea9-5871af482db8 None None] logging_default_format_string = %(color)s%(levelname)s %(name)s [-%(color)s] %(instance)s%(color)s%(message)s {{(pid=102139) log_opt_values /opt/stack/data/venv/lib/python3.12/site-packages/oslo_config/cfg.py:3245}}
Jun 02 19:04:31.556978 np0000001964 devstack@g-api.service[102139]: DEBUG glance.common.config [None req-526592da-c4e7-44a7-bea9-5871af482db8 None None] logging_exception_prefix = ERROR %(name)s %(instance)s {{(pid=102139) log_opt_values /opt/stack/data/venv/lib/python3.12/site-packages/oslo_config/cfg.py:3245}}
Jun 02 19:04:31.557021 np0000001964 devstack@g-api.service[102139]: DEBUG glance.common.config [None req-526592da-c4e7-44a7-bea9-5871af482db8 None None] logging_user_identity_format = %(user)s %(project)s %(domain)s %(system_scope)s %(user_domain)s %(project_domain)s {{(pid=102139) log_opt_values /opt/stack/data/venv/lib/python3.12/site-packages/oslo_config/cfg.py:3245}}
Jun 02 19:04:31.557115 np0000001964 devstack@g-api.service[102139]: DEBUG glance.common.config [None req-526592da-c4e7-44a7-bea9-5871af482db8 None None] max_header_line = 16384 {{(pid=102139) log_opt_values /opt/stack/data/venv/lib/python3.12/site-packages/oslo_config/cfg.py:3245}}
Jun 02 19:04:31.557207 np0000001964 devstack@g-api.service[102139]: DEBUG glance.common.config [None req-526592da-c4e7-44a7-bea9-5871af482db8 None None] max_logfile_count = 30 {{(pid=102139) log_opt_values /opt/stack/data/venv/lib/python3.12/site-packages/oslo_config/cfg.py:3245}}
Jun 02 19:04:31.557348 np0000001964 devstack@g-api.service[102139]: DEBUG glance.common.config [None req-526592da-c4e7-44a7-bea9-5871af482db8 None None] max_logfile_size_mb = 200 {{(pid=102139) log_opt_values /opt/stack/data/venv/lib/python3.12/site-packages/oslo_config/cfg.py:3245}}
Jun 02 19:04:31.557456 np0000001964 devstack@g-api.service[102139]: DEBUG glance.common.config [None req-526592da-c4e7-44a7-bea9-5871af482db8 None None] max_request_id_length = 64 {{(pid=102139) log_opt_values /opt/stack/data/venv/lib/python3.12/site-packages/oslo_config/cfg.py:3245}}
Jun 02 19:04:31.557585 np0000001964 devstack@g-api.service[102139]: DEBUG glance.common.config [None req-526592da-c4e7-44a7-bea9-5871af482db8 None None] metadata_encryption_key = **** {{(pid=102139) log_opt_values /opt/stack/data/venv/lib/python3.12/site-packages/oslo_config/cfg.py:3245}}
Jun 02 19:04:31.557694 np0000001964 devstack@g-api.service[102139]: DEBUG glance.common.config [None req-526592da-c4e7-44a7-bea9-5871af482db8 None None] node_staging_uri = file:///tmp/staging/ {{(pid=102139) log_opt_values /opt/stack/data/venv/lib/python3.12/site-packages/oslo_config/cfg.py:3245}}
Jun 02 19:04:31.557787 np0000001964 devstack@g-api.service[102139]: DEBUG glance.common.config [None req-526592da-c4e7-44a7-bea9-5871af482db8 None None] property_protection_file = None {{(pid=102139) log_opt_values /opt/stack/data/venv/lib/python3.12/site-packages/oslo_config/cfg.py:3245}}
Jun 02 19:04:31.557901 np0000001964 devstack@g-api.service[102139]: DEBUG glance.common.config [None req-526592da-c4e7-44a7-bea9-5871af482db8 None None] property_protection_rule_format = roles {{(pid=102139) log_opt_values /opt/stack/data/venv/lib/python3.12/site-packages/oslo_config/cfg.py:3245}}
Jun 02 19:04:31.558002 np0000001964 devstack@g-api.service[102139]: DEBUG glance.common.config [None req-526592da-c4e7-44a7-bea9-5871af482db8 None None] public_endpoint = https://10.4.3.182/image {{(pid=102139) log_opt_values /opt/stack/data/venv/lib/python3.12/site-packages/oslo_config/cfg.py:3245}}
Jun 02 19:04:31.558106 np0000001964 devstack@g-api.service[102139]: DEBUG glance.common.config [None req-526592da-c4e7-44a7-bea9-5871af482db8 None None] publish_errors = False {{(pid=102139) log_opt_values /opt/stack/data/venv/lib/python3.12/site-packages/oslo_config/cfg.py:3245}}
Jun 02 19:04:31.558196 np0000001964 devstack@g-api.service[102139]: DEBUG glance.common.config [None req-526592da-c4e7-44a7-bea9-5871af482db8 None None] pydev_worker_debug_host = None {{(pid=102139) log_opt_values /opt/stack/data/venv/lib/python3.12/site-packages/oslo_config/cfg.py:3245}}
Jun 02 19:04:31.558348 np0000001964 devstack@g-api.service[102139]: DEBUG glance.common.config [None req-526592da-c4e7-44a7-bea9-5871af482db8 None None] pydev_worker_debug_port = 5678 {{(pid=102139) log_opt_values /opt/stack/data/venv/lib/python3.12/site-packages/oslo_config/cfg.py:3245}}
Jun 02 19:04:31.558502 np0000001964 devstack@g-api.service[102139]: DEBUG glance.common.config [None req-526592da-c4e7-44a7-bea9-5871af482db8 None None] rate_limit_burst = 0 {{(pid=102139) log_opt_values /opt/stack/data/venv/lib/python3.12/site-packages/oslo_config/cfg.py:3245}}
Jun 02 19:04:31.558666 np0000001964 devstack@g-api.service[102139]: DEBUG glance.common.config [None req-526592da-c4e7-44a7-bea9-5871af482db8 None None] rate_limit_except_level = CRITICAL {{(pid=102139) log_opt_values /opt/stack/data/venv/lib/python3.12/site-packages/oslo_config/cfg.py:3245}}
Jun 02 19:04:31.558815 np0000001964 devstack@g-api.service[102139]: DEBUG glance.common.config [None req-526592da-c4e7-44a7-bea9-5871af482db8 None None] rate_limit_interval = 0 {{(pid=102139) log_opt_values /opt/stack/data/venv/lib/python3.12/site-packages/oslo_config/cfg.py:3245}}
Jun 02 19:04:31.558936 np0000001964 devstack@g-api.service[102139]: DEBUG glance.common.config [None req-526592da-c4e7-44a7-bea9-5871af482db8 None None] scrub_pool_size = 1 {{(pid=102139) log_opt_values /opt/stack/data/venv/lib/python3.12/site-packages/oslo_config/cfg.py:3245}}
Jun 02 19:04:31.559030 np0000001964 devstack@g-api.service[102139]: DEBUG glance.common.config [None req-526592da-c4e7-44a7-bea9-5871af482db8 None None] scrub_time = 0 {{(pid=102139) log_opt_values /opt/stack/data/venv/lib/python3.12/site-packages/oslo_config/cfg.py:3245}}
Jun 02 19:04:31.559134 np0000001964 devstack@g-api.service[102139]: DEBUG glance.common.config [None req-526592da-c4e7-44a7-bea9-5871af482db8 None None] shell_completion = None {{(pid=102139) log_opt_values /opt/stack/data/venv/lib/python3.12/site-packages/oslo_config/cfg.py:3245}}
Jun 02 19:04:31.559261 np0000001964 devstack@g-api.service[102139]: DEBUG glance.common.config [None req-526592da-c4e7-44a7-bea9-5871af482db8 None None] show_image_direct_url = False {{(pid=102139) log_opt_values /opt/stack/data/venv/lib/python3.12/site-packages/oslo_config/cfg.py:3245}}
Jun 02 19:04:31.559562 np0000001964 devstack@g-api.service[102139]: WARNING oslo_config.cfg [None req-526592da-c4e7-44a7-bea9-5871af482db8 None None] Deprecated: Option "show_multiple_locations" from group "DEFAULT" is deprecated for removal (Use of this option, deprecated since Newton, is a security risk and will be removed once we figure out a way to satisfy those use cases that currently require it. An earlier announcement that the same functionality can be achieved with greater granularity by using policies is incorrect. You cannot work around this option via policy configuration at the present time, though that is the direction we believe the fix will take. Please keep an eye on the Glance release notes to stay up to date on progress in addressing this issue.). Its value may be silently ignored in the future.
Jun 02 19:04:31.559710 np0000001964 devstack@g-api.service[102139]: DEBUG glance.common.config [None req-526592da-c4e7-44a7-bea9-5871af482db8 None None] show_multiple_locations = False {{(pid=102139) log_opt_values /opt/stack/data/venv/lib/python3.12/site-packages/oslo_config/cfg.py:3245}}
Jun 02 19:04:31.559842 np0000001964 devstack@g-api.service[102139]: DEBUG glance.common.config [None req-526592da-c4e7-44a7-bea9-5871af482db8 None None] syslog_log_facility = LOG_USER {{(pid=102139) log_opt_values /opt/stack/data/venv/lib/python3.12/site-packages/oslo_config/cfg.py:3245}}
Jun 02 19:04:31.559976 np0000001964 devstack@g-api.service[102139]: DEBUG glance.common.config [None req-526592da-c4e7-44a7-bea9-5871af482db8 None None] tcp_keepidle = 600 {{(pid=102139) log_opt_values /opt/stack/data/venv/lib/python3.12/site-packages/oslo_config/cfg.py:3245}}
Jun 02 19:04:31.560122 np0000001964 devstack@g-api.service[102139]: DEBUG glance.common.config [None req-526592da-c4e7-44a7-bea9-5871af482db8 None None] transport_url = **** {{(pid=102139) log_opt_values /opt/stack/data/venv/lib/python3.12/site-packages/oslo_config/cfg.py:3245}}
Jun 02 19:04:31.560251 np0000001964 devstack@g-api.service[102139]: DEBUG glance.common.config [None req-526592da-c4e7-44a7-bea9-5871af482db8 None None] use_journal = False {{(pid=102139) log_opt_values /opt/stack/data/venv/lib/python3.12/site-packages/oslo_config/cfg.py:3245}}
Jun 02 19:04:31.560380 np0000001964 devstack@g-api.service[102139]: DEBUG glance.common.config [None req-526592da-c4e7-44a7-bea9-5871af482db8 None None] use_json = False {{(pid=102139) log_opt_values /opt/stack/data/venv/lib/python3.12/site-packages/oslo_config/cfg.py:3245}}
Jun 02 19:04:31.560510 np0000001964 devstack@g-api.service[102139]: DEBUG glance.common.config [None req-526592da-c4e7-44a7-bea9-5871af482db8 None None] use_keystone_limits = True {{(pid=102139) log_opt_values /opt/stack/data/venv/lib/python3.12/site-packages/oslo_config/cfg.py:3245}}
Jun 02 19:04:31.560626 np0000001964 devstack@g-api.service[102139]: DEBUG glance.common.config [None req-526592da-c4e7-44a7-bea9-5871af482db8 None None] use_stderr = False {{(pid=102139) log_opt_values /opt/stack/data/venv/lib/python3.12/site-packages/oslo_config/cfg.py:3245}}
Jun 02 19:04:31.560750 np0000001964 devstack@g-api.service[102139]: DEBUG glance.common.config [None req-526592da-c4e7-44a7-bea9-5871af482db8 None None] use_syslog = False {{(pid=102139) log_opt_values /opt/stack/data/venv/lib/python3.12/site-packages/oslo_config/cfg.py:3245}}
Jun 02 19:04:31.560870 np0000001964 devstack@g-api.service[102139]: DEBUG glance.common.config [None req-526592da-c4e7-44a7-bea9-5871af482db8 None None] user_storage_quota = 0 {{(pid=102139) log_opt_values /opt/stack/data/venv/lib/python3.12/site-packages/oslo_config/cfg.py:3245}}
Jun 02 19:04:31.560998 np0000001964 devstack@g-api.service[102139]: DEBUG glance.common.config [None req-526592da-c4e7-44a7-bea9-5871af482db8 None None] worker_self_reference_url = http://127.0.0.1:60999 {{(pid=102139) log_opt_values /opt/stack/data/venv/lib/python3.12/site-packages/oslo_config/cfg.py:3245}}
Jun 02 19:04:31.561166 np0000001964 devstack@g-api.service[102139]: DEBUG glance.common.config [None req-526592da-c4e7-44a7-bea9-5871af482db8 None None] workers = None {{(pid=102139) log_opt_values /opt/stack/data/venv/lib/python3.12/site-packages/oslo_config/cfg.py:3245}}
Jun 02 19:04:31.561372 np0000001964 devstack@g-api.service[102139]: DEBUG glance.common.config [None req-526592da-c4e7-44a7-bea9-5871af482db8 None None] oslo_concurrency.disable_process_locking = False {{(pid=102139) log_opt_values /opt/stack/data/venv/lib/python3.12/site-packages/oslo_config/cfg.py:3256}}
Jun 02 19:04:31.561533 np0000001964 devstack@g-api.service[102139]: DEBUG glance.common.config [None req-526592da-c4e7-44a7-bea9-5871af482db8 None None] oslo_concurrency.lock_path = /opt/stack/data/glance/locks {{(pid=102139) log_opt_values /opt/stack/data/venv/lib/python3.12/site-packages/oslo_config/cfg.py:3256}}
Jun 02 19:04:31.561688 np0000001964 devstack@g-api.service[102139]: DEBUG glance.common.config [None req-526592da-c4e7-44a7-bea9-5871af482db8 None None] oslo_middleware.enable_proxy_headers_parsing = False {{(pid=102139) log_opt_values /opt/stack/data/venv/lib/python3.12/site-packages/oslo_config/cfg.py:3256}}
Jun 02 19:04:31.561855 np0000001964 devstack@g-api.service[102139]: DEBUG glance.common.config [None req-526592da-c4e7-44a7-bea9-5871af482db8 None None] oslo_middleware.http_basic_auth_user_file = /etc/htpasswd {{(pid=102139) log_opt_values /opt/stack/data/venv/lib/python3.12/site-packages/oslo_config/cfg.py:3256}}
Jun 02 19:04:31.562016 np0000001964 devstack@g-api.service[102139]: DEBUG glance.common.config [None req-526592da-c4e7-44a7-bea9-5871af482db8 None None] paste_deploy.config_file = None {{(pid=102139) log_opt_values /opt/stack/data/venv/lib/python3.12/site-packages/oslo_config/cfg.py:3256}}
Jun 02 19:04:31.562135 np0000001964 devstack@g-api.service[102139]: DEBUG glance.common.config [None req-526592da-c4e7-44a7-bea9-5871af482db8 None None] paste_deploy.flavor = keystone+cachemanagement {{(pid=102139) log_opt_values /opt/stack/data/venv/lib/python3.12/site-packages/oslo_config/cfg.py:3256}}
Jun 02 19:04:31.562293 np0000001964 devstack@g-api.service[102139]: DEBUG glance.common.config [None req-526592da-c4e7-44a7-bea9-5871af482db8 None None] image_format.container_formats = ['ami', 'ari', 'aki', 'bare', 'ovf', 'ova', 'docker', 'compressed'] {{(pid=102139) log_opt_values /opt/stack/data/venv/lib/python3.12/site-packages/oslo_config/cfg.py:3256}}
Jun 02 19:04:31.562437 np0000001964 devstack@g-api.service[102139]: DEBUG glance.common.config [None req-526592da-c4e7-44a7-bea9-5871af482db8 None None] image_format.disk_formats = ['ami', 'ari', 'aki', 'vhd', 'vhdx', 'vmdk', 'raw', 'qcow2', 'vdi', 'iso', 'ploop'] {{(pid=102139) log_opt_values /opt/stack/data/venv/lib/python3.12/site-packages/oslo_config/cfg.py:3256}}
Jun 02 19:04:31.562555 np0000001964 devstack@g-api.service[102139]: DEBUG glance.common.config [None req-526592da-c4e7-44a7-bea9-5871af482db8 None None] image_format.gpt_safety_checks_nonfatal = [] {{(pid=102139) log_opt_values /opt/stack/data/venv/lib/python3.12/site-packages/oslo_config/cfg.py:3256}}
Jun 02 19:04:31.562655 np0000001964 devstack@g-api.service[102139]: DEBUG glance.common.config [None req-526592da-c4e7-44a7-bea9-5871af482db8 None None] image_format.require_image_format_match = True {{(pid=102139) log_opt_values /opt/stack/data/venv/lib/python3.12/site-packages/oslo_config/cfg.py:3256}}
Jun 02 19:04:31.562761 np0000001964 devstack@g-api.service[102139]: DEBUG glance.common.config [None req-526592da-c4e7-44a7-bea9-5871af482db8 None None] image_format.vmdk_allowed_types = ['streamOptimized', 'monolithicSparse'] {{(pid=102139) log_opt_values /opt/stack/data/venv/lib/python3.12/site-packages/oslo_config/cfg.py:3256}}
Jun 02 19:04:31.562864 np0000001964 devstack@g-api.service[102139]: DEBUG glance.common.config [None req-526592da-c4e7-44a7-bea9-5871af482db8 None None] task.task_executor = taskflow {{(pid=102139) log_opt_values /opt/stack/data/venv/lib/python3.12/site-packages/oslo_config/cfg.py:3256}}
Jun 02 19:04:31.562961 np0000001964 devstack@g-api.service[102139]: DEBUG glance.common.config [None req-526592da-c4e7-44a7-bea9-5871af482db8 None None] task.task_time_to_live = 48 {{(pid=102139) log_opt_values /opt/stack/data/venv/lib/python3.12/site-packages/oslo_config/cfg.py:3256}}
Jun 02 19:04:31.563111 np0000001964 devstack@g-api.service[102139]: DEBUG glance.common.config [None req-526592da-c4e7-44a7-bea9-5871af482db8 None None] task.work_dir = None {{(pid=102139) log_opt_values /opt/stack/data/venv/lib/python3.12/site-packages/oslo_config/cfg.py:3256}}
