Jun 02 19:04:08.478853 np0000001964 nova-scheduler[95891]: DEBUG cotyledon.oslo_config_glue [-] oslo_limit.collect_timing = False {{(pid=95891) log_opt_values /opt/stack/data/venv/lib/python3.12/site-packages/oslo_config/cfg.py:3256}}
Jun 02 19:04:08.478853 np0000001964 nova-scheduler[95891]: DEBUG cotyledon.oslo_config_glue [-] oslo_limit.connect_retries = None {{(pid=95891) log_opt_values /opt/stack/data/venv/lib/python3.12/site-packages/oslo_config/cfg.py:3256}}
Jun 02 19:04:08.478853 np0000001964 nova-scheduler[95891]: DEBUG cotyledon.oslo_config_glue [-] oslo_limit.connect_retry_delay = None {{(pid=95891) log_opt_values /opt/stack/data/venv/lib/python3.12/site-packages/oslo_config/cfg.py:3256}}
Jun 02 19:04:08.478853 np0000001964 nova-scheduler[95891]: DEBUG cotyledon.oslo_config_glue [-] oslo_limit.endpoint_id = None {{(pid=95891) log_opt_values /opt/stack/data/venv/lib/python3.12/site-packages/oslo_config/cfg.py:3256}}
Jun 02 19:04:08.478853 np0000001964 nova-scheduler[95891]: DEBUG cotyledon.oslo_config_glue [-] oslo_limit.endpoint_interface = public {{(pid=95891) log_opt_values /opt/stack/data/venv/lib/python3.12/site-packages/oslo_config/cfg.py:3256}}
Jun 02 19:04:08.478853 np0000001964 nova-scheduler[95891]: DEBUG cotyledon.oslo_config_glue [-] oslo_limit.endpoint_override = None {{(pid=95891) log_opt_values /opt/stack/data/venv/lib/python3.12/site-packages/oslo_config/cfg.py:3256}}
Jun 02 19:04:08.478853 np0000001964 nova-scheduler[95891]: DEBUG cotyledon.oslo_config_glue [-] oslo_limit.endpoint_region_name = None {{(pid=95891) log_opt_values /opt/stack/data/venv/lib/python3.12/site-packages/oslo_config/cfg.py:3256}}
Jun 02 19:04:08.478853 np0000001964 nova-scheduler[95891]: DEBUG cotyledon.oslo_config_glue [-] oslo_limit.endpoint_service_name = None {{(pid=95891) log_opt_values /opt/stack/data/venv/lib/python3.12/site-packages/oslo_config/cfg.py:3256}}
Jun 02 19:04:08.479191 np0000001964 nova-scheduler[95891]: DEBUG cotyledon.oslo_config_glue [-] oslo_limit.endpoint_service_type = None {{(pid=95891) log_opt_values /opt/stack/data/venv/lib/python3.12/site-packages/oslo_config/cfg.py:3256}}
Jun 02 19:04:08.479191 np0000001964 nova-scheduler[95891]: DEBUG cotyledon.oslo_config_glue [-] oslo_limit.insecure = False {{(pid=95891) log_opt_values /opt/stack/data/venv/lib/python3.12/site-packages/oslo_config/cfg.py:3256}}
Jun 02 19:04:08.479191 np0000001964 nova-scheduler[95891]: DEBUG cotyledon.oslo_config_glue [-] oslo_limit.keyfile = None {{(pid=95891) log_opt_values /opt/stack/data/venv/lib/python3.12/site-packages/oslo_config/cfg.py:3256}}
Jun 02 19:04:08.479191 np0000001964 nova-scheduler[95891]: DEBUG cotyledon.oslo_config_glue [-] oslo_limit.max_version = None {{(pid=95891) log_opt_values /opt/stack/data/venv/lib/python3.12/site-packages/oslo_config/cfg.py:3256}}
Jun 02 19:04:08.479191 np0000001964 nova-scheduler[95891]: DEBUG cotyledon.oslo_config_glue [-] oslo_limit.min_version = None {{(pid=95891) log_opt_values /opt/stack/data/venv/lib/python3.12/site-packages/oslo_config/cfg.py:3256}}
Jun 02 19:04:08.479191 np0000001964 nova-scheduler[95891]: DEBUG cotyledon.oslo_config_glue [-] oslo_limit.region_name = None {{(pid=95891) log_opt_values /opt/stack/data/venv/lib/python3.12/site-packages/oslo_config/cfg.py:3256}}
Jun 02 19:04:08.479191 np0000001964 nova-scheduler[95891]: DEBUG cotyledon.oslo_config_glue [-] oslo_limit.retriable_status_codes = None {{(pid=95891) log_opt_values /opt/stack/data/venv/lib/python3.12/site-packages/oslo_config/cfg.py:3256}}
Jun 02 19:04:08.479191 np0000001964 nova-scheduler[95891]: DEBUG cotyledon.oslo_config_glue [-] oslo_limit.service_name = None {{(pid=95891) log_opt_values /opt/stack/data/venv/lib/python3.12/site-packages/oslo_config/cfg.py:3256}}
Jun 02 19:04:08.479191 np0000001964 nova-scheduler[95891]: DEBUG cotyledon.oslo_config_glue [-] oslo_limit.service_type = None {{(pid=95891) log_opt_values /opt/stack/data/venv/lib/python3.12/site-packages/oslo_config/cfg.py:3256}}
Jun 02 19:04:08.479474 np0000001964 nova-scheduler[95891]: DEBUG cotyledon.oslo_config_glue [-] oslo_limit.split_loggers = False {{(pid=95891) log_opt_values /opt/stack/data/venv/lib/python3.12/site-packages/oslo_config/cfg.py:3256}}
Jun 02 19:04:08.479474 np0000001964 nova-scheduler[95891]: DEBUG cotyledon.oslo_config_glue [-] oslo_limit.status_code_retries = None {{(pid=95891) log_opt_values /opt/stack/data/venv/lib/python3.12/site-packages/oslo_config/cfg.py:3256}}
Jun 02 19:04:08.479474 np0000001964 nova-scheduler[95891]: DEBUG cotyledon.oslo_config_glue [-] oslo_limit.status_code_retry_delay = None {{(pid=95891) log_opt_values /opt/stack/data/venv/lib/python3.12/site-packages/oslo_config/cfg.py:3256}}
Jun 02 19:04:08.479474 np0000001964 nova-scheduler[95891]: DEBUG cotyledon.oslo_config_glue [-] oslo_limit.timeout = None {{(pid=95891) log_opt_values /opt/stack/data/venv/lib/python3.12/site-packages/oslo_config/cfg.py:3256}}
Jun 02 19:04:08.479474 np0000001964 nova-scheduler[95891]: DEBUG cotyledon.oslo_config_glue [-] oslo_limit.valid_interfaces = None {{(pid=95891) log_opt_values /opt/stack/data/venv/lib/python3.12/site-packages/oslo_config/cfg.py:3256}}
Jun 02 19:04:08.479474 np0000001964 nova-scheduler[95891]: DEBUG cotyledon.oslo_config_glue [-] oslo_limit.version = None {{(pid=95891) log_opt_values /opt/stack/data/venv/lib/python3.12/site-packages/oslo_config/cfg.py:3256}}
Jun 02 19:04:08.479474 np0000001964 nova-scheduler[95891]: DEBUG cotyledon.oslo_config_glue [-] oslo_reports.file_event_handler = None {{(pid=95891) log_opt_values /opt/stack/data/venv/lib/python3.12/site-packages/oslo_config/cfg.py:3256}}
Jun 02 19:04:08.479474 np0000001964 nova-scheduler[95891]: DEBUG cotyledon.oslo_config_glue [-] oslo_reports.file_event_handler_interval = 1 {{(pid=95891) log_opt_values /opt/stack/data/venv/lib/python3.12/site-packages/oslo_config/cfg.py:3256}}
Jun 02 19:04:08.479474 np0000001964 nova-scheduler[95891]: DEBUG cotyledon.oslo_config_glue [-] oslo_reports.log_dir = None {{(pid=95891) log_opt_values /opt/stack/data/venv/lib/python3.12/site-packages/oslo_config/cfg.py:3256}}
Jun 02 19:04:08.479767 np0000001964 nova-scheduler[95891]: DEBUG cotyledon.oslo_config_glue [-] ******************************************************************************** {{(pid=95891) log_opt_values /opt/stack/data/venv/lib/python3.12/site-packages/oslo_config/cfg.py:3263}}
Jun 02 19:04:08.479767 np0000001964 nova-scheduler[95891]: DEBUG cotyledon._service_worker [-] Run service ServiceWrapper(2) [95891] {{(pid=95891) wait_forever /opt/stack/data/venv/lib/python3.12/site-packages/cotyledon/_service_worker.py:218}}
Jun 02 19:04:08.479767 np0000001964 nova-scheduler[95891]: INFO nova.service [-] Starting scheduler node (version 33.1.0)
Jun 02 19:04:08.479767 np0000001964 nova-scheduler[95891]: INFO dbcounter [None req-cee6f3da-4e69-4e46-83ac-d8046e261804 None None] Registered counter for database nova_cell0
Jun 02 19:04:08.483992 np0000001964 nova-scheduler[95889]: DEBUG oslo_db.sqlalchemy.engines [None req-7bdbd099-3d10-4d29-b25d-27602eb28c53 None None] MySQL server mode set to STRICT_TRANS_TABLES,STRICT_ALL_TABLES,NO_ZERO_IN_DATE,NO_ZERO_DATE,ERROR_FOR_DIVISION_BY_ZERO,TRADITIONAL,NO_ENGINE_SUBSTITUTION {{(pid=95889) _check_effective_sql_mode /opt/stack/data/venv/lib/python3.12/site-packages/oslo_db/sqlalchemy/engines.py:325}}
Jun 02 19:04:08.487208 np0000001964 nova-scheduler[95887]: DEBUG oslo_db.sqlalchemy.engines [None req-0d9b0032-7cc0-4c13-b63e-017bc5945e70 None None] MySQL server mode set to STRICT_TRANS_TABLES,STRICT_ALL_TABLES,NO_ZERO_IN_DATE,NO_ZERO_DATE,ERROR_FOR_DIVISION_BY_ZERO,TRADITIONAL,NO_ENGINE_SUBSTITUTION {{(pid=95887) _check_effective_sql_mode /opt/stack/data/venv/lib/python3.12/site-packages/oslo_db/sqlalchemy/engines.py:325}}
Jun 02 19:04:08.493000 np0000001964 nova-scheduler[95889]: DEBUG dbcounter [-] [95889] Writer thread running {{(pid=95889) stat_writer /opt/stack/data/venv/lib/python3.12/site-packages/dbcounter.py:102}}
Jun 02 19:04:08.495896 np0000001964 nova-scheduler[95887]: DEBUG dbcounter [-] [95887] Writer thread running {{(pid=95887) stat_writer /opt/stack/data/venv/lib/python3.12/site-packages/dbcounter.py:102}}
Jun 02 19:04:08.505594 np0000001964 nova-scheduler[95891]: DEBUG oslo_db.sqlalchemy.engines [None req-cee6f3da-4e69-4e46-83ac-d8046e261804 None None] MySQL server mode set to STRICT_TRANS_TABLES,STRICT_ALL_TABLES,NO_ZERO_IN_DATE,NO_ZERO_DATE,ERROR_FOR_DIVISION_BY_ZERO,TRADITIONAL,NO_ENGINE_SUBSTITUTION {{(pid=95891) _check_effective_sql_mode /opt/stack/data/venv/lib/python3.12/site-packages/oslo_db/sqlalchemy/engines.py:325}}
Jun 02 19:04:08.511732 np0000001964 nova-scheduler[95889]: DEBUG nova.service [None req-7bdbd099-3d10-4d29-b25d-27602eb28c53 None None] Creating RPC server for service: nova-scheduler on topic: scheduler {{(pid=95889) start /opt/stack/nova/nova/service.py:195}}
Jun 02 19:04:08.523119 np0000001964 nova-scheduler[95887]: DEBUG nova.service [None req-0d9b0032-7cc0-4c13-b63e-017bc5945e70 None None] Creating RPC server for service: nova-scheduler on topic: scheduler {{(pid=95887) start /opt/stack/nova/nova/service.py:195}}
Jun 02 19:04:08.526386 np0000001964 nova-scheduler[95891]: DEBUG dbcounter [-] [95891] Writer thread running {{(pid=95891) stat_writer /opt/stack/data/venv/lib/python3.12/site-packages/dbcounter.py:102}}
Jun 02 19:04:08.530434 np0000001964 nova-scheduler[95891]: DEBUG nova.service [None req-cee6f3da-4e69-4e46-83ac-d8046e261804 None None] Creating RPC server for service: nova-scheduler on topic: scheduler {{(pid=95891) start /opt/stack/nova/nova/service.py:195}}
Jun 02 19:04:08.540000 np0000001964 nova-scheduler[95889]: DEBUG nova.service [None req-7bdbd099-3d10-4d29-b25d-27602eb28c53 None None] Join ServiceGroup membership for this service scheduler {{(pid=95889) start /opt/stack/nova/nova/service.py:221}}
Jun 02 19:04:08.540000 np0000001964 nova-scheduler[95889]: DEBUG nova.servicegroup.drivers.db [None req-7bdbd099-3d10-4d29-b25d-27602eb28c53 None None] DB_Driver: join new ServiceGroup member np0000001964 to the scheduler group, service = {{(pid=95889) join /opt/stack/nova/nova/servicegroup/drivers/db.py:44}}
Jun 02 19:04:08.545938 np0000001964 nova-scheduler[95887]: DEBUG nova.service [None req-0d9b0032-7cc0-4c13-b63e-017bc5945e70 None None] Join ServiceGroup membership for this service scheduler {{(pid=95887) start /opt/stack/nova/nova/service.py:221}}
Jun 02 19:04:08.546031 np0000001964 nova-scheduler[95887]: DEBUG nova.servicegroup.drivers.db [None req-0d9b0032-7cc0-4c13-b63e-017bc5945e70 None None] DB_Driver: join new ServiceGroup member np0000001964 to the scheduler group, service = {{(pid=95887) join /opt/stack/nova/nova/servicegroup/drivers/db.py:44}}
Jun 02 19:04:08.548197 np0000001964 nova-scheduler[95891]: DEBUG nova.service [None req-cee6f3da-4e69-4e46-83ac-d8046e261804 None None] Join ServiceGroup membership for this service scheduler {{(pid=95891) start /opt/stack/nova/nova/service.py:221}}
Jun 02 19:04:08.548408 np0000001964 nova-scheduler[95891]: DEBUG nova.servicegroup.drivers.db [None req-cee6f3da-4e69-4e46-83ac-d8046e261804 None None] DB_Driver: join new ServiceGroup member np0000001964 to the scheduler group, service = {{(pid=95891) join /opt/stack/nova/nova/servicegroup/drivers/db.py:44}}
Jun 02 19:04:13.565248 np0000001964 nova-scheduler[95889]: DEBUG oslo.service.backend._threading.loopingcall [-] Fixed interval looping call 'nova.servicegroup.drivers.db.DbDriver._report_state' sleeping for 119.98 seconds {{(pid=95889) _run_loop /opt/stack/data/venv/lib/python3.12/site-packages/oslo_service/backend/_threading/loopingcall.py:125}}
Jun 02 19:04:13.567373 np0000001964 nova-scheduler[95891]: DEBUG oslo.service.backend._threading.loopingcall [-] Fixed interval looping call 'nova.servicegroup.drivers.db.DbDriver._report_state' sleeping for 119.98 seconds {{(pid=95891) _run_loop /opt/stack/data/venv/lib/python3.12/site-packages/oslo_service/backend/_threading/loopingcall.py:125}}
Jun 02 19:04:13.569357 np0000001964 nova-scheduler[95887]: DEBUG oslo.service.backend._threading.loopingcall [-] Fixed interval looping call 'nova.servicegroup.drivers.db.DbDriver._report_state' sleeping for 119.98 seconds {{(pid=95887) _run_loop /opt/stack/data/venv/lib/python3.12/site-packages/oslo_service/backend/_threading/loopingcall.py:125}}
Jun 02 19:04:17.017204 np0000001964 nova-scheduler[94616]: DEBUG dbcounter [-] [94616] Writing DB stats nova_api:SELECT=3 {{(pid=94616) stat_writer /opt/stack/data/venv/lib/python3.12/site-packages/dbcounter.py:115}}
Jun 02 19:04:17.224631 np0000001964 nova-scheduler[94616]: DEBUG dbcounter [-] [94616] Writing DB stats nova_cell0:SELECT=1 {{(pid=94616) stat_writer /opt/stack/data/venv/lib/python3.12/site-packages/dbcounter.py:115}}
Jun 02 19:04:17.225116 np0000001964 nova-scheduler[94616]: DEBUG dbcounter [-] [94616] Writing DB stats nova_cell1:SELECT=1 {{(pid=94616) stat_writer /opt/stack/data/venv/lib/python3.12/site-packages/dbcounter.py:115}}
Jun 02 19:04:19.551411 np0000001964 nova-scheduler[95891]: DEBUG oslo.service.backend._threading.loopingcall [None req-f62a79c7-0617-41fc-ab45-59006a58493b None None] Dynamic interval looping call 'nova.service.Service.periodic_tasks' sleeping for 60.00 seconds {{(pid=95891) _run_loop /opt/stack/data/venv/lib/python3.12/site-packages/oslo_service/backend/_threading/loopingcall.py:125}}
Jun 02 19:04:23.552297 np0000001964 nova-scheduler[95889]: DEBUG dbcounter [-] [95889] Writing DB stats nova_cell0:SELECT=4,nova_cell0:INSERT=1,nova_cell0:UPDATE=1 {{(pid=95889) stat_writer /opt/stack/data/venv/lib/python3.12/site-packages/dbcounter.py:115}}
Jun 02 19:04:23.563243 np0000001964 nova-scheduler[95891]: DEBUG dbcounter [-] [95891] Writing DB stats nova_cell0:SELECT=3 {{(pid=95891) stat_writer /opt/stack/data/venv/lib/python3.12/site-packages/dbcounter.py:115}}
Jun 02 19:04:23.567417 np0000001964 nova-scheduler[95887]: DEBUG dbcounter [-] [95887] Writing DB stats nova_cell0:SELECT=5,nova_cell0:INSERT=1,nova_cell0:UPDATE=1 {{(pid=95887) stat_writer /opt/stack/data/venv/lib/python3.12/site-packages/dbcounter.py:115}}
Jun 02 19:04:36.541881 np0000001964 nova-scheduler[95889]: DEBUG oslo.service.backend._threading.loopingcall [None req-f8a16353-3877-4c84-a205-b9d26518de8c None None] Dynamic interval looping call 'nova.service.Service.periodic_tasks' sleeping for 60.00 seconds {{(pid=95889) _run_loop /opt/stack/data/venv/lib/python3.12/site-packages/oslo_service/backend/_threading/loopingcall.py:125}}
Jun 02 19:05:01.547817 np0000001964 nova-scheduler[95887]: DEBUG oslo.service.backend._threading.loopingcall [None req-76262294-ee4a-4ba0-b5b4-31b703a855d7 None None] Dynamic interval looping call 'nova.service.Service.periodic_tasks' sleeping for 60.00 seconds {{(pid=95887) _run_loop /opt/stack/data/venv/lib/python3.12/site-packages/oslo_service/backend/_threading/loopingcall.py:125}}
Jun 02 19:05:19.551961 np0000001964 nova-scheduler[95891]: DEBUG oslo.service.backend._threading.loopingcall [None req-f62a79c7-0617-41fc-ab45-59006a58493b None None] Dynamic interval looping call 'nova.service.Service.periodic_tasks' sleeping for 60.00 seconds {{(pid=95891) _run_loop /opt/stack/data/venv/lib/python3.12/site-packages/oslo_service/backend/_threading/loopingcall.py:125}}
Jun 02 19:05:36.542408 np0000001964 nova-scheduler[95889]: DEBUG oslo.service.backend._threading.loopingcall [None req-f8a16353-3877-4c84-a205-b9d26518de8c None None] Dynamic interval looping call 'nova.service.Service.periodic_tasks' sleeping for 60.00 seconds {{(pid=95889) _run_loop /opt/stack/data/venv/lib/python3.12/site-packages/oslo_service/backend/_threading/loopingcall.py:125}}
Jun 02 19:06:01.548786 np0000001964 nova-scheduler[95887]: DEBUG oslo.service.backend._threading.loopingcall [None req-76262294-ee4a-4ba0-b5b4-31b703a855d7 None None] Dynamic interval looping call 'nova.service.Service.periodic_tasks' sleeping for 60.00 seconds {{(pid=95887) _run_loop /opt/stack/data/venv/lib/python3.12/site-packages/oslo_service/backend/_threading/loopingcall.py:125}}
Jun 02 19:06:13.550045 np0000001964 nova-scheduler[95889]: DEBUG oslo.service.backend._threading.loopingcall [-] Fixed interval looping call 'nova.servicegroup.drivers.db.DbDriver._report_state' sleeping for 119.99 seconds {{(pid=95889) _run_loop /opt/stack/data/venv/lib/python3.12/site-packages/oslo_service/backend/_threading/loopingcall.py:125}}
Jun 02 19:06:13.551489 np0000001964 nova-scheduler[95891]: DEBUG oslo.service.backend._threading.loopingcall [-] Fixed interval looping call 'nova.servicegroup.drivers.db.DbDriver._report_state' sleeping for 120.00 seconds {{(pid=95891) _run_loop /opt/stack/data/venv/lib/python3.12/site-packages/oslo_service/backend/_threading/loopingcall.py:125}}
Jun 02 19:06:13.553530 np0000001964 nova-scheduler[95887]: DEBUG oslo.service.backend._threading.loopingcall [-] Fixed interval looping call 'nova.servicegroup.drivers.db.DbDriver._report_state' sleeping for 120.00 seconds {{(pid=95887) _run_loop /opt/stack/data/venv/lib/python3.12/site-packages/oslo_service/backend/_threading/loopingcall.py:125}}
Jun 02 19:06:19.552518 np0000001964 nova-scheduler[95891]: DEBUG oslo.service.backend._threading.loopingcall [None req-f62a79c7-0617-41fc-ab45-59006a58493b None None] Dynamic interval looping call 'nova.service.Service.periodic_tasks' sleeping for 60.00 seconds {{(pid=95891) _run_loop /opt/stack/data/venv/lib/python3.12/site-packages/oslo_service/backend/_threading/loopingcall.py:125}}
Jun 02 19:06:23.546633 np0000001964 nova-scheduler[95889]: DEBUG dbcounter [-] [95889] Writing DB stats nova_cell0:SELECT=1,nova_cell0:UPDATE=1 {{(pid=95889) stat_writer /opt/stack/data/venv/lib/python3.12/site-packages/dbcounter.py:115}}
Jun 02 19:06:23.549555 np0000001964 nova-scheduler[95891]: DEBUG dbcounter [-] [95891] Writing DB stats nova_cell0:SELECT=1 {{(pid=95891) stat_writer /opt/stack/data/venv/lib/python3.12/site-packages/dbcounter.py:115}}
Jun 02 19:06:23.551783 np0000001964 nova-scheduler[95887]: DEBUG dbcounter [-] [95887] Writing DB stats nova_cell0:SELECT=1 {{(pid=95887) stat_writer /opt/stack/data/venv/lib/python3.12/site-packages/dbcounter.py:115}}
Jun 02 19:06:36.542962 np0000001964 nova-scheduler[95889]: DEBUG oslo.service.backend._threading.loopingcall [None req-f8a16353-3877-4c84-a205-b9d26518de8c None None] Dynamic interval looping call 'nova.service.Service.periodic_tasks' sleeping for 60.00 seconds {{(pid=95889) _run_loop /opt/stack/data/venv/lib/python3.12/site-packages/oslo_service/backend/_threading/loopingcall.py:125}}
Jun 02 19:06:58.754406 np0000001964 nova-scheduler[95889]: DEBUG nova.scheduler.manager [None req-4db58982-233e-47af-8be1-15095204b1c1 tempest-ServerActionsTestOtherA-702457061 tempest-ServerActionsTestOtherA-702457061-project-member] Starting to schedule for instances: ['7a82b610-d854-4e85-bf7a-9b50d7529e34'] {{(pid=95889) select_destinations /opt/stack/nova/nova/scheduler/manager.py:210}}
Jun 02 19:06:58.757496 np0000001964 nova-scheduler[95889]: DEBUG nova.scheduler.request_filter [None req-4db58982-233e-47af-8be1-15095204b1c1 tempest-ServerActionsTestOtherA-702457061 tempest-ServerActionsTestOtherA-702457061-project-member] compute_status_filter request filter added forbidden trait COMPUTE_STATUS_DISABLED {{(pid=95889) compute_status_filter /opt/stack/nova/nova/scheduler/request_filter.py:253}}
Jun 02 19:06:58.757496 np0000001964 nova-scheduler[95889]: DEBUG nova.scheduler.request_filter [None req-4db58982-233e-47af-8be1-15095204b1c1 tempest-ServerActionsTestOtherA-702457061 tempest-ServerActionsTestOtherA-702457061-project-member] Request filter 'compute_status_filter' took 0.0 seconds {{(pid=95889) wrapper /opt/stack/nova/nova/scheduler/request_filter.py:46}}
Jun 02 19:06:58.757496 np0000001964 nova-scheduler[95889]: DEBUG nova.scheduler.request_filter [None req-4db58982-233e-47af-8be1-15095204b1c1 tempest-ServerActionsTestOtherA-702457061 tempest-ServerActionsTestOtherA-702457061-project-member] Request filter 'accelerators_filter' took 0.0 seconds {{(pid=95889) wrapper /opt/stack/nova/nova/scheduler/request_filter.py:46}}
Jun 02 19:06:58.757496 np0000001964 nova-scheduler[95889]: DEBUG nova.scheduler.request_filter [None req-4db58982-233e-47af-8be1-15095204b1c1 tempest-ServerActionsTestOtherA-702457061 tempest-ServerActionsTestOtherA-702457061-project-member] Request filter 'packed_virtqueue_filter' took 0.0 seconds {{(pid=95889) wrapper /opt/stack/nova/nova/scheduler/request_filter.py:46}}
Jun 02 19:06:58.757496 np0000001964 nova-scheduler[95889]: DEBUG nova.scheduler.request_filter [None req-4db58982-233e-47af-8be1-15095204b1c1 tempest-ServerActionsTestOtherA-702457061 tempest-ServerActionsTestOtherA-702457061-project-member] Request filter 'remote_managed_ports_filter' took 0.0 seconds {{(pid=95889) wrapper /opt/stack/nova/nova/scheduler/request_filter.py:46}}
Jun 02 19:06:58.758239 np0000001964 nova-scheduler[95889]: DEBUG nova.scheduler.request_filter [None req-4db58982-233e-47af-8be1-15095204b1c1 tempest-ServerActionsTestOtherA-702457061 tempest-ServerActionsTestOtherA-702457061-project-member] ephemeral_encryption_filter skipped {{(pid=95889) ephemeral_encryption_filter /opt/stack/nova/nova/scheduler/request_filter.py:426}}
Jun 02 19:06:58.758239 np0000001964 nova-scheduler[95889]: DEBUG nova.scheduler.request_filter [None req-4db58982-233e-47af-8be1-15095204b1c1 tempest-ServerActionsTestOtherA-702457061 tempest-ServerActionsTestOtherA-702457061-project-member] virtio_sound_filter skipped {{(pid=95889) virtio_sound_filter /opt/stack/nova/nova/scheduler/request_filter.py:460}}
Jun 02 19:06:58.758239 np0000001964 nova-scheduler[95889]: DEBUG nova.scheduler.request_filter [None req-4db58982-233e-47af-8be1-15095204b1c1 tempest-ServerActionsTestOtherA-702457061 tempest-ServerActionsTestOtherA-702457061-project-member] tpm_secret_security_filter skipped {{(pid=95889) tpm_secret_security_filter /opt/stack/nova/nova/scheduler/request_filter.py:477}}
Jun 02 19:06:59.270650 np0000001964 nova-scheduler[95889]: INFO nova.utils [None req-4db58982-233e-47af-8be1-15095204b1c1 tempest-ServerActionsTestOtherA-702457061 tempest-ServerActionsTestOtherA-702457061-project-member] The cell worker thread pool ForkProcess-2.cell_worker is initialized
Jun 02 19:06:59.271272 np0000001964 nova-scheduler[95889]: DEBUG oslo_concurrency.lockutils [None req-4db58982-233e-47af-8be1-15095204b1c1 tempest-ServerActionsTestOtherA-702457061 tempest-ServerActionsTestOtherA-702457061-project-member] Acquiring lock "48097637-bf7d-4b77-9c00-7cdfda6adb68" by "nova.context.set_target_cell..get_or_set_cached_cell_and_set_connections" {{(pid=95889) inner /opt/stack/data/venv/lib/python3.12/site-packages/oslo_concurrency/lockutils.py:511}}
Jun 02 19:06:59.272107 np0000001964 nova-scheduler[95889]: DEBUG oslo_concurrency.lockutils [None req-4db58982-233e-47af-8be1-15095204b1c1 tempest-ServerActionsTestOtherA-702457061 tempest-ServerActionsTestOtherA-702457061-project-member] Lock "48097637-bf7d-4b77-9c00-7cdfda6adb68" acquired by "nova.context.set_target_cell..get_or_set_cached_cell_and_set_connections" :: waited 0.000s {{(pid=95889) inner /opt/stack/data/venv/lib/python3.12/site-packages/oslo_concurrency/lockutils.py:524}}
Jun 02 19:06:59.273499 np0000001964 nova-scheduler[95889]: DEBUG oslo_concurrency.lockutils [None req-4db58982-233e-47af-8be1-15095204b1c1 tempest-ServerActionsTestOtherA-702457061 tempest-ServerActionsTestOtherA-702457061-project-member] Lock "48097637-bf7d-4b77-9c00-7cdfda6adb68" "released" by "nova.context.set_target_cell..get_or_set_cached_cell_and_set_connections" :: held 0.002s {{(pid=95889) inner /opt/stack/data/venv/lib/python3.12/site-packages/oslo_concurrency/lockutils.py:543}}
Jun 02 19:06:59.275919 np0000001964 nova-scheduler[95889]: INFO dbcounter [None req-4db58982-233e-47af-8be1-15095204b1c1 tempest-ServerActionsTestOtherA-702457061 tempest-ServerActionsTestOtherA-702457061-project-member] Registered counter for database nova_cell1
Jun 02 19:06:59.325972 np0000001964 nova-scheduler[95889]: DEBUG oslo_db.sqlalchemy.engines [None req-4db58982-233e-47af-8be1-15095204b1c1 tempest-ServerActionsTestOtherA-702457061 tempest-ServerActionsTestOtherA-702457061-project-member] MySQL server mode set to STRICT_TRANS_TABLES,STRICT_ALL_TABLES,NO_ZERO_IN_DATE,NO_ZERO_DATE,ERROR_FOR_DIVISION_BY_ZERO,TRADITIONAL,NO_ENGINE_SUBSTITUTION {{(pid=95889) _check_effective_sql_mode /opt/stack/data/venv/lib/python3.12/site-packages/oslo_db/sqlalchemy/engines.py:325}}
Jun 02 19:06:59.331105 np0000001964 nova-scheduler[95889]: DEBUG dbcounter [-] [95889] Writer thread running {{(pid=95889) stat_writer /opt/stack/data/venv/lib/python3.12/site-packages/dbcounter.py:102}}
Jun 02 19:06:59.341752 np0000001964 nova-scheduler[95889]: DEBUG oslo_db.sqlalchemy.engines [None req-4db58982-233e-47af-8be1-15095204b1c1 tempest-ServerActionsTestOtherA-702457061 tempest-ServerActionsTestOtherA-702457061-project-member] Parent process 94616 forked (95889) with an open database connection, which is being discarded and recreated. {{(pid=95889) checkout /opt/stack/data/venv/lib/python3.12/site-packages/oslo_db/sqlalchemy/engines.py:402}}
Jun 02 19:06:59.390629 np0000001964 nova-scheduler[95889]: DEBUG dbcounter [-] [95889] Writer thread running {{(pid=95889) stat_writer /opt/stack/data/venv/lib/python3.12/site-packages/dbcounter.py:102}}
Jun 02 19:06:59.393323 np0000001964 nova-scheduler[95889]: DEBUG oslo_concurrency.lockutils [None req-4db58982-233e-47af-8be1-15095204b1c1 tempest-ServerActionsTestOtherA-702457061 tempest-ServerActionsTestOtherA-702457061-project-member] Acquiring lock "48097637-bf7d-4b77-9c00-7cdfda6adb68" by "nova.context.set_target_cell..get_or_set_cached_cell_and_set_connections" {{(pid=95889) inner /opt/stack/data/venv/lib/python3.12/site-packages/oslo_concurrency/lockutils.py:511}}
Jun 02 19:06:59.393528 np0000001964 nova-scheduler[95889]: DEBUG oslo_concurrency.lockutils [None req-4db58982-233e-47af-8be1-15095204b1c1 tempest-ServerActionsTestOtherA-702457061 tempest-ServerActionsTestOtherA-702457061-project-member] Lock "48097637-bf7d-4b77-9c00-7cdfda6adb68" acquired by "nova.context.set_target_cell..get_or_set_cached_cell_and_set_connections" :: waited 0.000s {{(pid=95889) inner /opt/stack/data/venv/lib/python3.12/site-packages/oslo_concurrency/lockutils.py:524}}
Jun 02 19:06:59.393657 np0000001964 nova-scheduler[95889]: DEBUG oslo_concurrency.lockutils [None req-4db58982-233e-47af-8be1-15095204b1c1 tempest-ServerActionsTestOtherA-702457061 tempest-ServerActionsTestOtherA-702457061-project-member] Lock "48097637-bf7d-4b77-9c00-7cdfda6adb68" "released" by "nova.context.set_target_cell..get_or_set_cached_cell_and_set_connections" :: held 0.000s {{(pid=95889) inner /opt/stack/data/venv/lib/python3.12/site-packages/oslo_concurrency/lockutils.py:543}}
Jun 02 19:06:59.396592 np0000001964 nova-scheduler[95889]: DEBUG oslo_concurrency.lockutils [None req-4db58982-233e-47af-8be1-15095204b1c1 tempest-ServerActionsTestOtherA-702457061 tempest-ServerActionsTestOtherA-702457061-project-member] Acquiring lock "('np0000001964', 'np0000001964')" by "nova.scheduler.host_manager.HostState.update.._locked_update" {{(pid=95889) inner /opt/stack/data/venv/lib/python3.12/site-packages/oslo_concurrency/lockutils.py:511}}
Jun 02 19:06:59.396700 np0000001964 nova-scheduler[95889]: DEBUG oslo_concurrency.lockutils [None req-4db58982-233e-47af-8be1-15095204b1c1 tempest-ServerActionsTestOtherA-702457061 tempest-ServerActionsTestOtherA-702457061-project-member] Lock "('np0000001964', 'np0000001964')" acquired by "nova.scheduler.host_manager.HostState.update.._locked_update" :: waited 0.000s {{(pid=95889) inner /opt/stack/data/venv/lib/python3.12/site-packages/oslo_concurrency/lockutils.py:524}}
Jun 02 19:06:59.397940 np0000001964 nova-scheduler[95889]: DEBUG nova.scheduler.host_manager [None req-4db58982-233e-47af-8be1-15095204b1c1 tempest-ServerActionsTestOtherA-702457061 tempest-ServerActionsTestOtherA-702457061-project-member] Update host state from compute node: ComputeNode(cpu_allocation_ratio=4.0,cpu_info='{"arch": "x86_64", "model": "EPYC-Milan", "vendor": "AMD", "topology": {"cells": 1, "sockets": 12, "cores": 1, "threads": 1}, "maxphysaddr": {"mode": "emulate", "bits": 40}, "features": ["abm", "3dnowprefetch", "popcnt", "clwb", "fsrm", "amd-psfd", "lbrv", "pcid", "ibpb", "sse4.1", "amd-ssbd", "skip-l1dfl-vmentry", "clflushopt", "virt-ssbd", "vgif", "vpclmulqdq", "bmi1", "fsgsbase", "apic", "arch-capabilities", "stibp", "syscall", "avx", "mtrr", "f16c", "pae", "stibp-always-on", "xsaveerptr", "sse4.2", "pge", "x2apic", "mca", "svm", "lahf_lm", "fma", "bmi2", "pku", "sse4a", "smep", "hypervisor", "avx2", "mmx", "pause-filter", "ssbd", "umip", "pfthreshold", "lfence-always-serializing", "mds-no", "adx", "amd-stibp", "v-vmsave-vmload", "cx8", "fxsr", "xsave", "rdpid", "xsaveopt", "pat", "rdseed", "ibrs", "npt", "fpu", "pdpe1gb", "flushbyasid", "nx", "clzero", "lm", "xgetbv1", "null-sel-clr-base", "xsavec", "xsaves", "movbe", "wbnoinvd", "sep", "gds-no", "spec-ctrl", "pschange-mc-no", "cmp_legacy", "pclmuldq", "sse", "vme", "svme-addr-chk", "rdctl-no", "mce", "pni", "de", "mmxext", "rdtscp", "smap", "sse2", "ssse3", "cr8legacy", "perfctr_core", "tsc_adjust", "clflush", "vmcb-clean", "nrip-save", "erms", "fxsr_opt", "cmov", "tsc-scale", "pse36", "misalignsse", "msr", "topoext", "cx16", "osvw", "invpcid", "tsc-deadline", "no-nested-data-bp", "rdrand", "pse", "aes", "vaes", "arat", "tsc", "sha-ni"]}',created_at=2026-06-02T19:04:33Z,current_workload=0,deleted=False,deleted_at=None,disk_allocation_ratio=1.0,disk_available_least=74,free_disk_gb=95,free_ram_mb=23518,host='np0000001964',host_ip=10.4.3.182,hypervisor_hostname='np0000001964',hypervisor_type='QEMU',hypervisor_version=8002002,id=1,local_gb=95,local_gb_used=0,mapped=1,memory_mb=24030,memory_mb_used=512,metrics='[]',numa_topology='{"nova_object.name": "NUMATopology", "nova_object.namespace": "nova", "nova_object.version": "1.2", "nova_object.data": {"cells": [{"nova_object.name": "NUMACell", "nova_object.namespace": "nova", "nova_object.version": "1.5", "nova_object.data": {"id": 0, "cpuset": [0, 1, 2, 3, 4, 5, 6, 7, 8, 9, 10, 11], "pcpuset": [0, 1, 2, 3, 4, 5, 6, 7, 8, 9, 10, 11], "memory": 24030, "cpu_usage": 0, "memory_usage": 0, "pinned_cpus": [], "siblings": [[6], [2], [5], [11], [8], [4], [1], [7], [10], [0], [3], [9]], "mempages": [{"nova_object.name": "NUMAPagesTopology", "nova_object.namespace": "nova", "nova_object.version": "1.1", "nova_object.data": {"size_kb": 4, "total": 6151798, "used": 0, "reserved": 0}, "nova_object.changes": ["size_kb", "used", "reserved", "total"]}, {"nova_object.name": "NUMAPagesTopology", "nova_object.namespace": "nova", "nova_object.version": "1.1", "nova_object.data": {"size_kb": 2048, "total": 0, "used": 0, "reserved": 0}, "nova_object.changes": ["size_kb", "used", "reserved", "total"]}, {"nova_object.name": "NUMAPagesTopology", "nova_object.namespace": "nova", "nova_object.version": "1.1", "nova_object.data": {"size_kb": 1048576, "total": 0, "used": 0, "reserved": 0}, "nova_object.changes": ["size_kb", "used", "reserved", "total"]}], "network_metadata": {"nova_object.name": "NetworkMetadata", "nova_object.namespace": "nova", "nova_object.version": "1.0", "nova_object.data": {"physnets": [], "tunneled": false}, "nova_object.changes": ["tunneled", "physnets"]}, "socket": null}, "nova_object.changes": ["network_metadata", "mempages", "memory", "pcpuset", "cpu_usage", "id", "cpuset", "pinned_cpus", "siblings", "socket", "memory_usage"]}]}, "nova_object.changes": ["cells"]}',pci_device_pools=PciDevicePoolList,ram_allocation_ratio=1.0,running_vms=0,service_id=3,stats={failed_builds='0',uptime=' 19:06:19 up 27 min, 2 users, load average: 1.10, 1.49, 0.91
Jun 02 19:06:59.397940 np0000001964 nova-scheduler[95889]: '},supported_hv_specs=[HVSpec,HVSpec,HVSpec,HVSpec,HVSpec,HVSpec,HVSpec,HVSpec,HVSpec,HVSpec,HVSpec,HVSpec,HVSpec,HVSpec,HVSpec,HVSpec,HVSpec,HVSpec,HVSpec,HVSpec,HVSpec,HVSpec,HVSpec,HVSpec,HVSpec],updated_at=2026-06-02T19:06:21Z,uuid=925c9bff-bd42-4829-abed-65fdd27392c8,vcpus=12,vcpus_used=0) {{(pid=95889) _locked_update /opt/stack/nova/nova/scheduler/host_manager.py:168}}
Jun 02 19:06:59.398643 np0000001964 nova-scheduler[95889]: DEBUG nova.scheduler.host_manager [None req-4db58982-233e-47af-8be1-15095204b1c1 tempest-ServerActionsTestOtherA-702457061 tempest-ServerActionsTestOtherA-702457061-project-member] Update host state with aggregates: [] {{(pid=95889) _locked_update /opt/stack/nova/nova/scheduler/host_manager.py:171}}
Jun 02 19:06:59.398956 np0000001964 nova-scheduler[95889]: DEBUG nova.scheduler.host_manager [None req-4db58982-233e-47af-8be1-15095204b1c1 tempest-ServerActionsTestOtherA-702457061 tempest-ServerActionsTestOtherA-702457061-project-member] Update host state with service dict: {'id': 3, 'uuid': '4596ad84-e5e7-4dce-9cd9-38c9f099eda8', 'host': 'np0000001964', 'binary': 'nova-compute', 'topic': 'compute', 'report_count': 2, 'disabled': False, 'disabled_reason': None, 'last_seen_up': datetime.datetime(2026, 6, 2, 19, 6, 42, tzinfo=datetime.timezone.utc), 'forced_down': False, 'version': 72, 'created_at': datetime.datetime(2026, 6, 2, 19, 4, 32, tzinfo=datetime.timezone.utc), 'updated_at': datetime.datetime(2026, 6, 2, 19, 6, 42, tzinfo=datetime.timezone.utc), 'deleted_at': None, 'deleted': False} {{(pid=95889) _locked_update /opt/stack/nova/nova/scheduler/host_manager.py:174}}
Jun 02 19:06:59.399394 np0000001964 nova-scheduler[95889]: DEBUG nova.scheduler.host_manager [None req-4db58982-233e-47af-8be1-15095204b1c1 tempest-ServerActionsTestOtherA-702457061 tempest-ServerActionsTestOtherA-702457061-project-member] Update host state with instances: [] {{(pid=95889) _locked_update /opt/stack/nova/nova/scheduler/host_manager.py:177}}
Jun 02 19:06:59.399554 np0000001964 nova-scheduler[95889]: DEBUG oslo_concurrency.lockutils [None req-4db58982-233e-47af-8be1-15095204b1c1 tempest-ServerActionsTestOtherA-702457061 tempest-ServerActionsTestOtherA-702457061-project-member] Lock "('np0000001964', 'np0000001964')" "released" by "nova.scheduler.host_manager.HostState.update.._locked_update" :: held 0.003s {{(pid=95889) inner /opt/stack/data/venv/lib/python3.12/site-packages/oslo_concurrency/lockutils.py:543}}
Jun 02 19:06:59.400777 np0000001964 nova-scheduler[95889]: DEBUG nova.filters [None req-4db58982-233e-47af-8be1-15095204b1c1 tempest-ServerActionsTestOtherA-702457061 tempest-ServerActionsTestOtherA-702457061-project-member] Starting with 1 host(s) {{(pid=95889) get_filtered_objects /opt/stack/nova/nova/filters.py:70}}
Jun 02 19:06:59.401180 np0000001964 nova-scheduler[95889]: DEBUG nova.filters [None req-4db58982-233e-47af-8be1-15095204b1c1 tempest-ServerActionsTestOtherA-702457061 tempest-ServerActionsTestOtherA-702457061-project-member] Filter ComputeFilter returned 1 host(s) {{(pid=95889) get_filtered_objects /opt/stack/nova/nova/filters.py:102}}
Jun 02 19:06:59.401276 np0000001964 nova-scheduler[95889]: DEBUG nova.filters [None req-4db58982-233e-47af-8be1-15095204b1c1 tempest-ServerActionsTestOtherA-702457061 tempest-ServerActionsTestOtherA-702457061-project-member] Filter ComputeCapabilitiesFilter returned 1 host(s) {{(pid=95889) get_filtered_objects /opt/stack/nova/nova/filters.py:102}}
Jun 02 19:06:59.401518 np0000001964 nova-scheduler[95889]: DEBUG nova.filters [None req-4db58982-233e-47af-8be1-15095204b1c1 tempest-ServerActionsTestOtherA-702457061 tempest-ServerActionsTestOtherA-702457061-project-member] Filter ImagePropertiesFilter returned 1 host(s) {{(pid=95889) get_filtered_objects /opt/stack/nova/nova/filters.py:102}}
Jun 02 19:06:59.401673 np0000001964 nova-scheduler[95889]: DEBUG nova.filters [None req-4db58982-233e-47af-8be1-15095204b1c1 tempest-ServerActionsTestOtherA-702457061 tempest-ServerActionsTestOtherA-702457061-project-member] Filter ServerGroupAntiAffinityFilter returned 1 host(s) {{(pid=95889) get_filtered_objects /opt/stack/nova/nova/filters.py:102}}
Jun 02 19:06:59.401840 np0000001964 nova-scheduler[95889]: DEBUG nova.filters [None req-4db58982-233e-47af-8be1-15095204b1c1 tempest-ServerActionsTestOtherA-702457061 tempest-ServerActionsTestOtherA-702457061-project-member] Filter ServerGroupAffinityFilter returned 1 host(s) {{(pid=95889) get_filtered_objects /opt/stack/nova/nova/filters.py:102}}
Jun 02 19:06:59.402002 np0000001964 nova-scheduler[95889]: DEBUG nova.filters [None req-4db58982-233e-47af-8be1-15095204b1c1 tempest-ServerActionsTestOtherA-702457061 tempest-ServerActionsTestOtherA-702457061-project-member] Filter SameHostFilter returned 1 host(s) {{(pid=95889) get_filtered_objects /opt/stack/nova/nova/filters.py:102}}
Jun 02 19:06:59.402166 np0000001964 nova-scheduler[95889]: DEBUG nova.filters [None req-4db58982-233e-47af-8be1-15095204b1c1 tempest-ServerActionsTestOtherA-702457061 tempest-ServerActionsTestOtherA-702457061-project-member] Filter DifferentHostFilter returned 1 host(s) {{(pid=95889) get_filtered_objects /opt/stack/nova/nova/filters.py:102}}
Jun 02 19:06:59.402353 np0000001964 nova-scheduler[95889]: DEBUG nova.scheduler.manager [None req-4db58982-233e-47af-8be1-15095204b1c1 tempest-ServerActionsTestOtherA-702457061 tempest-ServerActionsTestOtherA-702457061-project-member] Filtered [(np0000001964, np0000001964) ram: 23518MB disk: 75776MB io_ops: 0 instances: 0, allocation_candidates: 1] {{(pid=95889) _get_sorted_hosts /opt/stack/nova/nova/scheduler/manager.py:743}}
Jun 02 19:06:59.402579 np0000001964 nova-scheduler[95889]: DEBUG nova.scheduler.manager [None req-4db58982-233e-47af-8be1-15095204b1c1 tempest-ServerActionsTestOtherA-702457061 tempest-ServerActionsTestOtherA-702457061-project-member] Weighed [WeighedHost [host: (np0000001964, np0000001964) ram: 23518MB disk: 75776MB io_ops: 0 instances: 0, allocation_candidates: 1, weight: 0.0]] {{(pid=95889) _get_sorted_hosts /opt/stack/nova/nova/scheduler/manager.py:765}}
Jun 02 19:06:59.402809 np0000001964 nova-scheduler[95889]: DEBUG nova.scheduler.utils [None req-4db58982-233e-47af-8be1-15095204b1c1 tempest-ServerActionsTestOtherA-702457061 tempest-ServerActionsTestOtherA-702457061-project-member] Attempting to claim resources in the placement API for instance 7a82b610-d854-4e85-bf7a-9b50d7529e34 {{(pid=95889) claim_resources /opt/stack/nova/nova/scheduler/utils.py:1304}}
Jun 02 19:06:59.614463 np0000001964 nova-scheduler[95889]: DEBUG nova.scheduler.manager [None req-4db58982-233e-47af-8be1-15095204b1c1 tempest-ServerActionsTestOtherA-702457061 tempest-ServerActionsTestOtherA-702457061-project-member] [instance: 7a82b610-d854-4e85-bf7a-9b50d7529e34] Selected host: (np0000001964, np0000001964) ram: 23518MB disk: 75776MB io_ops: 0 instances: 0, allocation_candidates: 1 {{(pid=95889) _consume_selected_host /opt/stack/nova/nova/scheduler/manager.py:625}}
Jun 02 19:06:59.615041 np0000001964 nova-scheduler[95889]: DEBUG oslo_concurrency.lockutils [None req-4db58982-233e-47af-8be1-15095204b1c1 tempest-ServerActionsTestOtherA-702457061 tempest-ServerActionsTestOtherA-702457061-project-member] Acquiring lock "('np0000001964', 'np0000001964')" by "nova.scheduler.host_manager.HostState.consume_from_request.._locked" {{(pid=95889) inner /opt/stack/data/venv/lib/python3.12/site-packages/oslo_concurrency/lockutils.py:511}}
Jun 02 19:06:59.615041 np0000001964 nova-scheduler[95889]: DEBUG oslo_concurrency.lockutils [None req-4db58982-233e-47af-8be1-15095204b1c1 tempest-ServerActionsTestOtherA-702457061 tempest-ServerActionsTestOtherA-702457061-project-member] Lock "('np0000001964', 'np0000001964')" acquired by "nova.scheduler.host_manager.HostState.consume_from_request.._locked" :: waited 0.000s {{(pid=95889) inner /opt/stack/data/venv/lib/python3.12/site-packages/oslo_concurrency/lockutils.py:524}}
Jun 02 19:06:59.615319 np0000001964 nova-scheduler[95889]: DEBUG oslo_concurrency.lockutils [None req-4db58982-233e-47af-8be1-15095204b1c1 tempest-ServerActionsTestOtherA-702457061 tempest-ServerActionsTestOtherA-702457061-project-member] Lock "('np0000001964', 'np0000001964')" "released" by "nova.scheduler.host_manager.HostState.consume_from_request.._locked" :: held 0.000s {{(pid=95889) inner /opt/stack/data/venv/lib/python3.12/site-packages/oslo_concurrency/lockutils.py:543}}
Jun 02 19:07:01.549592 np0000001964 nova-scheduler[95887]: DEBUG oslo.service.backend._threading.loopingcall [None req-76262294-ee4a-4ba0-b5b4-31b703a855d7 None None] Dynamic interval looping call 'nova.service.Service.periodic_tasks' sleeping for 60.00 seconds {{(pid=95887) _run_loop /opt/stack/data/venv/lib/python3.12/site-packages/oslo_service/backend/_threading/loopingcall.py:125}}
Jun 02 19:07:08.607479 np0000001964 nova-scheduler[95887]: DEBUG nova.scheduler.manager [None req-f28d1b97-c9d6-478f-9ba9-ce8b99f0fd62 tempest-VolumesAssistedSnapshotsTest-766953752 tempest-VolumesAssistedSnapshotsTest-766953752-project-member] Starting to schedule for instances: ['2a996f97-ed96-4d7b-b01e-b6a808eb0683'] {{(pid=95887) select_destinations /opt/stack/nova/nova/scheduler/manager.py:210}}
Jun 02 19:07:08.608602 np0000001964 nova-scheduler[95887]: DEBUG nova.scheduler.request_filter [None req-f28d1b97-c9d6-478f-9ba9-ce8b99f0fd62 tempest-VolumesAssistedSnapshotsTest-766953752 tempest-VolumesAssistedSnapshotsTest-766953752-project-member] compute_status_filter request filter added forbidden trait COMPUTE_STATUS_DISABLED {{(pid=95887) compute_status_filter /opt/stack/nova/nova/scheduler/request_filter.py:253}}
Jun 02 19:07:08.608602 np0000001964 nova-scheduler[95887]: DEBUG nova.scheduler.request_filter [None req-f28d1b97-c9d6-478f-9ba9-ce8b99f0fd62 tempest-VolumesAssistedSnapshotsTest-766953752 tempest-VolumesAssistedSnapshotsTest-766953752-project-member] Request filter 'compute_status_filter' took 0.0 seconds {{(pid=95887) wrapper /opt/stack/nova/nova/scheduler/request_filter.py:46}}
Jun 02 19:07:08.609028 np0000001964 nova-scheduler[95887]: DEBUG nova.scheduler.request_filter [None req-f28d1b97-c9d6-478f-9ba9-ce8b99f0fd62 tempest-VolumesAssistedSnapshotsTest-766953752 tempest-VolumesAssistedSnapshotsTest-766953752-project-member] Request filter 'accelerators_filter' took 0.0 seconds {{(pid=95887) wrapper /opt/stack/nova/nova/scheduler/request_filter.py:46}}
Jun 02 19:07:08.609202 np0000001964 nova-scheduler[95887]: DEBUG nova.scheduler.request_filter [None req-f28d1b97-c9d6-478f-9ba9-ce8b99f0fd62 tempest-VolumesAssistedSnapshotsTest-766953752 tempest-VolumesAssistedSnapshotsTest-766953752-project-member] Request filter 'packed_virtqueue_filter' took 0.0 seconds {{(pid=95887) wrapper /opt/stack/nova/nova/scheduler/request_filter.py:46}}
Jun 02 19:07:08.609584 np0000001964 nova-scheduler[95887]: DEBUG nova.scheduler.request_filter [None req-f28d1b97-c9d6-478f-9ba9-ce8b99f0fd62 tempest-VolumesAssistedSnapshotsTest-766953752 tempest-VolumesAssistedSnapshotsTest-766953752-project-member] Request filter 'remote_managed_ports_filter' took 0.0 seconds {{(pid=95887) wrapper /opt/stack/nova/nova/scheduler/request_filter.py:46}}
Jun 02 19:07:08.609806 np0000001964 nova-scheduler[95887]: DEBUG nova.scheduler.request_filter [None req-f28d1b97-c9d6-478f-9ba9-ce8b99f0fd62 tempest-VolumesAssistedSnapshotsTest-766953752 tempest-VolumesAssistedSnapshotsTest-766953752-project-member] ephemeral_encryption_filter skipped {{(pid=95887) ephemeral_encryption_filter /opt/stack/nova/nova/scheduler/request_filter.py:426}}
Jun 02 19:07:08.610871 np0000001964 nova-scheduler[95887]: DEBUG nova.scheduler.request_filter [None req-f28d1b97-c9d6-478f-9ba9-ce8b99f0fd62 tempest-VolumesAssistedSnapshotsTest-766953752 tempest-VolumesAssistedSnapshotsTest-766953752-project-member] virtio_sound_filter skipped {{(pid=95887) virtio_sound_filter /opt/stack/nova/nova/scheduler/request_filter.py:460}}
Jun 02 19:07:08.611234 np0000001964 nova-scheduler[95887]: DEBUG nova.scheduler.request_filter [None req-f28d1b97-c9d6-478f-9ba9-ce8b99f0fd62 tempest-VolumesAssistedSnapshotsTest-766953752 tempest-VolumesAssistedSnapshotsTest-766953752-project-member] tpm_secret_security_filter skipped {{(pid=95887) tpm_secret_security_filter /opt/stack/nova/nova/scheduler/request_filter.py:477}}
Jun 02 19:07:08.704884 np0000001964 nova-scheduler[95887]: INFO nova.utils [None req-f28d1b97-c9d6-478f-9ba9-ce8b99f0fd62 tempest-VolumesAssistedSnapshotsTest-766953752 tempest-VolumesAssistedSnapshotsTest-766953752-project-member] The cell worker thread pool ForkProcess-1.cell_worker is initialized
Jun 02 19:07:08.704993 np0000001964 nova-scheduler[95887]: DEBUG oslo_concurrency.lockutils [None req-f28d1b97-c9d6-478f-9ba9-ce8b99f0fd62 tempest-VolumesAssistedSnapshotsTest-766953752 tempest-VolumesAssistedSnapshotsTest-766953752-project-member] Acquiring lock "48097637-bf7d-4b77-9c00-7cdfda6adb68" by "nova.context.set_target_cell..get_or_set_cached_cell_and_set_connections" {{(pid=95887) inner /opt/stack/data/venv/lib/python3.12/site-packages/oslo_concurrency/lockutils.py:511}}
Jun 02 19:07:08.705194 np0000001964 nova-scheduler[95887]: DEBUG oslo_concurrency.lockutils [None req-f28d1b97-c9d6-478f-9ba9-ce8b99f0fd62 tempest-VolumesAssistedSnapshotsTest-766953752 tempest-VolumesAssistedSnapshotsTest-766953752-project-member] Lock "48097637-bf7d-4b77-9c00-7cdfda6adb68" acquired by "nova.context.set_target_cell..get_or_set_cached_cell_and_set_connections" :: waited 0.000s {{(pid=95887) inner /opt/stack/data/venv/lib/python3.12/site-packages/oslo_concurrency/lockutils.py:524}}
Jun 02 19:07:08.706636 np0000001964 nova-scheduler[95887]: DEBUG oslo_concurrency.lockutils [None req-f28d1b97-c9d6-478f-9ba9-ce8b99f0fd62 tempest-VolumesAssistedSnapshotsTest-766953752 tempest-VolumesAssistedSnapshotsTest-766953752-project-member] Lock "48097637-bf7d-4b77-9c00-7cdfda6adb68" "released" by "nova.context.set_target_cell..get_or_set_cached_cell_and_set_connections" :: held 0.001s {{(pid=95887) inner /opt/stack/data/venv/lib/python3.12/site-packages/oslo_concurrency/lockutils.py:543}}
Jun 02 19:07:08.709159 np0000001964 nova-scheduler[95887]: INFO dbcounter [None req-f28d1b97-c9d6-478f-9ba9-ce8b99f0fd62 tempest-VolumesAssistedSnapshotsTest-766953752 tempest-VolumesAssistedSnapshotsTest-766953752-project-member] Registered counter for database nova_cell1
Jun 02 19:07:08.753995 np0000001964 nova-scheduler[95887]: DEBUG oslo_db.sqlalchemy.engines [None req-f28d1b97-c9d6-478f-9ba9-ce8b99f0fd62 tempest-VolumesAssistedSnapshotsTest-766953752 tempest-VolumesAssistedSnapshotsTest-766953752-project-member] MySQL server mode set to STRICT_TRANS_TABLES,STRICT_ALL_TABLES,NO_ZERO_IN_DATE,NO_ZERO_DATE,ERROR_FOR_DIVISION_BY_ZERO,TRADITIONAL,NO_ENGINE_SUBSTITUTION {{(pid=95887) _check_effective_sql_mode /opt/stack/data/venv/lib/python3.12/site-packages/oslo_db/sqlalchemy/engines.py:325}}
Jun 02 19:07:08.761835 np0000001964 nova-scheduler[95887]: DEBUG dbcounter [-] [95887] Writer thread running {{(pid=95887) stat_writer /opt/stack/data/venv/lib/python3.12/site-packages/dbcounter.py:102}}
Jun 02 19:07:08.815822 np0000001964 nova-scheduler[95887]: DEBUG dbcounter [-] [95887] Writer thread running {{(pid=95887) stat_writer /opt/stack/data/venv/lib/python3.12/site-packages/dbcounter.py:102}}
Jun 02 19:07:08.818779 np0000001964 nova-scheduler[95887]: DEBUG oslo_concurrency.lockutils [None req-f28d1b97-c9d6-478f-9ba9-ce8b99f0fd62 tempest-VolumesAssistedSnapshotsTest-766953752 tempest-VolumesAssistedSnapshotsTest-766953752-project-member] Acquiring lock "48097637-bf7d-4b77-9c00-7cdfda6adb68" by "nova.context.set_target_cell..get_or_set_cached_cell_and_set_connections" {{(pid=95887) inner /opt/stack/data/venv/lib/python3.12/site-packages/oslo_concurrency/lockutils.py:511}}
Jun 02 19:07:08.818897 np0000001964 nova-scheduler[95887]: DEBUG oslo_concurrency.lockutils [None req-f28d1b97-c9d6-478f-9ba9-ce8b99f0fd62 tempest-VolumesAssistedSnapshotsTest-766953752 tempest-VolumesAssistedSnapshotsTest-766953752-project-member] Lock "48097637-bf7d-4b77-9c00-7cdfda6adb68" acquired by "nova.context.set_target_cell..get_or_set_cached_cell_and_set_connections" :: waited 0.000s {{(pid=95887) inner /opt/stack/data/venv/lib/python3.12/site-packages/oslo_concurrency/lockutils.py:524}}
Jun 02 19:07:08.818970 np0000001964 nova-scheduler[95887]: DEBUG oslo_concurrency.lockutils [None req-f28d1b97-c9d6-478f-9ba9-ce8b99f0fd62 tempest-VolumesAssistedSnapshotsTest-766953752 tempest-VolumesAssistedSnapshotsTest-766953752-project-member] Lock "48097637-bf7d-4b77-9c00-7cdfda6adb68" "released" by "nova.context.set_target_cell..get_or_set_cached_cell_and_set_connections" :: held 0.000s {{(pid=95887) inner /opt/stack/data/venv/lib/python3.12/site-packages/oslo_concurrency/lockutils.py:543}}
Jun 02 19:07:08.822930 np0000001964 nova-scheduler[95887]: DEBUG oslo_concurrency.lockutils [None req-f28d1b97-c9d6-478f-9ba9-ce8b99f0fd62 tempest-VolumesAssistedSnapshotsTest-766953752 tempest-VolumesAssistedSnapshotsTest-766953752-project-member] Acquiring lock "('np0000001964', 'np0000001964')" by "nova.scheduler.host_manager.HostState.update.._locked_update" {{(pid=95887) inner /opt/stack/data/venv/lib/python3.12/site-packages/oslo_concurrency/lockutils.py:511}}
Jun 02 19:07:08.823043 np0000001964 nova-scheduler[95887]: DEBUG oslo_concurrency.lockutils [None req-f28d1b97-c9d6-478f-9ba9-ce8b99f0fd62 tempest-VolumesAssistedSnapshotsTest-766953752 tempest-VolumesAssistedSnapshotsTest-766953752-project-member] Lock "('np0000001964', 'np0000001964')" acquired by "nova.scheduler.host_manager.HostState.update.._locked_update" :: waited 0.000s {{(pid=95887) inner /opt/stack/data/venv/lib/python3.12/site-packages/oslo_concurrency/lockutils.py:524}}
