May 26 16:20:50.665492 np0000001433 devstack@g-api.service[98953]: DEBUG glance.common.config [None req-66a50782-04c7-445a-a2f9-95d2cd7a2a1b None None] database.max_overflow = 50 {{(pid=98953) log_opt_values /opt/stack/data/venv/lib/python3.12/site-packages/oslo_config/cfg.py:3256}}
May 26 16:20:50.665570 np0000001433 devstack@g-api.service[98952]: DEBUG glance.common.config [None req-4a12de82-b5ca-46eb-8783-dfbab02d8e56 None None] database.db_retry_interval = 1 {{(pid=98952) log_opt_values /opt/stack/data/venv/lib/python3.12/site-packages/oslo_config/cfg.py:3256}}
May 26 16:20:50.665609 np0000001433 devstack@g-api.service[98953]: DEBUG glance.common.config [None req-66a50782-04c7-445a-a2f9-95d2cd7a2a1b None None] database.max_pool_size = 5 {{(pid=98953) log_opt_values /opt/stack/data/venv/lib/python3.12/site-packages/oslo_config/cfg.py:3256}}
May 26 16:20:50.665657 np0000001433 devstack@g-api.service[98952]: DEBUG glance.common.config [None req-4a12de82-b5ca-46eb-8783-dfbab02d8e56 None None] database.max_overflow = 50 {{(pid=98952) log_opt_values /opt/stack/data/venv/lib/python3.12/site-packages/oslo_config/cfg.py:3256}}
May 26 16:20:50.665692 np0000001433 devstack@g-api.service[98953]: DEBUG glance.common.config [None req-66a50782-04c7-445a-a2f9-95d2cd7a2a1b None None] database.max_retries = 10 {{(pid=98953) log_opt_values /opt/stack/data/venv/lib/python3.12/site-packages/oslo_config/cfg.py:3256}}
May 26 16:20:50.665741 np0000001433 devstack@g-api.service[98952]: DEBUG glance.common.config [None req-4a12de82-b5ca-46eb-8783-dfbab02d8e56 None None] database.max_pool_size = 5 {{(pid=98952) log_opt_values /opt/stack/data/venv/lib/python3.12/site-packages/oslo_config/cfg.py:3256}}
May 26 16:20:50.665768 np0000001433 devstack@g-api.service[98953]: DEBUG glance.common.config [None req-66a50782-04c7-445a-a2f9-95d2cd7a2a1b None None] database.mysql_sql_mode = TRADITIONAL {{(pid=98953) log_opt_values /opt/stack/data/venv/lib/python3.12/site-packages/oslo_config/cfg.py:3256}}
May 26 16:20:50.665826 np0000001433 devstack@g-api.service[98952]: DEBUG glance.common.config [None req-4a12de82-b5ca-46eb-8783-dfbab02d8e56 None None] database.max_retries = 10 {{(pid=98952) log_opt_values /opt/stack/data/venv/lib/python3.12/site-packages/oslo_config/cfg.py:3256}}
May 26 16:20:50.665852 np0000001433 devstack@g-api.service[98953]: DEBUG glance.common.config [None req-66a50782-04c7-445a-a2f9-95d2cd7a2a1b None None] database.mysql_wsrep_sync_wait = None {{(pid=98953) log_opt_values /opt/stack/data/venv/lib/python3.12/site-packages/oslo_config/cfg.py:3256}}
May 26 16:20:50.665915 np0000001433 devstack@g-api.service[98952]: DEBUG glance.common.config [None req-4a12de82-b5ca-46eb-8783-dfbab02d8e56 None None] database.mysql_sql_mode = TRADITIONAL {{(pid=98952) log_opt_values /opt/stack/data/venv/lib/python3.12/site-packages/oslo_config/cfg.py:3256}}
May 26 16:20:50.665941 np0000001433 devstack@g-api.service[98953]: DEBUG glance.common.config [None req-66a50782-04c7-445a-a2f9-95d2cd7a2a1b None None] database.pool_timeout = None {{(pid=98953) log_opt_values /opt/stack/data/venv/lib/python3.12/site-packages/oslo_config/cfg.py:3256}}
May 26 16:20:50.665998 np0000001433 devstack@g-api.service[98952]: DEBUG glance.common.config [None req-4a12de82-b5ca-46eb-8783-dfbab02d8e56 None None] database.mysql_wsrep_sync_wait = None {{(pid=98952) log_opt_values /opt/stack/data/venv/lib/python3.12/site-packages/oslo_config/cfg.py:3256}}
May 26 16:20:50.666031 np0000001433 devstack@g-api.service[98953]: DEBUG glance.common.config [None req-66a50782-04c7-445a-a2f9-95d2cd7a2a1b None None] database.retry_interval = 10 {{(pid=98953) log_opt_values /opt/stack/data/venv/lib/python3.12/site-packages/oslo_config/cfg.py:3256}}
May 26 16:20:50.666098 np0000001433 devstack@g-api.service[98952]: DEBUG glance.common.config [None req-4a12de82-b5ca-46eb-8783-dfbab02d8e56 None None] database.pool_timeout = None {{(pid=98952) log_opt_values /opt/stack/data/venv/lib/python3.12/site-packages/oslo_config/cfg.py:3256}}
May 26 16:20:50.666128 np0000001433 devstack@g-api.service[98953]: DEBUG glance.common.config [None req-66a50782-04c7-445a-a2f9-95d2cd7a2a1b None None] database.slave_connection = **** {{(pid=98953) log_opt_values /opt/stack/data/venv/lib/python3.12/site-packages/oslo_config/cfg.py:3256}}
May 26 16:20:50.666184 np0000001433 devstack@g-api.service[98952]: DEBUG glance.common.config [None req-4a12de82-b5ca-46eb-8783-dfbab02d8e56 None None] database.retry_interval = 10 {{(pid=98952) log_opt_values /opt/stack/data/venv/lib/python3.12/site-packages/oslo_config/cfg.py:3256}}
May 26 16:20:50.666233 np0000001433 devstack@g-api.service[98953]: DEBUG glance.common.config [None req-66a50782-04c7-445a-a2f9-95d2cd7a2a1b None None] database.sqlite_synchronous = True {{(pid=98953) log_opt_values /opt/stack/data/venv/lib/python3.12/site-packages/oslo_config/cfg.py:3256}}
May 26 16:20:50.666261 np0000001433 devstack@g-api.service[98952]: DEBUG glance.common.config [None req-4a12de82-b5ca-46eb-8783-dfbab02d8e56 None None] database.slave_connection = **** {{(pid=98952) log_opt_values /opt/stack/data/venv/lib/python3.12/site-packages/oslo_config/cfg.py:3256}}
May 26 16:20:50.666322 np0000001433 devstack@g-api.service[98953]: DEBUG glance.common.config [None req-66a50782-04c7-445a-a2f9-95d2cd7a2a1b None None] database.synchronous_reader = True {{(pid=98953) log_opt_values /opt/stack/data/venv/lib/python3.12/site-packages/oslo_config/cfg.py:3256}}
May 26 16:20:50.666349 np0000001433 devstack@g-api.service[98952]: DEBUG glance.common.config [None req-4a12de82-b5ca-46eb-8783-dfbab02d8e56 None None] database.sqlite_synchronous = True {{(pid=98952) log_opt_values /opt/stack/data/venv/lib/python3.12/site-packages/oslo_config/cfg.py:3256}}
May 26 16:20:50.666408 np0000001433 devstack@g-api.service[98953]: DEBUG glance.common.config [None req-66a50782-04c7-445a-a2f9-95d2cd7a2a1b None None] database.use_db_reconnect = False {{(pid=98953) log_opt_values /opt/stack/data/venv/lib/python3.12/site-packages/oslo_config/cfg.py:3256}}
May 26 16:20:50.666441 np0000001433 devstack@g-api.service[98952]: DEBUG glance.common.config [None req-4a12de82-b5ca-46eb-8783-dfbab02d8e56 None None] database.synchronous_reader = True {{(pid=98952) log_opt_values /opt/stack/data/venv/lib/python3.12/site-packages/oslo_config/cfg.py:3256}}
May 26 16:20:50.666499 np0000001433 devstack@g-api.service[98952]: DEBUG glance.common.config [None req-4a12de82-b5ca-46eb-8783-dfbab02d8e56 None None] database.use_db_reconnect = False {{(pid=98952) log_opt_values /opt/stack/data/venv/lib/python3.12/site-packages/oslo_config/cfg.py:3256}}
May 26 16:20:50.666526 np0000001433 devstack@g-api.service[98953]: DEBUG glance.common.config [None req-66a50782-04c7-445a-a2f9-95d2cd7a2a1b None None] healthcheck.allowed_source_ranges = [] {{(pid=98953) log_opt_values /opt/stack/data/venv/lib/python3.12/site-packages/oslo_config/cfg.py:3256}}
May 26 16:20:50.666592 np0000001433 devstack@g-api.service[98953]: DEBUG glance.common.config [None req-66a50782-04c7-445a-a2f9-95d2cd7a2a1b None None] healthcheck.backends = ['disable_by_file'] {{(pid=98953) log_opt_values /opt/stack/data/venv/lib/python3.12/site-packages/oslo_config/cfg.py:3256}}
May 26 16:20:50.666619 np0000001433 devstack@g-api.service[98952]: DEBUG glance.common.config [None req-4a12de82-b5ca-46eb-8783-dfbab02d8e56 None None] healthcheck.allowed_source_ranges = [] {{(pid=98952) log_opt_values /opt/stack/data/venv/lib/python3.12/site-packages/oslo_config/cfg.py:3256}}
May 26 16:20:50.666676 np0000001433 devstack@g-api.service[98952]: DEBUG glance.common.config [None req-4a12de82-b5ca-46eb-8783-dfbab02d8e56 None None] healthcheck.backends = ['disable_by_file'] {{(pid=98952) log_opt_values /opt/stack/data/venv/lib/python3.12/site-packages/oslo_config/cfg.py:3256}}
May 26 16:20:50.666701 np0000001433 devstack@g-api.service[98953]: DEBUG glance.common.config [None req-66a50782-04c7-445a-a2f9-95d2cd7a2a1b None None] healthcheck.detailed = False {{(pid=98953) log_opt_values /opt/stack/data/venv/lib/python3.12/site-packages/oslo_config/cfg.py:3256}}
May 26 16:20:50.666760 np0000001433 devstack@g-api.service[98953]: DEBUG glance.common.config [None req-66a50782-04c7-445a-a2f9-95d2cd7a2a1b None None] healthcheck.disable_by_file_path = None {{(pid=98953) log_opt_values /opt/stack/data/venv/lib/python3.12/site-packages/oslo_config/cfg.py:3256}}
May 26 16:20:50.666795 np0000001433 devstack@g-api.service[98952]: DEBUG glance.common.config [None req-4a12de82-b5ca-46eb-8783-dfbab02d8e56 None None] healthcheck.detailed = False {{(pid=98952) log_opt_values /opt/stack/data/venv/lib/python3.12/site-packages/oslo_config/cfg.py:3256}}
May 26 16:20:50.666841 np0000001433 devstack@g-api.service[98952]: DEBUG glance.common.config [None req-4a12de82-b5ca-46eb-8783-dfbab02d8e56 None None] healthcheck.disable_by_file_path = None {{(pid=98952) log_opt_values /opt/stack/data/venv/lib/python3.12/site-packages/oslo_config/cfg.py:3256}}
May 26 16:20:50.666871 np0000001433 devstack@g-api.service[98953]: DEBUG glance.common.config [None req-66a50782-04c7-445a-a2f9-95d2cd7a2a1b None None] healthcheck.ignore_proxied_requests = False {{(pid=98953) log_opt_values /opt/stack/data/venv/lib/python3.12/site-packages/oslo_config/cfg.py:3256}}
May 26 16:20:50.666925 np0000001433 devstack@g-api.service[98952]: DEBUG glance.common.config [None req-4a12de82-b5ca-46eb-8783-dfbab02d8e56 None None] healthcheck.ignore_proxied_requests = False {{(pid=98952) log_opt_values /opt/stack/data/venv/lib/python3.12/site-packages/oslo_config/cfg.py:3256}}
May 26 16:20:50.666952 np0000001433 devstack@g-api.service[98953]: DEBUG glance.common.config [None req-66a50782-04c7-445a-a2f9-95d2cd7a2a1b None None] ******************************************************************************** {{(pid=98953) log_opt_values /opt/stack/data/venv/lib/python3.12/site-packages/oslo_config/cfg.py:3263}}
May 26 16:20:50.666988 np0000001433 devstack@g-api.service[98952]: DEBUG glance.common.config [None req-4a12de82-b5ca-46eb-8783-dfbab02d8e56 None None] ******************************************************************************** {{(pid=98952) log_opt_values /opt/stack/data/venv/lib/python3.12/site-packages/oslo_config/cfg.py:3263}}
May 26 16:20:50.667039 np0000001433 devstack@g-api.service[98953]: WSGI app 0 (mountpoint='') ready in 2 seconds on interpreter 0x78bcd8ea3668 pid: 98953 (default app)
May 26 16:20:50.667106 np0000001433 devstack@g-api.service[98952]: WSGI app 0 (mountpoint='') ready in 2 seconds on interpreter 0x78bcd8ea3668 pid: 98952 (default app)
May 26 16:20:50.667600 np0000001433 devstack@g-api.service[98953]: DEBUG glance.api.middleware.version_negotiation [None req-66a50782-04c7-445a-a2f9-95d2cd7a2a1b None None] Determining version of request: GET / Accept: */* {{(pid=98953) process_request /opt/stack/glance/glance/api/middleware/version_negotiation.py:44}}
May 26 16:20:50.667724 np0000001433 devstack@g-api.service[98953]: DEBUG glance.api.middleware.version_negotiation [None req-66a50782-04c7-445a-a2f9-95d2cd7a2a1b None None] Using url versioning {{(pid=98953) process_request /opt/stack/glance/glance/api/middleware/version_negotiation.py:57}}
May 26 16:20:50.667890 np0000001433 devstack@g-api.service[98953]: DEBUG glance.api.middleware.version_negotiation [None req-66a50782-04c7-445a-a2f9-95d2cd7a2a1b None None] Unknown version. Returning version choices. {{(pid=98953) process_request /opt/stack/glance/glance/api/middleware/version_negotiation.py:64}}
May 26 16:20:50.668869 np0000001433 devstack@g-api.service[98953]: [pid: 98953|app: 0|req: 1/1] 127.0.0.1 () {34 vars in 455 bytes} [Tue May 26 16:20:50 2026] GET / => generated 1407 bytes in 1 msecs (HTTP/1.1 300) 3 headers in 106 bytes (1 switches on core 0)
May 26 16:20:52.725593 np0000001433 devstack@g-api.service[98952]: DEBUG glance.api.middleware.version_negotiation [None req-4a12de82-b5ca-46eb-8783-dfbab02d8e56 None None] Determining version of request: GET / Accept: application/json {{(pid=98952) process_request /opt/stack/glance/glance/api/middleware/version_negotiation.py:44}}
May 26 16:20:52.726027 np0000001433 devstack@g-api.service[98952]: DEBUG glance.api.middleware.version_negotiation [None req-4a12de82-b5ca-46eb-8783-dfbab02d8e56 None None] Using url versioning {{(pid=98952) process_request /opt/stack/glance/glance/api/middleware/version_negotiation.py:57}}
May 26 16:20:52.726027 np0000001433 devstack@g-api.service[98952]: DEBUG glance.api.middleware.version_negotiation [None req-4a12de82-b5ca-46eb-8783-dfbab02d8e56 None None] Unknown version. Returning version choices. {{(pid=98952) process_request /opt/stack/glance/glance/api/middleware/version_negotiation.py:64}}
May 26 16:20:52.726637 np0000001433 devstack@g-api.service[98952]: [pid: 98952|app: 0|req: 1/2] 127.0.0.1 () {36 vars in 573 bytes} [Tue May 26 16:20:52 2026] GET / => generated 1407 bytes in 1 msecs (HTTP/1.1 300) 3 headers in 106 bytes (1 switches on core 0)
May 26 16:20:52.738258 np0000001433 devstack@g-api.service[98953]: DEBUG glance.api.middleware.version_negotiation [None req-66a50782-04c7-445a-a2f9-95d2cd7a2a1b None None] Determining version of request: POST /v2/images Accept: */* {{(pid=98953) process_request /opt/stack/glance/glance/api/middleware/version_negotiation.py:44}}
May 26 16:20:52.738685 np0000001433 devstack@g-api.service[98953]: DEBUG glance.api.middleware.version_negotiation [None req-66a50782-04c7-445a-a2f9-95d2cd7a2a1b None None] Using url versioning {{(pid=98953) process_request /opt/stack/glance/glance/api/middleware/version_negotiation.py:57}}
May 26 16:20:52.738729 np0000001433 devstack@g-api.service[98953]: DEBUG glance.api.middleware.version_negotiation [None req-66a50782-04c7-445a-a2f9-95d2cd7a2a1b None None] Matched version: v2 {{(pid=98953) process_request /opt/stack/glance/glance/api/middleware/version_negotiation.py:69}}
May 26 16:20:52.738818 np0000001433 devstack@g-api.service[98953]: DEBUG glance.api.middleware.version_negotiation [None req-66a50782-04c7-445a-a2f9-95d2cd7a2a1b None None] new path /v2/images {{(pid=98953) process_request /opt/stack/glance/glance/api/middleware/version_negotiation.py:70}}
May 26 16:20:53.860272 np0000001433 devstack@g-api.service[98953]: [pid: 98953|app: 0|req: 2/3] 127.0.0.1 () {42 vars in 836 bytes} [Tue May 26 16:20:52 2026] POST /v2/images => generated 807 bytes in 1122 msecs (HTTP/1.1 201) 6 headers in 315 bytes (1 switches on core 0)
May 26 16:20:53.871283 np0000001433 devstack@g-api.service[98952]: DEBUG glance.api.middleware.version_negotiation [None req-4a12de82-b5ca-46eb-8783-dfbab02d8e56 None None] Determining version of request: PUT /v2/images/59f7840d-a80d-4306-b394-6ac34d21cb88/stage Accept: {{(pid=98952) process_request /opt/stack/glance/glance/api/middleware/version_negotiation.py:44}}
May 26 16:20:53.871702 np0000001433 devstack@g-api.service[98952]: DEBUG glance.api.middleware.version_negotiation [None req-4a12de82-b5ca-46eb-8783-dfbab02d8e56 None None] Using url versioning {{(pid=98952) process_request /opt/stack/glance/glance/api/middleware/version_negotiation.py:57}}
May 26 16:20:53.872043 np0000001433 devstack@g-api.service[98952]: DEBUG glance.api.middleware.version_negotiation [None req-4a12de82-b5ca-46eb-8783-dfbab02d8e56 None None] Matched version: v2 {{(pid=98952) process_request /opt/stack/glance/glance/api/middleware/version_negotiation.py:69}}
May 26 16:20:53.873086 np0000001433 devstack@g-api.service[98952]: DEBUG glance.api.middleware.version_negotiation [None req-4a12de82-b5ca-46eb-8783-dfbab02d8e56 None None] new path /v2/images/59f7840d-a80d-4306-b394-6ac34d21cb88/stage {{(pid=98952) process_request /opt/stack/glance/glance/api/middleware/version_negotiation.py:70}}
May 26 16:20:54.568384 np0000001433 devstack@g-api.service[98952]: DEBUG glance_store.backend [None req-f45ecf7f-6fbb-4e0d-adca-35ab85407143 admin admin] Attempting to import store cinder {{(pid=98952) _load_store /opt/stack/data/venv/lib/python3.12/site-packages/glance_store/backend.py:215}}
May 26 16:20:54.568563 np0000001433 devstack@g-api.service[98952]: DEBUG glance_store.backend [None req-f45ecf7f-6fbb-4e0d-adca-35ab85407143 admin admin] Attempting to import store file {{(pid=98952) _load_store /opt/stack/data/venv/lib/python3.12/site-packages/glance_store/backend.py:215}}
May 26 16:20:54.568616 np0000001433 devstack@g-api.service[98952]: DEBUG glance_store.backend [None req-f45ecf7f-6fbb-4e0d-adca-35ab85407143 admin admin] Attempting to import store glance.store.cinder.Store {{(pid=98952) _load_store /opt/stack/data/venv/lib/python3.12/site-packages/glance_store/backend.py:215}}
May 26 16:20:54.568729 np0000001433 devstack@g-api.service[98952]: DEBUG glance_store.backend [None req-f45ecf7f-6fbb-4e0d-adca-35ab85407143 admin admin] Attempting to import store glance.store.filesystem.Store {{(pid=98952) _load_store /opt/stack/data/venv/lib/python3.12/site-packages/glance_store/backend.py:215}}
May 26 16:20:54.568832 np0000001433 devstack@g-api.service[98952]: DEBUG glance_store.backend [None req-f45ecf7f-6fbb-4e0d-adca-35ab85407143 admin admin] Attempting to import store glance.store.http.Store {{(pid=98952) _load_store /opt/stack/data/venv/lib/python3.12/site-packages/glance_store/backend.py:215}}
May 26 16:20:54.568924 np0000001433 devstack@g-api.service[98952]: DEBUG glance_store.backend [None req-f45ecf7f-6fbb-4e0d-adca-35ab85407143 admin admin] Attempting to import store glance.store.rbd.Store {{(pid=98952) _load_store /opt/stack/data/venv/lib/python3.12/site-packages/glance_store/backend.py:215}}
May 26 16:20:54.569011 np0000001433 devstack@g-api.service[98952]: DEBUG glance_store.backend [None req-f45ecf7f-6fbb-4e0d-adca-35ab85407143 admin admin] Attempting to import store glance.store.s3.Store {{(pid=98952) _load_store /opt/stack/data/venv/lib/python3.12/site-packages/glance_store/backend.py:215}}
May 26 16:20:54.569124 np0000001433 devstack@g-api.service[98952]: DEBUG glance_store.backend [None req-f45ecf7f-6fbb-4e0d-adca-35ab85407143 admin admin] Attempting to import store glance.store.swift.Store {{(pid=98952) _load_store /opt/stack/data/venv/lib/python3.12/site-packages/glance_store/backend.py:215}}
May 26 16:20:54.569248 np0000001433 devstack@g-api.service[98952]: DEBUG glance_store.backend [None req-f45ecf7f-6fbb-4e0d-adca-35ab85407143 admin admin] Attempting to import store glance.store.vmware_datastore.Store {{(pid=98952) _load_store /opt/stack/data/venv/lib/python3.12/site-packages/glance_store/backend.py:215}}
May 26 16:20:54.569341 np0000001433 devstack@g-api.service[98952]: DEBUG glance_store.backend [None req-f45ecf7f-6fbb-4e0d-adca-35ab85407143 admin admin] Attempting to import store http {{(pid=98952) _load_store /opt/stack/data/venv/lib/python3.12/site-packages/glance_store/backend.py:215}}
May 26 16:20:54.569430 np0000001433 devstack@g-api.service[98952]: DEBUG glance_store.backend [None req-f45ecf7f-6fbb-4e0d-adca-35ab85407143 admin admin] Attempting to import store no_conf {{(pid=98952) _load_store /opt/stack/data/venv/lib/python3.12/site-packages/glance_store/backend.py:215}}
May 26 16:20:54.569517 np0000001433 devstack@g-api.service[98952]: DEBUG glance_store.backend [None req-f45ecf7f-6fbb-4e0d-adca-35ab85407143 admin admin] Attempting to import store rbd {{(pid=98952) _load_store /opt/stack/data/venv/lib/python3.12/site-packages/glance_store/backend.py:215}}
May 26 16:20:54.569614 np0000001433 devstack@g-api.service[98952]: DEBUG glance_store.backend [None req-f45ecf7f-6fbb-4e0d-adca-35ab85407143 admin admin] Attempting to import store s3 {{(pid=98952) _load_store /opt/stack/data/venv/lib/python3.12/site-packages/glance_store/backend.py:215}}
May 26 16:20:54.569700 np0000001433 devstack@g-api.service[98952]: DEBUG glance_store.backend [None req-f45ecf7f-6fbb-4e0d-adca-35ab85407143 admin admin] Attempting to import store swift {{(pid=98952) _load_store /opt/stack/data/venv/lib/python3.12/site-packages/glance_store/backend.py:215}}
May 26 16:20:54.569785 np0000001433 devstack@g-api.service[98952]: DEBUG glance_store.backend [None req-f45ecf7f-6fbb-4e0d-adca-35ab85407143 admin admin] Attempting to import store vmware {{(pid=98952) _load_store /opt/stack/data/venv/lib/python3.12/site-packages/glance_store/backend.py:215}}
May 26 16:20:54.569876 np0000001433 devstack@g-api.service[98952]: DEBUG glance_store.backend [None req-f45ecf7f-6fbb-4e0d-adca-35ab85407143 admin admin] Registering options for group glance_store {{(pid=98952) register_opts /opt/stack/data/venv/lib/python3.12/site-packages/glance_store/backend.py:144}}
May 26 16:20:54.569981 np0000001433 devstack@g-api.service[98952]: DEBUG glance_store.backend [None req-f45ecf7f-6fbb-4e0d-adca-35ab85407143 admin admin] Registering options for group glance_store {{(pid=98952) register_opts /opt/stack/data/venv/lib/python3.12/site-packages/glance_store/backend.py:144}}
May 26 16:20:54.570316 np0000001433 devstack@g-api.service[98952]: DEBUG glance_store.backend [None req-f45ecf7f-6fbb-4e0d-adca-35ab85407143 admin admin] Attempting to import store file {{(pid=98952) _load_store /opt/stack/data/venv/lib/python3.12/site-packages/glance_store/backend.py:215}}
May 26 16:20:54.570650 np0000001433 devstack@g-api.service[98952]: INFO glance_store._drivers.filesystem [None req-f45ecf7f-6fbb-4e0d-adca-35ab85407143 admin admin] Directory to write image files does not exist (/tmp/staging/). Creating.
May 26 16:20:54.570887 np0000001433 devstack@g-api.service[98952]: DEBUG glance_store.capabilities [None req-f45ecf7f-6fbb-4e0d-adca-35ab85407143 admin admin] Store glance_store._drivers.filesystem.Store doesn't support updating dynamic storage capabilities. Please overwrite 'update_capabilities' method of the store to implement updating logics if needed. {{(pid=98952) update_capabilities /opt/stack/data/venv/lib/python3.12/site-packages/glance_store/capabilities.py:91}}
May 26 16:20:55.732121 np0000001433 devstack@g-api.service[98952]: DEBUG glance_store._drivers.filesystem [None req-f45ecf7f-6fbb-4e0d-adca-35ab85407143 admin admin] Wrote 21430272 bytes to /tmp/staging/59f7840d-a80d-4306-b394-6ac34d21cb88 with checksum c8fc807773e5354afe61636071771906 and multihash c8fc807773e5354afe61636071771906 {{(pid=98952) add /opt/stack/data/venv/lib/python3.12/site-packages/glance_store/_drivers/filesystem.py:899}}
May 26 16:20:55.752686 np0000001433 devstack@g-api.service[98952]: [pid: 98952|app: 0|req: 2/4] 127.0.0.1 () {42 vars in 931 bytes} [Tue May 26 16:20:53 2026] PUT /v2/images/59f7840d-a80d-4306-b394-6ac34d21cb88/stage => generated 0 bytes in 1882 msecs (HTTP/1.1 204) 4 headers in 171 bytes (3 switches on core 0)
May 26 16:20:55.760955 np0000001433 devstack@g-api.service[98953]: DEBUG glance.api.middleware.version_negotiation [None req-017d8638-33a2-4fc7-a5f3-2dec4d8041a7 admin admin] Determining version of request: POST /v2/images/59f7840d-a80d-4306-b394-6ac34d21cb88/import Accept: */* {{(pid=98953) process_request /opt/stack/glance/glance/api/middleware/version_negotiation.py:44}}
May 26 16:20:55.761351 np0000001433 devstack@g-api.service[98953]: DEBUG glance.api.middleware.version_negotiation [None req-017d8638-33a2-4fc7-a5f3-2dec4d8041a7 admin admin] Using url versioning {{(pid=98953) process_request /opt/stack/glance/glance/api/middleware/version_negotiation.py:57}}
May 26 16:20:55.761351 np0000001433 devstack@g-api.service[98953]: DEBUG glance.api.middleware.version_negotiation [None req-017d8638-33a2-4fc7-a5f3-2dec4d8041a7 admin admin] Matched version: v2 {{(pid=98953) process_request /opt/stack/glance/glance/api/middleware/version_negotiation.py:69}}
May 26 16:20:55.761422 np0000001433 devstack@g-api.service[98953]: DEBUG glance.api.middleware.version_negotiation [None req-017d8638-33a2-4fc7-a5f3-2dec4d8041a7 admin admin] new path /v2/images/59f7840d-a80d-4306-b394-6ac34d21cb88/import {{(pid=98953) process_request /opt/stack/glance/glance/api/middleware/version_negotiation.py:70}}
May 26 16:20:56.208686 np0000001433 devstack@g-api.service[98953]: DEBUG glance.domain [None req-b1acbf82-f86e-4ade-b23a-2f3edc8c5518 admin admin] Loading taskflow executor {{(pid=98953) new_task_executor /opt/stack/glance/glance/domain/__init__.py:530}}
May 26 16:20:56.389712 np0000001433 devstack@g-api.service[98953]: DEBUG oslo_concurrency.lockutils [None req-b1acbf82-f86e-4ade-b23a-2f3edc8c5518 admin admin] Acquiring lock "tasks_pool" by "glance.api.common.memoize..memoizer_wrapper..memoizer" {{(pid=98953) inner /opt/stack/data/venv/lib/python3.12/site-packages/oslo_concurrency/lockutils.py:511}}
May 26 16:20:56.389866 np0000001433 devstack@g-api.service[98953]: DEBUG oslo_concurrency.lockutils [None req-b1acbf82-f86e-4ade-b23a-2f3edc8c5518 admin admin] Lock "tasks_pool" acquired by "glance.api.common.memoize..memoizer_wrapper..memoizer" :: waited 0.000s {{(pid=98953) inner /opt/stack/data/venv/lib/python3.12/site-packages/oslo_concurrency/lockutils.py:524}}
May 26 16:20:56.390873 np0000001433 devstack@g-api.service[98953]: DEBUG glance.api.common [None req-b1acbf82-f86e-4ade-b23a-2f3edc8c5518 admin admin] Initializing named threadpool 'tasks_pool' {{(pid=98953) _get_thread_pool /opt/stack/glance/glance/api/common.py:242}}
May 26 16:20:56.390873 np0000001433 devstack@g-api.service[98953]: DEBUG glance.async_ [None req-b1acbf82-f86e-4ade-b23a-2f3edc8c5518 admin admin] Creating threadpool model 'ThreadPoolExecutor' with size 16 {{(pid=98953) __init__ /opt/stack/glance/glance/async_/__init__.py:100}}
May 26 16:20:56.390873 np0000001433 devstack@g-api.service[98953]: DEBUG oslo_concurrency.lockutils [None req-b1acbf82-f86e-4ade-b23a-2f3edc8c5518 admin admin] Lock "tasks_pool" "released" by "glance.api.common.memoize..memoizer_wrapper..memoizer" :: held 0.001s {{(pid=98953) inner /opt/stack/data/venv/lib/python3.12/site-packages/oslo_concurrency/lockutils.py:543}}
May 26 16:20:56.390873 np0000001433 devstack@g-api.service[98953]: DEBUG glance.async_ [None req-b1acbf82-f86e-4ade-b23a-2f3edc8c5518 admin admin] Spawning with ThreadPoolExecutor: >((,), {}) {{(pid=98953) spawn /opt/stack/glance/glance/async_/__init__.py:106}}
May 26 16:20:56.392706 np0000001433 devstack@g-api.service[98953]: [pid: 98953|app: 0|req: 3/5] 127.0.0.1 () {42 vars in 923 bytes} [Tue May 26 16:20:55 2026] POST /v2/images/59f7840d-a80d-4306-b394-6ac34d21cb88/import => generated 0 bytes in 632 msecs (HTTP/1.1 202) 4 headers in 169 bytes (1 switches on core 0)
May 26 16:20:56.395240 np0000001433 devstack@g-api.service[98953]: INFO glance.domain [-] Task [53fc0354-3dfb-4212-bd38-b04c3d51b33c] status changing from pending to processing
May 26 16:20:56.399761 np0000001433 devstack@g-api.service[98952]: DEBUG glance.api.middleware.version_negotiation [None req-f45ecf7f-6fbb-4e0d-adca-35ab85407143 admin admin] Determining version of request: GET /v2/images/59f7840d-a80d-4306-b394-6ac34d21cb88 Accept: */* {{(pid=98952) process_request /opt/stack/glance/glance/api/middleware/version_negotiation.py:44}}
May 26 16:20:56.400045 np0000001433 devstack@g-api.service[98952]: DEBUG glance.api.middleware.version_negotiation [None req-f45ecf7f-6fbb-4e0d-adca-35ab85407143 admin admin] Using url versioning {{(pid=98952) process_request /opt/stack/glance/glance/api/middleware/version_negotiation.py:57}}
May 26 16:20:56.400045 np0000001433 devstack@g-api.service[98952]: DEBUG glance.api.middleware.version_negotiation [None req-f45ecf7f-6fbb-4e0d-adca-35ab85407143 admin admin] Matched version: v2 {{(pid=98952) process_request /opt/stack/glance/glance/api/middleware/version_negotiation.py:69}}
May 26 16:20:56.400045 np0000001433 devstack@g-api.service[98952]: DEBUG glance.api.middleware.version_negotiation [None req-f45ecf7f-6fbb-4e0d-adca-35ab85407143 admin admin] new path /v2/images/59f7840d-a80d-4306-b394-6ac34d21cb88 {{(pid=98952) process_request /opt/stack/glance/glance/api/middleware/version_negotiation.py:70}}
May 26 16:20:56.408355 np0000001433 devstack@g-api.service[98953]: DEBUG glance.async_.taskflow_executor [-] Taskflow executor picked up the execution of task ID 53fc0354-3dfb-4212-bd38-b04c3d51b33c of task type api_image_import {{(pid=98953) _run /opt/stack/glance/glance/async_/taskflow_executor.py:163}}
May 26 16:20:56.410623 np0000001433 devstack@g-api.service[98952]: [pid: 98952|app: 0|req: 3/6] 127.0.0.1 () {38 vars in 856 bytes} [Tue May 26 16:20:56 2026] GET /v2/images/59f7840d-a80d-4306-b394-6ac34d21cb88 => generated 879 bytes in 11 msecs (HTTP/1.1 200) 4 headers in 157 bytes (1 switches on core 0)
May 26 16:20:56.425497 np0000001433 devstack@g-api.service[98953]: DEBUG glance_store.backend [-] Attempting to import store cinder {{(pid=98953) _load_store /opt/stack/data/venv/lib/python3.12/site-packages/glance_store/backend.py:215}}
May 26 16:20:56.425719 np0000001433 devstack@g-api.service[98953]: DEBUG glance_store.backend [-] Attempting to import store file {{(pid=98953) _load_store /opt/stack/data/venv/lib/python3.12/site-packages/glance_store/backend.py:215}}
May 26 16:20:56.425719 np0000001433 devstack@g-api.service[98953]: DEBUG glance_store.backend [-] Attempting to import store glance.store.cinder.Store {{(pid=98953) _load_store /opt/stack/data/venv/lib/python3.12/site-packages/glance_store/backend.py:215}}
May 26 16:20:56.425863 np0000001433 devstack@g-api.service[98953]: DEBUG glance_store.backend [-] Attempting to import store glance.store.filesystem.Store {{(pid=98953) _load_store /opt/stack/data/venv/lib/python3.12/site-packages/glance_store/backend.py:215}}
May 26 16:20:56.425863 np0000001433 devstack@g-api.service[98953]: DEBUG glance_store.backend [-] Attempting to import store glance.store.http.Store {{(pid=98953) _load_store /opt/stack/data/venv/lib/python3.12/site-packages/glance_store/backend.py:215}}
May 26 16:20:56.425863 np0000001433 devstack@g-api.service[98953]: DEBUG glance_store.backend [-] Attempting to import store glance.store.rbd.Store {{(pid=98953) _load_store /opt/stack/data/venv/lib/python3.12/site-packages/glance_store/backend.py:215}}
May 26 16:20:56.426036 np0000001433 devstack@g-api.service[98953]: DEBUG glance_store.backend [-] Attempting to import store glance.store.s3.Store {{(pid=98953) _load_store /opt/stack/data/venv/lib/python3.12/site-packages/glance_store/backend.py:215}}
May 26 16:20:56.426036 np0000001433 devstack@g-api.service[98953]: DEBUG glance_store.backend [-] Attempting to import store glance.store.swift.Store {{(pid=98953) _load_store /opt/stack/data/venv/lib/python3.12/site-packages/glance_store/backend.py:215}}
May 26 16:20:56.426162 np0000001433 devstack@g-api.service[98953]: DEBUG glance_store.backend [-] Attempting to import store glance.store.vmware_datastore.Store {{(pid=98953) _load_store /opt/stack/data/venv/lib/python3.12/site-packages/glance_store/backend.py:215}}
May 26 16:20:56.426162 np0000001433 devstack@g-api.service[98953]: DEBUG glance_store.backend [-] Attempting to import store http {{(pid=98953) _load_store /opt/stack/data/venv/lib/python3.12/site-packages/glance_store/backend.py:215}}
May 26 16:20:56.426275 np0000001433 devstack@g-api.service[98953]: DEBUG glance_store.backend [-] Attempting to import store no_conf {{(pid=98953) _load_store /opt/stack/data/venv/lib/python3.12/site-packages/glance_store/backend.py:215}}
May 26 16:20:56.426275 np0000001433 devstack@g-api.service[98953]: DEBUG glance_store.backend [-] Attempting to import store rbd {{(pid=98953) _load_store /opt/stack/data/venv/lib/python3.12/site-packages/glance_store/backend.py:215}}
May 26 16:20:56.426392 np0000001433 devstack@g-api.service[98953]: DEBUG glance_store.backend [-] Attempting to import store s3 {{(pid=98953) _load_store /opt/stack/data/venv/lib/python3.12/site-packages/glance_store/backend.py:215}}
May 26 16:20:56.426447 np0000001433 devstack@g-api.service[98953]: DEBUG glance_store.backend [-] Attempting to import store swift {{(pid=98953) _load_store /opt/stack/data/venv/lib/python3.12/site-packages/glance_store/backend.py:215}}
May 26 16:20:56.426506 np0000001433 devstack@g-api.service[98953]: DEBUG glance_store.backend [-] Attempting to import store vmware {{(pid=98953) _load_store /opt/stack/data/venv/lib/python3.12/site-packages/glance_store/backend.py:215}}
May 26 16:20:56.426579 np0000001433 devstack@g-api.service[98953]: DEBUG glance_store.backend [-] Registering options for group glance_store {{(pid=98953) register_opts /opt/stack/data/venv/lib/python3.12/site-packages/glance_store/backend.py:144}}
May 26 16:20:56.426654 np0000001433 devstack@g-api.service[98953]: DEBUG glance_store.backend [-] Registering options for group glance_store {{(pid=98953) register_opts /opt/stack/data/venv/lib/python3.12/site-packages/glance_store/backend.py:144}}
May 26 16:20:56.426897 np0000001433 devstack@g-api.service[98953]: DEBUG glance_store.backend [-] Attempting to import store file {{(pid=98953) _load_store /opt/stack/data/venv/lib/python3.12/site-packages/glance_store/backend.py:215}}
May 26 16:20:56.427243 np0000001433 devstack@g-api.service[98953]: DEBUG glance_store.capabilities [-] Store glance_store._drivers.filesystem.Store doesn't support updating dynamic storage capabilities. Please overwrite 'update_capabilities' method of the store to implement updating logics if needed. {{(pid=98953) update_capabilities /opt/stack/data/venv/lib/python3.12/site-packages/glance_store/capabilities.py:91}}
May 26 16:20:56.433800 np0000001433 devstack@g-api.service[98953]: DEBUG glance.async_.flows.api_image_import [-] Image 59f7840d-a80d-4306-b394-6ac34d21cb88 os_glance_importing_to_stores= {{(pid=98953) merge_store_list /opt/stack/glance/glance/async_/flows/api_image_import.py:277}}
May 26 16:20:56.433979 np0000001433 devstack@g-api.service[98953]: DEBUG glance.async_.flows.api_image_import [-] Image 59f7840d-a80d-4306-b394-6ac34d21cb88 os_glance_failed_import= {{(pid=98953) merge_store_list /opt/stack/glance/glance/async_/flows/api_image_import.py:277}}
May 26 16:20:56.438143 np0000001433 devstack@g-api.service[98953]: DEBUG glance.async_.flows.api_image_import [-] Image 59f7840d-a80d-4306-b394-6ac34d21cb88 status changing from uploading to importing {{(pid=98953) __exit__ /opt/stack/glance/glance/async_/flows/api_image_import.py:166}}
May 26 16:20:56.894221 np0000001433 devstack@g-api.service[98953]: DEBUG glance.async_ [-] Creating threadpool model 'ThreadPoolExecutor' with size 10 {{(pid=98953) __init__ /opt/stack/glance/glance/async_/__init__.py:100}}
May 26 16:20:56.914445 np0000001433 devstack@g-api.service[98953]: DEBUG glance.async_.taskflow_executor [-] Flow 'api_image_import' (f541277f-45a7-4599-a100-750585818502) transitioned into state 'RUNNING' from state 'PENDING' {{(pid=98953) _flow_receiver /opt/stack/data/venv/lib/python3.12/site-packages/taskflow/listeners/logging.py:160}}
May 26 16:20:56.916499 np0000001433 devstack@g-api.service[98953]: DEBUG glance.async_.taskflow_executor [-] Task 'api_image_import-ImageLock-53fc0354-3dfb-4212-bd38-b04c3d51b33c' (83738efe-a07c-41aa-a377-0c8e055f8d4e) transitioned into state 'RUNNING' from state 'PENDING' {{(pid=98953) _task_receiver /opt/stack/data/venv/lib/python3.12/site-packages/taskflow/listeners/logging.py:242}}
May 26 16:20:56.923587 np0000001433 devstack@g-api.service[98953]: DEBUG glance.async_.flows.api_image_import [-] Image 59f7840d-a80d-4306-b394-6ac34d21cb88 import task 53fc0354-3dfb-4212-bd38-b04c3d51b33c lock confirmed {{(pid=98953) execute /opt/stack/glance/glance/async_/flows/api_image_import.py:477}}
May 26 16:20:56.924312 np0000001433 devstack@g-api.service[98953]: DEBUG glance.async_.taskflow_executor [-] Task 'api_image_import-ImageLock-53fc0354-3dfb-4212-bd38-b04c3d51b33c' (83738efe-a07c-41aa-a377-0c8e055f8d4e) transitioned into state 'SUCCESS' from state 'RUNNING' with result 'None' {{(pid=98953) _task_receiver /opt/stack/data/venv/lib/python3.12/site-packages/taskflow/listeners/logging.py:218}}
May 26 16:20:56.925227 np0000001433 devstack@g-api.service[98953]: DEBUG glance.async_.taskflow_executor [-] Task 'api_image_import-ConfigureStaging-53fc0354-3dfb-4212-bd38-b04c3d51b33c' (c7b85ccd-4744-4ef7-b49b-99ef93e94b67) transitioned into state 'RUNNING' from state 'PENDING' {{(pid=98953) _task_receiver /opt/stack/data/venv/lib/python3.12/site-packages/taskflow/listeners/logging.py:242}}
May 26 16:20:56.927163 np0000001433 devstack@g-api.service[98953]: DEBUG glance.async_.taskflow_executor [-] Task 'api_image_import-ConfigureStaging-53fc0354-3dfb-4212-bd38-b04c3d51b33c' (c7b85ccd-4744-4ef7-b49b-99ef93e94b67) transitioned into state 'SUCCESS' from state 'RUNNING' with result 'file:///tmp/staging/59f7840d-a80d-4306-b394-6ac34d21cb88' {{(pid=98953) _task_receiver /opt/stack/data/venv/lib/python3.12/site-packages/taskflow/listeners/logging.py:218}}
May 26 16:20:56.927163 np0000001433 devstack@g-api.service[98953]: DEBUG glance.async_.taskflow_executor [-] Task 'api_image_import--ImportToStore-53fc0354-3dfb-4212-bd38-b04c3d51b33c' (199f3869-316a-4f43-a16a-106ca73c847e) transitioned into state 'RUNNING' from state 'PENDING' {{(pid=98953) _task_receiver /opt/stack/data/venv/lib/python3.12/site-packages/taskflow/listeners/logging.py:242}}
May 26 16:20:56.933763 np0000001433 devstack@g-api.service[98953]: INFO glance.common.scripts.image_import.main [-] Task 53fc0354-3dfb-4212-bd38-b04c3d51b33c: Got image data uri file:///tmp/staging/59f7840d-a80d-4306-b394-6ac34d21cb88 to be imported
May 26 16:20:56.935154 np0000001433 devstack@g-api.service[98953]: DEBUG glance.location [-] Enabling in-flight format inspection for qcow2 {{(pid=98953) set_data /opt/stack/glance/glance/location.py:616}}
May 26 16:20:56.935498 np0000001433 devstack@g-api.service[98953]: DEBUG glance_store.backend [-] Attempting to import store swift {{(pid=98953) _load_store /opt/stack/data/venv/lib/python3.12/site-packages/glance_store/backend.py:215}}
May 26 16:20:56.936772 np0000001433 devstack@g-api.service[98953]: DEBUG glance_store.capabilities [-] Store glance_store._drivers.swift.store.SingleTenantStore doesn't support updating dynamic storage capabilities. Please overwrite 'update_capabilities' method of the store to implement updating logics if needed. {{(pid=98953) update_capabilities /opt/stack/data/venv/lib/python3.12/site-packages/glance_store/capabilities.py:91}}
May 26 16:20:56.936873 np0000001433 devstack@g-api.service[98953]: DEBUG glance_store.driver [-] Late loading location class glance_store._drivers.swift.store.StoreLocation {{(pid=98953) get_store_location_class /opt/stack/data/venv/lib/python3.12/site-packages/glance_store/driver.py:134}}
May 26 16:20:56.936947 np0000001433 devstack@g-api.service[98953]: DEBUG glance_store.location [-] Registering scheme swift+https with {'store': , 'location_class': , 'store_entry': 'swift'} {{(pid=98953) register_scheme_map /opt/stack/data/venv/lib/python3.12/site-packages/glance_store/location.py:146}}
May 26 16:20:56.937012 np0000001433 devstack@g-api.service[98953]: DEBUG glance_store.location [-] Registering scheme swift+https with {'store': , 'location_class': , 'store_entry': 'swift'} {{(pid=98953) register_scheme_map /opt/stack/data/venv/lib/python3.12/site-packages/glance_store/location.py:146}}
May 26 16:20:56.937012 np0000001433 devstack@g-api.service[98953]: DEBUG glance_store.location [-] Registering scheme swift with {'store': , 'location_class': , 'store_entry': 'swift'} {{(pid=98953) register_scheme_map /opt/stack/data/venv/lib/python3.12/site-packages/glance_store/location.py:146}}
May 26 16:20:56.937138 np0000001433 devstack@g-api.service[98953]: DEBUG glance_store.location [-] Registering scheme swift+https with {'store': , 'location_class': , 'store_entry': 'swift'} {{(pid=98953) register_scheme_map /opt/stack/data/venv/lib/python3.12/site-packages/glance_store/location.py:146}}
May 26 16:20:56.937138 np0000001433 devstack@g-api.service[98953]: DEBUG glance_store.location [-] Registering scheme swift with {'store': , 'location_class': , 'store_entry': 'swift'} {{(pid=98953) register_scheme_map /opt/stack/data/venv/lib/python3.12/site-packages/glance_store/location.py:146}}
May 26 16:20:56.937184 np0000001433 devstack@g-api.service[98953]: DEBUG glance_store.location [-] Registering scheme swift+http with {'store': , 'location_class': , 'store_entry': 'swift'} {{(pid=98953) register_scheme_map /opt/stack/data/venv/lib/python3.12/site-packages/glance_store/location.py:146}}
May 26 16:20:56.937210 np0000001433 devstack@g-api.service[98953]: DEBUG glance_store.location [-] Registering scheme swift+https with {'store': , 'location_class': , 'store_entry': 'swift'} {{(pid=98953) register_scheme_map /opt/stack/data/venv/lib/python3.12/site-packages/glance_store/location.py:146}}
May 26 16:20:56.937295 np0000001433 devstack@g-api.service[98953]: DEBUG glance_store.location [-] Registering scheme swift with {'store': , 'location_class': , 'store_entry': 'swift'} {{(pid=98953) register_scheme_map /opt/stack/data/venv/lib/python3.12/site-packages/glance_store/location.py:146}}
May 26 16:20:56.937358 np0000001433 devstack@g-api.service[98953]: DEBUG glance_store.location [-] Registering scheme swift+http with {'store': , 'location_class': , 'store_entry': 'swift'} {{(pid=98953) register_scheme_map /opt/stack/data/venv/lib/python3.12/site-packages/glance_store/location.py:146}}
May 26 16:20:56.937358 np0000001433 devstack@g-api.service[98953]: DEBUG glance_store.location [-] Registering scheme swift+config with {'store': , 'location_class': , 'store_entry': 'swift'} {{(pid=98953) register_scheme_map /opt/stack/data/venv/lib/python3.12/site-packages/glance_store/location.py:146}}
May 26 16:20:57.364877 np0000001433 devstack@g-api.service[98953]: INFO swiftclient [-] REQ: curl -i https://10.4.3.186:8080/v1/AUTH_220a4b3726094059a9a1d15bdda4ec34/glance -I -H "X-Auth-Token: gAAAAABqFchodK-w..."
May 26 16:20:57.364935 np0000001433 devstack@g-api.service[98953]: INFO swiftclient [-] RESP STATUS: 404 Not Found
May 26 16:20:57.365017 np0000001433 devstack@g-api.service[98953]: INFO swiftclient [-] RESP HEADERS: {'Date': 'Tue, 26 May 2026 16:20:57 GMT', 'Server': 'Apache/2.4.58 (Ubuntu)', 'Content-Type': 'text/html; charset=UTF-8', 'X-Trans-Id': 'txe6535aceccf14e3c8ad15-006a15c869', 'X-Openstack-Request-Id': 'txe6535aceccf14e3c8ad15-006a15c869', 'Connection': 'close'}
May 26 16:20:57.365252 np0000001433 devstack@g-api.service[98953]: INFO glance_store._drivers.swift.store [-] Creating swift container glance
May 26 16:20:57.409125 np0000001433 devstack@g-api.service[98953]: DEBUG swiftclient [-] REQ: curl -i https://10.4.3.186:8080/v1/AUTH_220a4b3726094059a9a1d15bdda4ec34/glance -X PUT -H "X-Auth-Token: gAAAAABqFchodK-w..." -H "Content-Length: 0" {{(pid=98953) http_log /opt/stack/data/venv/lib/python3.12/site-packages/swiftclient/client.py:160}}
May 26 16:20:57.409257 np0000001433 devstack@g-api.service[98953]: DEBUG swiftclient [-] RESP STATUS: 201 Created {{(pid=98953) http_log /opt/stack/data/venv/lib/python3.12/site-packages/swiftclient/client.py:161}}
May 26 16:20:57.409403 np0000001433 devstack@g-api.service[98953]: DEBUG swiftclient [-] RESP HEADERS: {'Date': 'Tue, 26 May 2026 16:20:57 GMT', 'Server': 'Apache/2.4.58 (Ubuntu)', 'Content-Type': 'text/html; charset=UTF-8', 'Content-Length': '0', 'X-Trans-Id': 'txd96cecd8dbe54515a3d73-006a15c869', 'X-Openstack-Request-Id': 'txd96cecd8dbe54515a3d73-006a15c869', 'Connection': 'close'} {{(pid=98953) http_log /opt/stack/data/venv/lib/python3.12/site-packages/swiftclient/client.py:162}}
May 26 16:20:57.409446 np0000001433 devstack@g-api.service[98953]: DEBUG glance_store._drivers.swift.store [-] Adding image object '59f7840d-a80d-4306-b394-6ac34d21cb88' to Swift {{(pid=98953) add /opt/stack/data/venv/lib/python3.12/site-packages/glance_store/_drivers/swift/store.py:970}}
May 26 16:20:57.416251 np0000001433 devstack@g-api.service[98953]: DEBUG oslo_utils.imageutils.format_inspector [-] Format inspector for vmdk does not match, excluding from consideration (Signature KDMV not found: b'QFI\xfb') {{(pid=98953) _process_chunk /opt/stack/data/venv/lib/python3.12/site-packages/oslo_utils/imageutils/format_inspector.py:1538}}
May 26 16:20:57.421762 np0000001433 devstack@g-api.service[98953]: DEBUG oslo_utils.imageutils.format_inspector [-] Format inspector for vhdx does not match, excluding from consideration (Region signature not found at 30000) {{(pid=98953) _process_chunk /opt/stack/data/venv/lib/python3.12/site-packages/oslo_utils/imageutils/format_inspector.py:1538}}
May 26 16:20:57.712350 np0000001433 devstack@g-api.service[98953]: DEBUG swiftclient [-] REQ: curl -i https://10.4.3.186:8080/v1/AUTH_220a4b3726094059a9a1d15bdda4ec34/glance/59f7840d-a80d-4306-b394-6ac34d21cb88 -X PUT -H "X-Auth-Token: gAAAAABqFchodK-w..." -H "Content-Length: 21430272" {{(pid=98953) http_log /opt/stack/data/venv/lib/python3.12/site-packages/swiftclient/client.py:160}}
May 26 16:20:57.712469 np0000001433 devstack@g-api.service[98953]: DEBUG swiftclient [-] RESP STATUS: 201 Created {{(pid=98953) http_log /opt/stack/data/venv/lib/python3.12/site-packages/swiftclient/client.py:161}}
May 26 16:20:57.712590 np0000001433 devstack@g-api.service[98953]: DEBUG swiftclient [-] RESP HEADERS: {'Date': 'Tue, 26 May 2026 16:20:57 GMT', 'Server': 'Apache/2.4.58 (Ubuntu)', 'Content-Type': 'text/html; charset=UTF-8', 'Content-Length': '0', 'Etag': 'c8fc807773e5354afe61636071771906', 'Last-Modified': 'Tue, 26 May 2026 16:20:58 GMT', 'X-Trans-Id': 'tx734fe1e99c604ec3956dc-006a15c869', 'X-Openstack-Request-Id': 'tx734fe1e99c604ec3956dc-006a15c869', 'Connection': 'close'} {{(pid=98953) http_log /opt/stack/data/venv/lib/python3.12/site-packages/swiftclient/client.py:162}}
May 26 16:20:57.724931 np0000001433 devstack@g-api.service[98953]: INFO glance.location [-] Image format matched and virtual size computed: 117440512
May 26 16:20:57.732152 np0000001433 devstack@g-api.service[98953]: DEBUG glance.async_.flows.api_image_import [-] Image 59f7840d-a80d-4306-b394-6ac34d21cb88 status changing from importing to active {{(pid=98953) __exit__ /opt/stack/glance/glance/async_/flows/api_image_import.py:166}}
May 26 16:20:57.754073 np0000001433 devstack@g-api.service[98953]: DEBUG glance_store.backend [-] Attempting to import store swift {{(pid=98953) _load_store /opt/stack/data/venv/lib/python3.12/site-packages/glance_store/backend.py:215}}
May 26 16:20:57.755875 np0000001433 devstack@g-api.service[98953]: DEBUG glance_store.capabilities [-] Store glance_store._drivers.swift.store.SingleTenantStore doesn't support updating dynamic storage capabilities. Please overwrite 'update_capabilities' method of the store to implement updating logics if needed. {{(pid=98953) update_capabilities /opt/stack/data/venv/lib/python3.12/site-packages/glance_store/capabilities.py:91}}
May 26 16:20:57.755971 np0000001433 devstack@g-api.service[98953]: DEBUG glance_store.driver [-] Late loading location class glance_store._drivers.swift.store.StoreLocation {{(pid=98953) get_store_location_class /opt/stack/data/venv/lib/python3.12/site-packages/glance_store/driver.py:134}}
May 26 16:20:57.756094 np0000001433 devstack@g-api.service[98953]: DEBUG glance_store.location [-] Registering scheme swift+https with {'store': , 'location_class': , 'store_entry': 'swift'} {{(pid=98953) register_scheme_map /opt/stack/data/venv/lib/python3.12/site-packages/glance_store/location.py:146}}
May 26 16:20:57.756187 np0000001433 devstack@g-api.service[98953]: DEBUG glance_store.location [-] Registering scheme swift+https with {'store': , 'location_class': , 'store_entry': 'swift'} {{(pid=98953) register_scheme_map /opt/stack/data/venv/lib/python3.12/site-packages/glance_store/location.py:146}}
May 26 16:20:57.756278 np0000001433 devstack@g-api.service[98953]: DEBUG glance_store.location [-] Registering scheme swift with {'store': , 'location_class': , 'store_entry': 'swift'} {{(pid=98953) register_scheme_map /opt/stack/data/venv/lib/python3.12/site-packages/glance_store/location.py:146}}
May 26 16:20:57.756369 np0000001433 devstack@g-api.service[98953]: DEBUG glance_store.location [-] Registering scheme swift+https with {'store': , 'location_class': , 'store_entry': 'swift'} {{(pid=98953) register_scheme_map /opt/stack/data/venv/lib/python3.12/site-packages/glance_store/location.py:146}}
May 26 16:20:57.756463 np0000001433 devstack@g-api.service[98953]: DEBUG glance_store.location [-] Registering scheme swift with {'store': , 'location_class': , 'store_entry': 'swift'} {{(pid=98953) register_scheme_map /opt/stack/data/venv/lib/python3.12/site-packages/glance_store/location.py:146}}
May 26 16:20:57.756543 np0000001433 devstack@g-api.service[98953]: DEBUG glance_store.location [-] Registering scheme swift+http with {'store': , 'location_class': , 'store_entry': 'swift'} {{(pid=98953) register_scheme_map /opt/stack/data/venv/lib/python3.12/site-packages/glance_store/location.py:146}}
May 26 16:20:57.756636 np0000001433 devstack@g-api.service[98953]: DEBUG glance_store.location [-] Registering scheme swift+https with {'store': , 'location_class': , 'store_entry': 'swift'} {{(pid=98953) register_scheme_map /opt/stack/data/venv/lib/python3.12/site-packages/glance_store/location.py:146}}
May 26 16:20:57.756716 np0000001433 devstack@g-api.service[98953]: DEBUG glance_store.location [-] Registering scheme swift with {'store': , 'location_class': , 'store_entry': 'swift'} {{(pid=98953) register_scheme_map /opt/stack/data/venv/lib/python3.12/site-packages/glance_store/location.py:146}}
May 26 16:20:57.756803 np0000001433 devstack@g-api.service[98953]: DEBUG glance_store.location [-] Registering scheme swift+http with {'store': , 'location_class': , 'store_entry': 'swift'} {{(pid=98953) register_scheme_map /opt/stack/data/venv/lib/python3.12/site-packages/glance_store/location.py:146}}
