May 26 16:20:06.163014 np0000001433 devstack@neutron-api.service[86998]: DEBUG ovsdbapp.backend.ovs_idl [None req-2ae6bd9f-9bbc-4933-9d05-518a720e9fdc None None] Created schema index Chassis_Template_Var.chassis {{(pid=86998) autocreate_indices /opt/stack/data/venv/lib/python3.12/site-packages/ovsdbapp/backend/ovs_idl/__init__.py:106}}
May 26 16:20:06.163101 np0000001433 devstack@neutron-api.service[86998]: DEBUG ovsdbapp.backend.ovs_idl [None req-2ae6bd9f-9bbc-4933-9d05-518a720e9fdc None None] Created schema index Logical_Router_Port.name {{(pid=86998) autocreate_indices /opt/stack/data/venv/lib/python3.12/site-packages/ovsdbapp/backend/ovs_idl/__init__.py:106}}
May 26 16:20:06.163156 np0000001433 devstack@neutron-api.service[86998]: DEBUG ovsdbapp.backend.ovs_idl [None req-2ae6bd9f-9bbc-4933-9d05-518a720e9fdc None None] Created schema index Port_Group.name {{(pid=86998) autocreate_indices /opt/stack/data/venv/lib/python3.12/site-packages/ovsdbapp/backend/ovs_idl/__init__.py:106}}
May 26 16:20:06.163240 np0000001433 devstack@neutron-api.service[86998]: DEBUG ovsdbapp.backend.ovs_idl [None req-2ae6bd9f-9bbc-4933-9d05-518a720e9fdc None None] Created schema index Logical_Switch_Port.name {{(pid=86998) autocreate_indices /opt/stack/data/venv/lib/python3.12/site-packages/ovsdbapp/backend/ovs_idl/__init__.py:106}}
May 26 16:20:06.165259 np0000001433 devstack@neutron-api.service[86998]: INFO ovsdbapp.backend.ovs_idl.vlog [None req-2ae6bd9f-9bbc-4933-9d05-518a720e9fdc None None] ssl:10.4.3.186:6641: connecting...
May 26 16:20:06.168896 np0000001433 devstack@neutron-api.service[86998]: INFO ovsdbapp.backend.ovs_idl.vlog [None req-2ae6bd9f-9bbc-4933-9d05-518a720e9fdc None None] ssl:10.4.3.186:6641: connected
May 26 16:20:06.191960 np0000001433 devstack@neutron-api.service[86998]: DEBUG neutron.common.ovn.hash_ring_manager [None req-2ae6bd9f-9bbc-4933-9d05-518a720e9fdc None None] Allow caching, nodes 2>=2 {{(pid=86998) _wait_startup_before_caching /opt/stack/neutron/neutron/common/ovn/hash_ring_manager.py:65}}
May 26 16:20:06.196621 np0000001433 devstack@neutron-api.service[86998]: DEBUG neutron.common.ovn.hash_ring_manager [None req-2ae6bd9f-9bbc-4933-9d05-518a720e9fdc None None] Hash Ring loaded. 2 active nodes. 0 offline nodes {{(pid=86998) _load_hash_ring /opt/stack/neutron/neutron/common/ovn/hash_ring_manager.py:102}}
May 26 16:20:06.196783 np0000001433 devstack@neutron-api.service[86998]: DEBUG neutron.plugins.ml2.drivers.ovn.mech_driver.ovsdb.ovsdb_monitor [None req-2ae6bd9f-9bbc-4933-9d05-518a720e9fdc None None] Hash Ring: Node a21ecf1743365aa2aac6ebbed0408306 (host: np0000001433) handling event "create" for row 17a98ca6-501e-4978-9e5c-c44a0971cdb3 (table: ACL) {{(pid=86998) notify /opt/stack/neutron/neutron/plugins/ml2/drivers/ovn/mech_driver/ovsdb/ovsdb_monitor.py:986}}
May 26 16:20:06.197708 np0000001433 devstack@neutron-api.service[86998]: INFO neutron.plugins.ml2.drivers.ovn.mech_driver.ovsdb.impl_idl_ovn [None req-2ae6bd9f-9bbc-4933-9d05-518a720e9fdc None None] Getting OvsdbSbOvnIdl for WorkerService with retry
May 26 16:20:06.220653 np0000001433 devstack@neutron-api.service[86998]: DEBUG ovsdbapp.backend.ovs_idl [None req-2ae6bd9f-9bbc-4933-9d05-518a720e9fdc None None] Created lookup_table index Chassis.name {{(pid=86998) autocreate_indices /opt/stack/data/venv/lib/python3.12/site-packages/ovsdbapp/backend/ovs_idl/__init__.py:87}}
May 26 16:20:06.220754 np0000001433 devstack@neutron-api.service[86998]: DEBUG ovsdbapp.backend.ovs_idl [None req-2ae6bd9f-9bbc-4933-9d05-518a720e9fdc None None] Created lookup_table index Port_Binding.logical_port {{(pid=86998) autocreate_indices /opt/stack/data/venv/lib/python3.12/site-packages/ovsdbapp/backend/ovs_idl/__init__.py:87}}
May 26 16:20:06.220841 np0000001433 devstack@neutron-api.service[86998]: DEBUG ovsdbapp.backend.ovs_idl [None req-2ae6bd9f-9bbc-4933-9d05-518a720e9fdc None None] Created schema index Chassis_Private.name {{(pid=86998) autocreate_indices /opt/stack/data/venv/lib/python3.12/site-packages/ovsdbapp/backend/ovs_idl/__init__.py:106}}
May 26 16:20:06.220921 np0000001433 devstack@neutron-api.service[86998]: DEBUG ovsdbapp.backend.ovs_idl [None req-2ae6bd9f-9bbc-4933-9d05-518a720e9fdc None None] Created schema index Datapath_Binding.tunnel_key {{(pid=86998) autocreate_indices /opt/stack/data/venv/lib/python3.12/site-packages/ovsdbapp/backend/ovs_idl/__init__.py:106}}
May 26 16:20:06.222719 np0000001433 devstack@neutron-api.service[86998]: INFO ovsdbapp.backend.ovs_idl.vlog [None req-2ae6bd9f-9bbc-4933-9d05-518a720e9fdc None None] ssl:10.4.3.186:6642: connecting...
May 26 16:20:06.226816 np0000001433 devstack@neutron-api.service[86998]: INFO ovsdbapp.backend.ovs_idl.vlog [None req-2ae6bd9f-9bbc-4933-9d05-518a720e9fdc None None] ssl:10.4.3.186:6642: connected
May 26 16:20:06.248103 np0000001433 devstack@neutron-api.service[86998]: DEBUG neutron.common.ovn.hash_ring_manager [None req-2ae6bd9f-9bbc-4933-9d05-518a720e9fdc None None] Allow caching, nodes 2>=2 {{(pid=86998) _wait_startup_before_caching /opt/stack/neutron/neutron/common/ovn/hash_ring_manager.py:65}}
May 26 16:20:06.252307 np0000001433 devstack@neutron-api.service[86998]: DEBUG neutron.common.ovn.hash_ring_manager [None req-2ae6bd9f-9bbc-4933-9d05-518a720e9fdc None None] Hash Ring loaded. 2 active nodes. 0 offline nodes {{(pid=86998) _load_hash_ring /opt/stack/neutron/neutron/common/ovn/hash_ring_manager.py:102}}
May 26 16:20:06.252549 np0000001433 devstack@neutron-api.service[86998]: DEBUG neutron.plugins.ml2.drivers.ovn.mech_driver.ovsdb.ovsdb_monitor [None req-2ae6bd9f-9bbc-4933-9d05-518a720e9fdc None None] ChassisOVNAgentWriteEvent : Matched Chassis_Private, create, None None {{(pid=86998) matches /opt/stack/neutron/neutron/plugins/ml2/drivers/ovn/mech_driver/ovsdb/ovsdb_monitor.py:64}}
May 26 16:20:06.252647 np0000001433 devstack@neutron-api.service[86998]: DEBUG neutron.plugins.ml2.drivers.ovn.mech_driver.ovsdb.ovsdb_monitor [None req-2ae6bd9f-9bbc-4933-9d05-518a720e9fdc None None] ChassisAgentWriteEvent : Matched Chassis_Private, create, None None {{(pid=86998) matches /opt/stack/neutron/neutron/plugins/ml2/drivers/ovn/mech_driver/ovsdb/ovsdb_monitor.py:64}}
May 26 16:20:06.254382 np0000001433 devstack@neutron-api.service[86998]: INFO neutron.plugins.ml2.drivers.ovn.mech_driver.mech_driver [None req-2ae6bd9f-9bbc-4933-9d05-518a720e9fdc None None] WorkerService process has finished the post initialization
May 26 16:20:06.255560 np0000001433 devstack@neutron-api.service[86998]: WSGI app 0 (mountpoint='') ready in 6 seconds on interpreter 0x7ce3b3ca3668 pid: 86998 (default app)
May 26 16:20:07.473729 np0000001433 devstack@neutron-api.service[86997]: DEBUG neutron.common.ovn.hash_ring_manager [-] Allow caching, nodes 2>=2 {{(pid=86997) _wait_startup_before_caching /opt/stack/neutron/neutron/common/ovn/hash_ring_manager.py:65}}
May 26 16:20:07.474062 np0000001433 devstack@neutron-api.service[86997]: DEBUG neutron.plugins.ml2.drivers.ovn.mech_driver.ovsdb.ovsdb_monitor [-] Hash Ring: Node 9a68e182418b5c1da5297ecc2fa9f619 (host: np0000001433) handling event "update" for row 272ba419-9e42-4f6b-828f-4620f9cc4ebd (table: Connection) {{(pid=86997) notify /opt/stack/neutron/neutron/plugins/ml2/drivers/ovn/mech_driver/ovsdb/ovsdb_monitor.py:986}}
May 26 16:20:09.678685 np0000001433 devstack@neutron-api.service[86997]: DEBUG neutron.api.wsgi [None req-20b437fd-32bb-4314-a405-c1f87398685e admin admin] Missing Content-Type {{(pid=86997) get_content_type /opt/stack/neutron/neutron/api/wsgi.py:80}}
May 26 16:20:09.679247 np0000001433 devstack@neutron-api.service[86997]: DEBUG neutron.api.wsgi [None req-20b437fd-32bb-4314-a405-c1f87398685e admin admin] https://10.4.3.186/networking/v2.0/extensions returned with HTTP 200 {{(pid=86997) __call__ /opt/stack/neutron/neutron/api/wsgi.py:540}}
May 26 16:20:09.679444 np0000001433 devstack@neutron-api.service[86997]: [pid: 86997|app: 0|req: 2/2] 10.4.3.186 () {64 vars in 1292 bytes} [Tue May 26 16:20:09 2026] GET /networking/v2.0/extensions => generated 15209 bytes in 381 msecs (HTTP/1.1 200) 4 headers in 159 bytes (1 switches on core 0)
May 26 16:20:10.011043 np0000001433 devstack@neutron-api.service[86998]: DEBUG neutron.api.v2.base [None req-6f0a4ecf-9850-4278-8411-f2834cce8f52 admin admin] Request body: {'subnetpool': {'name': 'shared-default-subnetpool-v4', 'is_default': True, 'default_prefixlen': 26, 'shared': True, 'prefixes': ['10.1.0.0/20']}} {{(pid=86998) prepare_request_body /opt/stack/neutron/neutron/api/v2/base.py:727}}
May 26 16:20:10.229216 np0000001433 devstack@neutron-api.service[86998]: DEBUG neutron.policy [None req-6f0a4ecf-9850-4278-8411-f2834cce8f52 admin admin] Loaded default policies from ['neutron'] under neutron.policies entry points {{(pid=86998) register_rules /opt/stack/neutron/neutron/policy.py:65}}
May 26 16:20:10.359865 np0000001433 devstack@neutron-api.service[86998]: DEBUG neutron_lib.callbacks.manager [None req-6f0a4ecf-9850-4278-8411-f2834cce8f52 admin admin] Publish callbacks ['neutron.objects.securitygroup.RbacNeutronDbObjectMixin.validate_rbac_policy_change-2853975261912', 'neutron.objects.address_group.RbacNeutronDbObjectMixin.validate_rbac_policy_change-2853975300908', 'neutron.objects.network.RbacNeutronDbObjectMixin.validate_rbac_policy_change-2853975165509', 'neutron.objects.qos.policy.RbacNeutronDbObjectMixin.validate_rbac_policy_change-2853975178568', 'neutron.objects.subnetpool.RbacNeutronDbObjectMixin.validate_rbac_policy_change-2853975196094', 'neutron.objects.address_scope.RbacNeutronDbObjectMixin.validate_rbac_policy_change-2853975204504', 'neutron.plugins.ml2.plugin.External_net_db_mixin._process_ext_policy_create-3317327', 'neutron.plugins.ml2.plugin.NeutronDbPluginV2.validate_network_rbac_policy_change-3339943'] for rbac-policy (None), before_create {{(pid=86998) _notify_loop /opt/stack/data/venv/lib/python3.12/site-packages/neutron_lib/callbacks/manager.py:184}}
May 26 16:20:10.398221 np0000001433 devstack@neutron-api.service[86998]: DEBUG neutron_lib.callbacks.manager [None req-6f0a4ecf-9850-4278-8411-f2834cce8f52 admin admin] Publish callbacks [] for subnetpool (None), before_response {{(pid=86998) _notify_loop /opt/stack/data/venv/lib/python3.12/site-packages/neutron_lib/callbacks/manager.py:184}}
May 26 16:20:10.398715 np0000001433 devstack@neutron-api.service[86998]: [pid: 86998|app: 0|req: 1/3] 10.4.3.186 () {68 vars in 1336 bytes} [Tue May 26 16:20:09 2026] POST /networking/v2.0/subnetpools => generated 533 bytes in 467 msecs (HTTP/1.1 201) 4 headers in 162 bytes (1 switches on core 0)
May 26 16:20:10.604858 np0000001433 devstack@neutron-api.service[86997]: DEBUG neutron.api.v2.base [None req-39cd4e98-9b3b-4a83-b37f-5b8c8ecd8061 admin admin] Request body: {'subnetpool': {'name': 'shared-default-subnetpool-v6', 'is_default': True, 'default_prefixlen': 64, 'shared': True, 'prefixes': ['fdb5:02c3:ed76::/56']}} {{(pid=86997) prepare_request_body /opt/stack/neutron/neutron/api/v2/base.py:727}}
May 26 16:20:10.934505 np0000001433 devstack@neutron-api.service[86997]: DEBUG neutron.policy [None req-39cd4e98-9b3b-4a83-b37f-5b8c8ecd8061 admin admin] Loaded default policies from ['neutron'] under neutron.policies entry points {{(pid=86997) register_rules /opt/stack/neutron/neutron/policy.py:65}}
May 26 16:20:11.061467 np0000001433 devstack@neutron-api.service[86997]: DEBUG neutron_lib.callbacks.manager [None req-39cd4e98-9b3b-4a83-b37f-5b8c8ecd8061 admin admin] Publish callbacks ['neutron.objects.securitygroup.RbacNeutronDbObjectMixin.validate_rbac_policy_change-2853975276083', 'neutron.objects.address_group.RbacNeutronDbObjectMixin.validate_rbac_policy_change-2853975306237', 'neutron.objects.network.RbacNeutronDbObjectMixin.validate_rbac_policy_change-2853975177845', 'neutron.objects.qos.policy.RbacNeutronDbObjectMixin.validate_rbac_policy_change-2853975226800', 'neutron.objects.subnetpool.RbacNeutronDbObjectMixin.validate_rbac_policy_change-2853975204368', 'neutron.objects.address_scope.RbacNeutronDbObjectMixin.validate_rbac_policy_change-2853975213289', 'neutron.plugins.ml2.plugin.External_net_db_mixin._process_ext_policy_create-3302011', 'neutron.plugins.ml2.plugin.NeutronDbPluginV2.validate_network_rbac_policy_change-3281431'] for rbac-policy (None), before_create {{(pid=86997) _notify_loop /opt/stack/data/venv/lib/python3.12/site-packages/neutron_lib/callbacks/manager.py:184}}
May 26 16:20:11.093139 np0000001433 devstack@neutron-api.service[86997]: DEBUG neutron_lib.callbacks.manager [None req-39cd4e98-9b3b-4a83-b37f-5b8c8ecd8061 admin admin] Publish callbacks [] for subnetpool (None), before_response {{(pid=86997) _notify_loop /opt/stack/data/venv/lib/python3.12/site-packages/neutron_lib/callbacks/manager.py:184}}
May 26 16:20:11.093590 np0000001433 devstack@neutron-api.service[86997]: [pid: 86997|app: 0|req: 3/4] 10.4.3.186 () {68 vars in 1336 bytes} [Tue May 26 16:20:10 2026] POST /networking/v2.0/subnetpools => generated 542 bytes in 491 msecs (HTTP/1.1 201) 4 headers in 162 bytes (1 switches on core 0)
May 26 16:20:11.302923 np0000001433 devstack@neutron-api.service[86998]: DEBUG neutron.api.v2.base [None req-6e745eb6-f9d4-4d76-9170-8b0a9e274785 admin admin] Request body: {'network': {'name': 'private', 'admin_state_up': True}} {{(pid=86998) prepare_request_body /opt/stack/neutron/neutron/api/v2/base.py:727}}
May 26 16:20:11.317341 np0000001433 devstack@neutron-api.service[86998]: DEBUG neutron.pecan_wsgi.hooks.quota_enforcement [None req-6e745eb6-f9d4-4d76-9170-8b0a9e274785 admin admin] Made reservation on behalf of 364052aab3f94d449bb40faf856dc3fc for: {'network': 1} {{(pid=86998) before /opt/stack/neutron/neutron/pecan_wsgi/hooks/quota_enforcement.py:66}}
May 26 16:20:11.320117 np0000001433 devstack@neutron-api.service[86998]: DEBUG neutron_lib.callbacks.manager [None req-6e745eb6-f9d4-4d76-9170-8b0a9e274785 admin admin] Publish callbacks ['neutron.plugins.ml2.plugin.SecurityGroupDbMixin._ensure_default_security_group_handler-3382255'] for network (None), before_create {{(pid=86998) _notify_loop /opt/stack/data/venv/lib/python3.12/site-packages/neutron_lib/callbacks/manager.py:184}}
May 26 16:20:11.336694 np0000001433 devstack@neutron-api.service[86998]: DEBUG neutron_lib.callbacks.manager [None req-6e745eb6-f9d4-4d76-9170-8b0a9e274785 admin admin] Publish callbacks [] for security_group (None), before_create {{(pid=86998) _notify_loop /opt/stack/data/venv/lib/python3.12/site-packages/neutron_lib/callbacks/manager.py:184}}
May 26 16:20:11.421586 np0000001433 devstack@neutron-api.service[86998]: DEBUG neutron_lib.callbacks.manager [None req-6e745eb6-f9d4-4d76-9170-8b0a9e274785 admin admin] Publish callbacks ['neutron.plugins.ml2.drivers.ovn.mech_driver.mech_driver.OVNMechanismDriver._create_security_group_precommit-484532'] for security_group (86b78fa8-d6bf-4572-b8b4-f7d82452866c), precommit_create {{(pid=86998) _notify_loop /opt/stack/data/venv/lib/python3.12/site-packages/neutron_lib/callbacks/manager.py:184}}
May 26 16:20:11.421727 np0000001433 devstack@neutron-api.service[86998]: DEBUG neutron.db.ovn_revision_numbers_db [None req-6e745eb6-f9d4-4d76-9170-8b0a9e274785 admin admin] create_initial_revision uuid=86b78fa8-d6bf-4572-b8b4-f7d82452866c, type=security_groups, rev=-1 {{(pid=86998) create_initial_revision /opt/stack/neutron/neutron/db/ovn_revision_numbers_db.py:98}}
May 26 16:20:11.424325 np0000001433 devstack@neutron-api.service[86998]: DEBUG neutron.db.ovn_revision_numbers_db [None req-6e745eb6-f9d4-4d76-9170-8b0a9e274785 admin admin] create_initial_revision uuid=94b09bcb-b7f5-493d-a2e9-9f3c79380d7a, type=security_group_rules, rev=-1 {{(pid=86998) create_initial_revision /opt/stack/neutron/neutron/db/ovn_revision_numbers_db.py:98}}
May 26 16:20:11.425292 np0000001433 devstack@neutron-api.service[86998]: DEBUG neutron.db.ovn_revision_numbers_db [None req-6e745eb6-f9d4-4d76-9170-8b0a9e274785 admin admin] create_initial_revision uuid=79f03fd6-49d8-4534-8815-0914cefd2d27, type=security_group_rules, rev=-1 {{(pid=86998) create_initial_revision /opt/stack/neutron/neutron/db/ovn_revision_numbers_db.py:98}}
May 26 16:20:11.426154 np0000001433 devstack@neutron-api.service[86998]: DEBUG neutron.db.ovn_revision_numbers_db [None req-6e745eb6-f9d4-4d76-9170-8b0a9e274785 admin admin] create_initial_revision uuid=48eeead0-a26c-4401-9155-e0967e799a80, type=security_group_rules, rev=-1 {{(pid=86998) create_initial_revision /opt/stack/neutron/neutron/db/ovn_revision_numbers_db.py:98}}
May 26 16:20:11.426972 np0000001433 devstack@neutron-api.service[86998]: DEBUG neutron.db.ovn_revision_numbers_db [None req-6e745eb6-f9d4-4d76-9170-8b0a9e274785 admin admin] create_initial_revision uuid=3adc4a48-d29c-4d05-8e74-f95197831acc, type=security_group_rules, rev=-1 {{(pid=86998) create_initial_revision /opt/stack/neutron/neutron/db/ovn_revision_numbers_db.py:98}}
May 26 16:20:11.429806 np0000001433 devstack@neutron-api.service[86998]: DEBUG neutron_lib.callbacks.manager [None req-6e745eb6-f9d4-4d76-9170-8b0a9e274785 admin admin] Publish callbacks ['neutron.plugins.ml2.drivers.ovn.mech_driver.mech_driver.OVNMechanismDriver._create_security_group-484686', 'neutron.plugins.ml2.ovo_rpc._ObjectChangeHandler.handle_event-8225696'] for security_group (86b78fa8-d6bf-4572-b8b4-f7d82452866c), after_create {{(pid=86998) _notify_loop /opt/stack/data/venv/lib/python3.12/site-packages/neutron_lib/callbacks/manager.py:184}}
May 26 16:20:11.429984 np0000001433 devstack@neutron-api.service[86998]: INFO neutron.plugins.ml2.drivers.ovn.mech_driver.ovsdb.extensions.qos [None req-6e745eb6-f9d4-4d76-9170-8b0a9e274785 admin admin] Starting OVNClientQosExtension
May 26 16:20:11.430120 np0000001433 devstack@neutron-api.service[86998]: INFO neutron.plugins.ml2.drivers.ovn.mech_driver.ovsdb.extensions.placement [None req-6e745eb6-f9d4-4d76-9170-8b0a9e274785 admin admin] Starting OVNClientPlacementExtension
May 26 16:20:11.431382 np0000001433 devstack@neutron-api.service[86998]: DEBUG ovsdbapp.backend.ovs_idl.transaction [-] Running txn n=1 command(idx=0): PgAddCommand(_result=None, name=pg_86b78fa8_d6bf_4572_b8b4_f7d82452866c, may_exist=False, columns={'acls': [], 'external_ids': {'neutron:security_group_id': '86b78fa8-d6bf-4572-b8b4-f7d82452866c'}}) {{(pid=86998) do_commit /opt/stack/data/venv/lib/python3.12/site-packages/ovsdbapp/backend/ovs_idl/transaction.py:89}}
May 26 16:20:11.433251 np0000001433 devstack@neutron-api.service[86998]: DEBUG ovsdbapp.backend.ovs_idl.transaction [-] Running txn n=1 command(idx=1): PgAclAddCommand(_result=None, entity=pg_86b78fa8_d6bf_4572_b8b4_f7d82452866c, direction=from-lport, priority=1002, match=inport == @pg_86b78fa8_d6bf_4572_b8b4_f7d82452866c && ip6, action=allow-related, log=False, may_exist=True, severity=[], name=[], meter=[], external_ids={'neutron:security_group_rule_id': '94b09bcb-b7f5-493d-a2e9-9f3c79380d7a'}) {{(pid=86998) do_commit /opt/stack/data/venv/lib/python3.12/site-packages/ovsdbapp/backend/ovs_idl/transaction.py:89}}
May 26 16:20:11.433745 np0000001433 devstack@neutron-api.service[86998]: DEBUG ovsdbapp.backend.ovs_idl.transaction [-] Running txn n=1 command(idx=2): PgAclAddCommand(_result=None, entity=pg_86b78fa8_d6bf_4572_b8b4_f7d82452866c, direction=to-lport, priority=1002, match=outport == @pg_86b78fa8_d6bf_4572_b8b4_f7d82452866c && ip6 && ip6.src == $pg_86b78fa8_d6bf_4572_b8b4_f7d82452866c_ip6, action=allow-related, log=False, may_exist=True, severity=[], name=[], meter=[], external_ids={'neutron:security_group_rule_id': '79f03fd6-49d8-4534-8815-0914cefd2d27'}) {{(pid=86998) do_commit /opt/stack/data/venv/lib/python3.12/site-packages/ovsdbapp/backend/ovs_idl/transaction.py:89}}
May 26 16:20:11.434112 np0000001433 devstack@neutron-api.service[86998]: DEBUG ovsdbapp.backend.ovs_idl.transaction [-] Running txn n=1 command(idx=3): PgAclAddCommand(_result=None, entity=pg_86b78fa8_d6bf_4572_b8b4_f7d82452866c, direction=to-lport, priority=1002, match=outport == @pg_86b78fa8_d6bf_4572_b8b4_f7d82452866c && ip4 && ip4.src == $pg_86b78fa8_d6bf_4572_b8b4_f7d82452866c_ip4, action=allow-related, log=False, may_exist=True, severity=[], name=[], meter=[], external_ids={'neutron:security_group_rule_id': '48eeead0-a26c-4401-9155-e0967e799a80'}) {{(pid=86998) do_commit /opt/stack/data/venv/lib/python3.12/site-packages/ovsdbapp/backend/ovs_idl/transaction.py:89}}
May 26 16:20:11.434415 np0000001433 devstack@neutron-api.service[86998]: DEBUG ovsdbapp.backend.ovs_idl.transaction [-] Running txn n=1 command(idx=4): PgAclAddCommand(_result=None, entity=pg_86b78fa8_d6bf_4572_b8b4_f7d82452866c, direction=from-lport, priority=1002, match=inport == @pg_86b78fa8_d6bf_4572_b8b4_f7d82452866c && ip4, action=allow-related, log=False, may_exist=True, severity=[], name=[], meter=[], external_ids={'neutron:security_group_rule_id': '3adc4a48-d29c-4d05-8e74-f95197831acc'}) {{(pid=86998) do_commit /opt/stack/data/venv/lib/python3.12/site-packages/ovsdbapp/backend/ovs_idl/transaction.py:89}}
May 26 16:20:11.439026 np0000001433 devstack@neutron-api.service[86998]: DEBUG neutron.plugins.ml2.drivers.ovn.mech_driver.ovsdb.ovsdb_monitor [-] Hash Ring: Node a21ecf1743365aa2aac6ebbed0408306 (host: np0000001433) handling event "create" for row 87f1c4d6-9199-48c2-965f-2f5fe52f1703 (table: ACL) {{(pid=86998) notify /opt/stack/neutron/neutron/plugins/ml2/drivers/ovn/mech_driver/ovsdb/ovsdb_monitor.py:986}}
May 26 16:20:11.439263 np0000001433 devstack@neutron-api.service[86998]: DEBUG neutron.plugins.ml2.drivers.ovn.mech_driver.ovsdb.ovsdb_monitor [-] Hash Ring: Node a21ecf1743365aa2aac6ebbed0408306 (host: np0000001433) handling event "create" for row fb73b731-76f7-4d86-8375-29854ca36b1a (table: ACL) {{(pid=86998) notify /opt/stack/neutron/neutron/plugins/ml2/drivers/ovn/mech_driver/ovsdb/ovsdb_monitor.py:986}}
May 26 16:20:11.440088 np0000001433 devstack@neutron-api.service[86997]: DEBUG neutron.plugins.ml2.drivers.ovn.mech_driver.ovsdb.ovsdb_monitor [-] Hash Ring: Node 9a68e182418b5c1da5297ecc2fa9f619 (host: np0000001433) handling event "create" for row 14f67ba6-42ef-43b8-86bb-b6ce0d8d7a3e (table: ACL) {{(pid=86997) notify /opt/stack/neutron/neutron/plugins/ml2/drivers/ovn/mech_driver/ovsdb/ovsdb_monitor.py:986}}
May 26 16:20:11.440288 np0000001433 devstack@neutron-api.service[86997]: DEBUG neutron.plugins.ml2.drivers.ovn.mech_driver.ovsdb.ovsdb_monitor [-] Hash Ring: Node 9a68e182418b5c1da5297ecc2fa9f619 (host: np0000001433) handling event "create" for row 87f1c4d6-9199-48c2-965f-2f5fe52f1703 (table: ACL) {{(pid=86997) notify /opt/stack/neutron/neutron/plugins/ml2/drivers/ovn/mech_driver/ovsdb/ovsdb_monitor.py:986}}
May 26 16:20:11.440417 np0000001433 devstack@neutron-api.service[86997]: DEBUG neutron.plugins.ml2.drivers.ovn.mech_driver.ovsdb.ovsdb_monitor [-] Hash Ring: Node 9a68e182418b5c1da5297ecc2fa9f619 (host: np0000001433) handling event "create" for row a2046c0f-5a40-48f3-ad99-3a62f3d9b600 (table: ACL) {{(pid=86997) notify /opt/stack/neutron/neutron/plugins/ml2/drivers/ovn/mech_driver/ovsdb/ovsdb_monitor.py:986}}
May 26 16:20:11.440545 np0000001433 devstack@neutron-api.service[86997]: DEBUG neutron.plugins.ml2.drivers.ovn.mech_driver.ovsdb.ovsdb_monitor [-] Hash Ring: Node 9a68e182418b5c1da5297ecc2fa9f619 (host: np0000001433) handling event "create" for row fb73b731-76f7-4d86-8375-29854ca36b1a (table: ACL) {{(pid=86997) notify /opt/stack/neutron/neutron/plugins/ml2/drivers/ovn/mech_driver/ovsdb/ovsdb_monitor.py:986}}
May 26 16:20:11.440650 np0000001433 devstack@neutron-api.service[86997]: DEBUG neutron.plugins.ml2.drivers.ovn.mech_driver.ovsdb.ovsdb_monitor [-] Hash Ring: Node 9a68e182418b5c1da5297ecc2fa9f619 (host: np0000001433) handling event "create" for row 2e9be968-04b7-4292-a0c8-86f9557d933a (table: Port_Group) {{(pid=86997) notify /opt/stack/neutron/neutron/plugins/ml2/drivers/ovn/mech_driver/ovsdb/ovsdb_monitor.py:986}}
May 26 16:20:11.460905 np0000001433 devstack@neutron-api.service[86998]: INFO neutron.db.ovn_revision_numbers_db [None req-6e745eb6-f9d4-4d76-9170-8b0a9e274785 admin admin] Successfully bumped revision number for resource 86b78fa8-d6bf-4572-b8b4-f7d82452866c (type: security_groups) to 1
May 26 16:20:11.472072 np0000001433 devstack@neutron-api.service[86998]: INFO neutron.db.ovn_revision_numbers_db [None req-6e745eb6-f9d4-4d76-9170-8b0a9e274785 admin admin] Successfully bumped revision number for resource 94b09bcb-b7f5-493d-a2e9-9f3c79380d7a (type: security_group_rules) to 0
May 26 16:20:11.480539 np0000001433 devstack@neutron-api.service[86998]: INFO neutron.db.ovn_revision_numbers_db [None req-6e745eb6-f9d4-4d76-9170-8b0a9e274785 admin admin] Successfully bumped revision number for resource 79f03fd6-49d8-4534-8815-0914cefd2d27 (type: security_group_rules) to 0
May 26 16:20:11.488939 np0000001433 devstack@neutron-api.service[86998]: INFO neutron.db.ovn_revision_numbers_db [None req-6e745eb6-f9d4-4d76-9170-8b0a9e274785 admin admin] Successfully bumped revision number for resource 48eeead0-a26c-4401-9155-e0967e799a80 (type: security_group_rules) to 0
May 26 16:20:11.497123 np0000001433 devstack@neutron-api.service[86998]: INFO neutron.db.ovn_revision_numbers_db [None req-6e745eb6-f9d4-4d76-9170-8b0a9e274785 admin admin] Successfully bumped revision number for resource 3adc4a48-d29c-4d05-8e74-f95197831acc (type: security_group_rules) to 0
May 26 16:20:11.515982 np0000001433 devstack@neutron-api.service[86998]: DEBUG neutron.api.rpc.handlers.resources_rpc [None req-6e745eb6-f9d4-4d76-9170-8b0a9e274785 admin admin] Pushing event updated for resources: {'SecurityGroup': ['ID=86b78fa8-d6bf-4572-b8b4-f7d82452866c,revision_number=1']} {{(pid=86998) push /opt/stack/neutron/neutron/api/rpc/handlers/resources_rpc.py:237}}
May 26 16:20:11.522512 np0000001433 devstack@neutron-api.service[86998]: DEBUG ovsdbapp.backend.ovs_idl.transaction [-] Running txn n=1 command(idx=0): CheckLivenessCommand(_result=None) {{(pid=86998) do_commit /opt/stack/data/venv/lib/python3.12/site-packages/ovsdbapp/backend/ovs_idl/transaction.py:89}}
May 26 16:20:11.525512 np0000001433 devstack@neutron-api.service[86997]: DEBUG neutron.plugins.ml2.drivers.ovn.mech_driver.ovsdb.ovsdb_monitor [-] Hash Ring: Node 9a68e182418b5c1da5297ecc2fa9f619 (host: np0000001433) handling event "update" for row e9f82dae-b7c6-44e7-8511-5d9680fcec6d (table: NB_Global) {{(pid=86997) notify /opt/stack/neutron/neutron/plugins/ml2/drivers/ovn/mech_driver/ovsdb/ovsdb_monitor.py:986}}
May 26 16:20:11.525512 np0000001433 devstack@neutron-api.service[86997]: DEBUG neutron.plugins.ml2.drivers.ovn.mech_driver.ovsdb.ovsdb_monitor [-] Hash Ring: Node 9a68e182418b5c1da5297ecc2fa9f619 (host: np0000001433) handling event "update" for row e9f82dae-b7c6-44e7-8511-5d9680fcec6d (table: NB_Global) {{(pid=86997) notify /opt/stack/neutron/neutron/plugins/ml2/drivers/ovn/mech_driver/ovsdb/ovsdb_monitor.py:986}}
May 26 16:20:11.525512 np0000001433 devstack@neutron-api.service[86997]: DEBUG neutron.plugins.ml2.drivers.ovn.mech_driver.ovsdb.ovsdb_monitor [-] Hash Ring: Node 9a68e182418b5c1da5297ecc2fa9f619 (host: np0000001433) handling event "update" for row e9f82dae-b7c6-44e7-8511-5d9680fcec6d (table: NB_Global) {{(pid=86997) notify /opt/stack/neutron/neutron/plugins/ml2/drivers/ovn/mech_driver/ovsdb/ovsdb_monitor.py:986}}
May 26 16:20:11.525779 np0000001433 devstack@neutron-api.service[86997]: DEBUG neutron.plugins.ml2.drivers.ovn.mech_driver.ovsdb.ovsdb_monitor [-] ChassisAgentWriteEvent : Matched Chassis_Private, update, None None {{(pid=86997) matches /opt/stack/neutron/neutron/plugins/ml2/drivers/ovn/mech_driver/ovsdb/ovsdb_monitor.py:64}}
May 26 16:20:11.526762 np0000001433 devstack@neutron-api.service[86998]: DEBUG neutron.api.rpc.callbacks.version_manager [None req-6e745eb6-f9d4-4d76-9170-8b0a9e274785 admin admin] Tracked resource versions report:
May 26 16:20:11.526762 np0000001433 devstack@neutron-api.service[86998]: pushed versions:
May 26 16:20:11.526762 np0000001433 devstack@neutron-api.service[86998]: { 'AddressGroup': {'1.2'},
May 26 16:20:11.526762 np0000001433 devstack@neutron-api.service[86998]: 'Agent': {'1.1'},
May 26 16:20:11.526762 np0000001433 devstack@neutron-api.service[86998]: 'ConntrackHelper': {'1.0'},
May 26 16:20:11.526762 np0000001433 devstack@neutron-api.service[86998]: 'LocalIPAssociation': {'1.0'},
May 26 16:20:11.526762 np0000001433 devstack@neutron-api.service[86998]: 'Log': {'1.0'},
May 26 16:20:11.526762 np0000001433 devstack@neutron-api.service[86998]: 'NDPProxy': {'1.0'},
May 26 16:20:11.526762 np0000001433 devstack@neutron-api.service[86998]: 'Network': {'1.2'},
May 26 16:20:11.526762 np0000001433 devstack@neutron-api.service[86998]: 'Port': {'1.10'},
May 26 16:20:11.526762 np0000001433 devstack@neutron-api.service[86998]: 'PortForwarding': {'1.3'},
May 26 16:20:11.526762 np0000001433 devstack@neutron-api.service[86998]: 'QosPolicy': {'1.10'},
May 26 16:20:11.526762 np0000001433 devstack@neutron-api.service[86998]: 'SecurityGroup': {'1.6'},
May 26 16:20:11.526762 np0000001433 devstack@neutron-api.service[86998]: 'SecurityGroupRule': {'1.3'},
May 26 16:20:11.526762 np0000001433 devstack@neutron-api.service[86998]: 'SubPort': {'1.0'},
May 26 16:20:11.526762 np0000001433 devstack@neutron-api.service[86998]: 'Subnet': {'1.2'},
May 26 16:20:11.526762 np0000001433 devstack@neutron-api.service[86998]: 'Trunk': {'1.1'}}
May 26 16:20:11.526762 np0000001433 devstack@neutron-api.service[86998]: consumer versions:
May 26 16:20:11.526762 np0000001433 devstack@neutron-api.service[86998]: {}
May 26 16:20:11.526762 np0000001433 devstack@neutron-api.service[86998]: {{(pid=86998) report /opt/stack/neutron/neutron/api/rpc/callbacks/version_manager.py:183}}
May 26 16:20:11.527505 np0000001433 devstack@neutron-api.service[86997]: DEBUG neutron.plugins.ml2.drivers.ovn.mech_driver.ovsdb.ovsdb_monitor [-] Hash Ring: Node 9a68e182418b5c1da5297ecc2fa9f619 (host: np0000001433) handling event "update" for row e9f82dae-b7c6-44e7-8511-5d9680fcec6d (table: NB_Global) {{(pid=86997) notify /opt/stack/neutron/neutron/plugins/ml2/drivers/ovn/mech_driver/ovsdb/ovsdb_monitor.py:986}}
May 26 16:20:11.530057 np0000001433 devstack@neutron-api.service[86997]: DEBUG neutron.common.ovn.hash_ring_manager [-] Allow caching, nodes 2>=2 {{(pid=86997) _wait_startup_before_caching /opt/stack/neutron/neutron/common/ovn/hash_ring_manager.py:65}}
May 26 16:20:11.530389 np0000001433 devstack@neutron-api.service[86997]: DEBUG neutron.plugins.ml2.drivers.ovn.mech_driver.ovsdb.ovsdb_monitor [-] Hash Ring: Node 9a68e182418b5c1da5297ecc2fa9f619 (host: np0000001433) handling event "update" for row 4624de44-ee8c-4f12-ad7e-6ed9d1cf892f (table: Chassis_Private) {{(pid=86997) notify /opt/stack/neutron/neutron/plugins/ml2/drivers/ovn/mech_driver/ovsdb/ovsdb_monitor.py:986}}
May 26 16:20:11.530956 np0000001433 devstack@neutron-api.service[86997]: DEBUG neutron.plugins.ml2.drivers.ovn.mech_driver.ovsdb.ovsdb_monitor [-] ChassisOVNAgentWriteEvent : Matched Chassis_Private, update, None None {{(pid=86997) matches /opt/stack/neutron/neutron/plugins/ml2/drivers/ovn/mech_driver/ovsdb/ovsdb_monitor.py:64}}
May 26 16:20:11.531259 np0000001433 devstack@neutron-api.service[86997]: DEBUG neutron.plugins.ml2.drivers.ovn.mech_driver.ovsdb.ovsdb_monitor [-] Hash Ring: Node 9a68e182418b5c1da5297ecc2fa9f619 (host: np0000001433) handling event "update" for row 4624de44-ee8c-4f12-ad7e-6ed9d1cf892f (table: Chassis_Private) {{(pid=86997) notify /opt/stack/neutron/neutron/plugins/ml2/drivers/ovn/mech_driver/ovsdb/ovsdb_monitor.py:986}}
May 26 16:20:11.532714 np0000001433 devstack@neutron-api.service[86998]: DEBUG neutron.plugins.ml2.drivers.ovn.mech_driver.ovsdb.ovsdb_monitor [-] ChassisAgentWriteEvent : Matched Chassis_Private, update, None None {{(pid=86998) matches /opt/stack/neutron/neutron/plugins/ml2/drivers/ovn/mech_driver/ovsdb/ovsdb_monitor.py:64}}
May 26 16:20:11.534653 np0000001433 devstack@neutron-api.service[86998]: DEBUG neutron.plugins.ml2.drivers.ovn.mech_driver.ovsdb.ovsdb_monitor [-] ChassisOVNAgentWriteEvent : Matched Chassis_Private, update, None None {{(pid=86998) matches /opt/stack/neutron/neutron/plugins/ml2/drivers/ovn/mech_driver/ovsdb/ovsdb_monitor.py:64}}
May 26 16:20:11.570272 np0000001433 devstack@neutron-api.service[86998]: DEBUG neutron.plugins.ml2.drivers.helpers [None req-6e745eb6-f9d4-4d76-9170-8b0a9e274785 admin admin] geneve segment allocate from pool success with {'geneve_vni': 61004} {{(pid=86998) allocate_partially_specified_segment /opt/stack/neutron/neutron/plugins/ml2/drivers/helpers.py:142}}
May 26 16:20:11.582222 np0000001433 devstack@neutron-api.service[86998]: DEBUG neutron_lib.callbacks.manager [None req-6e745eb6-f9d4-4d76-9170-8b0a9e274785 admin admin] Publish callbacks ['neutron.services.segments.db._add_segment_host_mapping_for_segment-8582331417020', 'neutron.plugins.ml2.plugin.Ml2Plugin._handle_segment_change-3136589'] for segment (dfc4e64b-81a6-4e30-935e-347ce6d3212f), precommit_create {{(pid=86998) _notify_loop /opt/stack/data/venv/lib/python3.12/site-packages/neutron_lib/callbacks/manager.py:184}}
May 26 16:20:11.582399 np0000001433 devstack@neutron-api.service[86998]: INFO neutron.db.segments_db [None req-6e745eb6-f9d4-4d76-9170-8b0a9e274785 admin admin] Added segment dfc4e64b-81a6-4e30-935e-347ce6d3212f of type geneve for network bc80effe-1ccf-4efd-a923-c24576da7c8f
May 26 16:20:11.617463 np0000001433 devstack@neutron-api.service[86998]: DEBUG neutron_lib.callbacks.manager [None req-6e745eb6-f9d4-4d76-9170-8b0a9e274785 admin admin] Publish callbacks ['neutron.services.auto_allocate.db._ensure_external_network_default_value_callback-8582329422982'] for network (bc80effe-1ccf-4efd-a923-c24576da7c8f), precommit_create {{(pid=86998) _notify_loop /opt/stack/data/venv/lib/python3.12/site-packages/neutron_lib/callbacks/manager.py:184}}
May 26 16:20:11.631707 np0000001433 devstack@neutron-api.service[86998]: DEBUG neutron.plugins.ml2.drivers.ovn.mech_driver.mech_driver [None req-6e745eb6-f9d4-4d76-9170-8b0a9e274785 admin admin] Validating network segment with type geneve, segmentation ID 61004, physical network None {{(pid=86998) _validate_network_segments /opt/stack/neutron/neutron/plugins/ml2/drivers/ovn/mech_driver/mech_driver.py:641}}
May 26 16:20:11.631848 np0000001433 devstack@neutron-api.service[86998]: DEBUG neutron.db.ovn_revision_numbers_db [None req-6e745eb6-f9d4-4d76-9170-8b0a9e274785 admin admin] create_initial_revision uuid=bc80effe-1ccf-4efd-a923-c24576da7c8f, type=networks, rev=-1 {{(pid=86998) create_initial_revision /opt/stack/neutron/neutron/db/ovn_revision_numbers_db.py:98}}
May 26 16:20:11.643065 np0000001433 devstack@neutron-api.service[86998]: DEBUG neutron_lib.callbacks.manager [None req-6e745eb6-f9d4-4d76-9170-8b0a9e274785 admin admin] Publish callbacks ['neutron.plugins.ml2.ovo_rpc._ObjectChangeHandler.handle_event-8225716'] for network (bc80effe-1ccf-4efd-a923-c24576da7c8f), after_create {{(pid=86998) _notify_loop /opt/stack/data/venv/lib/python3.12/site-packages/neutron_lib/callbacks/manager.py:184}}
May 26 16:20:11.689421 np0000001433 devstack@neutron-api.service[86998]: DEBUG neutron.api.rpc.handlers.resources_rpc [None req-6e745eb6-f9d4-4d76-9170-8b0a9e274785 admin admin] Pushing event updated for resources: {'Network': ['ID=bc80effe-1ccf-4efd-a923-c24576da7c8f,revision_number=1']} {{(pid=86998) push /opt/stack/neutron/neutron/api/rpc/handlers/resources_rpc.py:237}}
May 26 16:20:11.697473 np0000001433 devstack@neutron-api.service[86998]: DEBUG ovsdbapp.backend.ovs_idl.transaction [-] Running txn n=1 command(idx=0): AddNetworkCommand(_result=None, network_uuid=bc80effe-1ccf-4efd-a923-c24576da7c8f, may_exist=True, columns={'external_ids': {'neutron:network_name': 'private', 'neutron:mtu': '1372', 'neutron:revision_number': '1', 'neutron:availability_zone_hints': '', 'neutron:provnet-network-type': 'geneve'}, 'other_config': {'mcast_snoop': 'false', 'mcast_flood_unregistered': 'false', 'vlan-passthru': 'false'}}) {{(pid=86998) do_commit /opt/stack/data/venv/lib/python3.12/site-packages/ovsdbapp/backend/ovs_idl/transaction.py:89}}
May 26 16:20:11.697945 np0000001433 devstack@neutron-api.service[86998]: DEBUG neutron.common.ovn.utils [-] OVS persist_uuid supported=True {{(pid=86998) ovs_persist_uuid_supported /opt/stack/neutron/neutron/common/ovn/utils.py:1538}}
May 26 16:20:11.713528 np0000001433 devstack@neutron-api.service[86997]: DEBUG neutron.plugins.ml2.drivers.ovn.mech_driver.ovsdb.ovsdb_monitor [-] Hash Ring: Node 9a68e182418b5c1da5297ecc2fa9f619 (host: np0000001433) handling event "create" for row bc80effe-1ccf-4efd-a923-c24576da7c8f (table: Logical_Switch) {{(pid=86997) notify /opt/stack/neutron/neutron/plugins/ml2/drivers/ovn/mech_driver/ovsdb/ovsdb_monitor.py:986}}
May 26 16:20:11.716619 np0000001433 devstack@neutron-api.service[86997]: DEBUG neutron.plugins.ml2.drivers.ovn.mech_driver.ovsdb.ovsdb_monitor [-] Hash Ring: Node 9a68e182418b5c1da5297ecc2fa9f619 (host: np0000001433) handling event "create" for row 16b40fe3-c69f-456f-82b3-91ec6b0e6b64 (table: Datapath_Binding) {{(pid=86997) notify /opt/stack/neutron/neutron/plugins/ml2/drivers/ovn/mech_driver/ovsdb/ovsdb_monitor.py:986}}
May 26 16:20:11.723246 np0000001433 devstack@neutron-api.service[86998]: DEBUG neutron.plugins.ml2.drivers.ovn.mech_driver.ovsdb.ovsdb_monitor [-] Hash Ring: Node a21ecf1743365aa2aac6ebbed0408306 (host: np0000001433) handling event "create" for row 16b40fe3-c69f-456f-82b3-91ec6b0e6b64 (table: Datapath_Binding) {{(pid=86998) notify /opt/stack/neutron/neutron/plugins/ml2/drivers/ovn/mech_driver/ovsdb/ovsdb_monitor.py:986}}
May 26 16:20:11.738298 np0000001433 devstack@neutron-api.service[86998]: INFO neutron.db.ovn_revision_numbers_db [None req-6e745eb6-f9d4-4d76-9170-8b0a9e274785 admin admin] Successfully bumped revision number for resource bc80effe-1ccf-4efd-a923-c24576da7c8f (type: networks) to 1
May 26 16:20:11.787069 np0000001433 devstack@neutron-api.service[86998]: DEBUG neutron_lib.callbacks.manager [None req-6e745eb6-f9d4-4d76-9170-8b0a9e274785 admin admin] Publish callbacks ['neutron.plugins.ml2.plugin.SecurityGroupDbMixin._ensure_default_security_group_handler-3382255'] for port (None), before_create {{(pid=86998) _notify_loop /opt/stack/data/venv/lib/python3.12/site-packages/neutron_lib/callbacks/manager.py:184}}
May 26 16:20:12.075964 np0000001433 devstack@neutron-api.service[86998]: DEBUG neutron_lib.callbacks.manager [None req-6e745eb6-f9d4-4d76-9170-8b0a9e274785 admin admin] Publish callbacks ['neutron.plugins.ml2.drivers.ovn.mech_driver.mech_driver.OVNMechanismDriver._validate_allowed_address_pairs-484668'] for allowed_address_pair (144e1fa3-f913-4631-a538-981f4f0d254d), before_create {{(pid=86998) _notify_loop /opt/stack/data/venv/lib/python3.12/site-packages/neutron_lib/callbacks/manager.py:184}}
May 26 16:20:12.076389 np0000001433 devstack@neutron-api.service[86998]: DEBUG neutron_lib.callbacks.manager [None req-6e745eb6-f9d4-4d76-9170-8b0a9e274785 admin admin] Publish callbacks [] for port (144e1fa3-f913-4631-a538-981f4f0d254d), precommit_create {{(pid=86998) _notify_loop /opt/stack/data/venv/lib/python3.12/site-packages/neutron_lib/callbacks/manager.py:184}}
May 26 16:20:12.076563 np0000001433 devstack@neutron-api.service[86998]: DEBUG neutron.plugins.ml2.drivers.ovn.mech_driver.mech_driver [None req-6e745eb6-f9d4-4d76-9170-8b0a9e274785 admin admin] No provisioning block for port 144e1fa3-f913-4631-a538-981f4f0d254d since it does not have a host {{(pid=86998) _is_port_provisioning_required /opt/stack/neutron/neutron/plugins/ml2/drivers/ovn/mech_driver/mech_driver.py:894}}
May 26 16:20:12.076661 np0000001433 devstack@neutron-api.service[86998]: DEBUG neutron.db.ovn_revision_numbers_db [None req-6e745eb6-f9d4-4d76-9170-8b0a9e274785 admin admin] create_initial_revision uuid=144e1fa3-f913-4631-a538-981f4f0d254d, type=ports, rev=-1 {{(pid=86998) create_initial_revision /opt/stack/neutron/neutron/db/ovn_revision_numbers_db.py:98}}
May 26 16:20:12.125012 np0000001433 devstack@neutron-api.service[86998]: DEBUG neutron_lib.callbacks.manager [None req-6e745eb6-f9d4-4d76-9170-8b0a9e274785 admin admin] Publish callbacks ['neutron.plugins.ml2.ovo_rpc._ObjectChangeHandler.handle_event-8225352'] for port (144e1fa3-f913-4631-a538-981f4f0d254d), after_create {{(pid=86998) _notify_loop /opt/stack/data/venv/lib/python3.12/site-packages/neutron_lib/callbacks/manager.py:184}}
May 26 16:20:12.173880 np0000001433 devstack@neutron-api.service[86998]: DEBUG neutron.api.rpc.handlers.resources_rpc [None req-6e745eb6-f9d4-4d76-9170-8b0a9e274785 admin admin] Pushing event updated for resources: {'Port': ['ID=144e1fa3-f913-4631-a538-981f4f0d254d,revision_number=1']} {{(pid=86998) push /opt/stack/neutron/neutron/api/rpc/handlers/resources_rpc.py:237}}
May 26 16:20:12.202519 np0000001433 devstack@neutron-api.service[86998]: DEBUG ovsdbapp.backend.ovs_idl.transaction [-] Running txn n=1 command(idx=0): AddLSwitchPortCommand(_result=None, lport=144e1fa3-f913-4631-a538-981f4f0d254d, lswitch=neutron-bc80effe-1ccf-4efd-a923-c24576da7c8f, may_exist=True, network_uuid=bc80effe-1ccf-4efd-a923-c24576da7c8f, columns={'addresses': ['fa:16:3e:5d:63:4a'], 'external_ids': {'neutron:port_name': '', 'neutron:device_id': 'ovnmeta-bc80effe-1ccf-4efd-a923-c24576da7c8f', 'neutron:project_id': '364052aab3f94d449bb40faf856dc3fc', 'neutron:cidrs': '', 'neutron:device_owner': 'network:distributed', 'neutron:subnet_pool_addr_scope4': '', 'neutron:subnet_pool_addr_scope6': '', 'neutron:network_name': 'neutron-bc80effe-1ccf-4efd-a923-c24576da7c8f', 'neutron:security_group_ids': '', 'neutron:revision_number': '1', 'neutron:vnic_type': 'normal', 'neutron:port_capabilities': '', 'neutron:mtu': '1372'}, 'parent_name': [], 'tag': [], 'enabled': True, 'options': {}, 'type': 'localport', 'port_security': [], 'dhcpv4_options': [], 'dhcpv6_options': []}) {{(pid=86998) do_commit /opt/stack/data/venv/lib/python3.12/site-packages/ovsdbapp/backend/ovs_idl/transaction.py:89}}
May 26 16:20:12.202932 np0000001433 devstack@neutron-api.service[86998]: DEBUG ovsdbapp.backend.ovs_idl.transaction [-] Running txn n=1 command(idx=1): QoSDelCommand(_result=None, switch=neutron-bc80effe-1ccf-4efd-a923-c24576da7c8f, conditions=[('direction', '=', 'to-lport'), ('priority', '=', 2002), ('match', '=', 'outport == "144e1fa3-f913-4631-a538-981f4f0d254d"')], if_exists=True) {{(pid=86998) do_commit /opt/stack/data/venv/lib/python3.12/site-packages/ovsdbapp/backend/ovs_idl/transaction.py:89}}
May 26 16:20:12.203112 np0000001433 devstack@neutron-api.service[86998]: DEBUG ovsdbapp.backend.ovs_idl.transaction [-] Running txn n=1 command(idx=2): QoSDelCommand(_result=None, switch=neutron-bc80effe-1ccf-4efd-a923-c24576da7c8f, conditions=[('direction', '=', 'from-lport'), ('priority', '=', 2002), ('match', '=', 'inport == "144e1fa3-f913-4631-a538-981f4f0d254d"')], if_exists=True) {{(pid=86998) do_commit /opt/stack/data/venv/lib/python3.12/site-packages/ovsdbapp/backend/ovs_idl/transaction.py:89}}
May 26 16:20:12.205777 np0000001433 devstack@neutron-api.service[86997]: DEBUG neutron.plugins.ml2.drivers.ovn.mech_driver.ovsdb.ovsdb_monitor [-] Hash Ring: Node 9a68e182418b5c1da5297ecc2fa9f619 (host: np0000001433) handling event "update" for row bc80effe-1ccf-4efd-a923-c24576da7c8f (table: Logical_Switch) {{(pid=86997) notify /opt/stack/neutron/neutron/plugins/ml2/drivers/ovn/mech_driver/ovsdb/ovsdb_monitor.py:986}}
May 26 16:20:12.206161 np0000001433 devstack@neutron-api.service[86998]: DEBUG neutron.plugins.ml2.drivers.ovn.mech_driver.ovsdb.ovsdb_monitor [-] Hash Ring: Node a21ecf1743365aa2aac6ebbed0408306 (host: np0000001433) handling event "create" for row 294c70f7-75a7-4075-bcc8-143f3366269e (table: Logical_Switch_Port) {{(pid=86998) notify /opt/stack/neutron/neutron/plugins/ml2/drivers/ovn/mech_driver/ovsdb/ovsdb_monitor.py:986}}
May 26 16:20:12.206221 np0000001433 devstack@neutron-api.service[86997]: DEBUG neutron.plugins.ml2.drivers.ovn.mech_driver.ovsdb.ovsdb_monitor [-] Hash Ring: Node 9a68e182418b5c1da5297ecc2fa9f619 (host: np0000001433) handling event "create" for row 294c70f7-75a7-4075-bcc8-143f3366269e (table: Logical_Switch_Port) {{(pid=86997) notify /opt/stack/neutron/neutron/plugins/ml2/drivers/ovn/mech_driver/ovsdb/ovsdb_monitor.py:986}}
May 26 16:20:12.206750 np0000001433 devstack@neutron-api.service[86997]: DEBUG ovsdbapp.backend.ovs_idl.event [-] Matched CREATE: LogicalSwitchPortCreateEvent(events=('create',), table='Logical_Switch_Port', conditions=[], old_conditions=None), priority=20 to row=Logical_Switch_Port(uuid=294c70f7-75a7-4075-bcc8-143f3366269e, addresses=['fa:16:3e:5d:63:4a'], dhcpv4_options=[], dhcpv6_options=[], dynamic_addresses=[], enabled=True, external_ids={'neutron:cidrs': '', 'neutron:device_id': 'ovnmeta-bc80effe-1ccf-4efd-a923-c24576da7c8f', 'neutron:device_owner': 'network:distributed', 'neutron:mtu': '1372', 'neutron:network_name': 'neutron-bc80effe-1ccf-4efd-a923-c24576da7c8f', 'neutron:port_capabilities': '', 'neutron:port_name': '', 'neutron:project_id': '364052aab3f94d449bb40faf856dc3fc', 'neutron:revision_number': '1', 'neutron:security_group_ids': '', 'neutron:subnet_pool_addr_scope4': '', 'neutron:subnet_pool_addr_scope6': '', 'neutron:vnic_type': 'normal'}, ha_chassis_group=[], mirror_rules=[], name='144e1fa3-f913-4631-a538-981f4f0d254d', options={}, parent_name=[], port_security=[], tag=[], tag_request=[], type='localport', up=[]) old= {{(pid=86997) matches /opt/stack/data/venv/lib/python3.12/site-packages/ovsdbapp/backend/ovs_idl/event.py:55}}
May 26 16:20:12.207189 np0000001433 devstack@neutron-api.service[86998]: DEBUG ovsdbapp.backend.ovs_idl.event [-] Matched CREATE: LogicalSwitchPortCreateEvent(events=('create',), table='Logical_Switch_Port', conditions=[], old_conditions=None), priority=20 to row=Logical_Switch_Port(uuid=294c70f7-75a7-4075-bcc8-143f3366269e, addresses=['fa:16:3e:5d:63:4a'], dhcpv4_options=[], dhcpv6_options=[], dynamic_addresses=[], enabled=True, external_ids={'neutron:cidrs': '', 'neutron:device_id': 'ovnmeta-bc80effe-1ccf-4efd-a923-c24576da7c8f', 'neutron:device_owner': 'network:distributed', 'neutron:mtu': '1372', 'neutron:network_name': 'neutron-bc80effe-1ccf-4efd-a923-c24576da7c8f', 'neutron:port_capabilities': '', 'neutron:port_name': '', 'neutron:project_id': '364052aab3f94d449bb40faf856dc3fc', 'neutron:revision_number': '1', 'neutron:security_group_ids': '', 'neutron:subnet_pool_addr_scope4': '', 'neutron:subnet_pool_addr_scope6': '', 'neutron:vnic_type': 'normal'}, ha_chassis_group=[], mirror_rules=[], name='144e1fa3-f913-4631-a538-981f4f0d254d', options={}, parent_name=[], port_security=[], tag=[], tag_request=[], type='localport', up=[]) old= {{(pid=86998) matches /opt/stack/data/venv/lib/python3.12/site-packages/ovsdbapp/backend/ovs_idl/event.py:55}}
May 26 16:20:12.207692 np0000001433 devstack@neutron-api.service[86997]: INFO neutron.plugins.ml2.drivers.ovn.mech_driver.mech_driver [-] OVN reports status down for port: 144e1fa3-f913-4631-a538-981f4f0d254d
May 26 16:20:12.207956 np0000001433 devstack@neutron-api.service[86997]: DEBUG neutron.plugins.ml2.drivers.ovn.mech_driver.ovsdb.ovsdb_monitor [-] Hash Ring: Node 9a68e182418b5c1da5297ecc2fa9f619 (host: np0000001433) handling event "update" for row 294c70f7-75a7-4075-bcc8-143f3366269e (table: Logical_Switch_Port) {{(pid=86997) notify /opt/stack/neutron/neutron/plugins/ml2/drivers/ovn/mech_driver/ovsdb/ovsdb_monitor.py:986}}
May 26 16:20:12.208030 np0000001433 devstack@neutron-api.service[86998]: INFO neutron.plugins.ml2.drivers.ovn.mech_driver.mech_driver [-] OVN reports status down for port: 144e1fa3-f913-4631-a538-981f4f0d254d
May 26 16:20:12.209587 np0000001433 devstack@neutron-api.service[86998]: DEBUG neutron.plugins.ml2.drivers.ovn.mech_driver.ovsdb.ovsdb_monitor [-] Hash Ring: Node a21ecf1743365aa2aac6ebbed0408306 (host: np0000001433) handling event "create" for row 12b6fbf0-50d7-4424-b4a6-4655240a81aa (table: Port_Binding) {{(pid=86998) notify /opt/stack/neutron/neutron/plugins/ml2/drivers/ovn/mech_driver/ovsdb/ovsdb_monitor.py:986}}
May 26 16:20:12.210378 np0000001433 devstack@neutron-api.service[86997]: DEBUG neutron.plugins.ml2.drivers.ovn.mech_driver.ovsdb.ovsdb_monitor [-] Hash Ring: Node 9a68e182418b5c1da5297ecc2fa9f619 (host: np0000001433) handling event "create" for row 12b6fbf0-50d7-4424-b4a6-4655240a81aa (table: Port_Binding) {{(pid=86997) notify /opt/stack/neutron/neutron/plugins/ml2/drivers/ovn/mech_driver/ovsdb/ovsdb_monitor.py:986}}
May 26 16:20:12.210449 np0000001433 devstack@neutron-api.service[86998]: DEBUG neutron.plugins.ml2.drivers.ovn.mech_driver.ovsdb.ovsdb_monitor [-] Hash Ring: Node a21ecf1743365aa2aac6ebbed0408306 (host: np0000001433) handling event "update" for row 294c70f7-75a7-4075-bcc8-143f3366269e (table: Logical_Switch_Port) {{(pid=86998) notify /opt/stack/neutron/neutron/plugins/ml2/drivers/ovn/mech_driver/ovsdb/ovsdb_monitor.py:986}}
May 26 16:20:12.250741 np0000001433 devstack@neutron-api.service[86998]: INFO neutron.db.ovn_revision_numbers_db [None req-6e745eb6-f9d4-4d76-9170-8b0a9e274785 admin admin] Successfully bumped revision number for resource 144e1fa3-f913-4631-a538-981f4f0d254d (type: ports) to 1
May 26 16:20:12.257114 np0000001433 devstack@neutron-api.service[86997]: DEBUG neutron.db.provisioning_blocks [None req-41462a85-cd6b-40a9-bb96-2bf36e1209a6 None None] Transition to ACTIVE for port object 144e1fa3-f913-4631-a538-981f4f0d254d will not be triggered until provisioned by entity L2. {{(pid=86997) add_provisioning_component /opt/stack/neutron/neutron/db/provisioning_blocks.py:74}}
May 26 16:20:12.257591 np0000001433 devstack@neutron-api.service[86998]: DEBUG neutron.pecan_wsgi.hooks.policy_enforcement [None req-6e745eb6-f9d4-4d76-9170-8b0a9e274785 admin admin] Attributes excluded by policy engine: ['standard_attr_id'] {{(pid=86998) _exclude_attributes_by_policy /opt/stack/neutron/neutron/pecan_wsgi/hooks/policy_enforcement.py:256}}
