May 26 16:20:05.930062 np0000001433 neutron-periodic-workers[88977]: DEBUG cotyledon.oslo_config_glue [-] database.synchronous_reader = True {{(pid=88977) log_opt_values /opt/stack/data/venv/lib/python3.12/site-packages/oslo_config/cfg.py:3256}}
May 26 16:20:05.930062 np0000001433 neutron-periodic-workers[88977]: DEBUG cotyledon.oslo_config_glue [-] database.use_db_reconnect = False {{(pid=88977) log_opt_values /opt/stack/data/venv/lib/python3.12/site-packages/oslo_config/cfg.py:3256}}
May 26 16:20:05.930062 np0000001433 neutron-periodic-workers[88977]: DEBUG cotyledon.oslo_config_glue [-] ovn.bfd_min_rx = 1000 {{(pid=88977) log_opt_values /opt/stack/data/venv/lib/python3.12/site-packages/oslo_config/cfg.py:3256}}
May 26 16:20:05.930062 np0000001433 neutron-periodic-workers[88977]: DEBUG cotyledon.oslo_config_glue [-] ovn.bfd_min_tx = 100 {{(pid=88977) log_opt_values /opt/stack/data/venv/lib/python3.12/site-packages/oslo_config/cfg.py:3256}}
May 26 16:20:05.930249 np0000001433 neutron-periodic-workers[88977]: DEBUG cotyledon.oslo_config_glue [-] ovn.bfd_mult = 3 {{(pid=88977) log_opt_values /opt/stack/data/venv/lib/python3.12/site-packages/oslo_config/cfg.py:3256}}
May 26 16:20:05.930249 np0000001433 neutron-periodic-workers[88977]: DEBUG cotyledon.oslo_config_glue [-] ovn.broadcast_arps_to_all_routers = True {{(pid=88977) log_opt_values /opt/stack/data/venv/lib/python3.12/site-packages/oslo_config/cfg.py:3256}}
May 26 16:20:05.930249 np0000001433 neutron-periodic-workers[88977]: DEBUG cotyledon.oslo_config_glue [-] ovn.dhcp_default_lease_time = 43200 {{(pid=88977) log_opt_values /opt/stack/data/venv/lib/python3.12/site-packages/oslo_config/cfg.py:3256}}
May 26 16:20:05.930249 np0000001433 neutron-periodic-workers[88977]: DEBUG cotyledon.oslo_config_glue [-] ovn.disable_ovn_dhcp_for_baremetal_ports = False {{(pid=88977) log_opt_values /opt/stack/data/venv/lib/python3.12/site-packages/oslo_config/cfg.py:3256}}
May 26 16:20:05.930249 np0000001433 neutron-periodic-workers[88977]: DEBUG cotyledon.oslo_config_glue [-] ovn.dns_records_ovn_owned = False {{(pid=88977) log_opt_values /opt/stack/data/venv/lib/python3.12/site-packages/oslo_config/cfg.py:3256}}
May 26 16:20:05.930249 np0000001433 neutron-periodic-workers[88977]: DEBUG cotyledon.oslo_config_glue [-] ovn.dns_servers = [] {{(pid=88977) log_opt_values /opt/stack/data/venv/lib/python3.12/site-packages/oslo_config/cfg.py:3256}}
May 26 16:20:05.930249 np0000001433 neutron-periodic-workers[88977]: DEBUG cotyledon.oslo_config_glue [-] ovn.enable_distributed_floating_ip = False {{(pid=88977) log_opt_values /opt/stack/data/venv/lib/python3.12/site-packages/oslo_config/cfg.py:3256}}
May 26 16:20:05.930249 np0000001433 neutron-periodic-workers[88977]: DEBUG cotyledon.oslo_config_glue [-] ovn.fdb_age_threshold = 300 {{(pid=88977) log_opt_values /opt/stack/data/venv/lib/python3.12/site-packages/oslo_config/cfg.py:3256}}
May 26 16:20:05.930249 np0000001433 neutron-periodic-workers[88977]: DEBUG cotyledon.oslo_config_glue [-] ovn.ha_failover_strategy = normal {{(pid=88977) log_opt_values /opt/stack/data/venv/lib/python3.12/site-packages/oslo_config/cfg.py:3256}}
May 26 16:20:05.930521 np0000001433 neutron-periodic-workers[88977]: DEBUG cotyledon.oslo_config_glue [-] ovn.live_migration_activation_strategy = rarp {{(pid=88977) log_opt_values /opt/stack/data/venv/lib/python3.12/site-packages/oslo_config/cfg.py:3256}}
May 26 16:20:05.930521 np0000001433 neutron-periodic-workers[88977]: DEBUG cotyledon.oslo_config_glue [-] ovn.localnet_learn_fdb = False {{(pid=88977) log_opt_values /opt/stack/data/venv/lib/python3.12/site-packages/oslo_config/cfg.py:3256}}
May 26 16:20:05.930521 np0000001433 neutron-periodic-workers[88977]: DEBUG cotyledon.oslo_config_glue [-] ovn.mac_binding_age_threshold = 300 {{(pid=88977) log_opt_values /opt/stack/data/venv/lib/python3.12/site-packages/oslo_config/cfg.py:3256}}
May 26 16:20:05.930521 np0000001433 neutron-periodic-workers[88977]: DEBUG cotyledon.oslo_config_glue [-] ovn.neutron_sync_mode = log {{(pid=88977) log_opt_values /opt/stack/data/venv/lib/python3.12/site-packages/oslo_config/cfg.py:3256}}
May 26 16:20:05.930521 np0000001433 neutron-periodic-workers[88977]: DEBUG cotyledon.oslo_config_glue [-] ovn.ovn_dhcp4_global_options = {} {{(pid=88977) log_opt_values /opt/stack/data/venv/lib/python3.12/site-packages/oslo_config/cfg.py:3256}}
May 26 16:20:05.930521 np0000001433 neutron-periodic-workers[88977]: DEBUG cotyledon.oslo_config_glue [-] ovn.ovn_dhcp6_global_options = {} {{(pid=88977) log_opt_values /opt/stack/data/venv/lib/python3.12/site-packages/oslo_config/cfg.py:3256}}
May 26 16:20:05.930521 np0000001433 neutron-periodic-workers[88977]: DEBUG cotyledon.oslo_config_glue [-] ovn.ovn_l3_scheduler = leastloaded {{(pid=88977) log_opt_values /opt/stack/data/venv/lib/python3.12/site-packages/oslo_config/cfg.py:3256}}
May 26 16:20:05.930521 np0000001433 neutron-periodic-workers[88977]: DEBUG cotyledon.oslo_config_glue [-] ovn.ovn_metadata_enabled = True {{(pid=88977) log_opt_values /opt/stack/data/venv/lib/python3.12/site-packages/oslo_config/cfg.py:3256}}
May 26 16:20:05.930521 np0000001433 neutron-periodic-workers[88977]: DEBUG cotyledon.oslo_config_glue [-] ovn.ovn_nb_ca_cert = /opt/stack/data/CA/int-ca/ca-chain.pem {{(pid=88977) log_opt_values /opt/stack/data/venv/lib/python3.12/site-packages/oslo_config/cfg.py:3256}}
May 26 16:20:05.930793 np0000001433 neutron-periodic-workers[88977]: DEBUG cotyledon.oslo_config_glue [-] ovn.ovn_nb_certificate = /opt/stack/data/CA/int-ca/devstack-cert.crt {{(pid=88977) log_opt_values /opt/stack/data/venv/lib/python3.12/site-packages/oslo_config/cfg.py:3256}}
May 26 16:20:05.930793 np0000001433 neutron-periodic-workers[88977]: DEBUG cotyledon.oslo_config_glue [-] ovn.ovn_nb_connection = ['ssl:10.4.3.186:6641'] {{(pid=88977) log_opt_values /opt/stack/data/venv/lib/python3.12/site-packages/oslo_config/cfg.py:3256}}
May 26 16:20:05.930793 np0000001433 neutron-periodic-workers[88977]: DEBUG cotyledon.oslo_config_glue [-] ovn.ovn_nb_private_key = /opt/stack/data/CA/int-ca/private/devstack-cert.key {{(pid=88977) log_opt_values /opt/stack/data/venv/lib/python3.12/site-packages/oslo_config/cfg.py:3256}}
May 26 16:20:05.930793 np0000001433 neutron-periodic-workers[88977]: DEBUG cotyledon.oslo_config_glue [-] ovn.ovn_router_indirect_snat = False {{(pid=88977) log_opt_values /opt/stack/data/venv/lib/python3.12/site-packages/oslo_config/cfg.py:3256}}
May 26 16:20:05.930793 np0000001433 neutron-periodic-workers[88977]: DEBUG cotyledon.oslo_config_glue [-] ovn.ovn_sb_ca_cert = /opt/stack/data/CA/int-ca/ca-chain.pem {{(pid=88977) log_opt_values /opt/stack/data/venv/lib/python3.12/site-packages/oslo_config/cfg.py:3256}}
May 26 16:20:05.930793 np0000001433 neutron-periodic-workers[88977]: DEBUG cotyledon.oslo_config_glue [-] ovn.ovn_sb_certificate = /opt/stack/data/CA/int-ca/devstack-cert.crt {{(pid=88977) log_opt_values /opt/stack/data/venv/lib/python3.12/site-packages/oslo_config/cfg.py:3256}}
May 26 16:20:05.930914 np0000001433 neutron-periodic-workers[88977]: DEBUG cotyledon.oslo_config_glue [-] ovn.ovn_sb_connection = ['ssl:10.4.3.186:6642'] {{(pid=88977) log_opt_values /opt/stack/data/venv/lib/python3.12/site-packages/oslo_config/cfg.py:3256}}
May 26 16:20:05.930914 np0000001433 neutron-periodic-workers[88977]: DEBUG cotyledon.oslo_config_glue [-] ovn.ovn_sb_private_key = /opt/stack/data/CA/int-ca/private/devstack-cert.key {{(pid=88977) log_opt_values /opt/stack/data/venv/lib/python3.12/site-packages/oslo_config/cfg.py:3256}}
May 26 16:20:05.930958 np0000001433 neutron-periodic-workers[88977]: DEBUG cotyledon.oslo_config_glue [-] ovn.ovs_create_tap = False {{(pid=88977) log_opt_values /opt/stack/data/venv/lib/python3.12/site-packages/oslo_config/cfg.py:3256}}
May 26 16:20:05.931005 np0000001433 neutron-periodic-workers[88977]: DEBUG cotyledon.oslo_config_glue [-] ovn.ovsdb_connection_timeout = 180 {{(pid=88977) log_opt_values /opt/stack/data/venv/lib/python3.12/site-packages/oslo_config/cfg.py:3256}}
May 26 16:20:05.931074 np0000001433 neutron-periodic-workers[88977]: DEBUG cotyledon.oslo_config_glue [-] ovn.ovsdb_log_level = INFO {{(pid=88977) log_opt_values /opt/stack/data/venv/lib/python3.12/site-packages/oslo_config/cfg.py:3256}}
May 26 16:20:05.931138 np0000001433 neutron-periodic-workers[88977]: DEBUG cotyledon.oslo_config_glue [-] ovn.ovsdb_probe_interval = 60000 {{(pid=88977) log_opt_values /opt/stack/data/venv/lib/python3.12/site-packages/oslo_config/cfg.py:3256}}
May 26 16:20:05.931206 np0000001433 neutron-periodic-workers[88977]: DEBUG cotyledon.oslo_config_glue [-] ovn.ovsdb_retry_max_interval = 180 {{(pid=88977) log_opt_values /opt/stack/data/venv/lib/python3.12/site-packages/oslo_config/cfg.py:3256}}
May 26 16:20:05.931251 np0000001433 neutron-periodic-workers[88977]: DEBUG cotyledon.oslo_config_glue [-] ovn.stateless_nat_enabled = False {{(pid=88977) log_opt_values /opt/stack/data/venv/lib/python3.12/site-packages/oslo_config/cfg.py:3256}}
May 26 16:20:05.931331 np0000001433 neutron-periodic-workers[88977]: DEBUG cotyledon.oslo_config_glue [-] ovn.vhost_sock_dir = /var/run/openvswitch {{(pid=88977) log_opt_values /opt/stack/data/venv/lib/python3.12/site-packages/oslo_config/cfg.py:3256}}
May 26 16:20:05.931416 np0000001433 neutron-periodic-workers[88977]: DEBUG cotyledon.oslo_config_glue [-] OVS.bridge_mac_table_size = 50000 {{(pid=88977) log_opt_values /opt/stack/data/venv/lib/python3.12/site-packages/oslo_config/cfg.py:3256}}
May 26 16:20:05.931492 np0000001433 neutron-periodic-workers[88977]: DEBUG cotyledon.oslo_config_glue [-] OVS.igmp_flood = False {{(pid=88977) log_opt_values /opt/stack/data/venv/lib/python3.12/site-packages/oslo_config/cfg.py:3256}}
May 26 16:20:05.931554 np0000001433 neutron-periodic-workers[88977]: DEBUG cotyledon.oslo_config_glue [-] OVS.igmp_flood_reports = True {{(pid=88977) log_opt_values /opt/stack/data/venv/lib/python3.12/site-packages/oslo_config/cfg.py:3256}}
May 26 16:20:05.931614 np0000001433 neutron-periodic-workers[88977]: DEBUG cotyledon.oslo_config_glue [-] OVS.igmp_flood_unregistered = False {{(pid=88977) log_opt_values /opt/stack/data/venv/lib/python3.12/site-packages/oslo_config/cfg.py:3256}}
May 26 16:20:05.931675 np0000001433 neutron-periodic-workers[88977]: DEBUG cotyledon.oslo_config_glue [-] OVS.igmp_snooping_enable = False {{(pid=88977) log_opt_values /opt/stack/data/venv/lib/python3.12/site-packages/oslo_config/cfg.py:3256}}
May 26 16:20:05.931741 np0000001433 neutron-periodic-workers[88977]: DEBUG cotyledon.oslo_config_glue [-] OVS.ovsdb_timeout = 10 {{(pid=88977) log_opt_values /opt/stack/data/venv/lib/python3.12/site-packages/oslo_config/cfg.py:3256}}
May 26 16:20:05.931815 np0000001433 neutron-periodic-workers[88977]: DEBUG cotyledon.oslo_config_glue [-] ovn_nb_global.fdb_removal_limit = 0 {{(pid=88977) log_opt_values /opt/stack/data/venv/lib/python3.12/site-packages/oslo_config/cfg.py:3256}}
May 26 16:20:05.931883 np0000001433 neutron-periodic-workers[88977]: DEBUG cotyledon.oslo_config_glue [-] ovn_nb_global.ignore_lsp_down = False {{(pid=88977) log_opt_values /opt/stack/data/venv/lib/python3.12/site-packages/oslo_config/cfg.py:3256}}
May 26 16:20:05.931951 np0000001433 neutron-periodic-workers[88977]: DEBUG cotyledon.oslo_config_glue [-] ovn_nb_global.mac_binding_removal_limit = 0 {{(pid=88977) log_opt_values /opt/stack/data/venv/lib/python3.12/site-packages/oslo_config/cfg.py:3256}}
May 26 16:20:05.932016 np0000001433 neutron-periodic-workers[88977]: DEBUG cotyledon.oslo_config_glue [-] ******************************************************************************** {{(pid=88977) log_opt_values /opt/stack/data/venv/lib/python3.12/site-packages/oslo_config/cfg.py:3263}}
May 26 16:20:05.932255 np0000001433 neutron-periodic-workers[88977]: DEBUG cotyledon._service_worker [-] Run service ServiceWrapper(0) [88977] {{(pid=88977) wait_forever /opt/stack/data/venv/lib/python3.12/site-packages/cotyledon/_service_worker.py:218}}
May 26 16:20:15.605856 np0000001433 neutron-periodic-workers[88017]: DEBUG dbcounter [-] [88017] Writing DB stats neutron:SELECT=4 {{(pid=88017) stat_writer /opt/stack/data/venv/lib/python3.12/site-packages/dbcounter.py:115}}
May 26 16:20:59.911074 np0000001433 neutron-periodic-workers[88963]: DEBUG oslo_db.sqlalchemy.engines [None req-1e98be25-55f8-41dd-887b-f3cf9f33e1ae None None] Parent process 88017 forked (88963) with an open database connection, which is being discarded and recreated. {{(pid=88963) checkout /opt/stack/data/venv/lib/python3.12/site-packages/oslo_db/sqlalchemy/engines.py:402}}
May 26 16:20:59.960900 np0000001433 neutron-periodic-workers[88963]: DEBUG dbcounter [-] [88963] Writer thread running {{(pid=88963) stat_writer /opt/stack/data/venv/lib/python3.12/site-packages/dbcounter.py:102}}
May 26 16:20:59.965026 np0000001433 neutron-periodic-workers[88963]: DEBUG neutron.db.agents_db [None req-1e98be25-55f8-41dd-887b-f3cf9f33e1ae None None] Agent healthcheck: found 0 active agents {{(pid=88963) agent_health_check /opt/stack/neutron/neutron/db/agents_db.py:322}}
May 26 16:20:59.965359 np0000001433 neutron-periodic-workers[88963]: DEBUG oslo.service.backend._threading.loopingcall [None req-1e98be25-55f8-41dd-887b-f3cf9f33e1ae None None] Fixed interval looping call 'neutron.plugins.ml2.plugin.AgentDbMixin.agent_health_check' sleeping for 36.94 seconds {{(pid=88963) _run_loop /opt/stack/data/venv/lib/python3.12/site-packages/oslo_service/backend/_threading/loopingcall.py:125}}
May 26 16:21:04.927192 np0000001433 neutron-periodic-workers[88949]: DEBUG dbcounter [-] [88949] Writer thread running {{(pid=88949) stat_writer /opt/stack/data/venv/lib/python3.12/site-packages/dbcounter.py:102}}
May 26 16:21:04.935089 np0000001433 neutron-periodic-workers[88949]: DEBUG oslo.service.backend._threading.loopingcall [None req-9c9392be-934f-4771-aa97-c69dd7fcb454 None None] Fixed interval looping call 'neutron.plugins.ml2.plugin.DhcpAgentSchedulerDbMixin.remove_networks_from_down_agents' sleeping for 36.95 seconds {{(pid=88949) _run_loop /opt/stack/data/venv/lib/python3.12/site-packages/oslo_service/backend/_threading/loopingcall.py:125}}
May 26 16:21:09.961501 np0000001433 neutron-periodic-workers[88963]: DEBUG dbcounter [-] [88963] Writing DB stats neutron:SELECT=1 {{(pid=88963) stat_writer /opt/stack/data/venv/lib/python3.12/site-packages/dbcounter.py:115}}
May 26 16:21:14.934078 np0000001433 neutron-periodic-workers[88949]: DEBUG dbcounter [-] [88949] Writing DB stats neutron:SELECT=3 {{(pid=88949) stat_writer /opt/stack/data/venv/lib/python3.12/site-packages/dbcounter.py:115}}
May 26 16:21:36.908613 np0000001433 neutron-periodic-workers[88963]: DEBUG neutron.db.agents_db [None req-1e98be25-55f8-41dd-887b-f3cf9f33e1ae None None] Agent healthcheck: found 0 active agents {{(pid=88963) agent_health_check /opt/stack/neutron/neutron/db/agents_db.py:322}}
May 26 16:21:36.909132 np0000001433 neutron-periodic-workers[88963]: DEBUG oslo.service.backend._threading.loopingcall [None req-1e98be25-55f8-41dd-887b-f3cf9f33e1ae None None] Fixed interval looping call 'neutron.plugins.ml2.plugin.AgentDbMixin.agent_health_check' sleeping for 37.00 seconds {{(pid=88963) _run_loop /opt/stack/data/venv/lib/python3.12/site-packages/oslo_service/backend/_threading/loopingcall.py:125}}
May 26 16:21:41.891539 np0000001433 neutron-periodic-workers[88949]: DEBUG oslo.service.backend._threading.loopingcall [None req-9c9392be-934f-4771-aa97-c69dd7fcb454 None None] Fixed interval looping call 'neutron.plugins.ml2.plugin.DhcpAgentSchedulerDbMixin.remove_networks_from_down_agents' sleeping for 36.99 seconds {{(pid=88949) _run_loop /opt/stack/data/venv/lib/python3.12/site-packages/oslo_service/backend/_threading/loopingcall.py:125}}
May 26 16:21:46.907566 np0000001433 neutron-periodic-workers[88963]: DEBUG dbcounter [-] [88963] Writing DB stats neutron:SELECT=1 {{(pid=88963) stat_writer /opt/stack/data/venv/lib/python3.12/site-packages/dbcounter.py:115}}
May 26 16:21:51.890607 np0000001433 neutron-periodic-workers[88949]: DEBUG dbcounter [-] [88949] Writing DB stats neutron:SELECT=3 {{(pid=88949) stat_writer /opt/stack/data/venv/lib/python3.12/site-packages/dbcounter.py:115}}
May 26 16:22:05.988546 np0000001433 neutron-periodic-workers[88977]: DEBUG dbcounter [-] [88977] Writer thread running {{(pid=88977) stat_writer /opt/stack/data/venv/lib/python3.12/site-packages/dbcounter.py:102}}
May 26 16:22:05.991720 np0000001433 neutron-periodic-workers[88977]: DEBUG oslo.service.backend._threading.loopingcall [None req-1d1dcb8a-f97b-42f8-98be-2bd32b5da9b5 None None] Fixed interval looping call 'neutron.db.quota.driver_nolock.DbQuotaNoLockDriver._remove_expired_reservations' sleeping for 119.94 seconds {{(pid=88977) _run_loop /opt/stack/data/venv/lib/python3.12/site-packages/oslo_service/backend/_threading/loopingcall.py:125}}
May 26 16:22:13.912212 np0000001433 neutron-periodic-workers[88963]: DEBUG neutron.db.agents_db [None req-1e98be25-55f8-41dd-887b-f3cf9f33e1ae None None] Agent healthcheck: found 0 active agents {{(pid=88963) agent_health_check /opt/stack/neutron/neutron/db/agents_db.py:322}}
May 26 16:22:13.912637 np0000001433 neutron-periodic-workers[88963]: DEBUG oslo.service.backend._threading.loopingcall [None req-1e98be25-55f8-41dd-887b-f3cf9f33e1ae None None] Fixed interval looping call 'neutron.plugins.ml2.plugin.AgentDbMixin.agent_health_check' sleeping for 37.00 seconds {{(pid=88963) _run_loop /opt/stack/data/venv/lib/python3.12/site-packages/oslo_service/backend/_threading/loopingcall.py:125}}
May 26 16:22:15.988992 np0000001433 neutron-periodic-workers[88977]: DEBUG dbcounter [-] [88977] Writing DB stats neutron:DELETE=1 {{(pid=88977) stat_writer /opt/stack/data/venv/lib/python3.12/site-packages/dbcounter.py:115}}
May 26 16:22:18.892222 np0000001433 neutron-periodic-workers[88949]: DEBUG oslo.service.backend._threading.loopingcall [None req-9c9392be-934f-4771-aa97-c69dd7fcb454 None None] Fixed interval looping call 'neutron.plugins.ml2.plugin.DhcpAgentSchedulerDbMixin.remove_networks_from_down_agents' sleeping for 36.99 seconds {{(pid=88949) _run_loop /opt/stack/data/venv/lib/python3.12/site-packages/oslo_service/backend/_threading/loopingcall.py:125}}
May 26 16:22:23.911613 np0000001433 neutron-periodic-workers[88963]: DEBUG dbcounter [-] [88963] Writing DB stats neutron:SELECT=1 {{(pid=88963) stat_writer /opt/stack/data/venv/lib/python3.12/site-packages/dbcounter.py:115}}
May 26 16:22:28.891287 np0000001433 neutron-periodic-workers[88949]: DEBUG dbcounter [-] [88949] Writing DB stats neutron:SELECT=3 {{(pid=88949) stat_writer /opt/stack/data/venv/lib/python3.12/site-packages/dbcounter.py:115}}
May 26 16:22:50.918657 np0000001433 neutron-periodic-workers[88963]: DEBUG neutron.db.agents_db [None req-1e98be25-55f8-41dd-887b-f3cf9f33e1ae None None] Agent healthcheck: found 0 active agents {{(pid=88963) agent_health_check /opt/stack/neutron/neutron/db/agents_db.py:322}}
May 26 16:22:50.918657 np0000001433 neutron-periodic-workers[88963]: DEBUG oslo.service.backend._threading.loopingcall [None req-1e98be25-55f8-41dd-887b-f3cf9f33e1ae None None] Fixed interval looping call 'neutron.plugins.ml2.plugin.AgentDbMixin.agent_health_check' sleeping for 36.99 seconds {{(pid=88963) _run_loop /opt/stack/data/venv/lib/python3.12/site-packages/oslo_service/backend/_threading/loopingcall.py:125}}
May 26 16:22:55.888417 np0000001433 neutron-periodic-workers[88949]: DEBUG oslo.service.backend._threading.loopingcall [None req-9c9392be-934f-4771-aa97-c69dd7fcb454 None None] Fixed interval looping call 'neutron.plugins.ml2.plugin.DhcpAgentSchedulerDbMixin.remove_networks_from_down_agents' sleeping for 36.99 seconds {{(pid=88949) _run_loop /opt/stack/data/venv/lib/python3.12/site-packages/oslo_service/backend/_threading/loopingcall.py:125}}
May 26 16:23:00.914738 np0000001433 neutron-periodic-workers[88963]: DEBUG dbcounter [-] [88963] Writing DB stats neutron:SELECT=1 {{(pid=88963) stat_writer /opt/stack/data/venv/lib/python3.12/site-packages/dbcounter.py:115}}
May 26 16:23:05.887449 np0000001433 neutron-periodic-workers[88949]: DEBUG dbcounter [-] [88949] Writing DB stats neutron:SELECT=3 {{(pid=88949) stat_writer /opt/stack/data/venv/lib/python3.12/site-packages/dbcounter.py:115}}
May 26 16:23:27.912949 np0000001433 neutron-periodic-workers[88963]: DEBUG neutron.db.agents_db [None req-1e98be25-55f8-41dd-887b-f3cf9f33e1ae None None] Agent healthcheck: found 0 active agents {{(pid=88963) agent_health_check /opt/stack/neutron/neutron/db/agents_db.py:322}}
May 26 16:23:27.912949 np0000001433 neutron-periodic-workers[88963]: DEBUG oslo.service.backend._threading.loopingcall [None req-1e98be25-55f8-41dd-887b-f3cf9f33e1ae None None] Fixed interval looping call 'neutron.plugins.ml2.plugin.AgentDbMixin.agent_health_check' sleeping for 37.00 seconds {{(pid=88963) _run_loop /opt/stack/data/venv/lib/python3.12/site-packages/oslo_service/backend/_threading/loopingcall.py:125}}
May 26 16:23:32.892745 np0000001433 neutron-periodic-workers[88949]: DEBUG oslo.service.backend._threading.loopingcall [None req-9c9392be-934f-4771-aa97-c69dd7fcb454 None None] Fixed interval looping call 'neutron.plugins.ml2.plugin.DhcpAgentSchedulerDbMixin.remove_networks_from_down_agents' sleeping for 36.99 seconds {{(pid=88949) _run_loop /opt/stack/data/venv/lib/python3.12/site-packages/oslo_service/backend/_threading/loopingcall.py:125}}
May 26 16:23:37.913381 np0000001433 neutron-periodic-workers[88963]: DEBUG dbcounter [-] [88963] Writing DB stats neutron:SELECT=1 {{(pid=88963) stat_writer /opt/stack/data/venv/lib/python3.12/site-packages/dbcounter.py:115}}
May 26 16:23:42.888849 np0000001433 neutron-periodic-workers[88949]: DEBUG dbcounter [-] [88949] Writing DB stats neutron:SELECT=3 {{(pid=88949) stat_writer /opt/stack/data/venv/lib/python3.12/site-packages/dbcounter.py:115}}
May 26 16:24:04.919471 np0000001433 neutron-periodic-workers[88963]: DEBUG neutron.db.agents_db [None req-1e98be25-55f8-41dd-887b-f3cf9f33e1ae None None] Agent healthcheck: found 0 active agents {{(pid=88963) agent_health_check /opt/stack/neutron/neutron/db/agents_db.py:322}}
May 26 16:24:04.919893 np0000001433 neutron-periodic-workers[88963]: DEBUG oslo.service.backend._threading.loopingcall [None req-1e98be25-55f8-41dd-887b-f3cf9f33e1ae None None] Fixed interval looping call 'neutron.plugins.ml2.plugin.AgentDbMixin.agent_health_check' sleeping for 36.99 seconds {{(pid=88963) _run_loop /opt/stack/data/venv/lib/python3.12/site-packages/oslo_service/backend/_threading/loopingcall.py:125}}
May 26 16:24:05.940219 np0000001433 neutron-periodic-workers[88977]: DEBUG oslo.service.backend._threading.loopingcall [None req-1d1dcb8a-f97b-42f8-98be-2bd32b5da9b5 None None] Fixed interval looping call 'neutron.db.quota.driver_nolock.DbQuotaNoLockDriver._remove_expired_reservations' sleeping for 119.99 seconds {{(pid=88977) _run_loop /opt/stack/data/venv/lib/python3.12/site-packages/oslo_service/backend/_threading/loopingcall.py:125}}
May 26 16:24:09.890914 np0000001433 neutron-periodic-workers[88949]: DEBUG oslo.service.backend._threading.loopingcall [None req-9c9392be-934f-4771-aa97-c69dd7fcb454 None None] Fixed interval looping call 'neutron.plugins.ml2.plugin.DhcpAgentSchedulerDbMixin.remove_networks_from_down_agents' sleeping for 36.99 seconds {{(pid=88949) _run_loop /opt/stack/data/venv/lib/python3.12/site-packages/oslo_service/backend/_threading/loopingcall.py:125}}
May 26 16:24:14.918302 np0000001433 neutron-periodic-workers[88963]: DEBUG dbcounter [-] [88963] Writing DB stats neutron:SELECT=1 {{(pid=88963) stat_writer /opt/stack/data/venv/lib/python3.12/site-packages/dbcounter.py:115}}
May 26 16:24:15.939740 np0000001433 neutron-periodic-workers[88977]: DEBUG dbcounter [-] [88977] Writing DB stats neutron:DELETE=1 {{(pid=88977) stat_writer /opt/stack/data/venv/lib/python3.12/site-packages/dbcounter.py:115}}
May 26 16:24:19.888063 np0000001433 neutron-periodic-workers[88949]: DEBUG dbcounter [-] [88949] Writing DB stats neutron:SELECT=3 {{(pid=88949) stat_writer /opt/stack/data/venv/lib/python3.12/site-packages/dbcounter.py:115}}
May 26 16:24:24.040689 np0000001433 neutron-periodic-workers[88939]: DEBUG dbcounter [-] [88939] Writer thread running {{(pid=88939) stat_writer /opt/stack/data/venv/lib/python3.12/site-packages/dbcounter.py:102}}
May 26 16:24:24.059904 np0000001433 neutron-periodic-workers[88939]: DEBUG oslo.service.backend._threading.loopingcall [None req-05259c1e-3b41-470d-8daa-82a94d9aa6de None None] Fixed interval looping call 'neutron.services.ovn_l3.plugin.L3_NAT_dbonly_mixin._clean_garbage' sleeping for 299.85 seconds {{(pid=88939) _run_loop /opt/stack/data/venv/lib/python3.12/site-packages/oslo_service/backend/_threading/loopingcall.py:125}}
May 26 16:24:41.913027 np0000001433 neutron-periodic-workers[88963]: DEBUG neutron.db.agents_db [None req-1e98be25-55f8-41dd-887b-f3cf9f33e1ae None None] Agent healthcheck: found 0 active agents {{(pid=88963) agent_health_check /opt/stack/neutron/neutron/db/agents_db.py:322}}
May 26 16:24:41.913504 np0000001433 neutron-periodic-workers[88963]: DEBUG oslo.service.backend._threading.loopingcall [None req-1e98be25-55f8-41dd-887b-f3cf9f33e1ae None None] Fixed interval looping call 'neutron.plugins.ml2.plugin.AgentDbMixin.agent_health_check' sleeping for 37.00 seconds {{(pid=88963) _run_loop /opt/stack/data/venv/lib/python3.12/site-packages/oslo_service/backend/_threading/loopingcall.py:125}}
May 26 16:24:44.042272 np0000001433 neutron-periodic-workers[88939]: DEBUG dbcounter [-] [88939] Writing DB stats neutron:SELECT=1 {{(pid=88939) stat_writer /opt/stack/data/venv/lib/python3.12/site-packages/dbcounter.py:115}}
May 26 16:24:46.890067 np0000001433 neutron-periodic-workers[88949]: DEBUG oslo.service.backend._threading.loopingcall [None req-9c9392be-934f-4771-aa97-c69dd7fcb454 None None] Fixed interval looping call 'neutron.plugins.ml2.plugin.DhcpAgentSchedulerDbMixin.remove_networks_from_down_agents' sleeping for 36.99 seconds {{(pid=88949) _run_loop /opt/stack/data/venv/lib/python3.12/site-packages/oslo_service/backend/_threading/loopingcall.py:125}}
May 26 16:24:51.914558 np0000001433 neutron-periodic-workers[88963]: DEBUG dbcounter [-] [88963] Writing DB stats neutron:SELECT=1 {{(pid=88963) stat_writer /opt/stack/data/venv/lib/python3.12/site-packages/dbcounter.py:115}}
May 26 16:24:56.890472 np0000001433 neutron-periodic-workers[88949]: DEBUG dbcounter [-] [88949] Writing DB stats neutron:SELECT=3 {{(pid=88949) stat_writer /opt/stack/data/venv/lib/python3.12/site-packages/dbcounter.py:115}}
May 26 16:25:18.920373 np0000001433 neutron-periodic-workers[88963]: DEBUG neutron.db.agents_db [None req-1e98be25-55f8-41dd-887b-f3cf9f33e1ae None None] Agent healthcheck: found 0 active agents {{(pid=88963) agent_health_check /opt/stack/neutron/neutron/db/agents_db.py:322}}
May 26 16:25:18.920741 np0000001433 neutron-periodic-workers[88963]: DEBUG oslo.service.backend._threading.loopingcall [None req-1e98be25-55f8-41dd-887b-f3cf9f33e1ae None None] Fixed interval looping call 'neutron.plugins.ml2.plugin.AgentDbMixin.agent_health_check' sleeping for 36.99 seconds {{(pid=88963) _run_loop /opt/stack/data/venv/lib/python3.12/site-packages/oslo_service/backend/_threading/loopingcall.py:125}}
May 26 16:25:23.886037 np0000001433 neutron-periodic-workers[88949]: DEBUG oslo.service.backend._threading.loopingcall [None req-9c9392be-934f-4771-aa97-c69dd7fcb454 None None] Fixed interval looping call 'neutron.plugins.ml2.plugin.DhcpAgentSchedulerDbMixin.remove_networks_from_down_agents' sleeping for 36.99 seconds {{(pid=88949) _run_loop /opt/stack/data/venv/lib/python3.12/site-packages/oslo_service/backend/_threading/loopingcall.py:125}}
May 26 16:25:28.918125 np0000001433 neutron-periodic-workers[88963]: DEBUG dbcounter [-] [88963] Writing DB stats neutron:SELECT=1 {{(pid=88963) stat_writer /opt/stack/data/venv/lib/python3.12/site-packages/dbcounter.py:115}}
May 26 16:25:33.885375 np0000001433 neutron-periodic-workers[88949]: DEBUG dbcounter [-] [88949] Writing DB stats neutron:SELECT=3 {{(pid=88949) stat_writer /opt/stack/data/venv/lib/python3.12/site-packages/dbcounter.py:115}}
May 26 16:25:55.916389 np0000001433 neutron-periodic-workers[88963]: DEBUG neutron.db.agents_db [None req-1e98be25-55f8-41dd-887b-f3cf9f33e1ae None None] Agent healthcheck: found 0 active agents {{(pid=88963) agent_health_check /opt/stack/neutron/neutron/db/agents_db.py:322}}
May 26 16:25:55.916840 np0000001433 neutron-periodic-workers[88963]: DEBUG oslo.service.backend._threading.loopingcall [None req-1e98be25-55f8-41dd-887b-f3cf9f33e1ae None None] Fixed interval looping call 'neutron.plugins.ml2.plugin.AgentDbMixin.agent_health_check' sleeping for 36.99 seconds {{(pid=88963) _run_loop /opt/stack/data/venv/lib/python3.12/site-packages/oslo_service/backend/_threading/loopingcall.py:125}}
May 26 16:26:00.888977 np0000001433 neutron-periodic-workers[88949]: DEBUG oslo.service.backend._threading.loopingcall [None req-9c9392be-934f-4771-aa97-c69dd7fcb454 None None] Fixed interval looping call 'neutron.plugins.ml2.plugin.DhcpAgentSchedulerDbMixin.remove_networks_from_down_agents' sleeping for 36.99 seconds {{(pid=88949) _run_loop /opt/stack/data/venv/lib/python3.12/site-packages/oslo_service/backend/_threading/loopingcall.py:125}}
May 26 16:26:05.913982 np0000001433 neutron-periodic-workers[88963]: DEBUG dbcounter [-] [88963] Writing DB stats neutron:SELECT=1 {{(pid=88963) stat_writer /opt/stack/data/venv/lib/python3.12/site-packages/dbcounter.py:115}}
May 26 16:26:05.940183 np0000001433 neutron-periodic-workers[88977]: DEBUG oslo.service.backend._threading.loopingcall [None req-1d1dcb8a-f97b-42f8-98be-2bd32b5da9b5 None None] Fixed interval looping call 'neutron.db.quota.driver_nolock.DbQuotaNoLockDriver._remove_expired_reservations' sleeping for 119.99 seconds {{(pid=88977) _run_loop /opt/stack/data/venv/lib/python3.12/site-packages/oslo_service/backend/_threading/loopingcall.py:125}}
May 26 16:26:10.887630 np0000001433 neutron-periodic-workers[88949]: DEBUG dbcounter [-] [88949] Writing DB stats neutron:SELECT=3 {{(pid=88949) stat_writer /opt/stack/data/venv/lib/python3.12/site-packages/dbcounter.py:115}}
May 26 16:26:15.935951 np0000001433 neutron-periodic-workers[88977]: DEBUG dbcounter [-] [88977] Writing DB stats neutron:DELETE=1 {{(pid=88977) stat_writer /opt/stack/data/venv/lib/python3.12/site-packages/dbcounter.py:115}}
May 26 16:26:32.911476 np0000001433 neutron-periodic-workers[88963]: DEBUG neutron.db.agents_db [None req-1e98be25-55f8-41dd-887b-f3cf9f33e1ae None None] Agent healthcheck: found 0 active agents {{(pid=88963) agent_health_check /opt/stack/neutron/neutron/db/agents_db.py:322}}
May 26 16:26:32.911476 np0000001433 neutron-periodic-workers[88963]: DEBUG oslo.service.backend._threading.loopingcall [None req-1e98be25-55f8-41dd-887b-f3cf9f33e1ae None None] Fixed interval looping call 'neutron.plugins.ml2.plugin.AgentDbMixin.agent_health_check' sleeping for 37.00 seconds {{(pid=88963) _run_loop /opt/stack/data/venv/lib/python3.12/site-packages/oslo_service/backend/_threading/loopingcall.py:125}}
May 26 16:26:37.887154 np0000001433 neutron-periodic-workers[88949]: DEBUG oslo.service.backend._threading.loopingcall [None req-9c9392be-934f-4771-aa97-c69dd7fcb454 None None] Fixed interval looping call 'neutron.plugins.ml2.plugin.DhcpAgentSchedulerDbMixin.remove_networks_from_down_agents' sleeping for 36.99 seconds {{(pid=88949) _run_loop /opt/stack/data/venv/lib/python3.12/site-packages/oslo_service/backend/_threading/loopingcall.py:125}}
May 26 16:26:42.909135 np0000001433 neutron-periodic-workers[88963]: DEBUG dbcounter [-] [88963] Writing DB stats neutron:SELECT=1 {{(pid=88963) stat_writer /opt/stack/data/venv/lib/python3.12/site-packages/dbcounter.py:115}}
May 26 16:26:47.886354 np0000001433 neutron-periodic-workers[88949]: DEBUG dbcounter [-] [88949] Writing DB stats neutron:SELECT=3 {{(pid=88949) stat_writer /opt/stack/data/venv/lib/python3.12/site-packages/dbcounter.py:115}}
May 26 16:27:09.916523 np0000001433 neutron-periodic-workers[88963]: DEBUG neutron.db.agents_db [None req-1e98be25-55f8-41dd-887b-f3cf9f33e1ae None None] Agent healthcheck: found 0 active agents {{(pid=88963) agent_health_check /opt/stack/neutron/neutron/db/agents_db.py:322}}
May 26 16:27:09.916979 np0000001433 neutron-periodic-workers[88963]: DEBUG oslo.service.backend._threading.loopingcall [None req-1e98be25-55f8-41dd-887b-f3cf9f33e1ae None None] Fixed interval looping call 'neutron.plugins.ml2.plugin.AgentDbMixin.agent_health_check' sleeping for 36.99 seconds {{(pid=88963) _run_loop /opt/stack/data/venv/lib/python3.12/site-packages/oslo_service/backend/_threading/loopingcall.py:125}}
May 26 16:27:14.887800 np0000001433 neutron-periodic-workers[88949]: DEBUG oslo.service.backend._threading.loopingcall [None req-9c9392be-934f-4771-aa97-c69dd7fcb454 None None] Fixed interval looping call 'neutron.plugins.ml2.plugin.DhcpAgentSchedulerDbMixin.remove_networks_from_down_agents' sleeping for 36.99 seconds {{(pid=88949) _run_loop /opt/stack/data/venv/lib/python3.12/site-packages/oslo_service/backend/_threading/loopingcall.py:125}}
May 26 16:27:19.913895 np0000001433 neutron-periodic-workers[88963]: DEBUG dbcounter [-] [88963] Writing DB stats neutron:SELECT=1 {{(pid=88963) stat_writer /opt/stack/data/venv/lib/python3.12/site-packages/dbcounter.py:115}}
May 26 16:27:24.886863 np0000001433 neutron-periodic-workers[88949]: DEBUG dbcounter [-] [88949] Writing DB stats neutron:SELECT=3 {{(pid=88949) stat_writer /opt/stack/data/venv/lib/python3.12/site-packages/dbcounter.py:115}}
May 26 16:27:46.912629 np0000001433 neutron-periodic-workers[88963]: DEBUG neutron.db.agents_db [None req-1e98be25-55f8-41dd-887b-f3cf9f33e1ae None None] Agent healthcheck: found 0 active agents {{(pid=88963) agent_health_check /opt/stack/neutron/neutron/db/agents_db.py:322}}
May 26 16:27:46.912629 np0000001433 neutron-periodic-workers[88963]: DEBUG oslo.service.backend._threading.loopingcall [None req-1e98be25-55f8-41dd-887b-f3cf9f33e1ae None None] Fixed interval looping call 'neutron.plugins.ml2.plugin.AgentDbMixin.agent_health_check' sleeping for 37.00 seconds {{(pid=88963) _run_loop /opt/stack/data/venv/lib/python3.12/site-packages/oslo_service/backend/_threading/loopingcall.py:125}}
May 26 16:27:51.893195 np0000001433 neutron-periodic-workers[88949]: DEBUG oslo.service.backend._threading.loopingcall [None req-9c9392be-934f-4771-aa97-c69dd7fcb454 None None] Fixed interval looping call 'neutron.plugins.ml2.plugin.DhcpAgentSchedulerDbMixin.remove_networks_from_down_agents' sleeping for 36.99 seconds {{(pid=88949) _run_loop /opt/stack/data/venv/lib/python3.12/site-packages/oslo_service/backend/_threading/loopingcall.py:125}}
May 26 16:27:56.910790 np0000001433 neutron-periodic-workers[88963]: DEBUG dbcounter [-] [88963] Writing DB stats neutron:SELECT=1 {{(pid=88963) stat_writer /opt/stack/data/venv/lib/python3.12/site-packages/dbcounter.py:115}}
May 26 16:28:01.893466 np0000001433 neutron-periodic-workers[88949]: DEBUG dbcounter [-] [88949] Writing DB stats neutron:SELECT=3 {{(pid=88949) stat_writer /opt/stack/data/venv/lib/python3.12/site-packages/dbcounter.py:115}}
May 26 16:28:05.940568 np0000001433 neutron-periodic-workers[88977]: DEBUG oslo.service.backend._threading.loopingcall [None req-1d1dcb8a-f97b-42f8-98be-2bd32b5da9b5 None None] Fixed interval looping call 'neutron.db.quota.driver_nolock.DbQuotaNoLockDriver._remove_expired_reservations' sleeping for 119.99 seconds {{(pid=88977) _run_loop /opt/stack/data/venv/lib/python3.12/site-packages/oslo_service/backend/_threading/loopingcall.py:125}}
May 26 16:28:15.941498 np0000001433 neutron-periodic-workers[88977]: DEBUG dbcounter [-] [88977] Writing DB stats neutron:DELETE=1 {{(pid=88977) stat_writer /opt/stack/data/venv/lib/python3.12/site-packages/dbcounter.py:115}}
May 26 16:28:23.915896 np0000001433 neutron-periodic-workers[88963]: DEBUG neutron.db.agents_db [None req-1e98be25-55f8-41dd-887b-f3cf9f33e1ae None None] Agent healthcheck: found 0 active agents {{(pid=88963) agent_health_check /opt/stack/neutron/neutron/db/agents_db.py:322}}
May 26 16:28:23.916357 np0000001433 neutron-periodic-workers[88963]: DEBUG oslo.service.backend._threading.loopingcall [None req-1e98be25-55f8-41dd-887b-f3cf9f33e1ae None None] Fixed interval looping call 'neutron.plugins.ml2.plugin.AgentDbMixin.agent_health_check' sleeping for 37.00 seconds {{(pid=88963) _run_loop /opt/stack/data/venv/lib/python3.12/site-packages/oslo_service/backend/_threading/loopingcall.py:125}}
May 26 16:28:28.893295 np0000001433 neutron-periodic-workers[88949]: DEBUG oslo.service.backend._threading.loopingcall [None req-9c9392be-934f-4771-aa97-c69dd7fcb454 None None] Fixed interval looping call 'neutron.plugins.ml2.plugin.DhcpAgentSchedulerDbMixin.remove_networks_from_down_agents' sleeping for 36.99 seconds {{(pid=88949) _run_loop /opt/stack/data/venv/lib/python3.12/site-packages/oslo_service/backend/_threading/loopingcall.py:125}}
May 26 16:28:33.916476 np0000001433 neutron-periodic-workers[88963]: DEBUG dbcounter [-] [88963] Writing DB stats neutron:SELECT=1 {{(pid=88963) stat_writer /opt/stack/data/venv/lib/python3.12/site-packages/dbcounter.py:115}}
May 26 16:28:38.891924 np0000001433 neutron-periodic-workers[88949]: DEBUG dbcounter [-] [88949] Writing DB stats neutron:SELECT=3 {{(pid=88949) stat_writer /opt/stack/data/venv/lib/python3.12/site-packages/dbcounter.py:115}}
May 26 16:29:00.920014 np0000001433 neutron-periodic-workers[88963]: DEBUG neutron.db.agents_db [None req-1e98be25-55f8-41dd-887b-f3cf9f33e1ae None None] Agent healthcheck: found 0 active agents {{(pid=88963) agent_health_check /opt/stack/neutron/neutron/db/agents_db.py:322}}
May 26 16:29:00.920893 np0000001433 neutron-periodic-workers[88963]: DEBUG oslo.service.backend._threading.loopingcall [None req-1e98be25-55f8-41dd-887b-f3cf9f33e1ae None None] Fixed interval looping call 'neutron.plugins.ml2.plugin.AgentDbMixin.agent_health_check' sleeping for 37.00 seconds {{(pid=88963) _run_loop /opt/stack/data/venv/lib/python3.12/site-packages/oslo_service/backend/_threading/loopingcall.py:125}}
May 26 16:29:05.901079 np0000001433 neutron-periodic-workers[88949]: DEBUG oslo.service.backend._threading.loopingcall [None req-9c9392be-934f-4771-aa97-c69dd7fcb454 None None] Fixed interval looping call 'neutron.plugins.ml2.plugin.DhcpAgentSchedulerDbMixin.remove_networks_from_down_agents' sleeping for 36.98 seconds {{(pid=88949) _run_loop /opt/stack/data/venv/lib/python3.12/site-packages/oslo_service/backend/_threading/loopingcall.py:125}}
May 26 16:29:10.921257 np0000001433 neutron-periodic-workers[88963]: DEBUG dbcounter [-] [88963] Writing DB stats neutron:SELECT=1 {{(pid=88963) stat_writer /opt/stack/data/venv/lib/python3.12/site-packages/dbcounter.py:115}}
May 26 16:29:15.898414 np0000001433 neutron-periodic-workers[88949]: DEBUG dbcounter [-] [88949] Writing DB stats neutron:SELECT=3 {{(pid=88949) stat_writer /opt/stack/data/venv/lib/python3.12/site-packages/dbcounter.py:115}}
May 26 16:29:23.940545 np0000001433 neutron-periodic-workers[88939]: DEBUG oslo.service.backend._threading.loopingcall [None req-05259c1e-3b41-470d-8daa-82a94d9aa6de None None] Fixed interval looping call 'neutron.services.ovn_l3.plugin.L3_NAT_dbonly_mixin._clean_garbage' sleeping for 299.97 seconds {{(pid=88939) _run_loop /opt/stack/data/venv/lib/python3.12/site-packages/oslo_service/backend/_threading/loopingcall.py:125}}
May 26 16:29:33.919924 np0000001433 neutron-periodic-workers[88939]: DEBUG dbcounter [-] [88939] Writing DB stats neutron:SELECT=1 {{(pid=88939) stat_writer /opt/stack/data/venv/lib/python3.12/site-packages/dbcounter.py:115}}
May 26 16:29:37.924040 np0000001433 neutron-periodic-workers[88963]: DEBUG neutron.db.agents_db [None req-1e98be25-55f8-41dd-887b-f3cf9f33e1ae None None] Agent healthcheck: found 0 active agents {{(pid=88963) agent_health_check /opt/stack/neutron/neutron/db/agents_db.py:322}}
May 26 16:29:37.924470 np0000001433 neutron-periodic-workers[88963]: DEBUG oslo.service.backend._threading.loopingcall [None req-1e98be25-55f8-41dd-887b-f3cf9f33e1ae None None] Fixed interval looping call 'neutron.plugins.ml2.plugin.AgentDbMixin.agent_health_check' sleeping for 37.00 seconds {{(pid=88963) _run_loop /opt/stack/data/venv/lib/python3.12/site-packages/oslo_service/backend/_threading/loopingcall.py:125}}
May 26 16:29:42.890557 np0000001433 neutron-periodic-workers[88949]: DEBUG oslo.service.backend._threading.loopingcall [None req-9c9392be-934f-4771-aa97-c69dd7fcb454 None None] Fixed interval looping call 'neutron.plugins.ml2.plugin.DhcpAgentSchedulerDbMixin.remove_networks_from_down_agents' sleeping for 36.99 seconds {{(pid=88949) _run_loop /opt/stack/data/venv/lib/python3.12/site-packages/oslo_service/backend/_threading/loopingcall.py:125}}
May 26 16:29:47.924078 np0000001433 neutron-periodic-workers[88963]: DEBUG dbcounter [-] [88963] Writing DB stats neutron:SELECT=1 {{(pid=88963) stat_writer /opt/stack/data/venv/lib/python3.12/site-packages/dbcounter.py:115}}
May 26 16:29:52.890923 np0000001433 neutron-periodic-workers[88949]: DEBUG dbcounter [-] [88949] Writing DB stats neutron:SELECT=3 {{(pid=88949) stat_writer /opt/stack/data/venv/lib/python3.12/site-packages/dbcounter.py:115}}
May 26 16:30:05.936359 np0000001433 neutron-periodic-workers[88977]: DEBUG oslo.service.backend._threading.loopingcall [None req-1d1dcb8a-f97b-42f8-98be-2bd32b5da9b5 None None] Fixed interval looping call 'neutron.db.quota.driver_nolock.DbQuotaNoLockDriver._remove_expired_reservations' sleeping for 120.00 seconds {{(pid=88977) _run_loop /opt/stack/data/venv/lib/python3.12/site-packages/oslo_service/backend/_threading/loopingcall.py:125}}
May 26 16:30:14.939418 np0000001433 neutron-periodic-workers[88963]: DEBUG neutron.db.agents_db [None req-1e98be25-55f8-41dd-887b-f3cf9f33e1ae None None] Agent healthcheck: found 0 active agents {{(pid=88963) agent_health_check /opt/stack/neutron/neutron/db/agents_db.py:322}}
May 26 16:30:14.939948 np0000001433 neutron-periodic-workers[88963]: DEBUG oslo.service.backend._threading.loopingcall [None req-1e98be25-55f8-41dd-887b-f3cf9f33e1ae None None] Fixed interval looping call 'neutron.plugins.ml2.plugin.AgentDbMixin.agent_health_check' sleeping for 36.98 seconds {{(pid=88963) _run_loop /opt/stack/data/venv/lib/python3.12/site-packages/oslo_service/backend/_threading/loopingcall.py:125}}
May 26 16:30:15.935995 np0000001433 neutron-periodic-workers[88977]: DEBUG dbcounter [-] [88977] Writing DB stats neutron:DELETE=1 {{(pid=88977) stat_writer /opt/stack/data/venv/lib/python3.12/site-packages/dbcounter.py:115}}
May 26 16:30:19.890620 np0000001433 neutron-periodic-workers[88949]: DEBUG oslo.service.backend._threading.loopingcall [None req-9c9392be-934f-4771-aa97-c69dd7fcb454 None None] Fixed interval looping call 'neutron.plugins.ml2.plugin.DhcpAgentSchedulerDbMixin.remove_networks_from_down_agents' sleeping for 36.99 seconds {{(pid=88949) _run_loop /opt/stack/data/venv/lib/python3.12/site-packages/oslo_service/backend/_threading/loopingcall.py:125}}
May 26 16:30:24.931299 np0000001433 neutron-periodic-workers[88963]: DEBUG dbcounter [-] [88963] Writing DB stats neutron:SELECT=1 {{(pid=88963) stat_writer /opt/stack/data/venv/lib/python3.12/site-packages/dbcounter.py:115}}
May 26 16:30:29.889175 np0000001433 neutron-periodic-workers[88949]: DEBUG dbcounter [-] [88949] Writing DB stats neutron:SELECT=3 {{(pid=88949) stat_writer /opt/stack/data/venv/lib/python3.12/site-packages/dbcounter.py:115}}
May 26 16:30:51.923777 np0000001433 neutron-periodic-workers[88963]: DEBUG neutron.db.agents_db [None req-1e98be25-55f8-41dd-887b-f3cf9f33e1ae None None] Agent healthcheck: found 0 active agents {{(pid=88963) agent_health_check /opt/stack/neutron/neutron/db/agents_db.py:322}}
May 26 16:30:51.923777 np0000001433 neutron-periodic-workers[88963]: DEBUG oslo.service.backend._threading.loopingcall [None req-1e98be25-55f8-41dd-887b-f3cf9f33e1ae None None] Fixed interval looping call 'neutron.plugins.ml2.plugin.AgentDbMixin.agent_health_check' sleeping for 37.00 seconds {{(pid=88963) _run_loop /opt/stack/data/venv/lib/python3.12/site-packages/oslo_service/backend/_threading/loopingcall.py:125}}
May 26 16:30:56.891967 np0000001433 neutron-periodic-workers[88949]: DEBUG oslo.service.backend._threading.loopingcall [None req-9c9392be-934f-4771-aa97-c69dd7fcb454 None None] Fixed interval looping call 'neutron.plugins.ml2.plugin.DhcpAgentSchedulerDbMixin.remove_networks_from_down_agents' sleeping for 36.99 seconds {{(pid=88949) _run_loop /opt/stack/data/venv/lib/python3.12/site-packages/oslo_service/backend/_threading/loopingcall.py:125}}
May 26 16:31:01.922541 np0000001433 neutron-periodic-workers[88963]: DEBUG dbcounter [-] [88963] Writing DB stats neutron:SELECT=1 {{(pid=88963) stat_writer /opt/stack/data/venv/lib/python3.12/site-packages/dbcounter.py:115}}
May 26 16:31:06.890871 np0000001433 neutron-periodic-workers[88949]: DEBUG dbcounter [-] [88949] Writing DB stats neutron:SELECT=3 {{(pid=88949) stat_writer /opt/stack/data/venv/lib/python3.12/site-packages/dbcounter.py:115}}
May 26 16:31:28.928363 np0000001433 neutron-periodic-workers[88963]: DEBUG neutron.db.agents_db [None req-1e98be25-55f8-41dd-887b-f3cf9f33e1ae None None] Agent healthcheck: found 0 active agents {{(pid=88963) agent_health_check /opt/stack/neutron/neutron/db/agents_db.py:322}}
May 26 16:31:28.928790 np0000001433 neutron-periodic-workers[88963]: DEBUG oslo.service.backend._threading.loopingcall [None req-1e98be25-55f8-41dd-887b-f3cf9f33e1ae None None] Fixed interval looping call 'neutron.plugins.ml2.plugin.AgentDbMixin.agent_health_check' sleeping for 37.00 seconds {{(pid=88963) _run_loop /opt/stack/data/venv/lib/python3.12/site-packages/oslo_service/backend/_threading/loopingcall.py:125}}
May 26 16:31:33.888658 np0000001433 neutron-periodic-workers[88949]: DEBUG oslo.service.backend._threading.loopingcall [None req-9c9392be-934f-4771-aa97-c69dd7fcb454 None None] Fixed interval looping call 'neutron.plugins.ml2.plugin.DhcpAgentSchedulerDbMixin.remove_networks_from_down_agents' sleeping for 36.99 seconds {{(pid=88949) _run_loop /opt/stack/data/venv/lib/python3.12/site-packages/oslo_service/backend/_threading/loopingcall.py:125}}
May 26 16:31:38.926858 np0000001433 neutron-periodic-workers[88963]: DEBUG dbcounter [-] [88963] Writing DB stats neutron:SELECT=1 {{(pid=88963) stat_writer /opt/stack/data/venv/lib/python3.12/site-packages/dbcounter.py:115}}
May 26 16:31:43.888815 np0000001433 neutron-periodic-workers[88949]: DEBUG dbcounter [-] [88949] Writing DB stats neutron:SELECT=3 {{(pid=88949) stat_writer /opt/stack/data/venv/lib/python3.12/site-packages/dbcounter.py:115}}
May 26 16:32:05.932683 np0000001433 neutron-periodic-workers[88963]: DEBUG neutron.db.agents_db [None req-1e98be25-55f8-41dd-887b-f3cf9f33e1ae None None] Agent healthcheck: found 0 active agents {{(pid=88963) agent_health_check /opt/stack/neutron/neutron/db/agents_db.py:322}}
May 26 16:32:05.933143 np0000001433 neutron-periodic-workers[88963]: DEBUG oslo.service.backend._threading.loopingcall [None req-1e98be25-55f8-41dd-887b-f3cf9f33e1ae None None] Fixed interval looping call 'neutron.plugins.ml2.plugin.AgentDbMixin.agent_health_check' sleeping for 37.00 seconds {{(pid=88963) _run_loop /opt/stack/data/venv/lib/python3.12/site-packages/oslo_service/backend/_threading/loopingcall.py:125}}
May 26 16:32:05.941345 np0000001433 neutron-periodic-workers[88977]: DEBUG oslo.service.backend._threading.loopingcall [None req-1d1dcb8a-f97b-42f8-98be-2bd32b5da9b5 None None] Fixed interval looping call 'neutron.db.quota.driver_nolock.DbQuotaNoLockDriver._remove_expired_reservations' sleeping for 120.00 seconds {{(pid=88977) _run_loop /opt/stack/data/venv/lib/python3.12/site-packages/oslo_service/backend/_threading/loopingcall.py:125}}
May 26 16:32:10.888591 np0000001433 neutron-periodic-workers[88949]: DEBUG oslo.service.backend._threading.loopingcall [None req-9c9392be-934f-4771-aa97-c69dd7fcb454 None None] Fixed interval looping call 'neutron.plugins.ml2.plugin.DhcpAgentSchedulerDbMixin.remove_networks_from_down_agents' sleeping for 36.99 seconds {{(pid=88949) _run_loop /opt/stack/data/venv/lib/python3.12/site-packages/oslo_service/backend/_threading/loopingcall.py:125}}
May 26 16:32:15.931379 np0000001433 neutron-periodic-workers[88963]: DEBUG dbcounter [-] [88963] Writing DB stats neutron:SELECT=1 {{(pid=88963) stat_writer /opt/stack/data/venv/lib/python3.12/site-packages/dbcounter.py:115}}
May 26 16:32:15.939613 np0000001433 neutron-periodic-workers[88977]: DEBUG dbcounter [-] [88977] Writing DB stats neutron:DELETE=1 {{(pid=88977) stat_writer /opt/stack/data/venv/lib/python3.12/site-packages/dbcounter.py:115}}
May 26 16:32:20.888380 np0000001433 neutron-periodic-workers[88949]: DEBUG dbcounter [-] [88949] Writing DB stats neutron:SELECT=3 {{(pid=88949) stat_writer /opt/stack/data/venv/lib/python3.12/site-packages/dbcounter.py:115}}
May 26 16:32:42.938383 np0000001433 neutron-periodic-workers[88963]: DEBUG neutron.db.agents_db [None req-1e98be25-55f8-41dd-887b-f3cf9f33e1ae None None] Agent healthcheck: found 0 active agents {{(pid=88963) agent_health_check /opt/stack/neutron/neutron/db/agents_db.py:322}}
May 26 16:32:42.938383 np0000001433 neutron-periodic-workers[88963]: DEBUG oslo.service.backend._threading.loopingcall [None req-1e98be25-55f8-41dd-887b-f3cf9f33e1ae None None] Fixed interval looping call 'neutron.plugins.ml2.plugin.AgentDbMixin.agent_health_check' sleeping for 37.00 seconds {{(pid=88963) _run_loop /opt/stack/data/venv/lib/python3.12/site-packages/oslo_service/backend/_threading/loopingcall.py:125}}
