Jun 18 04:57:29.368881 np0000003107 devstack@c-api.service[96040]: INFO cinder.volume.api [req-5888b8e9-1256-44a0-850c-942ec61ecc95 req-b6e3cfdb-8812-4e0a-b183-ac0a47ce8c95 tempest-TaggedBootDevicesTest-1071440967 tempest-TaggedBootDevicesTest-1071440967-project-member] Volume info retrieved successfully.
Jun 18 04:57:29.369784 np0000003107 devstack@c-api.service[96039]: DEBUG cinder.volume.api [None req-b20489a4-d1d6-4866-b268-816932cfbad1 tempest-TaggedBootDevicesTest_v242-1030195656 tempest-TaggedBootDevicesTest_v242-1030195656-project-member] Flow 'volume_create_api' (4493da43-040c-422c-8435-845174a7d1ae) transitioned into state 'SUCCESS' from state 'RUNNING' {{(pid=96039) _flow_receiver /opt/stack/data/venv/lib/python3.12/site-packages/taskflow/listeners/logging.py:160}}
Jun 18 04:57:29.370703 np0000003107 devstack@c-api.service[96039]: INFO cinder.volume.api [None req-b20489a4-d1d6-4866-b268-816932cfbad1 tempest-TaggedBootDevicesTest_v242-1030195656 tempest-TaggedBootDevicesTest_v242-1030195656-project-member] Create volume request issued successfully.
Jun 18 04:57:29.371573 np0000003107 devstack@c-api.service[96039]: INFO cinder.api.openstack.wsgi [None req-b20489a4-d1d6-4866-b268-816932cfbad1 tempest-TaggedBootDevicesTest_v242-1030195656 tempest-TaggedBootDevicesTest_v242-1030195656-project-member] https://10.4.3.132/volume/v3/volumes returned with HTTP 202
Jun 18 04:57:29.374142 np0000003107 devstack@c-api.service[96039]: [pid: 96039|app: 0|req: 52/117] 10.4.3.132 () {68 vars in 1259 bytes} [Thu Jun 18 04:57:28 2026] POST /volume/v3/volumes => generated 756 bytes in 796 msecs (HTTP/1.1 202) 7 headers in 291 bytes (1 switches on core 0)
Jun 18 04:57:29.375191 np0000003107 devstack@c-api.service[96040]: INFO cinder.api.openstack.wsgi [req-5888b8e9-1256-44a0-850c-942ec61ecc95 req-b6e3cfdb-8812-4e0a-b183-ac0a47ce8c95 tempest-TaggedBootDevicesTest-1071440967 tempest-TaggedBootDevicesTest-1071440967-project-member] https://10.4.3.132/volume/v3/volumes/a3d5b4da-aa75-4681-837d-1cca40832aac returned with HTTP 200
Jun 18 04:57:29.379349 np0000003107 devstack@c-api.service[96040]: [pid: 96040|app: 0|req: 66/118] 10.4.3.132 () {68 vars in 1598 bytes} [Thu Jun 18 04:57:29 2026] GET /volume/v3/volumes/a3d5b4da-aa75-4681-837d-1cca40832aac => generated 845 bytes in 30 msecs (HTTP/1.1 200) 7 headers in 285 bytes (1 switches on core 0)
Jun 18 04:57:29.388684 np0000003107 devstack@c-api.service[96039]: DEBUG cinder.api.middleware.request_id [None req-5f7d5410-f6f8-4c51-8b59-b6592d9b6bb0 None None] RequestId filter calling following filter/app {{(pid=96039) _context_setter /opt/stack/cinder/cinder/api/middleware/request_id.py:62}}
Jun 18 04:57:29.392624 np0000003107 devstack@c-api.service[96039]: INFO cinder.api.openstack.wsgi [None req-5f7d5410-f6f8-4c51-8b59-b6592d9b6bb0 tempest-TaggedBootDevicesTest_v242-1030195656 tempest-TaggedBootDevicesTest_v242-1030195656-project-member] GET https://10.4.3.132/volume/v3/volumes/2309ff27-f77a-4453-a47e-58e04ff31db4
Jun 18 04:57:29.392624 np0000003107 devstack@c-api.service[96039]: DEBUG cinder.api.openstack.wsgi [None req-5f7d5410-f6f8-4c51-8b59-b6592d9b6bb0 tempest-TaggedBootDevicesTest_v242-1030195656 tempest-TaggedBootDevicesTest_v242-1030195656-project-member] Empty body provided in request {{(pid=96039) get_body /opt/stack/cinder/cinder/api/openstack/wsgi.py:725}}
Jun 18 04:57:29.392624 np0000003107 devstack@c-api.service[96039]: DEBUG cinder.api.openstack.wsgi [None req-5f7d5410-f6f8-4c51-8b59-b6592d9b6bb0 tempest-TaggedBootDevicesTest_v242-1030195656 tempest-TaggedBootDevicesTest_v242-1030195656-project-member] Calling method 'show' {{(pid=96039) _process_stack /opt/stack/cinder/cinder/api/openstack/wsgi.py:878}}
Jun 18 04:57:29.402262 np0000003107 devstack@c-api.service[96040]: DEBUG cinder.api.middleware.request_id [None req-f49f0d52-d957-42f0-ab4f-adab0e681a9b None None] RequestId filter calling following filter/app {{(pid=96040) _context_setter /opt/stack/cinder/cinder/api/middleware/request_id.py:62}}
Jun 18 04:57:29.403366 np0000003107 devstack@c-api.service[96040]: INFO cinder.api.openstack.wsgi [None req-f49f0d52-d957-42f0-ab4f-adab0e681a9b None None] GET https://10.4.3.132/volume//
Jun 18 04:57:29.404865 np0000003107 devstack@c-api.service[96040]: DEBUG cinder.api.openstack.wsgi [None req-f49f0d52-d957-42f0-ab4f-adab0e681a9b None None] Empty body provided in request {{(pid=96040) get_body /opt/stack/cinder/cinder/api/openstack/wsgi.py:725}}
Jun 18 04:57:29.405033 np0000003107 devstack@c-api.service[96039]: /opt/stack/data/venv/lib/python3.12/site-packages/oslo_context/context.py:102: DeprecationWarning: Policy enforcement is depending on the value of is_admin. This key is deprecated. Please update your policy file to use the standard policy values.
Jun 18 04:57:29.405033 np0000003107 devstack@c-api.service[96039]: warnings.warn(
Jun 18 04:57:29.405402 np0000003107 devstack@c-api.service[96040]: DEBUG cinder.api.openstack.wsgi [None req-f49f0d52-d957-42f0-ab4f-adab0e681a9b None None] Calling method 'all' {{(pid=96040) _process_stack /opt/stack/cinder/cinder/api/openstack/wsgi.py:878}}
Jun 18 04:57:29.405402 np0000003107 devstack@c-api.service[96040]: INFO cinder.api.openstack.wsgi [None req-f49f0d52-d957-42f0-ab4f-adab0e681a9b None None] https://10.4.3.132/volume// returned with HTTP 300
Jun 18 04:57:29.405402 np0000003107 devstack@c-api.service[96040]: [pid: 96040|app: 0|req: 67/119] 10.4.3.132 () {66 vars in 1419 bytes} [Thu Jun 18 04:57:29 2026] GET /volume/ => generated 386 bytes in 3 msecs (HTTP/1.1 300) 7 headers in 299 bytes (1 switches on core 0)
Jun 18 04:57:29.409913 np0000003107 devstack@c-api.service[96039]: INFO cinder.volume.api [None req-5f7d5410-f6f8-4c51-8b59-b6592d9b6bb0 tempest-TaggedBootDevicesTest_v242-1030195656 tempest-TaggedBootDevicesTest_v242-1030195656-project-member] Volume info retrieved successfully.
Jun 18 04:57:29.418308 np0000003107 devstack@c-api.service[96039]: INFO cinder.api.openstack.wsgi [None req-5f7d5410-f6f8-4c51-8b59-b6592d9b6bb0 tempest-TaggedBootDevicesTest_v242-1030195656 tempest-TaggedBootDevicesTest_v242-1030195656-project-member] https://10.4.3.132/volume/v3/volumes/2309ff27-f77a-4453-a47e-58e04ff31db4 returned with HTTP 200
Jun 18 04:57:29.419617 np0000003107 devstack@c-api.service[96039]: [pid: 96039|app: 0|req: 53/120] 10.4.3.132 () {66 vars in 1348 bytes} [Thu Jun 18 04:57:29 2026] GET /volume/v3/volumes/2309ff27-f77a-4453-a47e-58e04ff31db4 => generated 824 bytes in 31 msecs (HTTP/1.1 200) 7 headers in 285 bytes (1 switches on core 0)
Jun 18 04:57:29.422545 np0000003107 devstack@c-api.service[96040]: DEBUG cinder.api.middleware.request_id [req-5888b8e9-1256-44a0-850c-942ec61ecc95 req-50beaf73-5594-4894-aeac-1f42ad91e6e6 None None] RequestId filter calling following filter/app {{(pid=96040) _context_setter /opt/stack/cinder/cinder/api/middleware/request_id.py:62}}
Jun 18 04:57:29.425560 np0000003107 devstack@c-api.service[96040]: INFO cinder.api.openstack.wsgi [req-5888b8e9-1256-44a0-850c-942ec61ecc95 req-50beaf73-5594-4894-aeac-1f42ad91e6e6 tempest-TaggedBootDevicesTest-1071440967 tempest-TaggedBootDevicesTest-1071440967-project-member] POST https://10.4.3.132/volume/v3/attachments
Jun 18 04:57:29.426682 np0000003107 devstack@c-api.service[96040]: DEBUG cinder.api.openstack.wsgi [req-5888b8e9-1256-44a0-850c-942ec61ecc95 req-50beaf73-5594-4894-aeac-1f42ad91e6e6 tempest-TaggedBootDevicesTest-1071440967 tempest-TaggedBootDevicesTest-1071440967-project-member] Action: 'create', calling method: version_select, body: {"attachment": {"volume_uuid": "2be879a0-63e7-4ff3-b1aa-12056c81324f", "connector": null, "instance_uuid": "3e78e10b-7141-4a0a-b1ce-898e58c6994b"}} {{(pid=96040) _process_stack /opt/stack/cinder/cinder/api/openstack/wsgi.py:876}}
Jun 18 04:57:29.439087 np0000003107 devstack@c-api.service[96040]: /opt/stack/data/venv/lib/python3.12/site-packages/oslo_context/context.py:102: DeprecationWarning: Policy enforcement is depending on the value of is_admin. This key is deprecated. Please update your policy file to use the standard policy values.
Jun 18 04:57:29.439087 np0000003107 devstack@c-api.service[96040]: warnings.warn(
Jun 18 04:57:29.482759 np0000003107 devstack@c-api.service[96040]: INFO cinder.api.openstack.wsgi [req-5888b8e9-1256-44a0-850c-942ec61ecc95 req-50beaf73-5594-4894-aeac-1f42ad91e6e6 tempest-TaggedBootDevicesTest-1071440967 tempest-TaggedBootDevicesTest-1071440967-project-member] https://10.4.3.132/volume/v3/attachments returned with HTTP 200
Jun 18 04:57:29.483795 np0000003107 devstack@c-api.service[96040]: [pid: 96040|app: 0|req: 68/121] 10.4.3.132 () {74 vars in 1594 bytes} [Thu Jun 18 04:57:29 2026] POST /volume/v3/attachments => generated 273 bytes in 62 msecs (HTTP/1.1 200) 7 headers in 286 bytes (1 switches on core 0)
Jun 18 04:57:29.504191 np0000003107 devstack@c-api.service[96039]: DEBUG cinder.api.middleware.request_id [None req-efc35c32-0522-48cc-b5c2-3f99e8ba14e7 None None] RequestId filter calling following filter/app {{(pid=96039) _context_setter /opt/stack/cinder/cinder/api/middleware/request_id.py:62}}
Jun 18 04:57:29.505055 np0000003107 devstack@c-api.service[96039]: INFO cinder.api.openstack.wsgi [None req-efc35c32-0522-48cc-b5c2-3f99e8ba14e7 None None] GET https://10.4.3.132/volume//
Jun 18 04:57:29.505332 np0000003107 devstack@c-api.service[96039]: DEBUG cinder.api.openstack.wsgi [None req-efc35c32-0522-48cc-b5c2-3f99e8ba14e7 None None] Empty body provided in request {{(pid=96039) get_body /opt/stack/cinder/cinder/api/openstack/wsgi.py:725}}
Jun 18 04:57:29.505728 np0000003107 devstack@c-api.service[96039]: DEBUG cinder.api.openstack.wsgi [None req-efc35c32-0522-48cc-b5c2-3f99e8ba14e7 None None] Calling method 'all' {{(pid=96039) _process_stack /opt/stack/cinder/cinder/api/openstack/wsgi.py:878}}
Jun 18 04:57:29.506425 np0000003107 devstack@c-api.service[96039]: INFO cinder.api.openstack.wsgi [None req-efc35c32-0522-48cc-b5c2-3f99e8ba14e7 None None] https://10.4.3.132/volume// returned with HTTP 300
Jun 18 04:57:29.507377 np0000003107 devstack@c-api.service[96039]: [pid: 96039|app: 0|req: 54/122] 10.4.3.132 () {66 vars in 1419 bytes} [Thu Jun 18 04:57:29 2026] GET /volume/ => generated 386 bytes in 3 msecs (HTTP/1.1 300) 7 headers in 299 bytes (1 switches on core 0)
Jun 18 04:57:29.522269 np0000003107 devstack@c-api.service[96040]: DEBUG cinder.api.middleware.request_id [req-5888b8e9-1256-44a0-850c-942ec61ecc95 req-6fe3733e-ddc1-4978-b3fa-8f2bdb52b5b1 None None] RequestId filter calling following filter/app {{(pid=96040) _context_setter /opt/stack/cinder/cinder/api/middleware/request_id.py:62}}
Jun 18 04:57:29.526627 np0000003107 devstack@c-api.service[96040]: INFO cinder.api.openstack.wsgi [req-5888b8e9-1256-44a0-850c-942ec61ecc95 req-6fe3733e-ddc1-4978-b3fa-8f2bdb52b5b1 tempest-TaggedBootDevicesTest-1071440967 tempest-TaggedBootDevicesTest-1071440967-project-member] POST https://10.4.3.132/volume/v3/attachments
Jun 18 04:57:29.528921 np0000003107 devstack@c-api.service[96040]: DEBUG cinder.api.openstack.wsgi [req-5888b8e9-1256-44a0-850c-942ec61ecc95 req-6fe3733e-ddc1-4978-b3fa-8f2bdb52b5b1 tempest-TaggedBootDevicesTest-1071440967 tempest-TaggedBootDevicesTest-1071440967-project-member] Action: 'create', calling method: version_select, body: {"attachment": {"volume_uuid": "d24eec95-fbab-45ba-b43c-1439f89418d4", "connector": null, "instance_uuid": "3e78e10b-7141-4a0a-b1ce-898e58c6994b"}} {{(pid=96040) _process_stack /opt/stack/cinder/cinder/api/openstack/wsgi.py:876}}
Jun 18 04:57:29.542217 np0000003107 devstack@c-api.service[96040]: /opt/stack/data/venv/lib/python3.12/site-packages/oslo_context/context.py:102: DeprecationWarning: Policy enforcement is depending on the value of is_admin. This key is deprecated. Please update your policy file to use the standard policy values.
Jun 18 04:57:29.542217 np0000003107 devstack@c-api.service[96040]: warnings.warn(
Jun 18 04:57:29.608786 np0000003107 devstack@c-api.service[96040]: INFO cinder.api.openstack.wsgi [req-5888b8e9-1256-44a0-850c-942ec61ecc95 req-6fe3733e-ddc1-4978-b3fa-8f2bdb52b5b1 tempest-TaggedBootDevicesTest-1071440967 tempest-TaggedBootDevicesTest-1071440967-project-member] https://10.4.3.132/volume/v3/attachments returned with HTTP 200
Jun 18 04:57:29.609564 np0000003107 devstack@c-api.service[96040]: [pid: 96040|app: 0|req: 69/123] 10.4.3.132 () {74 vars in 1594 bytes} [Thu Jun 18 04:57:29 2026] POST /volume/v3/attachments => generated 273 bytes in 88 msecs (HTTP/1.1 200) 7 headers in 286 bytes (1 switches on core 0)
Jun 18 04:57:29.627088 np0000003107 devstack@c-api.service[96039]: DEBUG cinder.api.middleware.request_id [None req-24304989-6d3b-46fd-a093-bbd93380582a None None] RequestId filter calling following filter/app {{(pid=96039) _context_setter /opt/stack/cinder/cinder/api/middleware/request_id.py:62}}
Jun 18 04:57:29.628501 np0000003107 devstack@c-api.service[96039]: INFO cinder.api.openstack.wsgi [None req-24304989-6d3b-46fd-a093-bbd93380582a None None] GET https://10.4.3.132/volume//
Jun 18 04:57:29.628709 np0000003107 devstack@c-api.service[96039]: DEBUG cinder.api.openstack.wsgi [None req-24304989-6d3b-46fd-a093-bbd93380582a None None] Empty body provided in request {{(pid=96039) get_body /opt/stack/cinder/cinder/api/openstack/wsgi.py:725}}
Jun 18 04:57:29.629126 np0000003107 devstack@c-api.service[96039]: DEBUG cinder.api.openstack.wsgi [None req-24304989-6d3b-46fd-a093-bbd93380582a None None] Calling method 'all' {{(pid=96039) _process_stack /opt/stack/cinder/cinder/api/openstack/wsgi.py:878}}
Jun 18 04:57:29.630131 np0000003107 devstack@c-api.service[96039]: INFO cinder.api.openstack.wsgi [None req-24304989-6d3b-46fd-a093-bbd93380582a None None] https://10.4.3.132/volume// returned with HTTP 300
Jun 18 04:57:29.630131 np0000003107 devstack@c-api.service[96039]: [pid: 96039|app: 0|req: 55/124] 10.4.3.132 () {66 vars in 1419 bytes} [Thu Jun 18 04:57:29 2026] GET /volume/ => generated 386 bytes in 4 msecs (HTTP/1.1 300) 7 headers in 299 bytes (1 switches on core 0)
Jun 18 04:57:29.648430 np0000003107 devstack@c-api.service[96040]: DEBUG cinder.api.middleware.request_id [req-5888b8e9-1256-44a0-850c-942ec61ecc95 req-4299bf2a-a754-486d-92b5-cd3e1f3535dd None None] RequestId filter calling following filter/app {{(pid=96040) _context_setter /opt/stack/cinder/cinder/api/middleware/request_id.py:62}}
Jun 18 04:57:29.654946 np0000003107 devstack@c-api.service[96040]: INFO cinder.api.openstack.wsgi [req-5888b8e9-1256-44a0-850c-942ec61ecc95 req-4299bf2a-a754-486d-92b5-cd3e1f3535dd tempest-TaggedBootDevicesTest-1071440967 tempest-TaggedBootDevicesTest-1071440967-project-member] POST https://10.4.3.132/volume/v3/attachments
Jun 18 04:57:29.654946 np0000003107 devstack@c-api.service[96040]: DEBUG cinder.api.openstack.wsgi [req-5888b8e9-1256-44a0-850c-942ec61ecc95 req-4299bf2a-a754-486d-92b5-cd3e1f3535dd tempest-TaggedBootDevicesTest-1071440967 tempest-TaggedBootDevicesTest-1071440967-project-member] Action: 'create', calling method: version_select, body: {"attachment": {"volume_uuid": "a3d5b4da-aa75-4681-837d-1cca40832aac", "connector": null, "instance_uuid": "3e78e10b-7141-4a0a-b1ce-898e58c6994b"}} {{(pid=96040) _process_stack /opt/stack/cinder/cinder/api/openstack/wsgi.py:876}}
Jun 18 04:57:29.668200 np0000003107 devstack@c-api.service[96040]: /opt/stack/data/venv/lib/python3.12/site-packages/oslo_context/context.py:102: DeprecationWarning: Policy enforcement is depending on the value of is_admin. This key is deprecated. Please update your policy file to use the standard policy values.
Jun 18 04:57:29.668200 np0000003107 devstack@c-api.service[96040]: warnings.warn(
Jun 18 04:57:29.718472 np0000003107 devstack@c-api.service[96040]: INFO cinder.api.openstack.wsgi [req-5888b8e9-1256-44a0-850c-942ec61ecc95 req-4299bf2a-a754-486d-92b5-cd3e1f3535dd tempest-TaggedBootDevicesTest-1071440967 tempest-TaggedBootDevicesTest-1071440967-project-member] https://10.4.3.132/volume/v3/attachments returned with HTTP 200
Jun 18 04:57:29.719534 np0000003107 devstack@c-api.service[96040]: [pid: 96040|app: 0|req: 70/125] 10.4.3.132 () {74 vars in 1594 bytes} [Thu Jun 18 04:57:29 2026] POST /volume/v3/attachments => generated 273 bytes in 71 msecs (HTTP/1.1 200) 7 headers in 286 bytes (1 switches on core 0)
Jun 18 04:57:30.229832 np0000003107 devstack@c-api.service[96039]: DEBUG cinder.api.middleware.request_id [None req-5f190805-5857-46a0-85f3-31cf99be10f8 None None] RequestId filter calling following filter/app {{(pid=96039) _context_setter /opt/stack/cinder/cinder/api/middleware/request_id.py:62}}
Jun 18 04:57:30.234394 np0000003107 devstack@c-api.service[96039]: INFO cinder.api.openstack.wsgi [None req-5f190805-5857-46a0-85f3-31cf99be10f8 tempest-GroupSnapshotsTest-172422984 tempest-GroupSnapshotsTest-172422984-project-member] GET https://10.4.3.132/volume/v3/volumes/d2fb6fd8-d4bb-4025-8c32-9836e0fd8241
Jun 18 04:57:30.234394 np0000003107 devstack@c-api.service[96039]: DEBUG cinder.api.openstack.wsgi [None req-5f190805-5857-46a0-85f3-31cf99be10f8 tempest-GroupSnapshotsTest-172422984 tempest-GroupSnapshotsTest-172422984-project-member] Empty body provided in request {{(pid=96039) get_body /opt/stack/cinder/cinder/api/openstack/wsgi.py:725}}
Jun 18 04:57:30.234394 np0000003107 devstack@c-api.service[96039]: DEBUG cinder.api.openstack.wsgi [None req-5f190805-5857-46a0-85f3-31cf99be10f8 tempest-GroupSnapshotsTest-172422984 tempest-GroupSnapshotsTest-172422984-project-member] Calling method 'show' {{(pid=96039) _process_stack /opt/stack/cinder/cinder/api/openstack/wsgi.py:878}}
Jun 18 04:57:30.246198 np0000003107 devstack@c-api.service[96039]: INFO cinder.api.openstack.wsgi [None req-5f190805-5857-46a0-85f3-31cf99be10f8 tempest-GroupSnapshotsTest-172422984 tempest-GroupSnapshotsTest-172422984-project-member] https://10.4.3.132/volume/v3/volumes/d2fb6fd8-d4bb-4025-8c32-9836e0fd8241 returned with HTTP 404
Jun 18 04:57:30.247817 np0000003107 devstack@c-api.service[96039]: [pid: 96039|app: 0|req: 56/126] 10.4.3.132 () {68 vars in 1389 bytes} [Thu Jun 18 04:57:30 2026] GET /volume/v3/volumes/d2fb6fd8-d4bb-4025-8c32-9836e0fd8241 => generated 109 bytes in 19 msecs (HTTP/1.1 404) 7 headers in 293 bytes (1 switches on core 0)
Jun 18 04:57:30.256806 np0000003107 devstack@c-api.service[96040]: DEBUG cinder.api.middleware.request_id [None req-237884ca-acca-4bac-8d3b-0a795f8d7d8a None None] RequestId filter calling following filter/app {{(pid=96040) _context_setter /opt/stack/cinder/cinder/api/middleware/request_id.py:62}}
Jun 18 04:57:30.259057 np0000003107 devstack@c-api.service[96040]: INFO cinder.api.openstack.wsgi [None req-237884ca-acca-4bac-8d3b-0a795f8d7d8a tempest-GroupSnapshotsTest-172422984 tempest-GroupSnapshotsTest-172422984-project-member] GET https://10.4.3.132/volume/v3/groups/2dc12c8a-6d1b-40fb-a098-6e4f6ef2ad83
Jun 18 04:57:30.259293 np0000003107 devstack@c-api.service[96040]: DEBUG cinder.api.openstack.wsgi [None req-237884ca-acca-4bac-8d3b-0a795f8d7d8a tempest-GroupSnapshotsTest-172422984 tempest-GroupSnapshotsTest-172422984-project-member] Empty body provided in request {{(pid=96040) get_body /opt/stack/cinder/cinder/api/openstack/wsgi.py:725}}
Jun 18 04:57:30.259592 np0000003107 devstack@c-api.service[96040]: DEBUG cinder.api.openstack.wsgi [None req-237884ca-acca-4bac-8d3b-0a795f8d7d8a tempest-GroupSnapshotsTest-172422984 tempest-GroupSnapshotsTest-172422984-project-member] Calling method 'version_select' {{(pid=96040) _process_stack /opt/stack/cinder/cinder/api/openstack/wsgi.py:878}}
Jun 18 04:57:30.259753 np0000003107 devstack@c-api.service[96040]: DEBUG cinder.api.v3.groups [None req-237884ca-acca-4bac-8d3b-0a795f8d7d8a tempest-GroupSnapshotsTest-172422984 tempest-GroupSnapshotsTest-172422984-project-member] show called for member 2dc12c8a-6d1b-40fb-a098-6e4f6ef2ad83 {{(pid=96040) show /opt/stack/cinder/cinder/api/v3/groups.py:58}}
Jun 18 04:57:30.263737 np0000003107 devstack@c-api.service[96040]: INFO cinder.api.openstack.wsgi [None req-237884ca-acca-4bac-8d3b-0a795f8d7d8a tempest-GroupSnapshotsTest-172422984 tempest-GroupSnapshotsTest-172422984-project-member] https://10.4.3.132/volume/v3/groups/2dc12c8a-6d1b-40fb-a098-6e4f6ef2ad83 returned with HTTP 404
Jun 18 04:57:30.264645 np0000003107 devstack@c-api.service[96040]: [pid: 96040|app: 0|req: 71/127] 10.4.3.132 () {68 vars in 1386 bytes} [Thu Jun 18 04:57:30 2026] GET /volume/v3/groups/2dc12c8a-6d1b-40fb-a098-6e4f6ef2ad83 => generated 108 bytes in 8 msecs (HTTP/1.1 404) 7 headers in 293 bytes (1 switches on core 0)
Jun 18 04:57:30.276069 np0000003107 devstack@c-api.service[96039]: DEBUG cinder.api.middleware.request_id [None req-e1ec46a4-0d46-4e15-9a02-53eb183c0e10 None None] RequestId filter calling following filter/app {{(pid=96039) _context_setter /opt/stack/cinder/cinder/api/middleware/request_id.py:62}}
Jun 18 04:57:30.280059 np0000003107 devstack@c-api.service[96039]: INFO cinder.api.openstack.wsgi [None req-e1ec46a4-0d46-4e15-9a02-53eb183c0e10 tempest-GroupSnapshotsTest-172422984 tempest-GroupSnapshotsTest-172422984-project-member] DELETE https://10.4.3.132/volume/v3/group_snapshots/ea88c4c6-d562-473b-8a4b-9b0d3ffa2c5e
Jun 18 04:57:30.280691 np0000003107 devstack@c-api.service[96039]: DEBUG cinder.api.openstack.wsgi [None req-e1ec46a4-0d46-4e15-9a02-53eb183c0e10 tempest-GroupSnapshotsTest-172422984 tempest-GroupSnapshotsTest-172422984-project-member] Empty body provided in request {{(pid=96039) get_body /opt/stack/cinder/cinder/api/openstack/wsgi.py:725}}
Jun 18 04:57:30.281116 np0000003107 devstack@c-api.service[96039]: DEBUG cinder.api.openstack.wsgi [None req-e1ec46a4-0d46-4e15-9a02-53eb183c0e10 tempest-GroupSnapshotsTest-172422984 tempest-GroupSnapshotsTest-172422984-project-member] Calling method 'version_select' {{(pid=96039) _process_stack /opt/stack/cinder/cinder/api/openstack/wsgi.py:878}}
Jun 18 04:57:30.281456 np0000003107 devstack@c-api.service[96039]: DEBUG cinder.api.v3.group_snapshots [None req-e1ec46a4-0d46-4e15-9a02-53eb183c0e10 tempest-GroupSnapshotsTest-172422984 tempest-GroupSnapshotsTest-172422984-project-member] delete called for member ea88c4c6-d562-473b-8a4b-9b0d3ffa2c5e {{(pid=96039) delete /opt/stack/cinder/cinder/api/v3/group_snapshots.py:72}}
Jun 18 04:57:30.281766 np0000003107 devstack@c-api.service[96039]: INFO cinder.api.v3.group_snapshots [None req-e1ec46a4-0d46-4e15-9a02-53eb183c0e10 tempest-GroupSnapshotsTest-172422984 tempest-GroupSnapshotsTest-172422984-project-member] Delete group_snapshot with id: ea88c4c6-d562-473b-8a4b-9b0d3ffa2c5e
Jun 18 04:57:30.287172 np0000003107 devstack@c-api.service[96039]: /opt/stack/data/venv/lib/python3.12/site-packages/oslo_context/context.py:102: DeprecationWarning: Policy enforcement is depending on the value of is_admin. This key is deprecated. Please update your policy file to use the standard policy values.
Jun 18 04:57:30.287172 np0000003107 devstack@c-api.service[96039]: warnings.warn(
Jun 18 04:57:30.348953 np0000003107 devstack@c-api.service[96039]: INFO cinder.api.openstack.wsgi [None req-e1ec46a4-0d46-4e15-9a02-53eb183c0e10 tempest-GroupSnapshotsTest-172422984 tempest-GroupSnapshotsTest-172422984-project-member] https://10.4.3.132/volume/v3/group_snapshots/ea88c4c6-d562-473b-8a4b-9b0d3ffa2c5e returned with HTTP 202
Jun 18 04:57:30.350373 np0000003107 devstack@c-api.service[96039]: [pid: 96039|app: 0|req: 57/128] 10.4.3.132 () {68 vars in 1416 bytes} [Thu Jun 18 04:57:30 2026] DELETE /volume/v3/group_snapshots/ea88c4c6-d562-473b-8a4b-9b0d3ffa2c5e => generated 0 bytes in 74 msecs (HTTP/1.1 202) 6 headers in 234 bytes (1 switches on core 0)
Jun 18 04:57:30.360806 np0000003107 devstack@c-api.service[96040]: DEBUG cinder.api.middleware.request_id [None req-773f4001-77e8-40dc-8ca5-597f415ae4fe None None] RequestId filter calling following filter/app {{(pid=96040) _context_setter /opt/stack/cinder/cinder/api/middleware/request_id.py:62}}
Jun 18 04:57:30.363130 np0000003107 devstack@c-api.service[96040]: INFO cinder.api.openstack.wsgi [None req-773f4001-77e8-40dc-8ca5-597f415ae4fe tempest-GroupSnapshotsTest-172422984 tempest-GroupSnapshotsTest-172422984-project-member] GET https://10.4.3.132/volume/v3/volumes/detail
Jun 18 04:57:30.363193 np0000003107 devstack@c-api.service[96040]: DEBUG cinder.api.openstack.wsgi [None req-773f4001-77e8-40dc-8ca5-597f415ae4fe tempest-GroupSnapshotsTest-172422984 tempest-GroupSnapshotsTest-172422984-project-member] Empty body provided in request {{(pid=96040) get_body /opt/stack/cinder/cinder/api/openstack/wsgi.py:725}}
Jun 18 04:57:30.363539 np0000003107 devstack@c-api.service[96040]: DEBUG cinder.api.openstack.wsgi [None req-773f4001-77e8-40dc-8ca5-597f415ae4fe tempest-GroupSnapshotsTest-172422984 tempest-GroupSnapshotsTest-172422984-project-member] Calling method 'detail' {{(pid=96040) _process_stack /opt/stack/cinder/cinder/api/openstack/wsgi.py:878}}
Jun 18 04:57:30.363915 np0000003107 devstack@c-api.service[96040]: DEBUG cinder.api.api_utils [None req-773f4001-77e8-40dc-8ca5-597f415ae4fe tempest-GroupSnapshotsTest-172422984 tempest-GroupSnapshotsTest-172422984-project-member] Removing options '' from query. {{(pid=96040) remove_invalid_filter_options /opt/stack/cinder/cinder/api/api_utils.py:82}}
Jun 18 04:57:30.364310 np0000003107 devstack@c-api.service[96040]: /opt/stack/data/venv/lib/python3.12/site-packages/oslo_context/context.py:102: DeprecationWarning: Policy enforcement is depending on the value of is_admin. This key is deprecated. Please update your policy file to use the standard policy values.
Jun 18 04:57:30.364310 np0000003107 devstack@c-api.service[96040]: warnings.warn(
Jun 18 04:57:30.364962 np0000003107 devstack@c-api.service[96040]: DEBUG cinder.volume.api [None req-773f4001-77e8-40dc-8ca5-597f415ae4fe tempest-GroupSnapshotsTest-172422984 tempest-GroupSnapshotsTest-172422984-project-member] Searching by: MultiDict([('no_migration_targets', True)]). {{(pid=96040) get_all /opt/stack/cinder/cinder/volume/api.py:664}}
Jun 18 04:57:30.374585 np0000003107 devstack@c-api.service[96040]: INFO cinder.volume.api [None req-773f4001-77e8-40dc-8ca5-597f415ae4fe tempest-GroupSnapshotsTest-172422984 tempest-GroupSnapshotsTest-172422984-project-member] Get all volumes completed successfully.
Jun 18 04:57:30.375714 np0000003107 devstack@c-api.service[96040]: WARNING stevedore.named [None req-773f4001-77e8-40dc-8ca5-597f415ae4fe tempest-GroupSnapshotsTest-172422984 tempest-GroupSnapshotsTest-172422984-project-member] Could not load cinder.keymgr.conf_key_mgr.ConfKeyManager
Jun 18 04:57:30.376068 np0000003107 devstack@c-api.service[96040]: WARNING castellan.key_manager [None req-773f4001-77e8-40dc-8ca5-597f415ae4fe tempest-GroupSnapshotsTest-172422984 tempest-GroupSnapshotsTest-172422984-project-member] Deprecation Warning : cinder.keymgr.conf_key_mgr.ConfKeyManager is not a stevedore based driver, trying to load it as a class: stevedore.exception.NoMatches: No 'castellan.drivers' driver found, looking for 'cinder.keymgr.conf_key_mgr.ConfKeyManager'
Jun 18 04:57:30.429443 np0000003107 devstack@c-api.service[96040]: DEBUG oslo_db.sqlalchemy.engines [None req-773f4001-77e8-40dc-8ca5-597f415ae4fe tempest-GroupSnapshotsTest-172422984 tempest-GroupSnapshotsTest-172422984-project-member] MySQL server mode set to STRICT_TRANS_TABLES,STRICT_ALL_TABLES,NO_ZERO_IN_DATE,NO_ZERO_DATE,ERROR_FOR_DIVISION_BY_ZERO,TRADITIONAL,NO_ENGINE_SUBSTITUTION {{(pid=96040) _check_effective_sql_mode /opt/stack/data/venv/lib/python3.12/site-packages/oslo_db/sqlalchemy/engines.py:325}}
Jun 18 04:57:30.439651 np0000003107 devstack@c-api.service[96040]: /opt/stack/data/venv/lib/python3.12/site-packages/oslo_context/context.py:102: DeprecationWarning: Policy enforcement is depending on the value of is_admin. This key is deprecated. Please update your policy file to use the standard policy values.
Jun 18 04:57:30.439651 np0000003107 devstack@c-api.service[96040]: warnings.warn(
Jun 18 04:57:30.440671 np0000003107 devstack@c-api.service[96039]: DEBUG cinder.api.middleware.request_id [None req-1bc6eda8-3e1e-4efd-a75b-05e9b519b1ed None None] RequestId filter calling following filter/app {{(pid=96039) _context_setter /opt/stack/cinder/cinder/api/middleware/request_id.py:62}}
Jun 18 04:57:30.444365 np0000003107 devstack@c-api.service[96039]: INFO cinder.api.openstack.wsgi [None req-1bc6eda8-3e1e-4efd-a75b-05e9b519b1ed tempest-TaggedBootDevicesTest_v242-1030195656 tempest-TaggedBootDevicesTest_v242-1030195656-project-member] GET https://10.4.3.132/volume/v3/volumes/2309ff27-f77a-4453-a47e-58e04ff31db4
Jun 18 04:57:30.444909 np0000003107 devstack@c-api.service[96039]: DEBUG cinder.api.openstack.wsgi [None req-1bc6eda8-3e1e-4efd-a75b-05e9b519b1ed tempest-TaggedBootDevicesTest_v242-1030195656 tempest-TaggedBootDevicesTest_v242-1030195656-project-member] Empty body provided in request {{(pid=96039) get_body /opt/stack/cinder/cinder/api/openstack/wsgi.py:725}}
Jun 18 04:57:30.445523 np0000003107 devstack@c-api.service[96039]: DEBUG cinder.api.openstack.wsgi [None req-1bc6eda8-3e1e-4efd-a75b-05e9b519b1ed tempest-TaggedBootDevicesTest_v242-1030195656 tempest-TaggedBootDevicesTest_v242-1030195656-project-member] Calling method 'show' {{(pid=96039) _process_stack /opt/stack/cinder/cinder/api/openstack/wsgi.py:878}}
Jun 18 04:57:30.458151 np0000003107 devstack@c-api.service[96039]: /opt/stack/data/venv/lib/python3.12/site-packages/oslo_context/context.py:102: DeprecationWarning: Policy enforcement is depending on the value of is_admin. This key is deprecated. Please update your policy file to use the standard policy values.
Jun 18 04:57:30.458151 np0000003107 devstack@c-api.service[96039]: warnings.warn(
Jun 18 04:57:30.458364 np0000003107 devstack@c-api.service[96040]: INFO cinder.api.openstack.wsgi [None req-773f4001-77e8-40dc-8ca5-597f415ae4fe tempest-GroupSnapshotsTest-172422984 tempest-GroupSnapshotsTest-172422984-project-member] https://10.4.3.132/volume/v3/volumes/detail returned with HTTP 200
Jun 18 04:57:30.458364 np0000003107 devstack@c-api.service[96040]: [pid: 96040|app: 0|req: 72/129] 10.4.3.132 () {68 vars in 1299 bytes} [Thu Jun 18 04:57:30 2026] GET /volume/v3/volumes/detail => generated 918 bytes in 98 msecs (HTTP/1.1 200) 7 headers in 286 bytes (1 switches on core 0)
Jun 18 04:57:30.468012 np0000003107 devstack@c-api.service[96039]: INFO cinder.volume.api [None req-1bc6eda8-3e1e-4efd-a75b-05e9b519b1ed tempest-TaggedBootDevicesTest_v242-1030195656 tempest-TaggedBootDevicesTest_v242-1030195656-project-member] Volume info retrieved successfully.
Jun 18 04:57:30.473575 np0000003107 devstack@c-api.service[96040]: DEBUG cinder.api.middleware.request_id [None req-5cec95d6-77f5-4350-9d08-fce75bac27fe None None] RequestId filter calling following filter/app {{(pid=96040) _context_setter /opt/stack/cinder/cinder/api/middleware/request_id.py:62}}
Jun 18 04:57:30.477632 np0000003107 devstack@c-api.service[96039]: INFO cinder.api.openstack.wsgi [None req-1bc6eda8-3e1e-4efd-a75b-05e9b519b1ed tempest-TaggedBootDevicesTest_v242-1030195656 tempest-TaggedBootDevicesTest_v242-1030195656-project-member] https://10.4.3.132/volume/v3/volumes/2309ff27-f77a-4453-a47e-58e04ff31db4 returned with HTTP 200
Jun 18 04:57:30.478026 np0000003107 devstack@c-api.service[96040]: INFO cinder.api.openstack.wsgi [None req-5cec95d6-77f5-4350-9d08-fce75bac27fe tempest-GroupSnapshotsTest-172422984 tempest-GroupSnapshotsTest-172422984-project-member] GET https://10.4.3.132/volume/v3/snapshots/detail
Jun 18 04:57:30.478332 np0000003107 devstack@c-api.service[96040]: DEBUG cinder.api.openstack.wsgi [None req-5cec95d6-77f5-4350-9d08-fce75bac27fe tempest-GroupSnapshotsTest-172422984 tempest-GroupSnapshotsTest-172422984-project-member] Empty body provided in request {{(pid=96040) get_body /opt/stack/cinder/cinder/api/openstack/wsgi.py:725}}
Jun 18 04:57:30.478667 np0000003107 devstack@c-api.service[96039]: [pid: 96039|app: 0|req: 58/130] 10.4.3.132 () {66 vars in 1348 bytes} [Thu Jun 18 04:57:30 2026] GET /volume/v3/volumes/2309ff27-f77a-4453-a47e-58e04ff31db4 => generated 1364 bytes in 39 msecs (HTTP/1.1 200) 7 headers in 286 bytes (1 switches on core 0)
Jun 18 04:57:30.478740 np0000003107 devstack@c-api.service[96040]: DEBUG cinder.api.openstack.wsgi [None req-5cec95d6-77f5-4350-9d08-fce75bac27fe tempest-GroupSnapshotsTest-172422984 tempest-GroupSnapshotsTest-172422984-project-member] Calling method 'detail' {{(pid=96040) _process_stack /opt/stack/cinder/cinder/api/openstack/wsgi.py:878}}
Jun 18 04:57:30.478998 np0000003107 devstack@c-api.service[96040]: DEBUG cinder.api.api_utils [None req-5cec95d6-77f5-4350-9d08-fce75bac27fe tempest-GroupSnapshotsTest-172422984 tempest-GroupSnapshotsTest-172422984-project-member] Removing options '' from query. {{(pid=96040) remove_invalid_filter_options /opt/stack/cinder/cinder/api/api_utils.py:82}}
Jun 18 04:57:30.481512 np0000003107 devstack@c-api.service[96040]: DEBUG cinder.db.api [None req-5cec95d6-77f5-4350-9d08-fce75bac27fe tempest-GroupSnapshotsTest-172422984 tempest-GroupSnapshotsTest-172422984-project-member] Building query based on filter {{(pid=96040) _process_snaps_filters /opt/stack/cinder/cinder/db/api.py:3942}}
Jun 18 04:57:30.497649 np0000003107 devstack@c-api.service[96039]: DEBUG cinder.api.middleware.request_id [None req-7d5df2db-63c3-4eb6-af94-790e12129fe1 None None] RequestId filter calling following filter/app {{(pid=96039) _context_setter /opt/stack/cinder/cinder/api/middleware/request_id.py:62}}
Jun 18 04:57:30.502464 np0000003107 devstack@c-api.service[96040]: INFO cinder.volume.api [None req-5cec95d6-77f5-4350-9d08-fce75bac27fe tempest-GroupSnapshotsTest-172422984 tempest-GroupSnapshotsTest-172422984-project-member] Get all snapshots completed successfully.
Jun 18 04:57:30.502859 np0000003107 devstack@c-api.service[96039]: INFO cinder.api.openstack.wsgi [None req-7d5df2db-63c3-4eb6-af94-790e12129fe1 tempest-TaggedBootDevicesTest_v242-1030195656 tempest-TaggedBootDevicesTest_v242-1030195656-project-member] POST https://10.4.3.132/volume/v3/volumes
Jun 18 04:57:30.503427 np0000003107 devstack@c-api.service[96039]: DEBUG cinder.api.openstack.wsgi [None req-7d5df2db-63c3-4eb6-af94-790e12129fe1 tempest-TaggedBootDevicesTest_v242-1030195656 tempest-TaggedBootDevicesTest_v242-1030195656-project-member] Action: 'create', calling method: create, body: {"volume": {"size": 1, "display_name": "tempest-TaggedBootDevicesTest_v242-volume-397572695"}} {{(pid=96039) _process_stack /opt/stack/cinder/cinder/api/openstack/wsgi.py:876}}
Jun 18 04:57:30.503536 np0000003107 devstack@c-api.service[96040]: INFO cinder.api.openstack.wsgi [None req-5cec95d6-77f5-4350-9d08-fce75bac27fe tempest-GroupSnapshotsTest-172422984 tempest-GroupSnapshotsTest-172422984-project-member] https://10.4.3.132/volume/v3/snapshots/detail returned with HTTP 200
Jun 18 04:57:30.504570 np0000003107 devstack@c-api.service[96040]: [pid: 96040|app: 0|req: 73/131] 10.4.3.132 () {66 vars in 1264 bytes} [Thu Jun 18 04:57:30 2026] GET /volume/v3/snapshots/detail => generated 17 bytes in 32 msecs (HTTP/1.1 200) 7 headers in 284 bytes (1 switches on core 0)
Jun 18 04:57:30.506596 np0000003107 devstack@c-api.service[96039]: DEBUG cinder.api.v3.volumes [None req-7d5df2db-63c3-4eb6-af94-790e12129fe1 tempest-TaggedBootDevicesTest_v242-1030195656 tempest-TaggedBootDevicesTest_v242-1030195656-project-member] Create volume request body: {'volume': {'size': 1, 'display_name': 'tempest-TaggedBootDevicesTest_v242-volume-397572695'}} {{(pid=96039) create /opt/stack/cinder/cinder/api/v3/volumes.py:368}}
Jun 18 04:57:30.506819 np0000003107 devstack@c-api.service[96039]: INFO cinder.api.v3.volumes [None req-7d5df2db-63c3-4eb6-af94-790e12129fe1 tempest-TaggedBootDevicesTest_v242-1030195656 tempest-TaggedBootDevicesTest_v242-1030195656-project-member] Create volume of 1 GB
Jun 18 04:57:30.512699 np0000003107 devstack@c-api.service[96039]: INFO cinder.volume.api [None req-7d5df2db-63c3-4eb6-af94-790e12129fe1 tempest-TaggedBootDevicesTest_v242-1030195656 tempest-TaggedBootDevicesTest_v242-1030195656-project-member] Availability Zones retrieved successfully.
Jun 18 04:57:30.518585 np0000003107 devstack@c-api.service[96040]: DEBUG cinder.api.middleware.request_id [None req-8e065e4f-cc70-42e9-bb16-93ab78371626 None None] RequestId filter calling following filter/app {{(pid=96040) _context_setter /opt/stack/cinder/cinder/api/middleware/request_id.py:62}}
Jun 18 04:57:30.520371 np0000003107 devstack@c-api.service[96040]: INFO cinder.api.openstack.wsgi [None req-8e065e4f-cc70-42e9-bb16-93ab78371626 tempest-GroupSnapshotsTest-172422984 tempest-GroupSnapshotsTest-172422984-project-member] GET https://10.4.3.132/volume/v3/group_snapshots/ea88c4c6-d562-473b-8a4b-9b0d3ffa2c5e
Jun 18 04:57:30.520726 np0000003107 devstack@c-api.service[96040]: DEBUG cinder.api.openstack.wsgi [None req-8e065e4f-cc70-42e9-bb16-93ab78371626 tempest-GroupSnapshotsTest-172422984 tempest-GroupSnapshotsTest-172422984-project-member] Empty body provided in request {{(pid=96040) get_body /opt/stack/cinder/cinder/api/openstack/wsgi.py:725}}
Jun 18 04:57:30.521260 np0000003107 devstack@c-api.service[96040]: DEBUG cinder.api.openstack.wsgi [None req-8e065e4f-cc70-42e9-bb16-93ab78371626 tempest-GroupSnapshotsTest-172422984 tempest-GroupSnapshotsTest-172422984-project-member] Calling method 'version_select' {{(pid=96040) _process_stack /opt/stack/cinder/cinder/api/openstack/wsgi.py:878}}
Jun 18 04:57:30.521260 np0000003107 devstack@c-api.service[96040]: DEBUG cinder.api.v3.group_snapshots [None req-8e065e4f-cc70-42e9-bb16-93ab78371626 tempest-GroupSnapshotsTest-172422984 tempest-GroupSnapshotsTest-172422984-project-member] show called for member ea88c4c6-d562-473b-8a4b-9b0d3ffa2c5e {{(pid=96040) show /opt/stack/cinder/cinder/api/v3/group_snapshots.py:58}}
Jun 18 04:57:30.524287 np0000003107 devstack@c-api.service[96039]: DEBUG cinder.volume.api [None req-7d5df2db-63c3-4eb6-af94-790e12129fe1 tempest-TaggedBootDevicesTest_v242-1030195656 tempest-TaggedBootDevicesTest_v242-1030195656-project-member] Flow 'volume_create_api' (5f6cf7e2-525d-4ddc-aaf7-21f38da9c88d) transitioned into state 'RUNNING' from state 'PENDING' {{(pid=96039) _flow_receiver /opt/stack/data/venv/lib/python3.12/site-packages/taskflow/listeners/logging.py:160}}
Jun 18 04:57:30.525941 np0000003107 devstack@c-api.service[96039]: DEBUG cinder.volume.api [None req-7d5df2db-63c3-4eb6-af94-790e12129fe1 tempest-TaggedBootDevicesTest_v242-1030195656 tempest-TaggedBootDevicesTest_v242-1030195656-project-member] Task 'cinder.volume.flows.api.create_volume.ExtractVolumeRequestTask;volume:create' (d36fbbf8-32c4-4b1f-a7c0-c1d4435dcbc3) transitioned into state 'RUNNING' from state 'PENDING' {{(pid=96039) _task_receiver /opt/stack/data/venv/lib/python3.12/site-packages/taskflow/listeners/logging.py:242}}
Jun 18 04:57:30.527589 np0000003107 devstack@c-api.service[96040]: INFO cinder.api.openstack.wsgi [None req-8e065e4f-cc70-42e9-bb16-93ab78371626 tempest-GroupSnapshotsTest-172422984 tempest-GroupSnapshotsTest-172422984-project-member] https://10.4.3.132/volume/v3/group_snapshots/ea88c4c6-d562-473b-8a4b-9b0d3ffa2c5e returned with HTTP 404
Jun 18 04:57:30.527712 np0000003107 devstack@c-api.service[96039]: DEBUG cinder.volume.flows.api.create_volume [None req-7d5df2db-63c3-4eb6-af94-790e12129fe1 tempest-TaggedBootDevicesTest_v242-1030195656 tempest-TaggedBootDevicesTest_v242-1030195656-project-member] Validating volume size '1' using validate_int {{(pid=96039) _extract_size /opt/stack/cinder/cinder/volume/flows/api/create_volume.py:226}}
Jun 18 04:57:30.529219 np0000003107 devstack@c-api.service[96040]: [pid: 96040|app: 0|req: 74/132] 10.4.3.132 () {68 vars in 1413 bytes} [Thu Jun 18 04:57:30 2026] GET /volume/v3/group_snapshots/ea88c4c6-d562-473b-8a4b-9b0d3ffa2c5e => generated 116 bytes in 12 msecs (HTTP/1.1 404) 7 headers in 293 bytes (1 switches on core 0)
Jun 18 04:57:30.539699 np0000003107 devstack@c-api.service[96040]: DEBUG cinder.api.middleware.request_id [None req-732eab57-1c45-408e-8bbb-f911ba9aa988 None None] RequestId filter calling following filter/app {{(pid=96040) _context_setter /opt/stack/cinder/cinder/api/middleware/request_id.py:62}}
Jun 18 04:57:30.541253 np0000003107 devstack@c-api.service[96040]: INFO cinder.api.openstack.wsgi [None req-732eab57-1c45-408e-8bbb-f911ba9aa988 tempest-GroupSnapshotsTest-172422984 tempest-GroupSnapshotsTest-172422984-project-member] GET https://10.4.3.132/volume/v3/volumes/detail
Jun 18 04:57:30.541825 np0000003107 devstack@c-api.service[96040]: DEBUG cinder.api.openstack.wsgi [None req-732eab57-1c45-408e-8bbb-f911ba9aa988 tempest-GroupSnapshotsTest-172422984 tempest-GroupSnapshotsTest-172422984-project-member] Empty body provided in request {{(pid=96040) get_body /opt/stack/cinder/cinder/api/openstack/wsgi.py:725}}
Jun 18 04:57:30.542107 np0000003107 devstack@c-api.service[96040]: DEBUG cinder.api.openstack.wsgi [None req-732eab57-1c45-408e-8bbb-f911ba9aa988 tempest-GroupSnapshotsTest-172422984 tempest-GroupSnapshotsTest-172422984-project-member] Calling method 'detail' {{(pid=96040) _process_stack /opt/stack/cinder/cinder/api/openstack/wsgi.py:878}}
Jun 18 04:57:30.543335 np0000003107 devstack@c-api.service[96040]: DEBUG cinder.api.api_utils [None req-732eab57-1c45-408e-8bbb-f911ba9aa988 tempest-GroupSnapshotsTest-172422984 tempest-GroupSnapshotsTest-172422984-project-member] Removing options '' from query. {{(pid=96040) remove_invalid_filter_options /opt/stack/cinder/cinder/api/api_utils.py:82}}
Jun 18 04:57:30.544534 np0000003107 devstack@c-api.service[96040]: DEBUG cinder.volume.api [None req-732eab57-1c45-408e-8bbb-f911ba9aa988 tempest-GroupSnapshotsTest-172422984 tempest-GroupSnapshotsTest-172422984-project-member] Searching by: MultiDict([('no_migration_targets', True)]). {{(pid=96040) get_all /opt/stack/cinder/cinder/volume/api.py:664}}
Jun 18 04:57:30.557501 np0000003107 devstack@c-api.service[96040]: INFO cinder.volume.api [None req-732eab57-1c45-408e-8bbb-f911ba9aa988 tempest-GroupSnapshotsTest-172422984 tempest-GroupSnapshotsTest-172422984-project-member] Get all volumes completed successfully.
Jun 18 04:57:30.559032 np0000003107 devstack@c-api.service[96040]: WARNING stevedore.named [None req-732eab57-1c45-408e-8bbb-f911ba9aa988 tempest-GroupSnapshotsTest-172422984 tempest-GroupSnapshotsTest-172422984-project-member] Could not load cinder.keymgr.conf_key_mgr.ConfKeyManager
Jun 18 04:57:30.559032 np0000003107 devstack@c-api.service[96040]: WARNING castellan.key_manager [None req-732eab57-1c45-408e-8bbb-f911ba9aa988 tempest-GroupSnapshotsTest-172422984 tempest-GroupSnapshotsTest-172422984-project-member] Deprecation Warning : cinder.keymgr.conf_key_mgr.ConfKeyManager is not a stevedore based driver, trying to load it as a class: stevedore.exception.NoMatches: No 'castellan.drivers' driver found, looking for 'cinder.keymgr.conf_key_mgr.ConfKeyManager'
Jun 18 04:57:30.593803 np0000003107 devstack@c-api.service[96039]: DEBUG cinder.volume.api [None req-7d5df2db-63c3-4eb6-af94-790e12129fe1 tempest-TaggedBootDevicesTest_v242-1030195656 tempest-TaggedBootDevicesTest_v242-1030195656-project-member] Task 'cinder.volume.flows.api.create_volume.ExtractVolumeRequestTask;volume:create' (d36fbbf8-32c4-4b1f-a7c0-c1d4435dcbc3) transitioned into state 'SUCCESS' from state 'RUNNING' with result '{'size': 1, 'snapshot_id': None, 'source_volid': None, 'volume_type': VolumeType(created_at=2026-06-18T04:53:32Z,deleted=False,deleted_at=None,description=None,extra_specs={volume_backend_name='storpool'},id=eab816ec-0cd2-4c5e-aa63-bfbbb01c7771,is_public=True,name='storpool',projects=[],qos_specs=,qos_specs_id=None,updated_at=None), 'volume_type_id': 'eab816ec-0cd2-4c5e-aa63-bfbbb01c7771', 'encryption_key_id': None, 'qos_specs': None, 'consistencygroup_id': None, 'cgsnapshot_id': None, 'group_id': None, 'replication_status': 'disabled', 'refresh_az': False, 'backup_id': None, 'multiattach': False, 'availability_zones': ['nova']}' {{(pid=96039) _task_receiver /opt/stack/data/venv/lib/python3.12/site-packages/taskflow/listeners/logging.py:218}}
Jun 18 04:57:30.594241 np0000003107 devstack@c-api.service[96039]: DEBUG cinder.volume.api [None req-7d5df2db-63c3-4eb6-af94-790e12129fe1 tempest-TaggedBootDevicesTest_v242-1030195656 tempest-TaggedBootDevicesTest_v242-1030195656-project-member] Task 'cinder.volume.flows.api.create_volume.QuotaReserveTask;volume:create' (4b752a8b-3504-4fcd-a67d-776fc20a18e4) transitioned into state 'RUNNING' from state 'PENDING' {{(pid=96039) _task_receiver /opt/stack/data/venv/lib/python3.12/site-packages/taskflow/listeners/logging.py:242}}
Jun 18 04:57:30.616092 np0000003107 devstack@c-api.service[96040]: DEBUG oslo_db.sqlalchemy.engines [None req-732eab57-1c45-408e-8bbb-f911ba9aa988 tempest-GroupSnapshotsTest-172422984 tempest-GroupSnapshotsTest-172422984-project-member] MySQL server mode set to STRICT_TRANS_TABLES,STRICT_ALL_TABLES,NO_ZERO_IN_DATE,NO_ZERO_DATE,ERROR_FOR_DIVISION_BY_ZERO,TRADITIONAL,NO_ENGINE_SUBSTITUTION {{(pid=96040) _check_effective_sql_mode /opt/stack/data/venv/lib/python3.12/site-packages/oslo_db/sqlalchemy/engines.py:325}}
Jun 18 04:57:30.623352 np0000003107 devstack@c-api.service[96040]: /opt/stack/data/venv/lib/python3.12/site-packages/oslo_context/context.py:102: DeprecationWarning: Policy enforcement is depending on the value of is_admin. This key is deprecated. Please update your policy file to use the standard policy values.
Jun 18 04:57:30.623352 np0000003107 devstack@c-api.service[96040]: warnings.warn(
Jun 18 04:57:30.637847 np0000003107 devstack@c-api.service[96040]: INFO cinder.api.openstack.wsgi [None req-732eab57-1c45-408e-8bbb-f911ba9aa988 tempest-GroupSnapshotsTest-172422984 tempest-GroupSnapshotsTest-172422984-project-member] https://10.4.3.132/volume/v3/volumes/detail returned with HTTP 200
Jun 18 04:57:30.639094 np0000003107 devstack@c-api.service[96040]: [pid: 96040|app: 0|req: 75/133] 10.4.3.132 () {68 vars in 1299 bytes} [Thu Jun 18 04:57:30 2026] GET /volume/v3/volumes/detail => generated 918 bytes in 100 msecs (HTTP/1.1 200) 7 headers in 286 bytes (1 switches on core 0)
Jun 18 04:57:30.668647 np0000003107 devstack@c-api.service[96040]: DEBUG cinder.api.middleware.request_id [None req-d6cd7a86-9692-4e8c-ba63-d72eb05addb8 None None] RequestId filter calling following filter/app {{(pid=96040) _context_setter /opt/stack/cinder/cinder/api/middleware/request_id.py:62}}
Jun 18 04:57:30.684231 np0000003107 devstack@c-api.service[96040]: INFO cinder.api.openstack.wsgi [None req-d6cd7a86-9692-4e8c-ba63-d72eb05addb8 tempest-GroupSnapshotsTest-172422984 tempest-GroupSnapshotsTest-172422984-project-member] POST https://10.4.3.132/volume/v3/groups/3753c92a-2b09-4075-8617-0c7df4526e0e/action
Jun 18 04:57:30.684231 np0000003107 devstack@c-api.service[96040]: DEBUG cinder.api.openstack.wsgi [None req-d6cd7a86-9692-4e8c-ba63-d72eb05addb8 tempest-GroupSnapshotsTest-172422984 tempest-GroupSnapshotsTest-172422984-project-member] Action body: b'{"delete": {"delete-volumes": true}}' {{(pid=96040) get_method /opt/stack/cinder/cinder/api/openstack/wsgi.py:993}}
Jun 18 04:57:30.684231 np0000003107 devstack@c-api.service[96040]: DEBUG cinder.api.openstack.wsgi [None req-d6cd7a86-9692-4e8c-ba63-d72eb05addb8 tempest-GroupSnapshotsTest-172422984 tempest-GroupSnapshotsTest-172422984-project-member] Action: 'action', calling method: delete_group, body: {"delete": {"delete-volumes": true}} {{(pid=96040) _process_stack /opt/stack/cinder/cinder/api/openstack/wsgi.py:876}}
Jun 18 04:57:30.684231 np0000003107 devstack@c-api.service[96040]: DEBUG cinder.api.v3.groups [None req-d6cd7a86-9692-4e8c-ba63-d72eb05addb8 tempest-GroupSnapshotsTest-172422984 tempest-GroupSnapshotsTest-172422984-project-member] delete called for group 3753c92a-2b09-4075-8617-0c7df4526e0e {{(pid=96040) _delete /opt/stack/cinder/cinder/api/v3/groups.py:117}}
Jun 18 04:57:30.684231 np0000003107 devstack@c-api.service[96040]: INFO cinder.api.v3.groups [None req-d6cd7a86-9692-4e8c-ba63-d72eb05addb8 tempest-GroupSnapshotsTest-172422984 tempest-GroupSnapshotsTest-172422984-project-member] Delete group with id: 3753c92a-2b09-4075-8617-0c7df4526e0e
Jun 18 04:57:30.691534 np0000003107 devstack@c-api.service[96039]: DEBUG cinder.quota [None req-7d5df2db-63c3-4eb6-af94-790e12129fe1 tempest-TaggedBootDevicesTest_v242-1030195656 tempest-TaggedBootDevicesTest_v242-1030195656-project-member] Created reservations ['00f9fe83-d6b1-4b9f-877f-0600e9656ad6', '8a3ca789-ab4e-42be-9ecc-b3b1855f9283', '20467dda-dfe0-4e43-beee-b9161a66ae05', '5f53f368-19e6-406d-b7a5-9a208635fe25'] {{(pid=96039) reserve /opt/stack/cinder/cinder/quota.py:752}}
Jun 18 04:57:30.692076 np0000003107 devstack@c-api.service[96040]: /opt/stack/data/venv/lib/python3.12/site-packages/oslo_context/context.py:102: DeprecationWarning: Policy enforcement is depending on the value of is_admin. This key is deprecated. Please update your policy file to use the standard policy values.
Jun 18 04:57:30.692076 np0000003107 devstack@c-api.service[96040]: warnings.warn(
Jun 18 04:57:30.692446 np0000003107 devstack@c-api.service[96039]: DEBUG cinder.volume.api [None req-7d5df2db-63c3-4eb6-af94-790e12129fe1 tempest-TaggedBootDevicesTest_v242-1030195656 tempest-TaggedBootDevicesTest_v242-1030195656-project-member] Task 'cinder.volume.flows.api.create_volume.QuotaReserveTask;volume:create' (4b752a8b-3504-4fcd-a67d-776fc20a18e4) transitioned into state 'SUCCESS' from state 'RUNNING' with result '{'reservations': ['00f9fe83-d6b1-4b9f-877f-0600e9656ad6', '8a3ca789-ab4e-42be-9ecc-b3b1855f9283', '20467dda-dfe0-4e43-beee-b9161a66ae05', '5f53f368-19e6-406d-b7a5-9a208635fe25']}' {{(pid=96039) _task_receiver /opt/stack/data/venv/lib/python3.12/site-packages/taskflow/listeners/logging.py:218}}
