Aug 21 14:50:59.547074 np0000007907 devstack@g-api.service[99707]: DEBUG glance_store.backend [-] Attempting to import store file {{(pid=99707) _load_store /opt/stack/data/venv/lib/python3.12/site-packages/glance_store/backend.py:215}}
Aug 21 14:50:59.547505 np0000007907 devstack@g-api.service[99707]: DEBUG glance_store.capabilities [-] Store glance_store._drivers.filesystem.Store doesn't support updating dynamic storage capabilities. Please overwrite 'update_capabilities' method of the store to implement updating logics if needed. {{(pid=99707) update_capabilities /opt/stack/data/venv/lib/python3.12/site-packages/glance_store/capabilities.py:91}}
Aug 21 14:50:59.547588 np0000007907 devstack@g-api.service[99707]: DEBUG glance_store.backend [-] Registering store file with schemes ('file', 'filesystem') {{(pid=99707) create_stores /opt/stack/data/venv/lib/python3.12/site-packages/glance_store/backend.py:261}}
Aug 21 14:50:59.547640 np0000007907 devstack@g-api.service[99707]: DEBUG glance_store.driver [-] Late loading location class glance_store._drivers.filesystem.StoreLocation {{(pid=99707) get_store_location_class /opt/stack/data/venv/lib/python3.12/site-packages/glance_store/driver.py:134}}
Aug 21 14:50:59.547713 np0000007907 devstack@g-api.service[99707]: DEBUG glance_store.location [-] Registering scheme file with {'store': , 'location_class': , 'store_entry': 'file'} {{(pid=99707) register_scheme_map /opt/stack/data/venv/lib/python3.12/site-packages/glance_store/location.py:146}}
Aug 21 14:50:59.547772 np0000007907 devstack@g-api.service[99707]: DEBUG glance_store.location [-] Registering scheme filesystem with {'store': , 'location_class': , 'store_entry': 'file'} {{(pid=99707) register_scheme_map /opt/stack/data/venv/lib/python3.12/site-packages/glance_store/location.py:146}}
Aug 21 14:50:59.547824 np0000007907 devstack@g-api.service[99707]: DEBUG glance_store.backend [-] Attempting to import store http {{(pid=99707) _load_store /opt/stack/data/venv/lib/python3.12/site-packages/glance_store/backend.py:215}}
Aug 21 14:50:59.548014 np0000007907 devstack@g-api.service[99707]: DEBUG glance_store.capabilities [-] Store glance_store._drivers.http.Store doesn't support updating dynamic storage capabilities. Please overwrite 'update_capabilities' method of the store to implement updating logics if needed. {{(pid=99707) update_capabilities /opt/stack/data/venv/lib/python3.12/site-packages/glance_store/capabilities.py:91}}
Aug 21 14:50:59.548062 np0000007907 devstack@g-api.service[99707]: DEBUG glance_store.backend [-] Registering store http with schemes ('http', 'https') {{(pid=99707) create_stores /opt/stack/data/venv/lib/python3.12/site-packages/glance_store/backend.py:261}}
Aug 21 14:50:59.548114 np0000007907 devstack@g-api.service[99707]: DEBUG glance_store.driver [-] Late loading location class glance_store._drivers.http.StoreLocation {{(pid=99707) get_store_location_class /opt/stack/data/venv/lib/python3.12/site-packages/glance_store/driver.py:134}}
Aug 21 14:50:59.548170 np0000007907 devstack@g-api.service[99707]: DEBUG glance_store.location [-] Registering scheme http with {'store': , 'location_class': , 'store_entry': 'http'} {{(pid=99707) register_scheme_map /opt/stack/data/venv/lib/python3.12/site-packages/glance_store/location.py:146}}
Aug 21 14:50:59.548222 np0000007907 devstack@g-api.service[99707]: DEBUG glance_store.location [-] Registering scheme https with {'store': , 'location_class': , 'store_entry': 'http'} {{(pid=99707) register_scheme_map /opt/stack/data/venv/lib/python3.12/site-packages/glance_store/location.py:146}}
Aug 21 14:50:59.548315 np0000007907 devstack@g-api.service[99707]: DEBUG glance_store.backend [-] Attempting to import store swift {{(pid=99707) _load_store /opt/stack/data/venv/lib/python3.12/site-packages/glance_store/backend.py:215}}
Aug 21 14:50:59.549414 np0000007907 devstack@g-api.service[99707]: DEBUG glance_store.capabilities [-] Store glance_store._drivers.swift.store.SingleTenantStore doesn't support updating dynamic storage capabilities. Please overwrite 'update_capabilities' method of the store to implement updating logics if needed. {{(pid=99707) update_capabilities /opt/stack/data/venv/lib/python3.12/site-packages/glance_store/capabilities.py:91}}
Aug 21 14:50:59.549517 np0000007907 devstack@g-api.service[99707]: DEBUG glance_store.driver [-] Late loading location class glance_store._drivers.swift.store.StoreLocation {{(pid=99707) get_store_location_class /opt/stack/data/venv/lib/python3.12/site-packages/glance_store/driver.py:134}}
Aug 21 14:50:59.549517 np0000007907 devstack@g-api.service[99707]: DEBUG glance_store.location [-] Registering scheme swift+https with {'store': , 'location_class': , 'store_entry': 'swift'} {{(pid=99707) register_scheme_map /opt/stack/data/venv/lib/python3.12/site-packages/glance_store/location.py:146}}
Aug 21 14:50:59.549971 np0000007907 devstack@g-api.service[99707]: DEBUG glance_store.location [-] Registering scheme swift+https with {'store': , 'location_class': , 'store_entry': 'swift'} {{(pid=99707) register_scheme_map /opt/stack/data/venv/lib/python3.12/site-packages/glance_store/location.py:146}}
Aug 21 14:50:59.549971 np0000007907 devstack@g-api.service[99707]: DEBUG glance_store.location [-] Registering scheme swift with {'store': , 'location_class': , 'store_entry': 'swift'} {{(pid=99707) register_scheme_map /opt/stack/data/venv/lib/python3.12/site-packages/glance_store/location.py:146}}
Aug 21 14:50:59.549971 np0000007907 devstack@g-api.service[99707]: DEBUG glance_store.location [-] Registering scheme swift+https with {'store': , 'location_class': , 'store_entry': 'swift'} {{(pid=99707) register_scheme_map /opt/stack/data/venv/lib/python3.12/site-packages/glance_store/location.py:146}}
Aug 21 14:50:59.549971 np0000007907 devstack@g-api.service[99707]: DEBUG glance_store.location [-] Registering scheme swift with {'store': , 'location_class': , 'store_entry': 'swift'} {{(pid=99707) register_scheme_map /opt/stack/data/venv/lib/python3.12/site-packages/glance_store/location.py:146}}
Aug 21 14:50:59.549971 np0000007907 devstack@g-api.service[99707]: DEBUG glance_store.location [-] Registering scheme swift+http with {'store': , 'location_class': , 'store_entry': 'swift'} {{(pid=99707) register_scheme_map /opt/stack/data/venv/lib/python3.12/site-packages/glance_store/location.py:146}}
Aug 21 14:50:59.550149 np0000007907 devstack@g-api.service[99707]: DEBUG glance_store.location [-] Registering scheme swift+https with {'store': , 'location_class': , 'store_entry': 'swift'} {{(pid=99707) register_scheme_map /opt/stack/data/venv/lib/python3.12/site-packages/glance_store/location.py:146}}
Aug 21 14:50:59.550149 np0000007907 devstack@g-api.service[99707]: DEBUG glance_store.location [-] Registering scheme swift with {'store': , 'location_class': , 'store_entry': 'swift'} {{(pid=99707) register_scheme_map /opt/stack/data/venv/lib/python3.12/site-packages/glance_store/location.py:146}}
Aug 21 14:50:59.550149 np0000007907 devstack@g-api.service[99707]: DEBUG glance_store.location [-] Registering scheme swift+http with {'store': , 'location_class': , 'store_entry': 'swift'} {{(pid=99707) register_scheme_map /opt/stack/data/venv/lib/python3.12/site-packages/glance_store/location.py:146}}
Aug 21 14:50:59.550149 np0000007907 devstack@g-api.service[99707]: DEBUG glance_store.location [-] Registering scheme swift+config with {'store': , 'location_class': , 'store_entry': 'swift'} {{(pid=99707) register_scheme_map /opt/stack/data/venv/lib/python3.12/site-packages/glance_store/location.py:146}}
Aug 21 14:50:59.550284 np0000007907 devstack@g-api.service[99707]: DEBUG glance.sqlite_migration [-] SQLite caching database not located, skipping migration {{(pid=99707) get_db_path /opt/stack/glance/glance/sqlite_migration.py:68}}
Aug 21 14:50:59.550346 np0000007907 devstack@g-api.service[99707]: WARNING glance.common.wsgi_app [-] Import methods are enabled but staging directory /tmp/staging/ does not exist; Imports will fail!
Aug 21 14:50:59.642288 np0000007907 devstack@g-api.service[99709]: DEBUG glance.common.config [None req-4cbde2da-916b-4cc9-9fba-5d34c88ea986 None None] Loading glance-api-keystone+cachemanagement from /etc/glance/glance-api-paste.ini {{(pid=99709) load_paste_app /opt/stack/glance/glance/common/config.py:772}}
Aug 21 14:50:59.643478 np0000007907 devstack@g-api.service[99708]: DEBUG glance.common.config [None req-d10399ae-305e-4fda-93b3-954252bcca04 None None] Loading glance-api-keystone+cachemanagement from /etc/glance/glance-api-paste.ini {{(pid=99708) load_paste_app /opt/stack/glance/glance/common/config.py:772}}
Aug 21 14:50:59.693398 np0000007907 devstack@g-api.service[99707]: DEBUG glance.common.config [None req-3b9cdf6a-5399-4aaf-b7ab-ad26f0d9dd8e None None] Loading glance-api-keystone+cachemanagement from /etc/glance/glance-api-paste.ini {{(pid=99707) load_paste_app /opt/stack/glance/glance/common/config.py:772}}
Aug 21 14:51:00.240825 np0000007907 devstack@g-api.service[99707]: INFO glance.image_cache [None req-3b9cdf6a-5399-4aaf-b7ab-ad26f0d9dd8e None None] Image cache loaded driver 'centralized_db'.
Aug 21 14:51:00.241565 np0000007907 devstack@g-api.service[99708]: INFO glance.image_cache [None req-d10399ae-305e-4fda-93b3-954252bcca04 None None] Image cache loaded driver 'centralized_db'.
Aug 21 14:51:00.241989 np0000007907 devstack@g-api.service[99709]: INFO glance.image_cache [None req-4cbde2da-916b-4cc9-9fba-5d34c88ea986 None None] Image cache loaded driver 'centralized_db'.
Aug 21 14:51:00.289398 np0000007907 devstack@g-api.service[99709]: INFO dbcounter [None req-4cbde2da-916b-4cc9-9fba-5d34c88ea986 None None] Registered counter for database glance
Aug 21 14:51:00.290150 np0000007907 devstack@g-api.service[99708]: INFO dbcounter [None req-d10399ae-305e-4fda-93b3-954252bcca04 None None] Registered counter for database glance
Aug 21 14:51:00.309996 np0000007907 devstack@g-api.service[99707]: INFO dbcounter [None req-3b9cdf6a-5399-4aaf-b7ab-ad26f0d9dd8e None None] Registered counter for database glance
Aug 21 14:51:00.326798 np0000007907 devstack@g-api.service[99708]: DEBUG oslo_db.sqlalchemy.engines [None req-d10399ae-305e-4fda-93b3-954252bcca04 None None] MySQL server mode set to STRICT_TRANS_TABLES,STRICT_ALL_TABLES,NO_ZERO_IN_DATE,NO_ZERO_DATE,ERROR_FOR_DIVISION_BY_ZERO,TRADITIONAL,NO_ENGINE_SUBSTITUTION {{(pid=99708) _check_effective_sql_mode /opt/stack/data/venv/lib/python3.12/site-packages/oslo_db/sqlalchemy/engines.py:325}}
Aug 21 14:51:00.328299 np0000007907 devstack@g-api.service[99709]: DEBUG oslo_db.sqlalchemy.engines [None req-4cbde2da-916b-4cc9-9fba-5d34c88ea986 None None] MySQL server mode set to STRICT_TRANS_TABLES,STRICT_ALL_TABLES,NO_ZERO_IN_DATE,NO_ZERO_DATE,ERROR_FOR_DIVISION_BY_ZERO,TRADITIONAL,NO_ENGINE_SUBSTITUTION {{(pid=99709) _check_effective_sql_mode /opt/stack/data/venv/lib/python3.12/site-packages/oslo_db/sqlalchemy/engines.py:325}}
Aug 21 14:51:00.347110 np0000007907 devstack@g-api.service[99708]: DEBUG dbcounter [-] [99708] Writer thread running {{(pid=99708) stat_writer /opt/stack/data/venv/lib/python3.12/site-packages/dbcounter.py:102}}
Aug 21 14:51:00.349927 np0000007907 devstack@g-api.service[99709]: DEBUG dbcounter [-] [99709] Writer thread running {{(pid=99709) stat_writer /opt/stack/data/venv/lib/python3.12/site-packages/dbcounter.py:102}}
Aug 21 14:51:00.353088 np0000007907 devstack@g-api.service[99707]: DEBUG oslo_db.sqlalchemy.engines [None req-3b9cdf6a-5399-4aaf-b7ab-ad26f0d9dd8e None None] MySQL server mode set to STRICT_TRANS_TABLES,STRICT_ALL_TABLES,NO_ZERO_IN_DATE,NO_ZERO_DATE,ERROR_FOR_DIVISION_BY_ZERO,TRADITIONAL,NO_ENGINE_SUBSTITUTION {{(pid=99707) _check_effective_sql_mode /opt/stack/data/venv/lib/python3.12/site-packages/oslo_db/sqlalchemy/engines.py:325}}
Aug 21 14:51:00.353759 np0000007907 devstack@g-api.service[99709]: DEBUG glance.image_cache.drivers.centralized_db [None req-4cbde2da-916b-4cc9-9fba-5d34c88ea986 None None] Node reference is already recorded, ignoring it {{(pid=99709) configure /opt/stack/glance/glance/image_cache/drivers/centralized_db.py:71}}
Aug 21 14:51:00.358446 np0000007907 devstack@g-api.service[99708]: INFO glance.image_cache [None req-d10399ae-305e-4fda-93b3-954252bcca04 None None] Image cache loaded driver 'centralized_db'.
Aug 21 14:51:00.359221 np0000007907 devstack@g-api.service[99709]: INFO glance.image_cache [None req-4cbde2da-916b-4cc9-9fba-5d34c88ea986 None None] Image cache loaded driver 'centralized_db'.
Aug 21 14:51:00.364842 np0000007907 devstack@g-api.service[99708]: DEBUG glance.image_cache.drivers.centralized_db [None req-d10399ae-305e-4fda-93b3-954252bcca04 None None] Node reference is already recorded, ignoring it {{(pid=99708) configure /opt/stack/glance/glance/image_cache/drivers/centralized_db.py:71}}
Aug 21 14:51:00.368721 np0000007907 devstack@g-api.service[99709]: DEBUG glance.image_cache.drivers.centralized_db [None req-4cbde2da-916b-4cc9-9fba-5d34c88ea986 None None] Node reference is already recorded, ignoring it {{(pid=99709) configure /opt/stack/glance/glance/image_cache/drivers/centralized_db.py:71}}
Aug 21 14:51:00.371505 np0000007907 devstack@g-api.service[99708]: DEBUG glance.api.v2.cached_images [None req-d10399ae-305e-4fda-93b3-954252bcca04 None None] Started cache worker thread {{(pid=99708) __init__ /opt/stack/glance/glance/api/v2/cached_images.py:71}}
Aug 21 14:51:00.372264 np0000007907 devstack@g-api.service[99708]: INFO glance.image_cache [None req-d10399ae-305e-4fda-93b3-954252bcca04 None None] Image cache loaded driver 'centralized_db'.
Aug 21 14:51:00.374347 np0000007907 devstack@g-api.service[99707]: DEBUG dbcounter [-] [99707] Writer thread running {{(pid=99707) stat_writer /opt/stack/data/venv/lib/python3.12/site-packages/dbcounter.py:102}}
Aug 21 14:51:00.375547 np0000007907 devstack@g-api.service[99709]: DEBUG glance.api.v2.cached_images [None req-4cbde2da-916b-4cc9-9fba-5d34c88ea986 None None] Started cache worker thread {{(pid=99709) __init__ /opt/stack/glance/glance/api/v2/cached_images.py:71}}
Aug 21 14:51:00.376534 np0000007907 devstack@g-api.service[99709]: INFO glance.image_cache [None req-4cbde2da-916b-4cc9-9fba-5d34c88ea986 None None] Image cache loaded driver 'centralized_db'.
Aug 21 14:51:00.376939 np0000007907 devstack@g-api.service[99707]: DEBUG glance.image_cache.drivers.centralized_db [None req-3b9cdf6a-5399-4aaf-b7ab-ad26f0d9dd8e None None] Node reference is already recorded, ignoring it {{(pid=99707) configure /opt/stack/glance/glance/image_cache/drivers/centralized_db.py:71}}
Aug 21 14:51:00.383287 np0000007907 devstack@g-api.service[99707]: INFO glance.image_cache [None req-3b9cdf6a-5399-4aaf-b7ab-ad26f0d9dd8e None None] Image cache loaded driver 'centralized_db'.
Aug 21 14:51:00.390759 np0000007907 devstack@g-api.service[99707]: DEBUG glance.image_cache.drivers.centralized_db [None req-3b9cdf6a-5399-4aaf-b7ab-ad26f0d9dd8e None None] Node reference is already recorded, ignoring it {{(pid=99707) configure /opt/stack/glance/glance/image_cache/drivers/centralized_db.py:71}}
Aug 21 14:51:00.395692 np0000007907 devstack@g-api.service[99707]: DEBUG glance.api.v2.cached_images [None req-3b9cdf6a-5399-4aaf-b7ab-ad26f0d9dd8e None None] Started cache worker thread {{(pid=99707) __init__ /opt/stack/glance/glance/api/v2/cached_images.py:71}}
Aug 21 14:51:00.396458 np0000007907 devstack@g-api.service[99707]: INFO glance.image_cache [None req-3b9cdf6a-5399-4aaf-b7ab-ad26f0d9dd8e None None] Image cache loaded driver 'centralized_db'.
Aug 21 14:51:00.470297 np0000007907 devstack@g-api.service[99708]: DEBUG glance.image_cache.drivers.centralized_db [None req-d10399ae-305e-4fda-93b3-954252bcca04 None None] Node reference is already recorded, ignoring it {{(pid=99708) configure /opt/stack/glance/glance/image_cache/drivers/centralized_db.py:71}}
Aug 21 14:51:00.474753 np0000007907 devstack@g-api.service[99708]: INFO glance.api.middleware.cache_manage [None req-d10399ae-305e-4fda-93b3-954252bcca04 None None] Initialized image cache management middleware
Aug 21 14:51:00.474899 np0000007907 devstack@g-api.service[99708]: INFO glance.image_cache [None req-d10399ae-305e-4fda-93b3-954252bcca04 None None] Image cache loaded driver 'centralized_db'.
Aug 21 14:51:00.479778 np0000007907 devstack@g-api.service[99709]: DEBUG glance.image_cache.drivers.centralized_db [None req-4cbde2da-916b-4cc9-9fba-5d34c88ea986 None None] Node reference is already recorded, ignoring it {{(pid=99709) configure /opt/stack/glance/glance/image_cache/drivers/centralized_db.py:71}}
Aug 21 14:51:00.482198 np0000007907 devstack@g-api.service[99708]: DEBUG glance.image_cache.drivers.centralized_db [None req-d10399ae-305e-4fda-93b3-954252bcca04 None None] Node reference is already recorded, ignoring it {{(pid=99708) configure /opt/stack/glance/glance/image_cache/drivers/centralized_db.py:71}}
Aug 21 14:51:00.484421 np0000007907 devstack@g-api.service[99709]: INFO glance.api.middleware.cache_manage [None req-4cbde2da-916b-4cc9-9fba-5d34c88ea986 None None] Initialized image cache management middleware
Aug 21 14:51:00.484610 np0000007907 devstack@g-api.service[99709]: INFO glance.image_cache [None req-4cbde2da-916b-4cc9-9fba-5d34c88ea986 None None] Image cache loaded driver 'centralized_db'.
Aug 21 14:51:00.485686 np0000007907 devstack@g-api.service[99708]: INFO glance.api.middleware.cache [None req-d10399ae-305e-4fda-93b3-954252bcca04 None None] Initialized image cache middleware
Aug 21 14:51:00.491651 np0000007907 devstack@g-api.service[99707]: DEBUG glance.image_cache.drivers.centralized_db [None req-3b9cdf6a-5399-4aaf-b7ab-ad26f0d9dd8e None None] Node reference is already recorded, ignoring it {{(pid=99707) configure /opt/stack/glance/glance/image_cache/drivers/centralized_db.py:71}}
Aug 21 14:51:00.491713 np0000007907 devstack@g-api.service[99709]: DEBUG glance.image_cache.drivers.centralized_db [None req-4cbde2da-916b-4cc9-9fba-5d34c88ea986 None None] Node reference is already recorded, ignoring it {{(pid=99709) configure /opt/stack/glance/glance/image_cache/drivers/centralized_db.py:71}}
Aug 21 14:51:00.495127 np0000007907 devstack@g-api.service[99709]: INFO glance.api.middleware.cache [None req-4cbde2da-916b-4cc9-9fba-5d34c88ea986 None None] Initialized image cache middleware
Aug 21 14:51:00.495768 np0000007907 devstack@g-api.service[99708]: DEBUG glance.common.config [None req-d10399ae-305e-4fda-93b3-954252bcca04 None None] ******************************************************************************** {{(pid=99708) log_opt_values /opt/stack/data/venv/lib/python3.12/site-packages/oslo_config/cfg.py:3533}}
Aug 21 14:51:00.495851 np0000007907 devstack@g-api.service[99708]: DEBUG glance.common.config [None req-d10399ae-305e-4fda-93b3-954252bcca04 None None] Configuration options gathered from: {{(pid=99708) log_opt_values /opt/stack/data/venv/lib/python3.12/site-packages/oslo_config/cfg.py:3534}}
Aug 21 14:51:00.495999 np0000007907 devstack@g-api.service[99707]: INFO glance.api.middleware.cache_manage [None req-3b9cdf6a-5399-4aaf-b7ab-ad26f0d9dd8e None None] Initialized image cache management middleware
Aug 21 14:51:00.496129 np0000007907 devstack@g-api.service[99708]: DEBUG glance.common.config [None req-d10399ae-305e-4fda-93b3-954252bcca04 None None] command line args: [] {{(pid=99708) log_opt_values /opt/stack/data/venv/lib/python3.12/site-packages/oslo_config/cfg.py:3535}}
Aug 21 14:51:00.496171 np0000007907 devstack@g-api.service[99707]: INFO glance.image_cache [None req-3b9cdf6a-5399-4aaf-b7ab-ad26f0d9dd8e None None] Image cache loaded driver 'centralized_db'.
Aug 21 14:51:00.496256 np0000007907 devstack@g-api.service[99708]: DEBUG glance.common.config [None req-d10399ae-305e-4fda-93b3-954252bcca04 None None] config files: ['/etc/glance/glance-image-import.conf', '/etc/glance/glance-api.conf'] {{(pid=99708) log_opt_values /opt/stack/data/venv/lib/python3.12/site-packages/oslo_config/cfg.py:3536}}
Aug 21 14:51:00.496319 np0000007907 devstack@g-api.service[99708]: DEBUG glance.common.config [None req-d10399ae-305e-4fda-93b3-954252bcca04 None None] ================================================================================ {{(pid=99708) log_opt_values /opt/stack/data/venv/lib/python3.12/site-packages/oslo_config/cfg.py:3541}}
Aug 21 14:51:00.496448 np0000007907 devstack@g-api.service[99708]: DEBUG glance.common.config [None req-d10399ae-305e-4fda-93b3-954252bcca04 None None] allow_anonymous_access = False {{(pid=99708) log_opt_values /opt/stack/data/venv/lib/python3.12/site-packages/oslo_config/cfg.py:3549}}
Aug 21 14:51:00.496560 np0000007907 devstack@g-api.service[99708]: DEBUG glance.common.config [None req-d10399ae-305e-4fda-93b3-954252bcca04 None None] api_limit_max = 1000 {{(pid=99708) log_opt_values /opt/stack/data/venv/lib/python3.12/site-packages/oslo_config/cfg.py:3549}}
Aug 21 14:51:00.496655 np0000007907 devstack@g-api.service[99708]: DEBUG glance.common.config [None req-d10399ae-305e-4fda-93b3-954252bcca04 None None] config_dir = [] {{(pid=99708) log_opt_values /opt/stack/data/venv/lib/python3.12/site-packages/oslo_config/cfg.py:3549}}
Aug 21 14:51:00.496728 np0000007907 devstack@g-api.service[99708]: DEBUG glance.common.config [None req-d10399ae-305e-4fda-93b3-954252bcca04 None None] config_file = ['/etc/glance/glance-image-import.conf', '/etc/glance/glance-api.conf'] {{(pid=99708) log_opt_values /opt/stack/data/venv/lib/python3.12/site-packages/oslo_config/cfg.py:3549}}
Aug 21 14:51:00.496848 np0000007907 devstack@g-api.service[99708]: DEBUG glance.common.config [None req-d10399ae-305e-4fda-93b3-954252bcca04 None None] config_source = [] {{(pid=99708) log_opt_values /opt/stack/data/venv/lib/python3.12/site-packages/oslo_config/cfg.py:3549}}
Aug 21 14:51:00.496961 np0000007907 devstack@g-api.service[99708]: DEBUG glance.common.config [None req-d10399ae-305e-4fda-93b3-954252bcca04 None None] control_exchange = glance {{(pid=99708) log_opt_values /opt/stack/data/venv/lib/python3.12/site-packages/oslo_config/cfg.py:3549}}
Aug 21 14:51:00.497029 np0000007907 devstack@g-api.service[99708]: DEBUG glance.common.config [None req-d10399ae-305e-4fda-93b3-954252bcca04 None None] debug = True {{(pid=99708) log_opt_values /opt/stack/data/venv/lib/python3.12/site-packages/oslo_config/cfg.py:3549}}
Aug 21 14:51:00.497183 np0000007907 devstack@g-api.service[99708]: DEBUG glance.common.config [None req-d10399ae-305e-4fda-93b3-954252bcca04 None None] default_log_levels = ['amqp=WARN', 'boto=WARN', 'sqlalchemy=WARN', 'suds=INFO', 'oslo.messaging=INFO', 'oslo_messaging=INFO', 'iso8601=WARN', 'requests.packages.urllib3.connectionpool=WARN', 'urllib3.connectionpool=WARN', 'websocket=WARN', 'requests.packages.urllib3.util.retry=WARN', 'urllib3.util.retry=WARN', 'keystonemiddleware=WARN', 'routes.middleware=WARN', 'stevedore=WARN', 'taskflow=WARN', 'keystoneauth=WARN', 'oslo.cache=INFO', 'oslo_policy=INFO', 'dogpile.core.dogpile=INFO'] {{(pid=99708) log_opt_values /opt/stack/data/venv/lib/python3.12/site-packages/oslo_config/cfg.py:3549}}
Aug 21 14:51:00.497272 np0000007907 devstack@g-api.service[99708]: DEBUG glance.common.config [None req-d10399ae-305e-4fda-93b3-954252bcca04 None None] default_publisher_id = image.localhost {{(pid=99708) log_opt_values /opt/stack/data/venv/lib/python3.12/site-packages/oslo_config/cfg.py:3549}}
Aug 21 14:51:00.497369 np0000007907 devstack@g-api.service[99708]: DEBUG glance.common.config [None req-d10399ae-305e-4fda-93b3-954252bcca04 None None] delayed_delete = False {{(pid=99708) log_opt_values /opt/stack/data/venv/lib/python3.12/site-packages/oslo_config/cfg.py:3549}}
Aug 21 14:51:00.497475 np0000007907 devstack@g-api.service[99708]: DEBUG glance.common.config [None req-d10399ae-305e-4fda-93b3-954252bcca04 None None] digest_algorithm = sha256 {{(pid=99708) log_opt_values /opt/stack/data/venv/lib/python3.12/site-packages/oslo_config/cfg.py:3549}}
Aug 21 14:51:00.497605 np0000007907 devstack@g-api.service[99708]: DEBUG glance.common.config [None req-d10399ae-305e-4fda-93b3-954252bcca04 None None] disabled_notifications = [] {{(pid=99708) log_opt_values /opt/stack/data/venv/lib/python3.12/site-packages/oslo_config/cfg.py:3549}}
Aug 21 14:51:00.497697 np0000007907 devstack@g-api.service[99708]: DEBUG glance.common.config [None req-d10399ae-305e-4fda-93b3-954252bcca04 None None] do_secure_hash = True {{(pid=99708) log_opt_values /opt/stack/data/venv/lib/python3.12/site-packages/oslo_config/cfg.py:3549}}
Aug 21 14:51:00.497803 np0000007907 devstack@g-api.service[99708]: DEBUG glance.common.config [None req-d10399ae-305e-4fda-93b3-954252bcca04 None None] enabled_backends = None {{(pid=99708) log_opt_values /opt/stack/data/venv/lib/python3.12/site-packages/oslo_config/cfg.py:3549}}
Aug 21 14:51:00.497928 np0000007907 devstack@g-api.service[99708]: DEBUG glance.common.config [None req-d10399ae-305e-4fda-93b3-954252bcca04 None None] enabled_import_methods = ['glance-direct', 'web-download', 'copy-image'] {{(pid=99708) log_opt_values /opt/stack/data/venv/lib/python3.12/site-packages/oslo_config/cfg.py:3549}}
Aug 21 14:51:00.498017 np0000007907 devstack@g-api.service[99708]: DEBUG glance.common.config [None req-d10399ae-305e-4fda-93b3-954252bcca04 None None] fatal_deprecations = False {{(pid=99708) log_opt_values /opt/stack/data/venv/lib/python3.12/site-packages/oslo_config/cfg.py:3549}}
Aug 21 14:51:00.498108 np0000007907 devstack@g-api.service[99708]: DEBUG glance.common.config [None req-d10399ae-305e-4fda-93b3-954252bcca04 None None] hashing_algorithm = sha512 {{(pid=99708) log_opt_values /opt/stack/data/venv/lib/python3.12/site-packages/oslo_config/cfg.py:3549}}
Aug 21 14:51:00.498194 np0000007907 devstack@g-api.service[99708]: DEBUG glance.common.config [None req-d10399ae-305e-4fda-93b3-954252bcca04 None None] http_retries = 3 {{(pid=99708) log_opt_values /opt/stack/data/venv/lib/python3.12/site-packages/oslo_config/cfg.py:3549}}
Aug 21 14:51:00.498287 np0000007907 devstack@g-api.service[99708]: DEBUG glance.common.config [None req-d10399ae-305e-4fda-93b3-954252bcca04 None None] image_cache_dir = /opt/stack/data/glance/cache/ {{(pid=99708) log_opt_values /opt/stack/data/venv/lib/python3.12/site-packages/oslo_config/cfg.py:3549}}
Aug 21 14:51:00.498387 np0000007907 devstack@g-api.service[99708]: DEBUG glance.common.config [None req-d10399ae-305e-4fda-93b3-954252bcca04 None None] image_cache_driver = centralized_db {{(pid=99708) log_opt_values /opt/stack/data/venv/lib/python3.12/site-packages/oslo_config/cfg.py:3549}}
Aug 21 14:51:00.498482 np0000007907 devstack@g-api.service[99708]: DEBUG glance.common.config [None req-d10399ae-305e-4fda-93b3-954252bcca04 None None] image_cache_max_size = 10737418240 {{(pid=99708) log_opt_values /opt/stack/data/venv/lib/python3.12/site-packages/oslo_config/cfg.py:3549}}
Aug 21 14:51:00.498594 np0000007907 devstack@g-api.service[99708]: DEBUG glance.common.config [None req-d10399ae-305e-4fda-93b3-954252bcca04 None None] image_cache_sqlite_db = cache.db {{(pid=99708) log_opt_values /opt/stack/data/venv/lib/python3.12/site-packages/oslo_config/cfg.py:3549}}
Aug 21 14:51:00.498678 np0000007907 devstack@g-api.service[99708]: DEBUG glance.common.config [None req-d10399ae-305e-4fda-93b3-954252bcca04 None None] image_cache_stall_time = 86400 {{(pid=99708) log_opt_values /opt/stack/data/venv/lib/python3.12/site-packages/oslo_config/cfg.py:3549}}
Aug 21 14:51:00.498772 np0000007907 devstack@g-api.service[99708]: DEBUG glance.common.config [None req-d10399ae-305e-4fda-93b3-954252bcca04 None None] image_location_quota = 10 {{(pid=99708) log_opt_values /opt/stack/data/venv/lib/python3.12/site-packages/oslo_config/cfg.py:3549}}
Aug 21 14:51:00.498896 np0000007907 devstack@g-api.service[99708]: DEBUG glance.common.config [None req-d10399ae-305e-4fda-93b3-954252bcca04 None None] image_member_quota = 128 {{(pid=99708) log_opt_values /opt/stack/data/venv/lib/python3.12/site-packages/oslo_config/cfg.py:3549}}
Aug 21 14:51:00.498986 np0000007907 devstack@g-api.service[99708]: DEBUG glance.common.config [None req-d10399ae-305e-4fda-93b3-954252bcca04 None None] image_property_quota = 128 {{(pid=99708) log_opt_values /opt/stack/data/venv/lib/python3.12/site-packages/oslo_config/cfg.py:3549}}
Aug 21 14:51:00.499073 np0000007907 devstack@g-api.service[99708]: DEBUG glance.common.config [None req-d10399ae-305e-4fda-93b3-954252bcca04 None None] image_size_cap = 1099511627776 {{(pid=99708) log_opt_values /opt/stack/data/venv/lib/python3.12/site-packages/oslo_config/cfg.py:3549}}
Aug 21 14:51:00.499160 np0000007907 devstack@g-api.service[99708]: DEBUG glance.common.config [None req-d10399ae-305e-4fda-93b3-954252bcca04 None None] image_tag_quota = 128 {{(pid=99708) log_opt_values /opt/stack/data/venv/lib/python3.12/site-packages/oslo_config/cfg.py:3549}}
Aug 21 14:51:00.499251 np0000007907 devstack@g-api.service[99708]: DEBUG glance.common.config [None req-d10399ae-305e-4fda-93b3-954252bcca04 None None] instance_format = [instance: %(uuid)s] {{(pid=99708) log_opt_values /opt/stack/data/venv/lib/python3.12/site-packages/oslo_config/cfg.py:3549}}
Aug 21 14:51:00.499339 np0000007907 devstack@g-api.service[99708]: DEBUG glance.common.config [None req-d10399ae-305e-4fda-93b3-954252bcca04 None None] instance_uuid_format = [instance: %(uuid)s] {{(pid=99708) log_opt_values /opt/stack/data/venv/lib/python3.12/site-packages/oslo_config/cfg.py:3549}}
Aug 21 14:51:00.499441 np0000007907 devstack@g-api.service[99708]: DEBUG glance.common.config [None req-d10399ae-305e-4fda-93b3-954252bcca04 None None] limit_param_default = 25 {{(pid=99708) log_opt_values /opt/stack/data/venv/lib/python3.12/site-packages/oslo_config/cfg.py:3549}}
Aug 21 14:51:00.499579 np0000007907 devstack@g-api.service[99708]: DEBUG glance.common.config [None req-d10399ae-305e-4fda-93b3-954252bcca04 None None] log_color = False {{(pid=99708) log_opt_values /opt/stack/data/venv/lib/python3.12/site-packages/oslo_config/cfg.py:3549}}
Aug 21 14:51:00.499675 np0000007907 devstack@g-api.service[99708]: DEBUG glance.common.config [None req-d10399ae-305e-4fda-93b3-954252bcca04 None None] log_config_append = None {{(pid=99708) log_opt_values /opt/stack/data/venv/lib/python3.12/site-packages/oslo_config/cfg.py:3549}}
Aug 21 14:51:00.499771 np0000007907 devstack@g-api.service[99708]: DEBUG glance.common.config [None req-d10399ae-305e-4fda-93b3-954252bcca04 None None] log_date_format = %Y-%m-%d %H:%M:%S {{(pid=99708) log_opt_values /opt/stack/data/venv/lib/python3.12/site-packages/oslo_config/cfg.py:3549}}
Aug 21 14:51:00.499863 np0000007907 devstack@g-api.service[99708]: DEBUG glance.common.config [None req-d10399ae-305e-4fda-93b3-954252bcca04 None None] log_dir = None {{(pid=99708) log_opt_values /opt/stack/data/venv/lib/python3.12/site-packages/oslo_config/cfg.py:3549}}
Aug 21 14:51:00.499950 np0000007907 devstack@g-api.service[99708]: DEBUG glance.common.config [None req-d10399ae-305e-4fda-93b3-954252bcca04 None None] log_file = None {{(pid=99708) log_opt_values /opt/stack/data/venv/lib/python3.12/site-packages/oslo_config/cfg.py:3549}}
Aug 21 14:51:00.500036 np0000007907 devstack@g-api.service[99708]: DEBUG glance.common.config [None req-d10399ae-305e-4fda-93b3-954252bcca04 None None] log_rotate_interval = 1 {{(pid=99708) log_opt_values /opt/stack/data/venv/lib/python3.12/site-packages/oslo_config/cfg.py:3549}}
Aug 21 14:51:00.500128 np0000007907 devstack@g-api.service[99708]: DEBUG glance.common.config [None req-d10399ae-305e-4fda-93b3-954252bcca04 None None] log_rotate_interval_type = days {{(pid=99708) log_opt_values /opt/stack/data/venv/lib/python3.12/site-packages/oslo_config/cfg.py:3549}}
Aug 21 14:51:00.500220 np0000007907 devstack@g-api.service[99708]: DEBUG glance.common.config [None req-d10399ae-305e-4fda-93b3-954252bcca04 None None] log_rotation_type = none {{(pid=99708) log_opt_values /opt/stack/data/venv/lib/python3.12/site-packages/oslo_config/cfg.py:3549}}
Aug 21 14:51:00.500292 np0000007907 devstack@g-api.service[99708]: DEBUG glance.common.config [None req-d10399ae-305e-4fda-93b3-954252bcca04 None None] logging_context_format_string = %(color)s%(levelname)s %(name)s [%(global_request_id)s %(request_id)s %(project_name)s %(user_name)s%(color)s] %(instance)s%(color)s%(message)s {{(pid=99708) log_opt_values /opt/stack/data/venv/lib/python3.12/site-packages/oslo_config/cfg.py:3549}}
Aug 21 14:51:00.500362 np0000007907 devstack@g-api.service[99708]: DEBUG glance.common.config [None req-d10399ae-305e-4fda-93b3-954252bcca04 None None] logging_debug_format_suffix = {{(pid=%(process)d) %(funcName)s %(pathname)s:%(lineno)d}} {{(pid=99708) log_opt_values /opt/stack/data/venv/lib/python3.12/site-packages/oslo_config/cfg.py:3549}}
Aug 21 14:51:00.500471 np0000007907 devstack@g-api.service[99708]: DEBUG glance.common.config [None req-d10399ae-305e-4fda-93b3-954252bcca04 None None] logging_default_format_string = %(color)s%(levelname)s %(name)s [-%(color)s] %(instance)s%(color)s%(message)s {{(pid=99708) log_opt_values /opt/stack/data/venv/lib/python3.12/site-packages/oslo_config/cfg.py:3549}}
Aug 21 14:51:00.500583 np0000007907 devstack@g-api.service[99708]: DEBUG glance.common.config [None req-d10399ae-305e-4fda-93b3-954252bcca04 None None] logging_exception_prefix = ERROR %(name)s %(instance)s {{(pid=99708) log_opt_values /opt/stack/data/venv/lib/python3.12/site-packages/oslo_config/cfg.py:3549}}
Aug 21 14:51:00.500650 np0000007907 devstack@g-api.service[99708]: DEBUG glance.common.config [None req-d10399ae-305e-4fda-93b3-954252bcca04 None None] logging_user_identity_format = %(user)s %(project)s %(domain)s %(system_scope)s %(user_domain)s %(project_domain)s {{(pid=99708) log_opt_values /opt/stack/data/venv/lib/python3.12/site-packages/oslo_config/cfg.py:3549}}
Aug 21 14:51:00.500742 np0000007907 devstack@g-api.service[99708]: DEBUG glance.common.config [None req-d10399ae-305e-4fda-93b3-954252bcca04 None None] max_logfile_count = 30 {{(pid=99708) log_opt_values /opt/stack/data/venv/lib/python3.12/site-packages/oslo_config/cfg.py:3549}}
Aug 21 14:51:00.500830 np0000007907 devstack@g-api.service[99708]: DEBUG glance.common.config [None req-d10399ae-305e-4fda-93b3-954252bcca04 None None] max_logfile_size_mb = 200 {{(pid=99708) log_opt_values /opt/stack/data/venv/lib/python3.12/site-packages/oslo_config/cfg.py:3549}}
Aug 21 14:51:00.500929 np0000007907 devstack@g-api.service[99708]: DEBUG glance.common.config [None req-d10399ae-305e-4fda-93b3-954252bcca04 None None] max_request_id_length = 64 {{(pid=99708) log_opt_values /opt/stack/data/venv/lib/python3.12/site-packages/oslo_config/cfg.py:3549}}
Aug 21 14:51:00.501014 np0000007907 devstack@g-api.service[99708]: DEBUG glance.common.config [None req-d10399ae-305e-4fda-93b3-954252bcca04 None None] metadata_encryption_key = **** {{(pid=99708) log_opt_values /opt/stack/data/venv/lib/python3.12/site-packages/oslo_config/cfg.py:3549}}
Aug 21 14:51:00.501103 np0000007907 devstack@g-api.service[99708]: DEBUG glance.common.config [None req-d10399ae-305e-4fda-93b3-954252bcca04 None None] node_staging_uri = file:///tmp/staging/ {{(pid=99708) log_opt_values /opt/stack/data/venv/lib/python3.12/site-packages/oslo_config/cfg.py:3549}}
Aug 21 14:51:00.501187 np0000007907 devstack@g-api.service[99708]: DEBUG glance.common.config [None req-d10399ae-305e-4fda-93b3-954252bcca04 None None] property_protection_file = None {{(pid=99708) log_opt_values /opt/stack/data/venv/lib/python3.12/site-packages/oslo_config/cfg.py:3549}}
Aug 21 14:51:00.501274 np0000007907 devstack@g-api.service[99708]: DEBUG glance.common.config [None req-d10399ae-305e-4fda-93b3-954252bcca04 None None] property_protection_rule_format = roles {{(pid=99708) log_opt_values /opt/stack/data/venv/lib/python3.12/site-packages/oslo_config/cfg.py:3549}}
Aug 21 14:51:00.501366 np0000007907 devstack@g-api.service[99708]: DEBUG glance.common.config [None req-d10399ae-305e-4fda-93b3-954252bcca04 None None] public_endpoint = https://10.4.3.191/image {{(pid=99708) log_opt_values /opt/stack/data/venv/lib/python3.12/site-packages/oslo_config/cfg.py:3549}}
Aug 21 14:51:00.501468 np0000007907 devstack@g-api.service[99708]: DEBUG glance.common.config [None req-d10399ae-305e-4fda-93b3-954252bcca04 None None] publish_errors = False {{(pid=99708) log_opt_values /opt/stack/data/venv/lib/python3.12/site-packages/oslo_config/cfg.py:3549}}
Aug 21 14:51:00.501593 np0000007907 devstack@g-api.service[99708]: DEBUG glance.common.config [None req-d10399ae-305e-4fda-93b3-954252bcca04 None None] pydev_worker_debug_host = None {{(pid=99708) log_opt_values /opt/stack/data/venv/lib/python3.12/site-packages/oslo_config/cfg.py:3549}}
Aug 21 14:51:00.501687 np0000007907 devstack@g-api.service[99708]: DEBUG glance.common.config [None req-d10399ae-305e-4fda-93b3-954252bcca04 None None] pydev_worker_debug_port = 5678 {{(pid=99708) log_opt_values /opt/stack/data/venv/lib/python3.12/site-packages/oslo_config/cfg.py:3549}}
Aug 21 14:51:00.501773 np0000007907 devstack@g-api.service[99708]: DEBUG glance.common.config [None req-d10399ae-305e-4fda-93b3-954252bcca04 None None] rate_limit_burst = 0 {{(pid=99708) log_opt_values /opt/stack/data/venv/lib/python3.12/site-packages/oslo_config/cfg.py:3549}}
Aug 21 14:51:00.501875 np0000007907 devstack@g-api.service[99708]: DEBUG glance.common.config [None req-d10399ae-305e-4fda-93b3-954252bcca04 None None] rate_limit_except_level = CRITICAL {{(pid=99708) log_opt_values /opt/stack/data/venv/lib/python3.12/site-packages/oslo_config/cfg.py:3549}}
Aug 21 14:51:00.501968 np0000007907 devstack@g-api.service[99708]: DEBUG glance.common.config [None req-d10399ae-305e-4fda-93b3-954252bcca04 None None] rate_limit_interval = 0 {{(pid=99708) log_opt_values /opt/stack/data/venv/lib/python3.12/site-packages/oslo_config/cfg.py:3549}}
Aug 21 14:51:00.502056 np0000007907 devstack@g-api.service[99708]: DEBUG glance.common.config [None req-d10399ae-305e-4fda-93b3-954252bcca04 None None] scrub_pool_size = 1 {{(pid=99708) log_opt_values /opt/stack/data/venv/lib/python3.12/site-packages/oslo_config/cfg.py:3549}}
Aug 21 14:51:00.502131 np0000007907 devstack@g-api.service[99707]: DEBUG glance.image_cache.drivers.centralized_db [None req-3b9cdf6a-5399-4aaf-b7ab-ad26f0d9dd8e None None] Node reference is already recorded, ignoring it {{(pid=99707) configure /opt/stack/glance/glance/image_cache/drivers/centralized_db.py:71}}
Aug 21 14:51:00.502165 np0000007907 devstack@g-api.service[99708]: DEBUG glance.common.config [None req-d10399ae-305e-4fda-93b3-954252bcca04 None None] scrub_time = 0 {{(pid=99708) log_opt_values /opt/stack/data/venv/lib/python3.12/site-packages/oslo_config/cfg.py:3549}}
Aug 21 14:51:00.502217 np0000007907 devstack@g-api.service[99708]: DEBUG glance.common.config [None req-d10399ae-305e-4fda-93b3-954252bcca04 None None] shell_completion = None {{(pid=99708) log_opt_values /opt/stack/data/venv/lib/python3.12/site-packages/oslo_config/cfg.py:3549}}
Aug 21 14:51:00.502310 np0000007907 devstack@g-api.service[99708]: DEBUG glance.common.config [None req-d10399ae-305e-4fda-93b3-954252bcca04 None None] show_image_direct_url = False {{(pid=99708) log_opt_values /opt/stack/data/venv/lib/python3.12/site-packages/oslo_config/cfg.py:3549}}
Aug 21 14:51:00.502538 np0000007907 devstack@g-api.service[99708]: WARNING oslo_config.cfg [None req-d10399ae-305e-4fda-93b3-954252bcca04 None None] Deprecated: Option "show_multiple_locations" from group "DEFAULT" is deprecated for removal (Use of this option, deprecated since Newton, is a security risk and will be removed once we figure out a way to satisfy those use cases that currently require it. An earlier announcement that the same functionality can be achieved with greater granularity by using policies is incorrect. You cannot work around this option via policy configuration at the present time, though that is the direction we believe the fix will take. Please keep an eye on the Glance release notes to stay up to date on progress in addressing this issue.). Its value may be silently ignored in the future.
Aug 21 14:51:00.502641 np0000007907 devstack@g-api.service[99708]: DEBUG glance.common.config [None req-d10399ae-305e-4fda-93b3-954252bcca04 None None] show_multiple_locations = False {{(pid=99708) log_opt_values /opt/stack/data/venv/lib/python3.12/site-packages/oslo_config/cfg.py:3549}}
Aug 21 14:51:00.502736 np0000007907 devstack@g-api.service[99708]: DEBUG glance.common.config [None req-d10399ae-305e-4fda-93b3-954252bcca04 None None] syslog_log_facility = LOG_USER {{(pid=99708) log_opt_values /opt/stack/data/venv/lib/python3.12/site-packages/oslo_config/cfg.py:3549}}
Aug 21 14:51:00.502829 np0000007907 devstack@g-api.service[99708]: DEBUG glance.common.config [None req-d10399ae-305e-4fda-93b3-954252bcca04 None None] transport_url = **** {{(pid=99708) log_opt_values /opt/stack/data/venv/lib/python3.12/site-packages/oslo_config/cfg.py:3549}}
Aug 21 14:51:00.502925 np0000007907 devstack@g-api.service[99708]: DEBUG glance.common.config [None req-d10399ae-305e-4fda-93b3-954252bcca04 None None] use_journal = False {{(pid=99708) log_opt_values /opt/stack/data/venv/lib/python3.12/site-packages/oslo_config/cfg.py:3549}}
Aug 21 14:51:00.503011 np0000007907 devstack@g-api.service[99708]: DEBUG glance.common.config [None req-d10399ae-305e-4fda-93b3-954252bcca04 None None] use_json = False {{(pid=99708) log_opt_values /opt/stack/data/venv/lib/python3.12/site-packages/oslo_config/cfg.py:3549}}
Aug 21 14:51:00.503101 np0000007907 devstack@g-api.service[99708]: DEBUG glance.common.config [None req-d10399ae-305e-4fda-93b3-954252bcca04 None None] use_keystone_limits = True {{(pid=99708) log_opt_values /opt/stack/data/venv/lib/python3.12/site-packages/oslo_config/cfg.py:3549}}
Aug 21 14:51:00.503188 np0000007907 devstack@g-api.service[99708]: DEBUG glance.common.config [None req-d10399ae-305e-4fda-93b3-954252bcca04 None None] use_stderr = False {{(pid=99708) log_opt_values /opt/stack/data/venv/lib/python3.12/site-packages/oslo_config/cfg.py:3549}}
Aug 21 14:51:00.503277 np0000007907 devstack@g-api.service[99708]: DEBUG glance.common.config [None req-d10399ae-305e-4fda-93b3-954252bcca04 None None] use_syslog = False {{(pid=99708) log_opt_values /opt/stack/data/venv/lib/python3.12/site-packages/oslo_config/cfg.py:3549}}
Aug 21 14:51:00.503367 np0000007907 devstack@g-api.service[99708]: DEBUG glance.common.config [None req-d10399ae-305e-4fda-93b3-954252bcca04 None None] user_storage_quota = 0 {{(pid=99708) log_opt_values /opt/stack/data/venv/lib/python3.12/site-packages/oslo_config/cfg.py:3549}}
Aug 21 14:51:00.503467 np0000007907 devstack@g-api.service[99708]: DEBUG glance.common.config [None req-d10399ae-305e-4fda-93b3-954252bcca04 None None] worker_self_reference_url = http://127.0.0.1:60999 {{(pid=99708) log_opt_values /opt/stack/data/venv/lib/python3.12/site-packages/oslo_config/cfg.py:3549}}
Aug 21 14:51:00.503618 np0000007907 devstack@g-api.service[99708]: DEBUG glance.common.config [None req-d10399ae-305e-4fda-93b3-954252bcca04 None None] oslo_concurrency.disable_process_locking = False {{(pid=99708) log_opt_values /opt/stack/data/venv/lib/python3.12/site-packages/oslo_config/cfg.py:3560}}
Aug 21 14:51:00.503719 np0000007907 devstack@g-api.service[99708]: DEBUG glance.common.config [None req-d10399ae-305e-4fda-93b3-954252bcca04 None None] oslo_concurrency.lock_path = /opt/stack/data/glance/locks {{(pid=99708) log_opt_values /opt/stack/data/venv/lib/python3.12/site-packages/oslo_config/cfg.py:3560}}
Aug 21 14:51:00.503816 np0000007907 devstack@g-api.service[99708]: DEBUG glance.common.config [None req-d10399ae-305e-4fda-93b3-954252bcca04 None None] oslo_middleware.enable_proxy_headers_parsing = False {{(pid=99708) log_opt_values /opt/stack/data/venv/lib/python3.12/site-packages/oslo_config/cfg.py:3560}}
Aug 21 14:51:00.503923 np0000007907 devstack@g-api.service[99708]: DEBUG glance.common.config [None req-d10399ae-305e-4fda-93b3-954252bcca04 None None] oslo_middleware.http_basic_auth_user_file = /etc/htpasswd {{(pid=99708) log_opt_values /opt/stack/data/venv/lib/python3.12/site-packages/oslo_config/cfg.py:3560}}
Aug 21 14:51:00.504016 np0000007907 devstack@g-api.service[99708]: DEBUG glance.common.config [None req-d10399ae-305e-4fda-93b3-954252bcca04 None None] paste_deploy.config_file = None {{(pid=99708) log_opt_values /opt/stack/data/venv/lib/python3.12/site-packages/oslo_config/cfg.py:3560}}
Aug 21 14:51:00.504112 np0000007907 devstack@g-api.service[99708]: DEBUG glance.common.config [None req-d10399ae-305e-4fda-93b3-954252bcca04 None None] paste_deploy.flavor = keystone+cachemanagement {{(pid=99708) log_opt_values /opt/stack/data/venv/lib/python3.12/site-packages/oslo_config/cfg.py:3560}}
Aug 21 14:51:00.504235 np0000007907 devstack@g-api.service[99708]: DEBUG glance.common.config [None req-d10399ae-305e-4fda-93b3-954252bcca04 None None] image_format.container_formats = ['ami', 'ari', 'aki', 'bare', 'ovf', 'ova', 'docker', 'compressed'] {{(pid=99708) log_opt_values /opt/stack/data/venv/lib/python3.12/site-packages/oslo_config/cfg.py:3560}}
Aug 21 14:51:00.504361 np0000007907 devstack@g-api.service[99708]: DEBUG glance.common.config [None req-d10399ae-305e-4fda-93b3-954252bcca04 None None] image_format.disk_formats = ['ami', 'ari', 'aki', 'vhd', 'vhdx', 'vmdk', 'raw', 'qcow2', 'vdi', 'iso', 'ploop'] {{(pid=99708) log_opt_values /opt/stack/data/venv/lib/python3.12/site-packages/oslo_config/cfg.py:3560}}
Aug 21 14:51:00.504455 np0000007907 devstack@g-api.service[99708]: DEBUG glance.common.config [None req-d10399ae-305e-4fda-93b3-954252bcca04 None None] image_format.gpt_safety_checks_nonfatal = [] {{(pid=99708) log_opt_values /opt/stack/data/venv/lib/python3.12/site-packages/oslo_config/cfg.py:3560}}
Aug 21 14:51:00.504586 np0000007907 devstack@g-api.service[99708]: DEBUG glance.common.config [None req-d10399ae-305e-4fda-93b3-954252bcca04 None None] image_format.require_image_format_match = True {{(pid=99708) log_opt_values /opt/stack/data/venv/lib/python3.12/site-packages/oslo_config/cfg.py:3560}}
Aug 21 14:51:00.504689 np0000007907 devstack@g-api.service[99708]: DEBUG glance.common.config [None req-d10399ae-305e-4fda-93b3-954252bcca04 None None] image_format.vmdk_allowed_types = ['streamOptimized', 'monolithicSparse'] {{(pid=99708) log_opt_values /opt/stack/data/venv/lib/python3.12/site-packages/oslo_config/cfg.py:3560}}
Aug 21 14:51:00.504792 np0000007907 devstack@g-api.service[99708]: DEBUG glance.common.config [None req-d10399ae-305e-4fda-93b3-954252bcca04 None None] task.task_executor = taskflow {{(pid=99708) log_opt_values /opt/stack/data/venv/lib/python3.12/site-packages/oslo_config/cfg.py:3560}}
Aug 21 14:51:00.504901 np0000007907 devstack@g-api.service[99708]: DEBUG glance.common.config [None req-d10399ae-305e-4fda-93b3-954252bcca04 None None] task.task_time_to_live = 48 {{(pid=99708) log_opt_values /opt/stack/data/venv/lib/python3.12/site-packages/oslo_config/cfg.py:3560}}
Aug 21 14:51:00.505016 np0000007907 devstack@g-api.service[99708]: DEBUG glance.common.config [None req-d10399ae-305e-4fda-93b3-954252bcca04 None None] task.work_dir = None {{(pid=99708) log_opt_values /opt/stack/data/venv/lib/python3.12/site-packages/oslo_config/cfg.py:3560}}
Aug 21 14:51:00.505118 np0000007907 devstack@g-api.service[99708]: DEBUG glance.common.config [None req-d10399ae-305e-4fda-93b3-954252bcca04 None None] wsgi.python_interpreter = /opt/stack/data/venv/bin/python3 {{(pid=99708) log_opt_values /opt/stack/data/venv/lib/python3.12/site-packages/oslo_config/cfg.py:3560}}
Aug 21 14:51:00.505178 np0000007907 devstack@g-api.service[99709]: DEBUG glance.common.config [None req-4cbde2da-916b-4cc9-9fba-5d34c88ea986 None None] ******************************************************************************** {{(pid=99709) log_opt_values /opt/stack/data/venv/lib/python3.12/site-packages/oslo_config/cfg.py:3533}}
Aug 21 14:51:00.505210 np0000007907 devstack@g-api.service[99708]: DEBUG glance.common.config [None req-d10399ae-305e-4fda-93b3-954252bcca04 None None] wsgi.task_pool_threads = 16 {{(pid=99708) log_opt_values /opt/stack/data/venv/lib/python3.12/site-packages/oslo_config/cfg.py:3560}}
Aug 21 14:51:00.505271 np0000007907 devstack@g-api.service[99709]: DEBUG glance.common.config [None req-4cbde2da-916b-4cc9-9fba-5d34c88ea986 None None] Configuration options gathered from: {{(pid=99709) log_opt_values /opt/stack/data/venv/lib/python3.12/site-packages/oslo_config/cfg.py:3534}}
Aug 21 14:51:00.505311 np0000007907 devstack@g-api.service[99708]: DEBUG glance.common.config [None req-d10399ae-305e-4fda-93b3-954252bcca04 None None] import_filtering_opts.allowed_hosts = [] {{(pid=99708) log_opt_values /opt/stack/data/venv/lib/python3.12/site-packages/oslo_config/cfg.py:3560}}
Aug 21 14:51:00.505388 np0000007907 devstack@g-api.service[99708]: DEBUG glance.common.config [None req-d10399ae-305e-4fda-93b3-954252bcca04 None None] import_filtering_opts.allowed_ports = [80, 443] {{(pid=99708) log_opt_values /opt/stack/data/venv/lib/python3.12/site-packages/oslo_config/cfg.py:3560}}
Aug 21 14:51:00.505527 np0000007907 devstack@g-api.service[99708]: DEBUG glance.common.config [None req-d10399ae-305e-4fda-93b3-954252bcca04 None None] import_filtering_opts.allowed_schemes = ['http', 'https'] {{(pid=99708) log_opt_values /opt/stack/data/venv/lib/python3.12/site-packages/oslo_config/cfg.py:3560}}
Aug 21 14:51:00.505574 np0000007907 devstack@g-api.service[99707]: INFO glance.api.middleware.cache [None req-3b9cdf6a-5399-4aaf-b7ab-ad26f0d9dd8e None None] Initialized image cache middleware
Aug 21 14:51:00.505607 np0000007907 devstack@g-api.service[99709]: DEBUG glance.common.config [None req-4cbde2da-916b-4cc9-9fba-5d34c88ea986 None None] command line args: [] {{(pid=99709) log_opt_values /opt/stack/data/venv/lib/python3.12/site-packages/oslo_config/cfg.py:3535}}
