Aug 21 14:53:16.222467 np0000007907 devstack@n-api.service[84256]: DEBUG nova.policy [None req-f11c67fa-87c2-46b1-87f0-e63169dfe3d4 tempest-VolumesAdminNegativeTest-1495483182 tempest-VolumesAdminNegativeTest-1495483182-project-member] Policy check for os_compute_api:os-extended-server-attributes failed with credentials {'is_admin': False, 'user_id': '84cf78afdf2a427e94b847da3c83a0bf', 'user_domain_id': 'default', 'system_scope': None, 'domain_id': None, 'project_id': '781b50f2c44b4880859361e1f7e63fdf', 'project_domain_id': 'default', 'roles': ['member', 'reader'], 'is_admin_project': True, 'service_user_id': None, 'service_user_domain_id': None, 'service_project_id': None, 'service_project_domain_id': None, 'service_roles': []} {{(pid=84256) authorize /opt/stack/nova/nova/policy.py:202}}
Aug 21 14:53:16.233464 np0000007907 devstack@n-api.service[84256]: INFO nova.api.openstack.requestlog [None req-f11c67fa-87c2-46b1-87f0-e63169dfe3d4 tempest-VolumesAdminNegativeTest-1495483182 tempest-VolumesAdminNegativeTest-1495483182-project-member] 10.4.3.191 "GET /compute/v2.1/servers/bced72bc-aa8c-4606-a599-1f88ceb2c461" status: 200 len: 1316 microversion: 2.1 time: 0.424577
Aug 21 14:53:16.234277 np0000007907 devstack@n-api.service[84256]: [pid: 84256|app: 0|req: 27/86] 10.4.3.191 () {66 vars in 1354 bytes} [Fri Aug 21 14:53:15 2026] GET /compute/v2.1/servers/bced72bc-aa8c-4606-a599-1f88ceb2c461 => generated 1316 bytes in 426 msecs (HTTP/1.1 200) 9 headers in 358 bytes (1 switches on core 0)
Aug 21 14:53:16.237447 np0000007907 devstack@n-api.service[84256]: DEBUG nova.api.openstack.wsgi [req-326205b2-5764-45d4-83f4-2c62d711358d req-d21c9235-a1bd-4512-a93a-676498871882 service nova] Action: 'create', calling method: >, body: {"events": [{"name": "network-changed", "server_uuid": "2b225df0-cb53-46a9-8a09-db6dfaf050bb", "tag": "01e43a02-0386-490a-a197-dc4ec7ceecb3"}]} {{(pid=84256) _process_stack /opt/stack/nova/nova/api/openstack/wsgi.py:549}}
Aug 21 14:53:16.243900 np0000007907 devstack@n-api.service[84256]: DEBUG oslo_concurrency.lockutils [req-326205b2-5764-45d4-83f4-2c62d711358d req-d21c9235-a1bd-4512-a93a-676498871882 service nova] Acquiring lock "f91f4857-fa86-4d41-a42b-f1957345e459" by "nova.context.set_target_cell..get_or_set_cached_cell_and_set_connections" {{(pid=84256) inner /opt/stack/data/venv/lib/python3.12/site-packages/oslo_concurrency/lockutils.py:512}}
Aug 21 14:53:16.244513 np0000007907 devstack@n-api.service[84256]: DEBUG oslo_concurrency.lockutils [req-326205b2-5764-45d4-83f4-2c62d711358d req-d21c9235-a1bd-4512-a93a-676498871882 service nova] Lock "f91f4857-fa86-4d41-a42b-f1957345e459" acquired by "nova.context.set_target_cell..get_or_set_cached_cell_and_set_connections" :: waited 0.001s {{(pid=84256) inner /opt/stack/data/venv/lib/python3.12/site-packages/oslo_concurrency/lockutils.py:525}}
Aug 21 14:53:16.244835 np0000007907 devstack@n-api.service[84256]: DEBUG oslo_concurrency.lockutils [req-326205b2-5764-45d4-83f4-2c62d711358d req-d21c9235-a1bd-4512-a93a-676498871882 service nova] Lock "f91f4857-fa86-4d41-a42b-f1957345e459" "released" by "nova.context.set_target_cell..get_or_set_cached_cell_and_set_connections" :: held 0.000s {{(pid=84256) inner /opt/stack/data/venv/lib/python3.12/site-packages/oslo_concurrency/lockutils.py:544}}
Aug 21 14:53:16.252432 np0000007907 devstack@n-api.service[84256]: INFO nova.api.openstack.compute.server_external_events [req-326205b2-5764-45d4-83f4-2c62d711358d req-d21c9235-a1bd-4512-a93a-676498871882 service nova] Creating event network-changed:01e43a02-0386-490a-a197-dc4ec7ceecb3 for instance 2b225df0-cb53-46a9-8a09-db6dfaf050bb on np0000007907
Aug 21 14:53:16.252975 np0000007907 devstack@n-api.service[84256]: DEBUG nova.compute.rpcapi [req-326205b2-5764-45d4-83f4-2c62d711358d req-d21c9235-a1bd-4512-a93a-676498871882 service nova] RPC: Sending the message to topic: compute-alt {{(pid=84256) prepare_for_alt_rpcserver /opt/stack/nova/nova/compute/rpcapi.py:595}}
Aug 21 14:53:16.257719 np0000007907 devstack@n-api.service[84256]: INFO nova.api.openstack.requestlog [req-326205b2-5764-45d4-83f4-2c62d711358d req-d21c9235-a1bd-4512-a93a-676498871882 service nova] 10.4.3.191 "POST /compute/v2.1/os-server-external-events" status: 200 len: 179 microversion: 2.1 time: 0.022591
Aug 21 14:53:16.258171 np0000007907 devstack@n-api.service[84256]: [pid: 84256|app: 0|req: 28/87] 10.4.3.191 () {72 vars in 1432 bytes} [Fri Aug 21 14:53:16 2026] POST /compute/v2.1/os-server-external-events => generated 179 bytes in 23 msecs (HTTP/1.1 200) 9 headers in 357 bytes (1 switches on core 0)
Aug 21 14:53:16.261441 np0000007907 devstack@n-api.service[84256]: DEBUG nova.api.openstack.wsgi [None req-ad2a05ec-3838-425e-8aba-4189f3135959 tempest-ImageDependencyTests-1574927074 tempest-ImageDependencyTests-1574927074-project-member] Action: 'action', calling method: >, body: {"createImage": {"name": "tempest-ImageDependencyTestssnapshot-1684115750"}} {{(pid=84256) _process_stack /opt/stack/nova/nova/api/openstack/wsgi.py:549}}
Aug 21 14:53:16.263220 np0000007907 devstack@n-api.service[84256]: DEBUG nova.compute.api [None req-ad2a05ec-3838-425e-8aba-4189f3135959 tempest-ImageDependencyTests-1574927074 tempest-ImageDependencyTests-1574927074-project-member] [instance: e8f17688-434a-4564-bf97-006819e3b8a5] Fetching instance by UUID {{(pid=84256) get /opt/stack/nova/nova/compute/api.py:3068}}
Aug 21 14:53:16.266395 np0000007907 devstack@n-api.service[84256]: DEBUG oslo_concurrency.lockutils [None req-ad2a05ec-3838-425e-8aba-4189f3135959 tempest-ImageDependencyTests-1574927074 tempest-ImageDependencyTests-1574927074-project-member] Acquiring lock "f91f4857-fa86-4d41-a42b-f1957345e459" by "nova.context.set_target_cell..get_or_set_cached_cell_and_set_connections" {{(pid=84256) inner /opt/stack/data/venv/lib/python3.12/site-packages/oslo_concurrency/lockutils.py:512}}
Aug 21 14:53:16.266658 np0000007907 devstack@n-api.service[84256]: DEBUG oslo_concurrency.lockutils [None req-ad2a05ec-3838-425e-8aba-4189f3135959 tempest-ImageDependencyTests-1574927074 tempest-ImageDependencyTests-1574927074-project-member] Lock "f91f4857-fa86-4d41-a42b-f1957345e459" acquired by "nova.context.set_target_cell..get_or_set_cached_cell_and_set_connections" :: waited 0.000s {{(pid=84256) inner /opt/stack/data/venv/lib/python3.12/site-packages/oslo_concurrency/lockutils.py:525}}
Aug 21 14:53:16.266839 np0000007907 devstack@n-api.service[84256]: DEBUG oslo_concurrency.lockutils [None req-ad2a05ec-3838-425e-8aba-4189f3135959 tempest-ImageDependencyTests-1574927074 tempest-ImageDependencyTests-1574927074-project-member] Lock "f91f4857-fa86-4d41-a42b-f1957345e459" "released" by "nova.context.set_target_cell..get_or_set_cached_cell_and_set_connections" :: held 0.000s {{(pid=84256) inner /opt/stack/data/venv/lib/python3.12/site-packages/oslo_concurrency/lockutils.py:544}}
Aug 21 14:53:16.267111 np0000007907 devstack@n-api.service[84256]: DEBUG oslo_concurrency.lockutils [None req-ad2a05ec-3838-425e-8aba-4189f3135959 tempest-ImageDependencyTests-1574927074 tempest-ImageDependencyTests-1574927074-project-member] Acquiring lock "f91f4857-fa86-4d41-a42b-f1957345e459" by "nova.context.set_target_cell..get_or_set_cached_cell_and_set_connections" {{(pid=84256) inner /opt/stack/data/venv/lib/python3.12/site-packages/oslo_concurrency/lockutils.py:512}}
Aug 21 14:53:16.267301 np0000007907 devstack@n-api.service[84256]: DEBUG oslo_concurrency.lockutils [None req-ad2a05ec-3838-425e-8aba-4189f3135959 tempest-ImageDependencyTests-1574927074 tempest-ImageDependencyTests-1574927074-project-member] Lock "f91f4857-fa86-4d41-a42b-f1957345e459" acquired by "nova.context.set_target_cell..get_or_set_cached_cell_and_set_connections" :: waited 0.000s {{(pid=84256) inner /opt/stack/data/venv/lib/python3.12/site-packages/oslo_concurrency/lockutils.py:525}}
Aug 21 14:53:16.267525 np0000007907 devstack@n-api.service[84256]: DEBUG oslo_concurrency.lockutils [None req-ad2a05ec-3838-425e-8aba-4189f3135959 tempest-ImageDependencyTests-1574927074 tempest-ImageDependencyTests-1574927074-project-member] Lock "f91f4857-fa86-4d41-a42b-f1957345e459" "released" by "nova.context.set_target_cell..get_or_set_cached_cell_and_set_connections" :: held 0.000s {{(pid=84256) inner /opt/stack/data/venv/lib/python3.12/site-packages/oslo_concurrency/lockutils.py:544}}
Aug 21 14:53:16.343676 np0000007907 devstack@n-api.service[84257]: DEBUG nova.policy [None req-ac9acb0a-65e5-4d25-80f1-62309104b693 tempest-VolumesAssistedSnapshotsTest-761643135 tempest-VolumesAssistedSnapshotsTest-761643135-project-member] Policy check for os_compute_api:os-extended-server-attributes failed with credentials {'is_admin': False, 'user_id': 'cd99e37e349b4819b7ef238cce6ee089', 'user_domain_id': 'default', 'system_scope': None, 'domain_id': None, 'project_id': '64967d2abfaa4803866435984e846116', 'project_domain_id': 'default', 'roles': ['member', 'reader'], 'is_admin_project': True, 'service_user_id': None, 'service_user_domain_id': None, 'service_project_id': None, 'service_project_domain_id': None, 'service_roles': []} {{(pid=84257) authorize /opt/stack/nova/nova/policy.py:202}}
Aug 21 14:53:16.356879 np0000007907 devstack@n-api.service[84257]: INFO nova.api.openstack.requestlog [None req-ac9acb0a-65e5-4d25-80f1-62309104b693 tempest-VolumesAssistedSnapshotsTest-761643135 tempest-VolumesAssistedSnapshotsTest-761643135-project-member] 10.4.3.191 "GET /compute/v2.1/servers/66c37711-f67c-4c04-a073-217bc15fd1cb" status: 200 len: 1367 microversion: 2.1 time: 0.250341
Aug 21 14:53:16.357460 np0000007907 devstack@n-api.service[84257]: [pid: 84257|app: 0|req: 30/88] 10.4.3.191 () {66 vars in 1354 bytes} [Fri Aug 21 14:53:16 2026] GET /compute/v2.1/servers/66c37711-f67c-4c04-a073-217bc15fd1cb => generated 1367 bytes in 251 msecs (HTTP/1.1 200) 9 headers in 358 bytes (1 switches on core 0)
Aug 21 14:53:16.416867 np0000007907 devstack@n-api.service[84256]: INFO nova.compute.api [None req-ad2a05ec-3838-425e-8aba-4189f3135959 tempest-ImageDependencyTests-1574927074 tempest-ImageDependencyTests-1574927074-project-member] [instance: e8f17688-434a-4564-bf97-006819e3b8a5] Attempting to quiesce instance before volume snapshot.
Aug 21 14:53:16.425170 np0000007907 devstack@n-api.service[84258]: DEBUG nova.virt.hardware [None req-4ac1699e-824a-4abe-bc63-9287908a132f tempest-ServersNegativeTestJSON-38624184 tempest-ServersNegativeTestJSON-38624184-project-member] Flavor limits 0:0:0 {{(pid=84258) get_cpu_topology_constraints /opt/stack/nova/nova/virt/hardware.py:516}}
Aug 21 14:53:16.425442 np0000007907 devstack@n-api.service[84258]: DEBUG nova.virt.hardware [None req-4ac1699e-824a-4abe-bc63-9287908a132f tempest-ServersNegativeTestJSON-38624184 tempest-ServersNegativeTestJSON-38624184-project-member] Image limits 0:0:0 {{(pid=84258) get_cpu_topology_constraints /opt/stack/nova/nova/virt/hardware.py:520}}
Aug 21 14:53:16.425741 np0000007907 devstack@n-api.service[84258]: DEBUG nova.virt.hardware [None req-4ac1699e-824a-4abe-bc63-9287908a132f tempest-ServersNegativeTestJSON-38624184 tempest-ServersNegativeTestJSON-38624184-project-member] Flavor pref 0:0:0 {{(pid=84258) get_cpu_topology_constraints /opt/stack/nova/nova/virt/hardware.py:556}}
Aug 21 14:53:16.425949 np0000007907 devstack@n-api.service[84258]: DEBUG nova.virt.hardware [None req-4ac1699e-824a-4abe-bc63-9287908a132f tempest-ServersNegativeTestJSON-38624184 tempest-ServersNegativeTestJSON-38624184-project-member] Image pref 0:0:0 {{(pid=84258) get_cpu_topology_constraints /opt/stack/nova/nova/virt/hardware.py:560}}
Aug 21 14:53:16.427274 np0000007907 devstack@n-api.service[84258]: DEBUG nova.virt.hardware [None req-4ac1699e-824a-4abe-bc63-9287908a132f tempest-ServersNegativeTestJSON-38624184 tempest-ServersNegativeTestJSON-38624184-project-member] Chose sockets=0, cores=0, threads=0; limits were sockets=65536, cores=65536, threads=65536 {{(pid=84258) get_cpu_topology_constraints /opt/stack/nova/nova/virt/hardware.py:598}}
Aug 21 14:53:16.434111 np0000007907 devstack@n-api.service[84258]: DEBUG oslo_concurrency.lockutils [None req-4ac1699e-824a-4abe-bc63-9287908a132f tempest-ServersNegativeTestJSON-38624184 tempest-ServersNegativeTestJSON-38624184-project-member] Acquiring lock "00000000-0000-0000-0000-000000000000" by "nova.context.set_target_cell..get_or_set_cached_cell_and_set_connections" {{(pid=84258) inner /opt/stack/data/venv/lib/python3.12/site-packages/oslo_concurrency/lockutils.py:512}}
Aug 21 14:53:16.434232 np0000007907 devstack@n-api.service[84258]: DEBUG oslo_concurrency.lockutils [None req-4ac1699e-824a-4abe-bc63-9287908a132f tempest-ServersNegativeTestJSON-38624184 tempest-ServersNegativeTestJSON-38624184-project-member] Lock "00000000-0000-0000-0000-000000000000" acquired by "nova.context.set_target_cell..get_or_set_cached_cell_and_set_connections" :: waited 0.000s {{(pid=84258) inner /opt/stack/data/venv/lib/python3.12/site-packages/oslo_concurrency/lockutils.py:525}}
Aug 21 14:53:16.434375 np0000007907 devstack@n-api.service[84258]: DEBUG oslo_concurrency.lockutils [None req-4ac1699e-824a-4abe-bc63-9287908a132f tempest-ServersNegativeTestJSON-38624184 tempest-ServersNegativeTestJSON-38624184-project-member] Lock "00000000-0000-0000-0000-000000000000" "released" by "nova.context.set_target_cell..get_or_set_cached_cell_and_set_connections" :: held 0.000s {{(pid=84258) inner /opt/stack/data/venv/lib/python3.12/site-packages/oslo_concurrency/lockutils.py:544}}
Aug 21 14:53:16.434846 np0000007907 devstack@n-api.service[84258]: DEBUG oslo_concurrency.lockutils [None req-4ac1699e-824a-4abe-bc63-9287908a132f tempest-ServersNegativeTestJSON-38624184 tempest-ServersNegativeTestJSON-38624184-project-member] Acquiring lock "f91f4857-fa86-4d41-a42b-f1957345e459" by "nova.context.set_target_cell..get_or_set_cached_cell_and_set_connections" {{(pid=84258) inner /opt/stack/data/venv/lib/python3.12/site-packages/oslo_concurrency/lockutils.py:512}}
Aug 21 14:53:16.434994 np0000007907 devstack@n-api.service[84258]: DEBUG oslo_concurrency.lockutils [None req-4ac1699e-824a-4abe-bc63-9287908a132f tempest-ServersNegativeTestJSON-38624184 tempest-ServersNegativeTestJSON-38624184-project-member] Lock "f91f4857-fa86-4d41-a42b-f1957345e459" acquired by "nova.context.set_target_cell..get_or_set_cached_cell_and_set_connections" :: waited 0.000s {{(pid=84258) inner /opt/stack/data/venv/lib/python3.12/site-packages/oslo_concurrency/lockutils.py:525}}
Aug 21 14:53:16.435525 np0000007907 devstack@n-api.service[84258]: DEBUG oslo_concurrency.lockutils [None req-4ac1699e-824a-4abe-bc63-9287908a132f tempest-ServersNegativeTestJSON-38624184 tempest-ServersNegativeTestJSON-38624184-project-member] Lock "f91f4857-fa86-4d41-a42b-f1957345e459" "released" by "nova.context.set_target_cell..get_or_set_cached_cell_and_set_connections" :: held 0.000s {{(pid=84258) inner /opt/stack/data/venv/lib/python3.12/site-packages/oslo_concurrency/lockutils.py:544}}
Aug 21 14:53:16.453511 np0000007907 devstack@n-api.service[84258]: DEBUG nova.quota [None req-4ac1699e-824a-4abe-bc63-9287908a132f tempest-ServersNegativeTestJSON-38624184 tempest-ServersNegativeTestJSON-38624184-project-member] Getting quotas for project d0730d2add6246439929514eb3c8896c. Resources: {'cores', 'instances', 'ram'} {{(pid=84258) _get_quotas /opt/stack/nova/nova/quota.py:389}}
Aug 21 14:53:16.455213 np0000007907 devstack@n-api.service[84258]: DEBUG nova.quota [None req-4ac1699e-824a-4abe-bc63-9287908a132f tempest-ServersNegativeTestJSON-38624184 tempest-ServersNegativeTestJSON-38624184-project-member] Getting quotas for user 803a07351efa473faf955f8088da4c56 and project d0730d2add6246439929514eb3c8896c. Resources: {'cores', 'instances', 'ram'} {{(pid=84258) _get_quotas /opt/stack/nova/nova/quota.py:379}}
Aug 21 14:53:16.474117 np0000007907 devstack@n-api.service[84258]: DEBUG nova.compute.api [None req-4ac1699e-824a-4abe-bc63-9287908a132f tempest-ServersNegativeTestJSON-38624184 tempest-ServersNegativeTestJSON-38624184-project-member] Going to run 1 instances... {{(pid=84258) _provision_instances /opt/stack/nova/nova/compute/api.py:1480}}
Aug 21 14:53:16.475539 np0000007907 devstack@n-api.service[84258]: DEBUG nova.compute.api [None req-4ac1699e-824a-4abe-bc63-9287908a132f tempest-ServersNegativeTestJSON-38624184 tempest-ServersNegativeTestJSON-38624184-project-member] [instance: b2fab824-df09-4c57-81b6-e94732538efa] block_device_mapping [BlockDeviceMapping(attachment_id=,boot_index=0,connection_info=None,created_at=,delete_on_termination=True,deleted=,deleted_at=,destination_type='local',device_name=None,device_type='disk',disk_bus=None,encrypted=False,encryption_format=None,encryption_options=None,encryption_secret_uuid=None,guest_format=None,id=,image_id='ae755fec-4488-4c5a-9612-9e46c809420c',instance=,instance_uuid=,no_device=False,snapshot_id=None,source_type='image',tag=None,updated_at=,uuid=,volume_id=None,volume_size=None,volume_type=None)] {{(pid=84258) _bdm_validate_set_size_and_instance /opt/stack/nova/nova/compute/api.py:1942}}
Aug 21 14:53:16.497332 np0000007907 devstack@n-api.service[84256]: INFO nova.compute.api [None req-ad2a05ec-3838-425e-8aba-4189f3135959 tempest-ImageDependencyTests-1574927074 tempest-ImageDependencyTests-1574927074-project-member] [instance: e8f17688-434a-4564-bf97-006819e3b8a5] Skipping quiescing instance: QEMU guest agent is not enabled.
Aug 21 14:53:16.567818 np0000007907 devstack@n-api.service[84258]: INFO nova.api.openstack.requestlog [None req-4ac1699e-824a-4abe-bc63-9287908a132f tempest-ServersNegativeTestJSON-38624184 tempest-ServersNegativeTestJSON-38624184-project-member] 10.4.3.191 "POST /compute/v2.1/servers" status: 202 len: 380 microversion: 2.1 time: 1.566816
Aug 21 14:53:16.568833 np0000007907 devstack@n-api.service[84258]: [pid: 84258|app: 0|req: 31/89] 10.4.3.191 () {68 vars in 1265 bytes} [Fri Aug 21 14:53:15 2026] POST /compute/v2.1/servers => generated 380 bytes in 1568 msecs (HTTP/1.1 202) 10 headers in 451 bytes (1 switches on core 0)
Aug 21 14:53:16.576095 np0000007907 devstack@n-api.service[84256]: DEBUG nova.compute.api [None req-ad2a05ec-3838-425e-8aba-4189f3135959 tempest-ImageDependencyTests-1574927074 tempest-ImageDependencyTests-1574927074-project-member] [instance: e8f17688-434a-4564-bf97-006819e3b8a5] Creating snapshot from volume 0781a04f-d0e8-4c79-bb59-b471cf77e60d. {{(pid=84256) snapshot_instance /opt/stack/nova/nova/compute/api.py:3602}}
Aug 21 14:53:16.581567 np0000007907 devstack@n-api.service[84257]: DEBUG nova.api.openstack.wsgi [None req-5ad10fa9-020e-4e83-af1d-6c31e15e2cb4 tempest-ServersNegativeTestJSON-38624184 tempest-ServersNegativeTestJSON-38624184-project-member] Calling method '>' {{(pid=84257) _process_stack /opt/stack/nova/nova/api/openstack/wsgi.py:551}}
Aug 21 14:53:16.583118 np0000007907 devstack@n-api.service[84257]: DEBUG nova.compute.api [None req-5ad10fa9-020e-4e83-af1d-6c31e15e2cb4 tempest-ServersNegativeTestJSON-38624184 tempest-ServersNegativeTestJSON-38624184-project-member] [instance: b2fab824-df09-4c57-81b6-e94732538efa] Fetching instance by UUID {{(pid=84257) get /opt/stack/nova/nova/compute/api.py:3068}}
Aug 21 14:53:16.596729 np0000007907 devstack@n-api.service[84257]: WARNING neutronclient.v2_0.client [None req-5ad10fa9-020e-4e83-af1d-6c31e15e2cb4 tempest-ServersNegativeTestJSON-38624184 tempest-ServersNegativeTestJSON-38624184-project-member] The python binding code in neutronclient is deprecated in favor of OpenstackSDK, please use that as this will be removed in a future release.
Aug 21 14:53:16.787753 np0000007907 devstack@n-api.service[84258]: DEBUG nova.api.openstack.wsgi [None req-16de6a96-c44e-4ce8-8a06-8c25f58faa63 tempest-DeleteServersTestJSON-1289036835 tempest-DeleteServersTestJSON-1289036835-project-member] Calling method '>' {{(pid=84258) _process_stack /opt/stack/nova/nova/api/openstack/wsgi.py:551}}
Aug 21 14:53:16.788317 np0000007907 devstack@n-api.service[84258]: DEBUG nova.compute.api [None req-16de6a96-c44e-4ce8-8a06-8c25f58faa63 tempest-DeleteServersTestJSON-1289036835 tempest-DeleteServersTestJSON-1289036835-project-member] [instance: 48007bc7-9f49-42a0-88f9-77831121b6c2] Fetching instance by UUID {{(pid=84258) get /opt/stack/nova/nova/compute/api.py:3068}}
Aug 21 14:53:16.798550 np0000007907 devstack@n-api.service[84258]: DEBUG oslo_concurrency.lockutils [None req-16de6a96-c44e-4ce8-8a06-8c25f58faa63 tempest-DeleteServersTestJSON-1289036835 tempest-DeleteServersTestJSON-1289036835-project-member] Acquiring lock "f91f4857-fa86-4d41-a42b-f1957345e459" by "nova.context.set_target_cell..get_or_set_cached_cell_and_set_connections" {{(pid=84258) inner /opt/stack/data/venv/lib/python3.12/site-packages/oslo_concurrency/lockutils.py:512}}
Aug 21 14:53:16.799074 np0000007907 devstack@n-api.service[84258]: DEBUG oslo_concurrency.lockutils [None req-16de6a96-c44e-4ce8-8a06-8c25f58faa63 tempest-DeleteServersTestJSON-1289036835 tempest-DeleteServersTestJSON-1289036835-project-member] Lock "f91f4857-fa86-4d41-a42b-f1957345e459" acquired by "nova.context.set_target_cell..get_or_set_cached_cell_and_set_connections" :: waited 0.001s {{(pid=84258) inner /opt/stack/data/venv/lib/python3.12/site-packages/oslo_concurrency/lockutils.py:525}}
Aug 21 14:53:16.799444 np0000007907 devstack@n-api.service[84258]: DEBUG oslo_concurrency.lockutils [None req-16de6a96-c44e-4ce8-8a06-8c25f58faa63 tempest-DeleteServersTestJSON-1289036835 tempest-DeleteServersTestJSON-1289036835-project-member] Lock "f91f4857-fa86-4d41-a42b-f1957345e459" "released" by "nova.context.set_target_cell..get_or_set_cached_cell_and_set_connections" :: held 0.000s {{(pid=84258) inner /opt/stack/data/venv/lib/python3.12/site-packages/oslo_concurrency/lockutils.py:544}}
Aug 21 14:53:16.799943 np0000007907 devstack@n-api.service[84258]: DEBUG oslo_concurrency.lockutils [None req-16de6a96-c44e-4ce8-8a06-8c25f58faa63 tempest-DeleteServersTestJSON-1289036835 tempest-DeleteServersTestJSON-1289036835-project-member] Acquiring lock "f91f4857-fa86-4d41-a42b-f1957345e459" by "nova.context.set_target_cell..get_or_set_cached_cell_and_set_connections" {{(pid=84258) inner /opt/stack/data/venv/lib/python3.12/site-packages/oslo_concurrency/lockutils.py:512}}
Aug 21 14:53:16.800300 np0000007907 devstack@n-api.service[84258]: DEBUG oslo_concurrency.lockutils [None req-16de6a96-c44e-4ce8-8a06-8c25f58faa63 tempest-DeleteServersTestJSON-1289036835 tempest-DeleteServersTestJSON-1289036835-project-member] Lock "f91f4857-fa86-4d41-a42b-f1957345e459" acquired by "nova.context.set_target_cell..get_or_set_cached_cell_and_set_connections" :: waited 0.000s {{(pid=84258) inner /opt/stack/data/venv/lib/python3.12/site-packages/oslo_concurrency/lockutils.py:525}}
Aug 21 14:53:16.800631 np0000007907 devstack@n-api.service[84258]: DEBUG oslo_concurrency.lockutils [None req-16de6a96-c44e-4ce8-8a06-8c25f58faa63 tempest-DeleteServersTestJSON-1289036835 tempest-DeleteServersTestJSON-1289036835-project-member] Lock "f91f4857-fa86-4d41-a42b-f1957345e459" "released" by "nova.context.set_target_cell..get_or_set_cached_cell_and_set_connections" :: held 0.000s {{(pid=84258) inner /opt/stack/data/venv/lib/python3.12/site-packages/oslo_concurrency/lockutils.py:544}}
Aug 21 14:53:16.802217 np0000007907 devstack@n-api.service[84257]: DEBUG nova.policy [None req-5ad10fa9-020e-4e83-af1d-6c31e15e2cb4 tempest-ServersNegativeTestJSON-38624184 tempest-ServersNegativeTestJSON-38624184-project-member] Policy check for os_compute_api:os-extended-server-attributes failed with credentials {'is_admin': False, 'user_id': '803a07351efa473faf955f8088da4c56', 'user_domain_id': 'default', 'system_scope': None, 'domain_id': None, 'project_id': 'd0730d2add6246439929514eb3c8896c', 'project_domain_id': 'default', 'roles': ['member', 'reader'], 'is_admin_project': True, 'service_user_id': None, 'service_user_domain_id': None, 'service_project_id': None, 'service_project_domain_id': None, 'service_roles': []} {{(pid=84257) authorize /opt/stack/nova/nova/policy.py:202}}
Aug 21 14:53:16.834547 np0000007907 devstack@n-api.service[84257]: INFO nova.api.openstack.requestlog [None req-5ad10fa9-020e-4e83-af1d-6c31e15e2cb4 tempest-ServersNegativeTestJSON-38624184 tempest-ServersNegativeTestJSON-38624184-project-member] 10.4.3.191 "GET /compute/v2.1/servers/b2fab824-df09-4c57-81b6-e94732538efa" status: 200 len: 1214 microversion: 2.1 time: 0.255013
Aug 21 14:53:16.834973 np0000007907 devstack@n-api.service[84257]: [pid: 84257|app: 0|req: 31/90] 10.4.3.191 () {66 vars in 1354 bytes} [Fri Aug 21 14:53:16 2026] GET /compute/v2.1/servers/b2fab824-df09-4c57-81b6-e94732538efa => generated 1214 bytes in 256 msecs (HTTP/1.1 200) 9 headers in 358 bytes (1 switches on core 0)
Aug 21 14:53:16.889856 np0000007907 devstack@n-api.service[84258]: DEBUG nova.compute.api [None req-16de6a96-c44e-4ce8-8a06-8c25f58faa63 tempest-DeleteServersTestJSON-1289036835 tempest-DeleteServersTestJSON-1289036835-project-member] [instance: 48007bc7-9f49-42a0-88f9-77831121b6c2] Going to try to terminate instance {{(pid=84258) delete /opt/stack/nova/nova/compute/api.py:2811}}
Aug 21 14:53:16.992369 np0000007907 devstack@n-api.service[84258]: INFO nova.api.openstack.requestlog [None req-16de6a96-c44e-4ce8-8a06-8c25f58faa63 tempest-DeleteServersTestJSON-1289036835 tempest-DeleteServersTestJSON-1289036835-project-member] 10.4.3.191 "DELETE /compute/v2.1/servers/48007bc7-9f49-42a0-88f9-77831121b6c2" status: 204 len: 0 microversion: 2.1 time: 0.208276
Aug 21 14:53:16.992880 np0000007907 devstack@n-api.service[84258]: [pid: 84258|app: 0|req: 32/91] 10.4.3.191 () {66 vars in 1357 bytes} [Fri Aug 21 14:53:16 2026] DELETE /compute/v2.1/servers/48007bc7-9f49-42a0-88f9-77831121b6c2 => generated 0 bytes in 210 msecs (HTTP/1.1 204) 9 headers in 363 bytes (1 switches on core 0)
Aug 21 14:53:17.012830 np0000007907 devstack@n-api.service[84257]: DEBUG nova.api.openstack.wsgi [None req-ff72aa4d-8688-48b5-9183-3fd7a0c48bfe tempest-DeleteServersTestJSON-1289036835 tempest-DeleteServersTestJSON-1289036835-project-member] Calling method '>' {{(pid=84257) _process_stack /opt/stack/nova/nova/api/openstack/wsgi.py:551}}
Aug 21 14:53:17.023662 np0000007907 devstack@n-api.service[84257]: DEBUG nova.compute.api [None req-ff72aa4d-8688-48b5-9183-3fd7a0c48bfe tempest-DeleteServersTestJSON-1289036835 tempest-DeleteServersTestJSON-1289036835-project-member] [instance: 48007bc7-9f49-42a0-88f9-77831121b6c2] Fetching instance by UUID {{(pid=84257) get /opt/stack/nova/nova/compute/api.py:3068}}
Aug 21 14:53:17.030850 np0000007907 devstack@n-api.service[84257]: DEBUG oslo_concurrency.lockutils [None req-ff72aa4d-8688-48b5-9183-3fd7a0c48bfe tempest-DeleteServersTestJSON-1289036835 tempest-DeleteServersTestJSON-1289036835-project-member] Acquiring lock "f91f4857-fa86-4d41-a42b-f1957345e459" by "nova.context.set_target_cell..get_or_set_cached_cell_and_set_connections" {{(pid=84257) inner /opt/stack/data/venv/lib/python3.12/site-packages/oslo_concurrency/lockutils.py:512}}
Aug 21 14:53:17.031113 np0000007907 devstack@n-api.service[84257]: DEBUG oslo_concurrency.lockutils [None req-ff72aa4d-8688-48b5-9183-3fd7a0c48bfe tempest-DeleteServersTestJSON-1289036835 tempest-DeleteServersTestJSON-1289036835-project-member] Lock "f91f4857-fa86-4d41-a42b-f1957345e459" acquired by "nova.context.set_target_cell..get_or_set_cached_cell_and_set_connections" :: waited 0.001s {{(pid=84257) inner /opt/stack/data/venv/lib/python3.12/site-packages/oslo_concurrency/lockutils.py:525}}
Aug 21 14:53:17.031360 np0000007907 devstack@n-api.service[84257]: DEBUG oslo_concurrency.lockutils [None req-ff72aa4d-8688-48b5-9183-3fd7a0c48bfe tempest-DeleteServersTestJSON-1289036835 tempest-DeleteServersTestJSON-1289036835-project-member] Lock "f91f4857-fa86-4d41-a42b-f1957345e459" "released" by "nova.context.set_target_cell..get_or_set_cached_cell_and_set_connections" :: held 0.000s {{(pid=84257) inner /opt/stack/data/venv/lib/python3.12/site-packages/oslo_concurrency/lockutils.py:544}}
Aug 21 14:53:17.031840 np0000007907 devstack@n-api.service[84257]: DEBUG oslo_concurrency.lockutils [None req-ff72aa4d-8688-48b5-9183-3fd7a0c48bfe tempest-DeleteServersTestJSON-1289036835 tempest-DeleteServersTestJSON-1289036835-project-member] Acquiring lock "f91f4857-fa86-4d41-a42b-f1957345e459" by "nova.context.set_target_cell..get_or_set_cached_cell_and_set_connections" {{(pid=84257) inner /opt/stack/data/venv/lib/python3.12/site-packages/oslo_concurrency/lockutils.py:512}}
Aug 21 14:53:17.032158 np0000007907 devstack@n-api.service[84257]: DEBUG oslo_concurrency.lockutils [None req-ff72aa4d-8688-48b5-9183-3fd7a0c48bfe tempest-DeleteServersTestJSON-1289036835 tempest-DeleteServersTestJSON-1289036835-project-member] Lock "f91f4857-fa86-4d41-a42b-f1957345e459" acquired by "nova.context.set_target_cell..get_or_set_cached_cell_and_set_connections" :: waited 0.000s {{(pid=84257) inner /opt/stack/data/venv/lib/python3.12/site-packages/oslo_concurrency/lockutils.py:525}}
Aug 21 14:53:17.032506 np0000007907 devstack@n-api.service[84257]: DEBUG oslo_concurrency.lockutils [None req-ff72aa4d-8688-48b5-9183-3fd7a0c48bfe tempest-DeleteServersTestJSON-1289036835 tempest-DeleteServersTestJSON-1289036835-project-member] Lock "f91f4857-fa86-4d41-a42b-f1957345e459" "released" by "nova.context.set_target_cell..get_or_set_cached_cell_and_set_connections" :: held 0.000s {{(pid=84257) inner /opt/stack/data/venv/lib/python3.12/site-packages/oslo_concurrency/lockutils.py:544}}
Aug 21 14:53:17.060195 np0000007907 devstack@n-api.service[84257]: WARNING neutronclient.v2_0.client [None req-ff72aa4d-8688-48b5-9183-3fd7a0c48bfe tempest-DeleteServersTestJSON-1289036835 tempest-DeleteServersTestJSON-1289036835-project-member] The python binding code in neutronclient is deprecated in favor of OpenstackSDK, please use that as this will be removed in a future release.
Aug 21 14:53:17.256702 np0000007907 devstack@n-api.service[84258]: DEBUG nova.api.openstack.wsgi [None req-f123c719-b3f0-4cae-99cf-b9b636a77cb5 tempest-VolumesAdminNegativeTest-1495483182 tempest-VolumesAdminNegativeTest-1495483182-project-member] Calling method '>' {{(pid=84258) _process_stack /opt/stack/nova/nova/api/openstack/wsgi.py:551}}
Aug 21 14:53:17.258220 np0000007907 devstack@n-api.service[84258]: DEBUG nova.compute.api [None req-f123c719-b3f0-4cae-99cf-b9b636a77cb5 tempest-VolumesAdminNegativeTest-1495483182 tempest-VolumesAdminNegativeTest-1495483182-project-member] [instance: bced72bc-aa8c-4606-a599-1f88ceb2c461] Fetching instance by UUID {{(pid=84258) get /opt/stack/nova/nova/compute/api.py:3068}}
Aug 21 14:53:17.263038 np0000007907 devstack@n-api.service[84258]: DEBUG oslo_concurrency.lockutils [None req-f123c719-b3f0-4cae-99cf-b9b636a77cb5 tempest-VolumesAdminNegativeTest-1495483182 tempest-VolumesAdminNegativeTest-1495483182-project-member] Acquiring lock "f91f4857-fa86-4d41-a42b-f1957345e459" by "nova.context.set_target_cell..get_or_set_cached_cell_and_set_connections" {{(pid=84258) inner /opt/stack/data/venv/lib/python3.12/site-packages/oslo_concurrency/lockutils.py:512}}
Aug 21 14:53:17.263038 np0000007907 devstack@n-api.service[84258]: DEBUG oslo_concurrency.lockutils [None req-f123c719-b3f0-4cae-99cf-b9b636a77cb5 tempest-VolumesAdminNegativeTest-1495483182 tempest-VolumesAdminNegativeTest-1495483182-project-member] Lock "f91f4857-fa86-4d41-a42b-f1957345e459" acquired by "nova.context.set_target_cell..get_or_set_cached_cell_and_set_connections" :: waited 0.000s {{(pid=84258) inner /opt/stack/data/venv/lib/python3.12/site-packages/oslo_concurrency/lockutils.py:525}}
Aug 21 14:53:17.263262 np0000007907 devstack@n-api.service[84258]: DEBUG oslo_concurrency.lockutils [None req-f123c719-b3f0-4cae-99cf-b9b636a77cb5 tempest-VolumesAdminNegativeTest-1495483182 tempest-VolumesAdminNegativeTest-1495483182-project-member] Lock "f91f4857-fa86-4d41-a42b-f1957345e459" "released" by "nova.context.set_target_cell..get_or_set_cached_cell_and_set_connections" :: held 0.000s {{(pid=84258) inner /opt/stack/data/venv/lib/python3.12/site-packages/oslo_concurrency/lockutils.py:544}}
Aug 21 14:53:17.263764 np0000007907 devstack@n-api.service[84258]: DEBUG oslo_concurrency.lockutils [None req-f123c719-b3f0-4cae-99cf-b9b636a77cb5 tempest-VolumesAdminNegativeTest-1495483182 tempest-VolumesAdminNegativeTest-1495483182-project-member] Acquiring lock "f91f4857-fa86-4d41-a42b-f1957345e459" by "nova.context.set_target_cell..get_or_set_cached_cell_and_set_connections" {{(pid=84258) inner /opt/stack/data/venv/lib/python3.12/site-packages/oslo_concurrency/lockutils.py:512}}
Aug 21 14:53:17.264073 np0000007907 devstack@n-api.service[84258]: DEBUG oslo_concurrency.lockutils [None req-f123c719-b3f0-4cae-99cf-b9b636a77cb5 tempest-VolumesAdminNegativeTest-1495483182 tempest-VolumesAdminNegativeTest-1495483182-project-member] Lock "f91f4857-fa86-4d41-a42b-f1957345e459" acquired by "nova.context.set_target_cell..get_or_set_cached_cell_and_set_connections" :: waited 0.000s {{(pid=84258) inner /opt/stack/data/venv/lib/python3.12/site-packages/oslo_concurrency/lockutils.py:525}}
Aug 21 14:53:17.264411 np0000007907 devstack@n-api.service[84258]: DEBUG oslo_concurrency.lockutils [None req-f123c719-b3f0-4cae-99cf-b9b636a77cb5 tempest-VolumesAdminNegativeTest-1495483182 tempest-VolumesAdminNegativeTest-1495483182-project-member] Lock "f91f4857-fa86-4d41-a42b-f1957345e459" "released" by "nova.context.set_target_cell..get_or_set_cached_cell_and_set_connections" :: held 0.000s {{(pid=84258) inner /opt/stack/data/venv/lib/python3.12/site-packages/oslo_concurrency/lockutils.py:544}}
Aug 21 14:53:17.282140 np0000007907 devstack@n-api.service[84257]: DEBUG nova.policy [None req-ff72aa4d-8688-48b5-9183-3fd7a0c48bfe tempest-DeleteServersTestJSON-1289036835 tempest-DeleteServersTestJSON-1289036835-project-member] Policy check for os_compute_api:os-extended-server-attributes failed with credentials {'is_admin': False, 'user_id': '81c10865364940139994ae30da2e149f', 'user_domain_id': 'default', 'system_scope': None, 'domain_id': None, 'project_id': 'f34681c58f404aeaa7110cd7d7eaa9f0', 'project_domain_id': 'default', 'roles': ['member', 'reader'], 'is_admin_project': True, 'service_user_id': None, 'service_user_domain_id': None, 'service_project_id': None, 'service_project_domain_id': None, 'service_roles': []} {{(pid=84257) authorize /opt/stack/nova/nova/policy.py:202}}
Aug 21 14:53:17.294597 np0000007907 devstack@n-api.service[84257]: INFO nova.api.openstack.requestlog [None req-ff72aa4d-8688-48b5-9183-3fd7a0c48bfe tempest-DeleteServersTestJSON-1289036835 tempest-DeleteServersTestJSON-1289036835-project-member] 10.4.3.191 "GET /compute/v2.1/servers/48007bc7-9f49-42a0-88f9-77831121b6c2" status: 200 len: 1548 microversion: 2.1 time: 0.293312
Aug 21 14:53:17.294880 np0000007907 devstack@n-api.service[84257]: [pid: 84257|app: 0|req: 32/92] 10.4.3.191 () {66 vars in 1354 bytes} [Fri Aug 21 14:53:17 2026] GET /compute/v2.1/servers/48007bc7-9f49-42a0-88f9-77831121b6c2 => generated 1548 bytes in 294 msecs (HTTP/1.1 200) 9 headers in 358 bytes (1 switches on core 0)
Aug 21 14:53:17.306790 np0000007907 devstack@n-api.service[84258]: WARNING neutronclient.v2_0.client [None req-f123c719-b3f0-4cae-99cf-b9b636a77cb5 tempest-VolumesAdminNegativeTest-1495483182 tempest-VolumesAdminNegativeTest-1495483182-project-member] The python binding code in neutronclient is deprecated in favor of OpenstackSDK, please use that as this will be removed in a future release.
Aug 21 14:53:17.373889 np0000007907 devstack@n-api.service[84257]: DEBUG nova.api.openstack.wsgi [None req-ab7995b0-a18e-4d43-8bbd-eb318482d182 tempest-VolumesAssistedSnapshotsTest-761643135 tempest-VolumesAssistedSnapshotsTest-761643135-project-member] Calling method '>' {{(pid=84257) _process_stack /opt/stack/nova/nova/api/openstack/wsgi.py:551}}
Aug 21 14:53:17.376806 np0000007907 devstack@n-api.service[84257]: DEBUG nova.compute.api [None req-ab7995b0-a18e-4d43-8bbd-eb318482d182 tempest-VolumesAssistedSnapshotsTest-761643135 tempest-VolumesAssistedSnapshotsTest-761643135-project-member] [instance: 66c37711-f67c-4c04-a073-217bc15fd1cb] Fetching instance by UUID {{(pid=84257) get /opt/stack/nova/nova/compute/api.py:3068}}
Aug 21 14:53:17.382455 np0000007907 devstack@n-api.service[84257]: DEBUG oslo_concurrency.lockutils [None req-ab7995b0-a18e-4d43-8bbd-eb318482d182 tempest-VolumesAssistedSnapshotsTest-761643135 tempest-VolumesAssistedSnapshotsTest-761643135-project-member] Acquiring lock "f91f4857-fa86-4d41-a42b-f1957345e459" by "nova.context.set_target_cell..get_or_set_cached_cell_and_set_connections" {{(pid=84257) inner /opt/stack/data/venv/lib/python3.12/site-packages/oslo_concurrency/lockutils.py:512}}
Aug 21 14:53:17.383206 np0000007907 devstack@n-api.service[84257]: DEBUG oslo_concurrency.lockutils [None req-ab7995b0-a18e-4d43-8bbd-eb318482d182 tempest-VolumesAssistedSnapshotsTest-761643135 tempest-VolumesAssistedSnapshotsTest-761643135-project-member] Lock "f91f4857-fa86-4d41-a42b-f1957345e459" acquired by "nova.context.set_target_cell..get_or_set_cached_cell_and_set_connections" :: waited 0.000s {{(pid=84257) inner /opt/stack/data/venv/lib/python3.12/site-packages/oslo_concurrency/lockutils.py:525}}
Aug 21 14:53:17.383206 np0000007907 devstack@n-api.service[84257]: DEBUG oslo_concurrency.lockutils [None req-ab7995b0-a18e-4d43-8bbd-eb318482d182 tempest-VolumesAssistedSnapshotsTest-761643135 tempest-VolumesAssistedSnapshotsTest-761643135-project-member] Lock "f91f4857-fa86-4d41-a42b-f1957345e459" "released" by "nova.context.set_target_cell..get_or_set_cached_cell_and_set_connections" :: held 0.000s {{(pid=84257) inner /opt/stack/data/venv/lib/python3.12/site-packages/oslo_concurrency/lockutils.py:544}}
Aug 21 14:53:17.383376 np0000007907 devstack@n-api.service[84257]: DEBUG oslo_concurrency.lockutils [None req-ab7995b0-a18e-4d43-8bbd-eb318482d182 tempest-VolumesAssistedSnapshotsTest-761643135 tempest-VolumesAssistedSnapshotsTest-761643135-project-member] Acquiring lock "f91f4857-fa86-4d41-a42b-f1957345e459" by "nova.context.set_target_cell..get_or_set_cached_cell_and_set_connections" {{(pid=84257) inner /opt/stack/data/venv/lib/python3.12/site-packages/oslo_concurrency/lockutils.py:512}}
Aug 21 14:53:17.383826 np0000007907 devstack@n-api.service[84257]: DEBUG oslo_concurrency.lockutils [None req-ab7995b0-a18e-4d43-8bbd-eb318482d182 tempest-VolumesAssistedSnapshotsTest-761643135 tempest-VolumesAssistedSnapshotsTest-761643135-project-member] Lock "f91f4857-fa86-4d41-a42b-f1957345e459" acquired by "nova.context.set_target_cell..get_or_set_cached_cell_and_set_connections" :: waited 0.000s {{(pid=84257) inner /opt/stack/data/venv/lib/python3.12/site-packages/oslo_concurrency/lockutils.py:525}}
Aug 21 14:53:17.384083 np0000007907 devstack@n-api.service[84257]: DEBUG oslo_concurrency.lockutils [None req-ab7995b0-a18e-4d43-8bbd-eb318482d182 tempest-VolumesAssistedSnapshotsTest-761643135 tempest-VolumesAssistedSnapshotsTest-761643135-project-member] Lock "f91f4857-fa86-4d41-a42b-f1957345e459" "released" by "nova.context.set_target_cell..get_or_set_cached_cell_and_set_connections" :: held 0.000s {{(pid=84257) inner /opt/stack/data/venv/lib/python3.12/site-packages/oslo_concurrency/lockutils.py:544}}
Aug 21 14:53:17.398501 np0000007907 devstack@n-api.service[84257]: WARNING neutronclient.v2_0.client [None req-ab7995b0-a18e-4d43-8bbd-eb318482d182 tempest-VolumesAssistedSnapshotsTest-761643135 tempest-VolumesAssistedSnapshotsTest-761643135-project-member] The python binding code in neutronclient is deprecated in favor of OpenstackSDK, please use that as this will be removed in a future release.
Aug 21 14:53:17.454608 np0000007907 devstack@n-api.service[84258]: DEBUG nova.policy [None req-f123c719-b3f0-4cae-99cf-b9b636a77cb5 tempest-VolumesAdminNegativeTest-1495483182 tempest-VolumesAdminNegativeTest-1495483182-project-member] Policy check for os_compute_api:os-extended-server-attributes failed with credentials {'is_admin': False, 'user_id': '84cf78afdf2a427e94b847da3c83a0bf', 'user_domain_id': 'default', 'system_scope': None, 'domain_id': None, 'project_id': '781b50f2c44b4880859361e1f7e63fdf', 'project_domain_id': 'default', 'roles': ['member', 'reader'], 'is_admin_project': True, 'service_user_id': None, 'service_user_domain_id': None, 'service_project_id': None, 'service_project_domain_id': None, 'service_roles': []} {{(pid=84258) authorize /opt/stack/nova/nova/policy.py:202}}
Aug 21 14:53:17.464240 np0000007907 devstack@n-api.service[84258]: INFO nova.api.openstack.requestlog [None req-f123c719-b3f0-4cae-99cf-b9b636a77cb5 tempest-VolumesAdminNegativeTest-1495483182 tempest-VolumesAdminNegativeTest-1495483182-project-member] 10.4.3.191 "GET /compute/v2.1/servers/bced72bc-aa8c-4606-a599-1f88ceb2c461" status: 200 len: 1316 microversion: 2.1 time: 0.211369
Aug 21 14:53:17.464529 np0000007907 devstack@n-api.service[84258]: [pid: 84258|app: 0|req: 33/93] 10.4.3.191 () {66 vars in 1354 bytes} [Fri Aug 21 14:53:17 2026] GET /compute/v2.1/servers/bced72bc-aa8c-4606-a599-1f88ceb2c461 => generated 1316 bytes in 213 msecs (HTTP/1.1 200) 9 headers in 358 bytes (1 switches on core 0)
Aug 21 14:53:17.577114 np0000007907 devstack@n-api.service[84257]: DEBUG nova.policy [None req-ab7995b0-a18e-4d43-8bbd-eb318482d182 tempest-VolumesAssistedSnapshotsTest-761643135 tempest-VolumesAssistedSnapshotsTest-761643135-project-member] Policy check for os_compute_api:os-extended-server-attributes failed with credentials {'is_admin': False, 'user_id': 'cd99e37e349b4819b7ef238cce6ee089', 'user_domain_id': 'default', 'system_scope': None, 'domain_id': None, 'project_id': '64967d2abfaa4803866435984e846116', 'project_domain_id': 'default', 'roles': ['member', 'reader'], 'is_admin_project': True, 'service_user_id': None, 'service_user_domain_id': None, 'service_project_id': None, 'service_project_domain_id': None, 'service_roles': []} {{(pid=84257) authorize /opt/stack/nova/nova/policy.py:202}}
Aug 21 14:53:17.590411 np0000007907 devstack@n-api.service[84257]: INFO nova.api.openstack.requestlog [None req-ab7995b0-a18e-4d43-8bbd-eb318482d182 tempest-VolumesAssistedSnapshotsTest-761643135 tempest-VolumesAssistedSnapshotsTest-761643135-project-member] 10.4.3.191 "GET /compute/v2.1/servers/66c37711-f67c-4c04-a073-217bc15fd1cb" status: 200 len: 1367 microversion: 2.1 time: 0.218471
Aug 21 14:53:17.592505 np0000007907 devstack@n-api.service[84257]: [pid: 84257|app: 0|req: 33/94] 10.4.3.191 () {66 vars in 1354 bytes} [Fri Aug 21 14:53:17 2026] GET /compute/v2.1/servers/66c37711-f67c-4c04-a073-217bc15fd1cb => generated 1367 bytes in 219 msecs (HTTP/1.1 200) 9 headers in 358 bytes (1 switches on core 0)
Aug 21 14:53:17.668033 np0000007907 devstack@n-api.service[84258]: DEBUG nova.api.openstack.wsgi [req-c64312fd-121f-4275-a22a-098f7f7a6c3e req-04826119-4304-43e3-b180-c31c79c1c193 service nova] Action: 'create', calling method: >, body: {"events": [{"server_uuid": "48007bc7-9f49-42a0-88f9-77831121b6c2", "name": "network-vif-unplugged", "status": "completed", "tag": "028aeaff-c665-434a-9b20-8c1cacf89266"}]} {{(pid=84258) _process_stack /opt/stack/nova/nova/api/openstack/wsgi.py:549}}
Aug 21 14:53:17.678019 np0000007907 devstack@n-api.service[84258]: DEBUG oslo_concurrency.lockutils [req-c64312fd-121f-4275-a22a-098f7f7a6c3e req-04826119-4304-43e3-b180-c31c79c1c193 service nova] Acquiring lock "f91f4857-fa86-4d41-a42b-f1957345e459" by "nova.context.set_target_cell..get_or_set_cached_cell_and_set_connections" {{(pid=84258) inner /opt/stack/data/venv/lib/python3.12/site-packages/oslo_concurrency/lockutils.py:512}}
Aug 21 14:53:17.678214 np0000007907 devstack@n-api.service[84258]: DEBUG oslo_concurrency.lockutils [req-c64312fd-121f-4275-a22a-098f7f7a6c3e req-04826119-4304-43e3-b180-c31c79c1c193 service nova] Lock "f91f4857-fa86-4d41-a42b-f1957345e459" acquired by "nova.context.set_target_cell..get_or_set_cached_cell_and_set_connections" :: waited 0.000s {{(pid=84258) inner /opt/stack/data/venv/lib/python3.12/site-packages/oslo_concurrency/lockutils.py:525}}
Aug 21 14:53:17.678378 np0000007907 devstack@n-api.service[84258]: DEBUG oslo_concurrency.lockutils [req-c64312fd-121f-4275-a22a-098f7f7a6c3e req-04826119-4304-43e3-b180-c31c79c1c193 service nova] Lock "f91f4857-fa86-4d41-a42b-f1957345e459" "released" by "nova.context.set_target_cell..get_or_set_cached_cell_and_set_connections" :: held 0.000s {{(pid=84258) inner /opt/stack/data/venv/lib/python3.12/site-packages/oslo_concurrency/lockutils.py:544}}
Aug 21 14:53:17.687003 np0000007907 devstack@n-api.service[84258]: INFO nova.api.openstack.compute.server_external_events [req-c64312fd-121f-4275-a22a-098f7f7a6c3e req-04826119-4304-43e3-b180-c31c79c1c193 service nova] Creating event network-vif-unplugged:028aeaff-c665-434a-9b20-8c1cacf89266 for instance 48007bc7-9f49-42a0-88f9-77831121b6c2 on np0000007907
Aug 21 14:53:17.687355 np0000007907 devstack@n-api.service[84258]: DEBUG nova.compute.rpcapi [req-c64312fd-121f-4275-a22a-098f7f7a6c3e req-04826119-4304-43e3-b180-c31c79c1c193 service nova] RPC: Sending the message to topic: compute-alt {{(pid=84258) prepare_for_alt_rpcserver /opt/stack/nova/nova/compute/rpcapi.py:595}}
Aug 21 14:53:17.691887 np0000007907 devstack@n-api.service[84258]: INFO nova.api.openstack.requestlog [req-c64312fd-121f-4275-a22a-098f7f7a6c3e req-04826119-4304-43e3-b180-c31c79c1c193 service nova] 10.4.3.191 "POST /compute/v2.1/os-server-external-events" status: 200 len: 185 microversion: 2.1 time: 0.025734
Aug 21 14:53:17.692196 np0000007907 devstack@n-api.service[84258]: [pid: 84258|app: 0|req: 34/95] 10.4.3.191 () {72 vars in 1432 bytes} [Fri Aug 21 14:53:17 2026] POST /compute/v2.1/os-server-external-events => generated 185 bytes in 26 msecs (HTTP/1.1 200) 9 headers in 357 bytes (1 switches on core 0)
Aug 21 14:53:17.716863 np0000007907 devstack@n-api.service[84257]: DEBUG nova.api.openstack.wsgi [req-53ccecb2-98b9-4343-a761-f76d52475d4b req-11cccadb-5c3b-4aa1-a0a7-5184fb524508 service nova] Action: 'create', calling method: >, body: {"events": [{"name": "network-changed", "server_uuid": "66c37711-f67c-4c04-a073-217bc15fd1cb", "tag": "df3d542f-e7ba-4661-9d50-280e3762e31e"}]} {{(pid=84257) _process_stack /opt/stack/nova/nova/api/openstack/wsgi.py:549}}
Aug 21 14:53:17.730937 np0000007907 devstack@n-api.service[84257]: DEBUG oslo_concurrency.lockutils [req-53ccecb2-98b9-4343-a761-f76d52475d4b req-11cccadb-5c3b-4aa1-a0a7-5184fb524508 service nova] Acquiring lock "f91f4857-fa86-4d41-a42b-f1957345e459" by "nova.context.set_target_cell..get_or_set_cached_cell_and_set_connections" {{(pid=84257) inner /opt/stack/data/venv/lib/python3.12/site-packages/oslo_concurrency/lockutils.py:512}}
Aug 21 14:53:17.731247 np0000007907 devstack@n-api.service[84257]: DEBUG oslo_concurrency.lockutils [req-53ccecb2-98b9-4343-a761-f76d52475d4b req-11cccadb-5c3b-4aa1-a0a7-5184fb524508 service nova] Lock "f91f4857-fa86-4d41-a42b-f1957345e459" acquired by "nova.context.set_target_cell..get_or_set_cached_cell_and_set_connections" :: waited 0.000s {{(pid=84257) inner /opt/stack/data/venv/lib/python3.12/site-packages/oslo_concurrency/lockutils.py:525}}
Aug 21 14:53:17.731428 np0000007907 devstack@n-api.service[84257]: DEBUG oslo_concurrency.lockutils [req-53ccecb2-98b9-4343-a761-f76d52475d4b req-11cccadb-5c3b-4aa1-a0a7-5184fb524508 service nova] Lock "f91f4857-fa86-4d41-a42b-f1957345e459" "released" by "nova.context.set_target_cell..get_or_set_cached_cell_and_set_connections" :: held 0.000s {{(pid=84257) inner /opt/stack/data/venv/lib/python3.12/site-packages/oslo_concurrency/lockutils.py:544}}
Aug 21 14:53:17.743990 np0000007907 devstack@n-api.service[84257]: INFO nova.api.openstack.compute.server_external_events [req-53ccecb2-98b9-4343-a761-f76d52475d4b req-11cccadb-5c3b-4aa1-a0a7-5184fb524508 service nova] Creating event network-changed:df3d542f-e7ba-4661-9d50-280e3762e31e for instance 66c37711-f67c-4c04-a073-217bc15fd1cb on np0000007907
Aug 21 14:53:17.744503 np0000007907 devstack@n-api.service[84257]: DEBUG nova.compute.rpcapi [req-53ccecb2-98b9-4343-a761-f76d52475d4b req-11cccadb-5c3b-4aa1-a0a7-5184fb524508 service nova] RPC: Sending the message to topic: compute-alt {{(pid=84257) prepare_for_alt_rpcserver /opt/stack/nova/nova/compute/rpcapi.py:595}}
Aug 21 14:53:17.753075 np0000007907 devstack@n-api.service[84257]: INFO nova.api.openstack.requestlog [req-53ccecb2-98b9-4343-a761-f76d52475d4b req-11cccadb-5c3b-4aa1-a0a7-5184fb524508 service nova] 10.4.3.191 "POST /compute/v2.1/os-server-external-events" status: 200 len: 179 microversion: 2.1 time: 0.038608
Aug 21 14:53:17.753415 np0000007907 devstack@n-api.service[84257]: [pid: 84257|app: 0|req: 34/96] 10.4.3.191 () {72 vars in 1432 bytes} [Fri Aug 21 14:53:17 2026] POST /compute/v2.1/os-server-external-events => generated 179 bytes in 40 msecs (HTTP/1.1 200) 9 headers in 357 bytes (1 switches on core 0)
Aug 21 14:53:17.856266 np0000007907 devstack@n-api.service[84258]: DEBUG nova.api.openstack.wsgi [None req-0a36c5c8-5bfa-4129-8c9f-4aab8a4b485a tempest-ServersNegativeTestJSON-38624184 tempest-ServersNegativeTestJSON-38624184-project-member] Calling method '>' {{(pid=84258) _process_stack /opt/stack/nova/nova/api/openstack/wsgi.py:551}}
Aug 21 14:53:17.859570 np0000007907 devstack@n-api.service[84258]: DEBUG nova.compute.api [None req-0a36c5c8-5bfa-4129-8c9f-4aab8a4b485a tempest-ServersNegativeTestJSON-38624184 tempest-ServersNegativeTestJSON-38624184-project-member] [instance: b2fab824-df09-4c57-81b6-e94732538efa] Fetching instance by UUID {{(pid=84258) get /opt/stack/nova/nova/compute/api.py:3068}}
