Aug 21 14:50:13.720225 np0000007907 devstack@neutron-api.service[87581]: DEBUG neutron.api.extensions [None req-6b4ba4f5-36f3-4f0e-a592-bb078ed2036a None None] Extended resource: quotas {{(pid=87581) __init__ /opt/stack/neutron/neutron/api/extensions.py:156}}
Aug 21 14:50:13.720674 np0000007907 devstack@neutron-api.service[87582]: DEBUG neutron.api.v2.resource_helper [None req-1cd3e312-404d-4e0a-badf-319952b8912a None None] Service L3_ROUTER_NAT assigned prefix: {{(pid=87582) build_resource_info /opt/stack/neutron/neutron/api/v2/resource_helper.py:77}}
Aug 21 14:50:13.720976 np0000007907 devstack@neutron-api.service[87581]: DEBUG neutron.api.extensions [None req-6b4ba4f5-36f3-4f0e-a592-bb078ed2036a None None] Extended resource: quotas {{(pid=87581) __init__ /opt/stack/neutron/neutron/api/extensions.py:156}}
Aug 21 14:50:13.721073 np0000007907 devstack@neutron-api.service[87582]: DEBUG neutron.api.v2.resource_helper [None req-1cd3e312-404d-4e0a-badf-319952b8912a None None] Service L3_ROUTER_NAT assigned prefix: {{(pid=87582) build_resource_info /opt/stack/neutron/neutron/api/v2/resource_helper.py:77}}
Aug 21 14:50:13.721237 np0000007907 devstack@neutron-api.service[87582]: INFO neutron.quota.resource_registry [None req-1cd3e312-404d-4e0a-badf-319952b8912a None None] Creating instance of TrackedResource for resource:router
Aug 21 14:50:13.721559 np0000007907 devstack@neutron-api.service[87582]: INFO neutron.quota.resource_registry [None req-1cd3e312-404d-4e0a-badf-319952b8912a None None] Creating instance of TrackedResource for resource:floatingip
Aug 21 14:50:13.722383 np0000007907 devstack@neutron-api.service[87582]: INFO neutron.quota.resource_registry [None req-1cd3e312-404d-4e0a-badf-319952b8912a None None] Creating instance of CountableResource for resource:rbac_policy
Aug 21 14:50:13.722508 np0000007907 devstack@neutron-api.service[87581]: DEBUG neutron.api.extensions [None req-6b4ba4f5-36f3-4f0e-a592-bb078ed2036a None None] Extended resource: rbac-policies {{(pid=87581) __init__ /opt/stack/neutron/neutron/api/extensions.py:156}}
Aug 21 14:50:13.722990 np0000007907 devstack@neutron-api.service[87581]: DEBUG neutron.api.extensions [None req-6b4ba4f5-36f3-4f0e-a592-bb078ed2036a None None] Extended resource: default-security-group-rules {{(pid=87581) __init__ /opt/stack/neutron/neutron/api/extensions.py:156}}
Aug 21 14:50:13.723084 np0000007907 devstack@neutron-api.service[87582]: INFO neutron.quota.resource_registry [None req-1cd3e312-404d-4e0a-badf-319952b8912a None None] Creating instance of TrackedResource for resource:security_group
Aug 21 14:50:13.723422 np0000007907 devstack@neutron-api.service[87581]: DEBUG neutron.api.extensions [None req-6b4ba4f5-36f3-4f0e-a592-bb078ed2036a None None] Extended resource: security-groups-default-statefulness {{(pid=87581) __init__ /opt/stack/neutron/neutron/api/extensions.py:156}}
Aug 21 14:50:13.723523 np0000007907 devstack@neutron-api.service[87582]: INFO neutron.quota.resource_registry [None req-1cd3e312-404d-4e0a-badf-319952b8912a None None] Creating instance of TrackedResource for resource:security_group_rule
Aug 21 14:50:13.724048 np0000007907 devstack@neutron-api.service[87581]: DEBUG neutron.api.extensions [None req-6b4ba4f5-36f3-4f0e-a592-bb078ed2036a None None] Extended resource: security-groups {{(pid=87581) __init__ /opt/stack/neutron/neutron/api/extensions.py:156}}
Aug 21 14:50:13.724123 np0000007907 devstack@neutron-api.service[87582]: DEBUG neutron.api.v2.resource_helper [None req-1cd3e312-404d-4e0a-badf-319952b8912a None None] Service CORE assigned prefix: {{(pid=87582) build_resource_info /opt/stack/neutron/neutron/api/v2/resource_helper.py:77}}
Aug 21 14:50:13.724123 np0000007907 devstack@neutron-api.service[87582]: INFO neutron.quota.resource_registry [None req-1cd3e312-404d-4e0a-badf-319952b8912a None None] Creating instance of TrackedResource for resource:subnetpool
Aug 21 14:50:13.724248 np0000007907 devstack@neutron-api.service[87582]: WARNING neutron.quota.resource_registry [None req-1cd3e312-404d-4e0a-badf-319952b8912a None None] subnetpool is already registered
Aug 21 14:50:13.724587 np0000007907 devstack@neutron-api.service[87582]: DEBUG neutron.api.v2.resource_helper [None req-1cd3e312-404d-4e0a-badf-319952b8912a None None] Service CORE assigned prefix: {{(pid=87582) build_resource_info /opt/stack/neutron/neutron/api/v2/resource_helper.py:77}}
Aug 21 14:50:13.724677 np0000007907 devstack@neutron-api.service[87581]: DEBUG neutron.api.extensions [None req-6b4ba4f5-36f3-4f0e-a592-bb078ed2036a None None] Extended resource: security-group-rules {{(pid=87581) __init__ /opt/stack/neutron/neutron/api/extensions.py:156}}
Aug 21 14:50:13.724934 np0000007907 devstack@neutron-api.service[87582]: INFO neutron.quota.resource_registry [None req-1cd3e312-404d-4e0a-badf-319952b8912a None None] Creating instance of TrackedResource for resource:subnetpool
Aug 21 14:50:13.724934 np0000007907 devstack@neutron-api.service[87582]: WARNING neutron.quota.resource_registry [None req-1cd3e312-404d-4e0a-badf-319952b8912a None None] subnetpool is already registered
Aug 21 14:50:13.725106 np0000007907 devstack@neutron-api.service[87581]: DEBUG neutron.api.extensions [None req-6b4ba4f5-36f3-4f0e-a592-bb078ed2036a None None] Extended resource: service-providers {{(pid=87581) __init__ /opt/stack/neutron/neutron/api/extensions.py:156}}
Aug 21 14:50:13.725642 np0000007907 devstack@neutron-api.service[87581]: DEBUG neutron.api.extensions [None req-6b4ba4f5-36f3-4f0e-a592-bb078ed2036a None None] Extended resource: subnetpools {{(pid=87581) __init__ /opt/stack/neutron/neutron/api/extensions.py:156}}
Aug 21 14:50:13.726192 np0000007907 devstack@neutron-api.service[87581]: DEBUG neutron.api.extensions [None req-6b4ba4f5-36f3-4f0e-a592-bb078ed2036a None None] Extended resource: subnetpools {{(pid=87581) __init__ /opt/stack/neutron/neutron/api/extensions.py:156}}
Aug 21 14:50:13.726559 np0000007907 devstack@neutron-api.service[87581]: DEBUG neutron.api.extensions [None req-6b4ba4f5-36f3-4f0e-a592-bb078ed2036a None None] Extended resource: tags {{(pid=87581) __init__ /opt/stack/neutron/neutron/api/extensions.py:156}}
Aug 21 14:50:13.726757 np0000007907 devstack@neutron-api.service[87582]: INFO neutron.quota.resource_registry [None req-1cd3e312-404d-4e0a-badf-319952b8912a None None] Creating instance of CountableResource for resource:router_route
Aug 21 14:50:13.726866 np0000007907 devstack@neutron-api.service[87582]: WARNING neutron.quota.resource_registry [None req-1cd3e312-404d-4e0a-badf-319952b8912a None None] router_route is already registered
Aug 21 14:50:13.727021 np0000007907 devstack@neutron-api.service[87582]: DEBUG neutron.api.v2.resource_helper [None req-1cd3e312-404d-4e0a-badf-319952b8912a None None] Service L3_ROUTER_NAT assigned prefix: {{(pid=87582) build_resource_info /opt/stack/neutron/neutron/api/v2/resource_helper.py:77}}
Aug 21 14:50:13.727170 np0000007907 devstack@neutron-api.service[87581]: DEBUG neutron.api.extensions [None req-6b4ba4f5-36f3-4f0e-a592-bb078ed2036a None None] Extended resource: tags {{(pid=87581) __init__ /opt/stack/neutron/neutron/api/extensions.py:156}}
Aug 21 14:50:13.727315 np0000007907 devstack@neutron-api.service[87582]: DEBUG neutron.api.v2.resource_helper [None req-1cd3e312-404d-4e0a-badf-319952b8912a None None] Service FLAVORS assigned prefix: {{(pid=87582) build_resource_info /opt/stack/neutron/neutron/api/v2/resource_helper.py:77}}
Aug 21 14:50:13.727976 np0000007907 devstack@neutron-api.service[87581]: DEBUG neutron.api.extensions [None req-6b4ba4f5-36f3-4f0e-a592-bb078ed2036a None None] Extended resource: tags {{(pid=87581) __init__ /opt/stack/neutron/neutron/api/extensions.py:156}}
Aug 21 14:50:13.728057 np0000007907 devstack@neutron-api.service[87582]: DEBUG neutron.api.v2.resource_helper [None req-1cd3e312-404d-4e0a-badf-319952b8912a None None] Service L3_ROUTER_NAT assigned prefix: {{(pid=87582) build_resource_info /opt/stack/neutron/neutron/api/v2/resource_helper.py:77}}
Aug 21 14:50:13.728376 np0000007907 devstack@neutron-api.service[87582]: DEBUG neutron.api.v2.resource_helper [None req-1cd3e312-404d-4e0a-badf-319952b8912a None None] Service L3_ROUTER_NAT assigned prefix: {{(pid=87582) build_resource_info /opt/stack/neutron/neutron/api/v2/resource_helper.py:77}}
Aug 21 14:50:13.728459 np0000007907 devstack@neutron-api.service[87582]: INFO neutron.quota.resource_registry [None req-1cd3e312-404d-4e0a-badf-319952b8912a None None] Creating instance of TrackedResource for resource:router
Aug 21 14:50:13.728630 np0000007907 devstack@neutron-api.service[87582]: WARNING neutron.quota.resource_registry [None req-1cd3e312-404d-4e0a-badf-319952b8912a None None] router is already registered
Aug 21 14:50:13.728841 np0000007907 devstack@neutron-api.service[87581]: DEBUG neutron.api.extensions [None req-6b4ba4f5-36f3-4f0e-a592-bb078ed2036a None None] Extended resource: tags {{(pid=87581) __init__ /opt/stack/neutron/neutron/api/extensions.py:156}}
Aug 21 14:50:13.729026 np0000007907 devstack@neutron-api.service[87582]: INFO neutron.quota.resource_registry [None req-1cd3e312-404d-4e0a-badf-319952b8912a None None] Creating instance of TrackedResource for resource:floatingip
Aug 21 14:50:13.729026 np0000007907 devstack@neutron-api.service[87582]: WARNING neutron.quota.resource_registry [None req-1cd3e312-404d-4e0a-badf-319952b8912a None None] floatingip is already registered
Aug 21 14:50:13.729778 np0000007907 devstack@neutron-api.service[87581]: DEBUG neutron.api.extensions [None req-6b4ba4f5-36f3-4f0e-a592-bb078ed2036a None None] Extended resource: tags {{(pid=87581) __init__ /opt/stack/neutron/neutron/api/extensions.py:156}}
Aug 21 14:50:13.729990 np0000007907 devstack@neutron-api.service[87582]: INFO neutron.quota.resource_registry [None req-1cd3e312-404d-4e0a-badf-319952b8912a None None] Creating instance of CountableResource for resource:rbac_policy
Aug 21 14:50:13.730068 np0000007907 devstack@neutron-api.service[87582]: WARNING neutron.quota.resource_registry [None req-1cd3e312-404d-4e0a-badf-319952b8912a None None] rbac_policy is already registered
Aug 21 14:50:13.730419 np0000007907 devstack@neutron-api.service[87581]: DEBUG neutron.api.extensions [None req-6b4ba4f5-36f3-4f0e-a592-bb078ed2036a None None] Extended resource: tags {{(pid=87581) __init__ /opt/stack/neutron/neutron/api/extensions.py:156}}
Aug 21 14:50:13.730714 np0000007907 devstack@neutron-api.service[87582]: INFO neutron.quota.resource_registry [None req-1cd3e312-404d-4e0a-badf-319952b8912a None None] Creating instance of TrackedResource for resource:security_group
Aug 21 14:50:13.730796 np0000007907 devstack@neutron-api.service[87582]: WARNING neutron.quota.resource_registry [None req-1cd3e312-404d-4e0a-badf-319952b8912a None None] security_group is already registered
Aug 21 14:50:13.731232 np0000007907 devstack@neutron-api.service[87582]: INFO neutron.quota.resource_registry [None req-1cd3e312-404d-4e0a-badf-319952b8912a None None] Creating instance of TrackedResource for resource:security_group_rule
Aug 21 14:50:13.731322 np0000007907 devstack@neutron-api.service[87581]: DEBUG neutron.api.extensions [None req-6b4ba4f5-36f3-4f0e-a592-bb078ed2036a None None] Extended resource: tags {{(pid=87581) __init__ /opt/stack/neutron/neutron/api/extensions.py:156}}
Aug 21 14:50:13.731400 np0000007907 devstack@neutron-api.service[87582]: WARNING neutron.quota.resource_registry [None req-1cd3e312-404d-4e0a-badf-319952b8912a None None] security_group_rule is already registered
Aug 21 14:50:13.731685 np0000007907 devstack@neutron-api.service[87582]: DEBUG neutron.api.v2.resource_helper [None req-1cd3e312-404d-4e0a-badf-319952b8912a None None] Service CORE assigned prefix: {{(pid=87582) build_resource_info /opt/stack/neutron/neutron/api/v2/resource_helper.py:77}}
Aug 21 14:50:13.731769 np0000007907 devstack@neutron-api.service[87582]: INFO neutron.quota.resource_registry [None req-1cd3e312-404d-4e0a-badf-319952b8912a None None] Creating instance of TrackedResource for resource:subnetpool
Aug 21 14:50:13.731850 np0000007907 devstack@neutron-api.service[87582]: WARNING neutron.quota.resource_registry [None req-1cd3e312-404d-4e0a-badf-319952b8912a None None] subnetpool is already registered
Aug 21 14:50:13.731964 np0000007907 devstack@neutron-api.service[87581]: DEBUG neutron.api.extensions [None req-6b4ba4f5-36f3-4f0e-a592-bb078ed2036a None None] Extended resource: tags {{(pid=87581) __init__ /opt/stack/neutron/neutron/api/extensions.py:156}}
Aug 21 14:50:13.732226 np0000007907 devstack@neutron-api.service[87582]: DEBUG neutron.api.v2.resource_helper [None req-1cd3e312-404d-4e0a-badf-319952b8912a None None] Service CORE assigned prefix: {{(pid=87582) build_resource_info /opt/stack/neutron/neutron/api/v2/resource_helper.py:77}}
Aug 21 14:50:13.732322 np0000007907 devstack@neutron-api.service[87582]: INFO neutron.quota.resource_registry [None req-1cd3e312-404d-4e0a-badf-319952b8912a None None] Creating instance of TrackedResource for resource:subnetpool
Aug 21 14:50:13.732429 np0000007907 devstack@neutron-api.service[87582]: WARNING neutron.quota.resource_registry [None req-1cd3e312-404d-4e0a-badf-319952b8912a None None] subnetpool is already registered
Aug 21 14:50:13.732781 np0000007907 devstack@neutron-api.service[87582]: DEBUG neutron.api.extensions [None req-1cd3e312-404d-4e0a-badf-319952b8912a None None] Extended resource: extensions {{(pid=87582) __init__ /opt/stack/neutron/neutron/api/extensions.py:156}}
Aug 21 14:50:13.732919 np0000007907 devstack@neutron-api.service[87581]: DEBUG neutron.api.extensions [None req-6b4ba4f5-36f3-4f0e-a592-bb078ed2036a None None] Extended resource: tags {{(pid=87581) __init__ /opt/stack/neutron/neutron/api/extensions.py:156}}
Aug 21 14:50:13.733548 np0000007907 devstack@neutron-api.service[87581]: DEBUG neutron.api.extensions [None req-6b4ba4f5-36f3-4f0e-a592-bb078ed2036a None None] Extended resource: tags {{(pid=87581) __init__ /opt/stack/neutron/neutron/api/extensions.py:156}}
Aug 21 14:50:13.733634 np0000007907 devstack@neutron-api.service[87582]: DEBUG neutron.api.extensions [None req-1cd3e312-404d-4e0a-badf-319952b8912a None None] Extended resource: address-groups {{(pid=87582) __init__ /opt/stack/neutron/neutron/api/extensions.py:156}}
Aug 21 14:50:13.734146 np0000007907 devstack@neutron-api.service[87582]: DEBUG neutron.api.extensions [None req-1cd3e312-404d-4e0a-badf-319952b8912a None None] Extended resource: address-scopes {{(pid=87582) __init__ /opt/stack/neutron/neutron/api/extensions.py:156}}
Aug 21 14:50:13.734646 np0000007907 devstack@neutron-api.service[87582]: DEBUG neutron.api.extensions [None req-1cd3e312-404d-4e0a-badf-319952b8912a None None] Extended resource: agents {{(pid=87582) __init__ /opt/stack/neutron/neutron/api/extensions.py:156}}
Aug 21 14:50:13.735030 np0000007907 devstack@neutron-api.service[87582]: DEBUG neutron.api.extensions [None req-1cd3e312-404d-4e0a-badf-319952b8912a None None] Extended resource: auto-allocated-topology {{(pid=87582) __init__ /opt/stack/neutron/neutron/api/extensions.py:156}}
Aug 21 14:50:13.735772 np0000007907 devstack@neutron-api.service[87582]: DEBUG neutron.api.extensions [None req-1cd3e312-404d-4e0a-badf-319952b8912a None None] Extended resource: availability_zones {{(pid=87582) __init__ /opt/stack/neutron/neutron/api/extensions.py:156}}
Aug 21 14:50:13.736089 np0000007907 devstack@neutron-api.service[87582]: DEBUG neutron.api.extensions [None req-1cd3e312-404d-4e0a-badf-319952b8912a None None] Extended resource: dhcp-networks {{(pid=87582) __init__ /opt/stack/neutron/neutron/api/extensions.py:156}}
Aug 21 14:50:13.736749 np0000007907 devstack@neutron-api.service[87582]: DEBUG neutron.api.extensions [None req-1cd3e312-404d-4e0a-badf-319952b8912a None None] Extended resource: dhcp-agents {{(pid=87582) __init__ /opt/stack/neutron/neutron/api/extensions.py:156}}
Aug 21 14:50:13.737623 np0000007907 devstack@neutron-api.service[87582]: DEBUG neutron.api.extensions [None req-1cd3e312-404d-4e0a-badf-319952b8912a None None] Extended resource: routers {{(pid=87582) __init__ /opt/stack/neutron/neutron/api/extensions.py:156}}
Aug 21 14:50:13.738121 np0000007907 devstack@neutron-api.service[87582]: DEBUG neutron.api.extensions [None req-1cd3e312-404d-4e0a-badf-319952b8912a None None] Extended resource: flavors {{(pid=87582) __init__ /opt/stack/neutron/neutron/api/extensions.py:156}}
Aug 21 14:50:13.738539 np0000007907 devstack@neutron-api.service[87582]: DEBUG neutron.api.extensions [None req-1cd3e312-404d-4e0a-badf-319952b8912a None None] Extended resource: service_profiles {{(pid=87582) __init__ /opt/stack/neutron/neutron/api/extensions.py:156}}
Aug 21 14:50:13.739065 np0000007907 devstack@neutron-api.service[87582]: DEBUG neutron.api.extensions [None req-1cd3e312-404d-4e0a-badf-319952b8912a None None] Extended resource: next_providers {{(pid=87582) __init__ /opt/stack/neutron/neutron/api/extensions.py:156}}
Aug 21 14:50:13.739556 np0000007907 devstack@neutron-api.service[87582]: DEBUG neutron.api.extensions [None req-1cd3e312-404d-4e0a-badf-319952b8912a None None] Extended resource: service_profiles {{(pid=87582) __init__ /opt/stack/neutron/neutron/api/extensions.py:156}}
Aug 21 14:50:13.739984 np0000007907 devstack@neutron-api.service[87582]: DEBUG neutron.api.extensions [None req-1cd3e312-404d-4e0a-badf-319952b8912a None None] Extended resource: floatingip-pools {{(pid=87582) __init__ /opt/stack/neutron/neutron/api/extensions.py:156}}
Aug 21 14:50:13.740466 np0000007907 devstack@neutron-api.service[87582]: DEBUG neutron.api.extensions [None req-1cd3e312-404d-4e0a-badf-319952b8912a None None] Extended resource: routers {{(pid=87582) __init__ /opt/stack/neutron/neutron/api/extensions.py:156}}
Aug 21 14:50:13.741270 np0000007907 devstack@neutron-api.service[87582]: DEBUG neutron.api.extensions [None req-1cd3e312-404d-4e0a-badf-319952b8912a None None] Extended resource: floatingips {{(pid=87582) __init__ /opt/stack/neutron/neutron/api/extensions.py:156}}
Aug 21 14:50:13.741553 np0000007907 devstack@neutron-api.service[87582]: DEBUG neutron.api.extensions [None req-1cd3e312-404d-4e0a-badf-319952b8912a None None] Extended resource: l3-routers {{(pid=87582) __init__ /opt/stack/neutron/neutron/api/extensions.py:156}}
Aug 21 14:50:13.742287 np0000007907 devstack@neutron-api.service[87582]: DEBUG neutron.api.extensions [None req-1cd3e312-404d-4e0a-badf-319952b8912a None None] Extended resource: l3-agents {{(pid=87582) __init__ /opt/stack/neutron/neutron/api/extensions.py:156}}
Aug 21 14:50:13.742627 np0000007907 devstack@neutron-api.service[87581]: DEBUG neutron_lib.callbacks.manager [None req-6b4ba4f5-36f3-4f0e-a592-bb078ed2036a None None] Publish callbacks ['neutron.plugins.ml2.drivers.ovn.mech_driver.mech_driver.OVNMechanismDriver.pre_fork_initialize-11037411'] for process (None), before_spawn {{(pid=87581) _notify_loop /opt/stack/data/venv/lib/python3.12/site-packages/neutron_lib/callbacks/manager.py:184}}
Aug 21 14:50:13.742743 np0000007907 devstack@neutron-api.service[87582]: DEBUG neutron.api.extensions [None req-1cd3e312-404d-4e0a-badf-319952b8912a None None] Extended resource: network-ip-availabilities {{(pid=87582) __init__ /opt/stack/neutron/neutron/api/extensions.py:156}}
Aug 21 14:50:13.742881 np0000007907 devstack@neutron-api.service[87581]: DEBUG oslo_concurrency.processutils [None req-6b4ba4f5-36f3-4f0e-a592-bb078ed2036a None None] Running cmd (subprocess): ovsdb-client transact ssl:10.4.3.191:6641 --timeout 180 -p /opt/stack/data/CA/int-ca/private/devstack-cert.key -c /opt/stack/data/CA/int-ca/devstack-cert.crt -C /opt/stack/data/CA/int-ca/ca-chain.pem ["OVN_Northbound", {"op": "wait", "timeout": 0, "table": "Port_Group", "where": [["name", "==", "neutron_pg_drop"]], "until": "==", "rows": []}, {"op": "insert", "table": "ACL", "row": {"action": "drop", "direction": "to-lport", "match": "outport == @neutron_pg_drop && ip", "priority": 1000}, "uuid-name": "droptoport"}, {"op": "insert", "table": "ACL", "row": {"action": "drop", "direction": "from-lport", "match": "inport == @neutron_pg_drop && ip", "priority": 1000}, "uuid-name": "dropfromport"}, {"op": "insert", "table": "Port_Group", "row": {"name": "neutron_pg_drop", "acls": ["set", [["named-uuid", "droptoport"], ["named-uuid", "dropfromport"]]]}}] {{(pid=87581) execute /opt/stack/data/venv/lib/python3.12/site-packages/oslo_concurrency/processutils.py:440}}
Aug 21 14:50:13.743098 np0000007907 devstack@neutron-api.service[87582]: DEBUG neutron.api.extensions [None req-1cd3e312-404d-4e0a-badf-319952b8912a None None] Extended resource: network-ip-availabilities {{(pid=87582) __init__ /opt/stack/neutron/neutron/api/extensions.py:156}}
Aug 21 14:50:13.744481 np0000007907 devstack@neutron-api.service[87582]: DEBUG neutron.api.extensions [None req-1cd3e312-404d-4e0a-badf-319952b8912a None None] Extended resource: bindings {{(pid=87582) __init__ /opt/stack/neutron/neutron/api/extensions.py:156}}
Aug 21 14:50:13.745162 np0000007907 devstack@neutron-api.service[87582]: DEBUG neutron.api.extensions [None req-1cd3e312-404d-4e0a-badf-319952b8912a None None] Extended resource: quotas {{(pid=87582) __init__ /opt/stack/neutron/neutron/api/extensions.py:156}}
Aug 21 14:50:13.745789 np0000007907 devstack@neutron-api.service[87582]: DEBUG neutron.api.extensions [None req-1cd3e312-404d-4e0a-badf-319952b8912a None None] Extended resource: quotas {{(pid=87582) __init__ /opt/stack/neutron/neutron/api/extensions.py:156}}
Aug 21 14:50:13.746591 np0000007907 devstack@neutron-api.service[87582]: DEBUG neutron.api.extensions [None req-1cd3e312-404d-4e0a-badf-319952b8912a None None] Extended resource: rbac-policies {{(pid=87582) __init__ /opt/stack/neutron/neutron/api/extensions.py:156}}
Aug 21 14:50:13.746948 np0000007907 devstack@neutron-api.service[87582]: DEBUG neutron.api.extensions [None req-1cd3e312-404d-4e0a-badf-319952b8912a None None] Extended resource: default-security-group-rules {{(pid=87582) __init__ /opt/stack/neutron/neutron/api/extensions.py:156}}
Aug 21 14:50:13.747461 np0000007907 devstack@neutron-api.service[87582]: DEBUG neutron.api.extensions [None req-1cd3e312-404d-4e0a-badf-319952b8912a None None] Extended resource: security-groups-default-statefulness {{(pid=87582) __init__ /opt/stack/neutron/neutron/api/extensions.py:156}}
Aug 21 14:50:13.747870 np0000007907 devstack@neutron-api.service[87582]: DEBUG neutron.api.extensions [None req-1cd3e312-404d-4e0a-badf-319952b8912a None None] Extended resource: security-groups {{(pid=87582) __init__ /opt/stack/neutron/neutron/api/extensions.py:156}}
Aug 21 14:50:13.748234 np0000007907 devstack@neutron-api.service[87582]: DEBUG neutron.api.extensions [None req-1cd3e312-404d-4e0a-badf-319952b8912a None None] Extended resource: security-group-rules {{(pid=87582) __init__ /opt/stack/neutron/neutron/api/extensions.py:156}}
Aug 21 14:50:13.749194 np0000007907 devstack@neutron-api.service[87582]: DEBUG neutron.api.extensions [None req-1cd3e312-404d-4e0a-badf-319952b8912a None None] Extended resource: service-providers {{(pid=87582) __init__ /opt/stack/neutron/neutron/api/extensions.py:156}}
Aug 21 14:50:13.749194 np0000007907 devstack@neutron-api.service[87582]: DEBUG neutron.api.extensions [None req-1cd3e312-404d-4e0a-badf-319952b8912a None None] Extended resource: subnetpools {{(pid=87582) __init__ /opt/stack/neutron/neutron/api/extensions.py:156}}
Aug 21 14:50:13.749631 np0000007907 devstack@neutron-api.service[87582]: DEBUG neutron.api.extensions [None req-1cd3e312-404d-4e0a-badf-319952b8912a None None] Extended resource: subnetpools {{(pid=87582) __init__ /opt/stack/neutron/neutron/api/extensions.py:156}}
Aug 21 14:50:13.750228 np0000007907 devstack@neutron-api.service[87582]: DEBUG neutron.api.extensions [None req-1cd3e312-404d-4e0a-badf-319952b8912a None None] Extended resource: tags {{(pid=87582) __init__ /opt/stack/neutron/neutron/api/extensions.py:156}}
Aug 21 14:50:13.750747 np0000007907 devstack@neutron-api.service[87582]: DEBUG neutron.api.extensions [None req-1cd3e312-404d-4e0a-badf-319952b8912a None None] Extended resource: tags {{(pid=87582) __init__ /opt/stack/neutron/neutron/api/extensions.py:156}}
Aug 21 14:50:13.751632 np0000007907 devstack@neutron-api.service[87582]: DEBUG neutron.api.extensions [None req-1cd3e312-404d-4e0a-badf-319952b8912a None None] Extended resource: tags {{(pid=87582) __init__ /opt/stack/neutron/neutron/api/extensions.py:156}}
Aug 21 14:50:13.752239 np0000007907 devstack@neutron-api.service[87582]: DEBUG neutron.api.extensions [None req-1cd3e312-404d-4e0a-badf-319952b8912a None None] Extended resource: tags {{(pid=87582) __init__ /opt/stack/neutron/neutron/api/extensions.py:156}}
Aug 21 14:50:13.752957 np0000007907 devstack@neutron-api.service[87582]: DEBUG neutron.api.extensions [None req-1cd3e312-404d-4e0a-badf-319952b8912a None None] Extended resource: tags {{(pid=87582) __init__ /opt/stack/neutron/neutron/api/extensions.py:156}}
Aug 21 14:50:13.753600 np0000007907 devstack@neutron-api.service[87582]: DEBUG neutron.api.extensions [None req-1cd3e312-404d-4e0a-badf-319952b8912a None None] Extended resource: tags {{(pid=87582) __init__ /opt/stack/neutron/neutron/api/extensions.py:156}}
Aug 21 14:50:13.754173 np0000007907 devstack@neutron-api.service[87582]: DEBUG neutron.api.extensions [None req-1cd3e312-404d-4e0a-badf-319952b8912a None None] Extended resource: tags {{(pid=87582) __init__ /opt/stack/neutron/neutron/api/extensions.py:156}}
Aug 21 14:50:13.754959 np0000007907 devstack@neutron-api.service[87582]: DEBUG neutron.api.extensions [None req-1cd3e312-404d-4e0a-badf-319952b8912a None None] Extended resource: tags {{(pid=87582) __init__ /opt/stack/neutron/neutron/api/extensions.py:156}}
Aug 21 14:50:13.755566 np0000007907 devstack@neutron-api.service[87582]: DEBUG neutron.api.extensions [None req-1cd3e312-404d-4e0a-badf-319952b8912a None None] Extended resource: tags {{(pid=87582) __init__ /opt/stack/neutron/neutron/api/extensions.py:156}}
Aug 21 14:50:13.756243 np0000007907 devstack@neutron-api.service[87582]: DEBUG neutron.api.extensions [None req-1cd3e312-404d-4e0a-badf-319952b8912a None None] Extended resource: tags {{(pid=87582) __init__ /opt/stack/neutron/neutron/api/extensions.py:156}}
Aug 21 14:50:13.765428 np0000007907 devstack@neutron-api.service[87582]: DEBUG neutron_lib.callbacks.manager [None req-1cd3e312-404d-4e0a-badf-319952b8912a None None] Publish callbacks ['neutron.plugins.ml2.drivers.ovn.mech_driver.mech_driver.OVNMechanismDriver.pre_fork_initialize-223229'] for process (None), before_spawn {{(pid=87582) _notify_loop /opt/stack/data/venv/lib/python3.12/site-packages/neutron_lib/callbacks/manager.py:184}}
Aug 21 14:50:13.765831 np0000007907 devstack@neutron-api.service[87582]: DEBUG oslo_concurrency.processutils [None req-1cd3e312-404d-4e0a-badf-319952b8912a None None] Running cmd (subprocess): ovsdb-client transact ssl:10.4.3.191:6641 --timeout 180 -p /opt/stack/data/CA/int-ca/private/devstack-cert.key -c /opt/stack/data/CA/int-ca/devstack-cert.crt -C /opt/stack/data/CA/int-ca/ca-chain.pem ["OVN_Northbound", {"op": "wait", "timeout": 0, "table": "Port_Group", "where": [["name", "==", "neutron_pg_drop"]], "until": "==", "rows": []}, {"op": "insert", "table": "ACL", "row": {"action": "drop", "direction": "to-lport", "match": "outport == @neutron_pg_drop && ip", "priority": 1000}, "uuid-name": "droptoport"}, {"op": "insert", "table": "ACL", "row": {"action": "drop", "direction": "from-lport", "match": "inport == @neutron_pg_drop && ip", "priority": 1000}, "uuid-name": "dropfromport"}, {"op": "insert", "table": "Port_Group", "row": {"name": "neutron_pg_drop", "acls": ["set", [["named-uuid", "droptoport"], ["named-uuid", "dropfromport"]]]}}] {{(pid=87582) execute /opt/stack/data/venv/lib/python3.12/site-packages/oslo_concurrency/processutils.py:440}}
Aug 21 14:50:13.773112 np0000007907 devstack@neutron-api.service[87581]: DEBUG oslo_concurrency.processutils [None req-6b4ba4f5-36f3-4f0e-a592-bb078ed2036a None None] CMD "ovsdb-client transact ssl:10.4.3.191:6641 --timeout 180 -p /opt/stack/data/CA/int-ca/private/devstack-cert.key -c /opt/stack/data/CA/int-ca/devstack-cert.crt -C /opt/stack/data/CA/int-ca/ca-chain.pem ["OVN_Northbound", {"op": "wait", "timeout": 0, "table": "Port_Group", "where": [["name", "==", "neutron_pg_drop"]], "until": "==", "rows": []}, {"op": "insert", "table": "ACL", "row": {"action": "drop", "direction": "to-lport", "match": "outport == @neutron_pg_drop && ip", "priority": 1000}, "uuid-name": "droptoport"}, {"op": "insert", "table": "ACL", "row": {"action": "drop", "direction": "from-lport", "match": "inport == @neutron_pg_drop && ip", "priority": 1000}, "uuid-name": "dropfromport"}, {"op": "insert", "table": "Port_Group", "row": {"name": "neutron_pg_drop", "acls": ["set", [["named-uuid", "droptoport"], ["named-uuid", "dropfromport"]]]}}]" returned: 0 in 0.030s {{(pid=87581) execute /opt/stack/data/venv/lib/python3.12/site-packages/oslo_concurrency/processutils.py:468}}
Aug 21 14:50:13.773704 np0000007907 devstack@neutron-api.service[87581]: DEBUG neutron_lib.callbacks.manager [None req-6b4ba4f5-36f3-4f0e-a592-bb078ed2036a None None] Publish callbacks ['neutron.plugins.ml2.drivers.ovn.mech_driver.mech_driver.OVNMechanismDriver.post_fork_initialize-11037403', 'neutron.services.pvlan.drivers.ovn.driver._initialize_pvlan_pg_drop-8527727190840', 'neutron.services.ovn_l3.plugin.OVNL3RouterPlugin._post_fork_initialize-3842884'] for process (None), after_init {{(pid=87581) _notify_loop /opt/stack/data/venv/lib/python3.12/site-packages/neutron_lib/callbacks/manager.py:184}}
Aug 21 14:50:13.774191 np0000007907 devstack@neutron-api.service[87581]: DEBUG oslo_concurrency.lockutils [None req-6b4ba4f5-36f3-4f0e-a592-bb078ed2036a None None] Acquiring lock "singleton_lock" {{(pid=87581) lock /opt/stack/data/venv/lib/python3.12/site-packages/oslo_concurrency/lockutils.py:396}}
Aug 21 14:50:13.774355 np0000007907 devstack@neutron-api.service[87581]: DEBUG oslo_concurrency.lockutils [None req-6b4ba4f5-36f3-4f0e-a592-bb078ed2036a None None] Acquired lock "singleton_lock" {{(pid=87581) lock /opt/stack/data/venv/lib/python3.12/site-packages/oslo_concurrency/lockutils.py:399}}
Aug 21 14:50:13.774659 np0000007907 devstack@neutron-api.service[87581]: DEBUG oslo_concurrency.lockutils [None req-6b4ba4f5-36f3-4f0e-a592-bb078ed2036a None None] Releasing lock "singleton_lock" {{(pid=87581) lock /opt/stack/data/venv/lib/python3.12/site-packages/oslo_concurrency/lockutils.py:419}}
Aug 21 14:50:13.777378 np0000007907 devstack@neutron-api.service[87581]: DEBUG neutron.plugins.ml2.drivers.ovn.mech_driver.mech_driver [None req-6b4ba4f5-36f3-4f0e-a592-bb078ed2036a None None] Hash Ring setup using WSGI start time 2026-08-21 14:50:12+00:00 {{(pid=87581) _init_hash_ring /opt/stack/neutron/neutron/plugins/ml2/drivers/ovn/mech_driver/mech_driver.py:382}}
Aug 21 14:50:13.783647 np0000007907 devstack@neutron-api.service[87581]: INFO neutron.db.ovn_hash_ring_db [None req-6b4ba4f5-36f3-4f0e-a592-bb078ed2036a None None] Nodes from host "np0000007907" and group "mechanism_driver" removed from the Hash Ring created at 2026-08-21 14:50:12+00:00
Aug 21 14:50:13.788215 np0000007907 devstack@neutron-api.service[87581]: INFO neutron.db.ovn_hash_ring_db [None req-6b4ba4f5-36f3-4f0e-a592-bb078ed2036a None None] Node f28bb8f9e01e57bb88c65a3fa9dcaf61 from host "np0000007907" and group "mechanism_driver" added to the Hash Ring
Aug 21 14:50:13.791256 np0000007907 devstack@neutron-api.service[87582]: DEBUG oslo_concurrency.processutils [None req-1cd3e312-404d-4e0a-badf-319952b8912a None None] CMD "ovsdb-client transact ssl:10.4.3.191:6641 --timeout 180 -p /opt/stack/data/CA/int-ca/private/devstack-cert.key -c /opt/stack/data/CA/int-ca/devstack-cert.crt -C /opt/stack/data/CA/int-ca/ca-chain.pem ["OVN_Northbound", {"op": "wait", "timeout": 0, "table": "Port_Group", "where": [["name", "==", "neutron_pg_drop"]], "until": "==", "rows": []}, {"op": "insert", "table": "ACL", "row": {"action": "drop", "direction": "to-lport", "match": "outport == @neutron_pg_drop && ip", "priority": 1000}, "uuid-name": "droptoport"}, {"op": "insert", "table": "ACL", "row": {"action": "drop", "direction": "from-lport", "match": "inport == @neutron_pg_drop && ip", "priority": 1000}, "uuid-name": "dropfromport"}, {"op": "insert", "table": "Port_Group", "row": {"name": "neutron_pg_drop", "acls": ["set", [["named-uuid", "droptoport"], ["named-uuid", "dropfromport"]]]}}]" returned: 0 in 0.025s {{(pid=87582) execute /opt/stack/data/venv/lib/python3.12/site-packages/oslo_concurrency/processutils.py:468}}
Aug 21 14:50:13.791708 np0000007907 devstack@neutron-api.service[87582]: DEBUG neutron_lib.callbacks.manager [None req-1cd3e312-404d-4e0a-badf-319952b8912a None None] Publish callbacks ['neutron.plugins.ml2.drivers.ovn.mech_driver.mech_driver.OVNMechanismDriver.post_fork_initialize-223173', 'neutron.services.pvlan.drivers.ovn.driver._initialize_pvlan_pg_drop-8527727193722', 'neutron.services.ovn_l3.plugin.OVNL3RouterPlugin._post_fork_initialize-389580'] for process (None), after_init {{(pid=87582) _notify_loop /opt/stack/data/venv/lib/python3.12/site-packages/neutron_lib/callbacks/manager.py:184}}
Aug 21 14:50:13.792070 np0000007907 devstack@neutron-api.service[87582]: DEBUG oslo_concurrency.lockutils [None req-1cd3e312-404d-4e0a-badf-319952b8912a None None] Acquiring lock "singleton_lock" {{(pid=87582) lock /opt/stack/data/venv/lib/python3.12/site-packages/oslo_concurrency/lockutils.py:396}}
Aug 21 14:50:13.792152 np0000007907 devstack@neutron-api.service[87581]: DEBUG neutron.plugins.ml2.drivers.ovn.mech_driver.mech_driver [None req-6b4ba4f5-36f3-4f0e-a592-bb078ed2036a None None] Hash Ring setup, this worker has detected 2 OVN hash ring registers in the database {{(pid=87581) _init_hash_ring /opt/stack/neutron/neutron/plugins/ml2/drivers/ovn/mech_driver/mech_driver.py:392}}
Aug 21 14:50:13.792254 np0000007907 devstack@neutron-api.service[87582]: DEBUG oslo_concurrency.lockutils [None req-1cd3e312-404d-4e0a-badf-319952b8912a None None] Acquired lock "singleton_lock" {{(pid=87582) lock /opt/stack/data/venv/lib/python3.12/site-packages/oslo_concurrency/lockutils.py:399}}
Aug 21 14:50:13.792461 np0000007907 devstack@neutron-api.service[87582]: DEBUG oslo_concurrency.lockutils [None req-1cd3e312-404d-4e0a-badf-319952b8912a None None] Releasing lock "singleton_lock" {{(pid=87582) lock /opt/stack/data/venv/lib/python3.12/site-packages/oslo_concurrency/lockutils.py:419}}
Aug 21 14:50:13.794618 np0000007907 devstack@neutron-api.service[87582]: DEBUG neutron.plugins.ml2.drivers.ovn.mech_driver.mech_driver [None req-1cd3e312-404d-4e0a-badf-319952b8912a None None] Hash Ring setup using WSGI start time 2026-08-21 14:50:12+00:00 {{(pid=87582) _init_hash_ring /opt/stack/neutron/neutron/plugins/ml2/drivers/ovn/mech_driver/mech_driver.py:382}}
Aug 21 14:50:13.796529 np0000007907 devstack@neutron-api.service[87581]: DEBUG neutron.plugins.ml2.drivers.ovn.mech_driver.ovsdb.maintenance [None req-6b4ba4f5-36f3-4f0e-a592-bb078ed2036a None None] Periodic task found: HashRingHealthCheckPeriodics.touch_hash_ring_node {{(pid=87581) add_periodics /opt/stack/neutron/neutron/plugins/ml2/drivers/ovn/mech_driver/ovsdb/maintenance.py:151}}
Aug 21 14:50:13.799753 np0000007907 devstack@neutron-api.service[87581]: INFO neutron.plugins.ml2.drivers.ovn.mech_driver.mech_driver [None req-6b4ba4f5-36f3-4f0e-a592-bb078ed2036a None None] Hash Ring probing thread for node f28bb8f9e01e57bb88c65a3fa9dcaf61 has started
Aug 21 14:50:13.800434 np0000007907 devstack@neutron-api.service[87581]: INFO neutron.plugins.ml2.drivers.ovn.mech_driver.ovsdb.impl_idl_ovn [None req-6b4ba4f5-36f3-4f0e-a592-bb078ed2036a None None] Getting OvsdbNbOvnIdl for WorkerService with retry
Aug 21 14:50:13.802967 np0000007907 devstack@neutron-api.service[87582]: INFO neutron.db.ovn_hash_ring_db [None req-1cd3e312-404d-4e0a-badf-319952b8912a None None] Nodes from host "np0000007907" and group "mechanism_driver" removed from the Hash Ring created at 2026-08-21 14:50:12+00:00
Aug 21 14:50:13.805693 np0000007907 devstack@neutron-api.service[87582]: INFO neutron.db.ovn_hash_ring_db [None req-1cd3e312-404d-4e0a-badf-319952b8912a None None] Node b9678abc5b3a5c7c9191ea1e6c6c0521 from host "np0000007907" and group "mechanism_driver" added to the Hash Ring
Aug 21 14:50:13.812132 np0000007907 devstack@neutron-api.service[87582]: DEBUG neutron.plugins.ml2.drivers.ovn.mech_driver.mech_driver [None req-1cd3e312-404d-4e0a-badf-319952b8912a None None] Hash Ring setup, this worker has detected 3 OVN hash ring registers in the database {{(pid=87582) _init_hash_ring /opt/stack/neutron/neutron/plugins/ml2/drivers/ovn/mech_driver/mech_driver.py:392}}
Aug 21 14:50:13.816919 np0000007907 devstack@neutron-api.service[87582]: DEBUG neutron.plugins.ml2.drivers.ovn.mech_driver.ovsdb.maintenance [None req-1cd3e312-404d-4e0a-badf-319952b8912a None None] Periodic task found: HashRingHealthCheckPeriodics.touch_hash_ring_node {{(pid=87582) add_periodics /opt/stack/neutron/neutron/plugins/ml2/drivers/ovn/mech_driver/ovsdb/maintenance.py:151}}
Aug 21 14:50:13.819872 np0000007907 devstack@neutron-api.service[87582]: INFO neutron.plugins.ml2.drivers.ovn.mech_driver.mech_driver [None req-1cd3e312-404d-4e0a-badf-319952b8912a None None] Hash Ring probing thread for node b9678abc5b3a5c7c9191ea1e6c6c0521 has started
Aug 21 14:50:13.820535 np0000007907 devstack@neutron-api.service[87582]: INFO neutron.plugins.ml2.drivers.ovn.mech_driver.ovsdb.impl_idl_ovn [None req-1cd3e312-404d-4e0a-badf-319952b8912a None None] Getting OvsdbNbOvnIdl for WorkerService with retry
Aug 21 14:50:13.841367 np0000007907 devstack@neutron-api.service[87581]: DEBUG ovsdbapp.backend.ovs_idl [None req-6b4ba4f5-36f3-4f0e-a592-bb078ed2036a None None] Created lookup_table index Logical_Switch.name {{(pid=87581) autocreate_indices /opt/stack/data/venv/lib/python3.12/site-packages/ovsdbapp/backend/ovs_idl/__init__.py:87}}
Aug 21 14:50:13.841705 np0000007907 devstack@neutron-api.service[87581]: DEBUG ovsdbapp.backend.ovs_idl [None req-6b4ba4f5-36f3-4f0e-a592-bb078ed2036a None None] Created lookup_table index Logical_Router.name {{(pid=87581) autocreate_indices /opt/stack/data/venv/lib/python3.12/site-packages/ovsdbapp/backend/ovs_idl/__init__.py:87}}
Aug 21 14:50:13.841705 np0000007907 devstack@neutron-api.service[87581]: DEBUG ovsdbapp.backend.ovs_idl [None req-6b4ba4f5-36f3-4f0e-a592-bb078ed2036a None None] Created lookup_table index Load_Balancer.name {{(pid=87581) autocreate_indices /opt/stack/data/venv/lib/python3.12/site-packages/ovsdbapp/backend/ovs_idl/__init__.py:87}}
Aug 21 14:50:13.841705 np0000007907 devstack@neutron-api.service[87581]: DEBUG ovsdbapp.backend.ovs_idl [None req-6b4ba4f5-36f3-4f0e-a592-bb078ed2036a None None] Created schema index Copp.name {{(pid=87581) autocreate_indices /opt/stack/data/venv/lib/python3.12/site-packages/ovsdbapp/backend/ovs_idl/__init__.py:106}}
Aug 21 14:50:13.841705 np0000007907 devstack@neutron-api.service[87581]: DEBUG ovsdbapp.backend.ovs_idl [None req-6b4ba4f5-36f3-4f0e-a592-bb078ed2036a None None] Created schema index Meter.name {{(pid=87581) autocreate_indices /opt/stack/data/venv/lib/python3.12/site-packages/ovsdbapp/backend/ovs_idl/__init__.py:106}}
Aug 21 14:50:13.842086 np0000007907 devstack@neutron-api.service[87581]: DEBUG ovsdbapp.backend.ovs_idl [None req-6b4ba4f5-36f3-4f0e-a592-bb078ed2036a None None] Created schema index Load_Balancer_Group.name {{(pid=87581) autocreate_indices /opt/stack/data/venv/lib/python3.12/site-packages/ovsdbapp/backend/ovs_idl/__init__.py:106}}
Aug 21 14:50:13.842086 np0000007907 devstack@neutron-api.service[87581]: DEBUG ovsdbapp.backend.ovs_idl [None req-6b4ba4f5-36f3-4f0e-a592-bb078ed2036a None None] Created schema index HA_Chassis_Group.name {{(pid=87581) autocreate_indices /opt/stack/data/venv/lib/python3.12/site-packages/ovsdbapp/backend/ovs_idl/__init__.py:106}}
Aug 21 14:50:13.842086 np0000007907 devstack@neutron-api.service[87581]: DEBUG ovsdbapp.backend.ovs_idl [None req-6b4ba4f5-36f3-4f0e-a592-bb078ed2036a None None] Created schema index Address_Set.name {{(pid=87581) autocreate_indices /opt/stack/data/venv/lib/python3.12/site-packages/ovsdbapp/backend/ovs_idl/__init__.py:106}}
Aug 21 14:50:13.842086 np0000007907 devstack@neutron-api.service[87581]: DEBUG ovsdbapp.backend.ovs_idl [None req-6b4ba4f5-36f3-4f0e-a592-bb078ed2036a None None] Created schema index Connection.target {{(pid=87581) autocreate_indices /opt/stack/data/venv/lib/python3.12/site-packages/ovsdbapp/backend/ovs_idl/__init__.py:106}}
Aug 21 14:50:13.842397 np0000007907 devstack@neutron-api.service[87581]: DEBUG ovsdbapp.backend.ovs_idl [None req-6b4ba4f5-36f3-4f0e-a592-bb078ed2036a None None] Created schema index Gateway_Chassis.name {{(pid=87581) autocreate_indices /opt/stack/data/venv/lib/python3.12/site-packages/ovsdbapp/backend/ovs_idl/__init__.py:106}}
Aug 21 14:50:13.842397 np0000007907 devstack@neutron-api.service[87581]: DEBUG ovsdbapp.backend.ovs_idl [None req-6b4ba4f5-36f3-4f0e-a592-bb078ed2036a None None] Created schema index Mirror.name {{(pid=87581) autocreate_indices /opt/stack/data/venv/lib/python3.12/site-packages/ovsdbapp/backend/ovs_idl/__init__.py:106}}
Aug 21 14:50:13.842397 np0000007907 devstack@neutron-api.service[87581]: DEBUG ovsdbapp.backend.ovs_idl [None req-6b4ba4f5-36f3-4f0e-a592-bb078ed2036a None None] Created schema index Chassis_Template_Var.chassis {{(pid=87581) autocreate_indices /opt/stack/data/venv/lib/python3.12/site-packages/ovsdbapp/backend/ovs_idl/__init__.py:106}}
Aug 21 14:50:13.842397 np0000007907 devstack@neutron-api.service[87581]: DEBUG ovsdbapp.backend.ovs_idl [None req-6b4ba4f5-36f3-4f0e-a592-bb078ed2036a None None] Created schema index Logical_Router_Port.name {{(pid=87581) autocreate_indices /opt/stack/data/venv/lib/python3.12/site-packages/ovsdbapp/backend/ovs_idl/__init__.py:106}}
Aug 21 14:50:13.842687 np0000007907 devstack@neutron-api.service[87581]: DEBUG ovsdbapp.backend.ovs_idl [None req-6b4ba4f5-36f3-4f0e-a592-bb078ed2036a None None] Created schema index Port_Group.name {{(pid=87581) autocreate_indices /opt/stack/data/venv/lib/python3.12/site-packages/ovsdbapp/backend/ovs_idl/__init__.py:106}}
Aug 21 14:50:13.842687 np0000007907 devstack@neutron-api.service[87581]: DEBUG ovsdbapp.backend.ovs_idl [None req-6b4ba4f5-36f3-4f0e-a592-bb078ed2036a None None] Created schema index Logical_Switch_Port.name {{(pid=87581) autocreate_indices /opt/stack/data/venv/lib/python3.12/site-packages/ovsdbapp/backend/ovs_idl/__init__.py:106}}
Aug 21 14:50:13.844862 np0000007907 devstack@neutron-api.service[87581]: INFO ovsdbapp.backend.ovs_idl.vlog [None req-6b4ba4f5-36f3-4f0e-a592-bb078ed2036a None None] ssl:10.4.3.191:6641: connecting...
Aug 21 14:50:13.848867 np0000007907 devstack@neutron-api.service[87581]: INFO ovsdbapp.backend.ovs_idl.vlog [None req-6b4ba4f5-36f3-4f0e-a592-bb078ed2036a None None] ssl:10.4.3.191:6641: connected
Aug 21 14:50:13.861744 np0000007907 devstack@neutron-api.service[87582]: DEBUG ovsdbapp.backend.ovs_idl [None req-1cd3e312-404d-4e0a-badf-319952b8912a None None] Created lookup_table index Logical_Switch.name {{(pid=87582) autocreate_indices /opt/stack/data/venv/lib/python3.12/site-packages/ovsdbapp/backend/ovs_idl/__init__.py:87}}
Aug 21 14:50:13.861744 np0000007907 devstack@neutron-api.service[87582]: DEBUG ovsdbapp.backend.ovs_idl [None req-1cd3e312-404d-4e0a-badf-319952b8912a None None] Created lookup_table index Logical_Router.name {{(pid=87582) autocreate_indices /opt/stack/data/venv/lib/python3.12/site-packages/ovsdbapp/backend/ovs_idl/__init__.py:87}}
Aug 21 14:50:13.861853 np0000007907 devstack@neutron-api.service[87582]: DEBUG ovsdbapp.backend.ovs_idl [None req-1cd3e312-404d-4e0a-badf-319952b8912a None None] Created lookup_table index Load_Balancer.name {{(pid=87582) autocreate_indices /opt/stack/data/venv/lib/python3.12/site-packages/ovsdbapp/backend/ovs_idl/__init__.py:87}}
Aug 21 14:50:13.861929 np0000007907 devstack@neutron-api.service[87582]: DEBUG ovsdbapp.backend.ovs_idl [None req-1cd3e312-404d-4e0a-badf-319952b8912a None None] Created schema index Copp.name {{(pid=87582) autocreate_indices /opt/stack/data/venv/lib/python3.12/site-packages/ovsdbapp/backend/ovs_idl/__init__.py:106}}
Aug 21 14:50:13.862038 np0000007907 devstack@neutron-api.service[87582]: DEBUG ovsdbapp.backend.ovs_idl [None req-1cd3e312-404d-4e0a-badf-319952b8912a None None] Created schema index Meter.name {{(pid=87582) autocreate_indices /opt/stack/data/venv/lib/python3.12/site-packages/ovsdbapp/backend/ovs_idl/__init__.py:106}}
Aug 21 14:50:13.862151 np0000007907 devstack@neutron-api.service[87582]: DEBUG ovsdbapp.backend.ovs_idl [None req-1cd3e312-404d-4e0a-badf-319952b8912a None None] Created schema index Load_Balancer_Group.name {{(pid=87582) autocreate_indices /opt/stack/data/venv/lib/python3.12/site-packages/ovsdbapp/backend/ovs_idl/__init__.py:106}}
Aug 21 14:50:13.862230 np0000007907 devstack@neutron-api.service[87582]: DEBUG ovsdbapp.backend.ovs_idl [None req-1cd3e312-404d-4e0a-badf-319952b8912a None None] Created schema index HA_Chassis_Group.name {{(pid=87582) autocreate_indices /opt/stack/data/venv/lib/python3.12/site-packages/ovsdbapp/backend/ovs_idl/__init__.py:106}}
Aug 21 14:50:13.862309 np0000007907 devstack@neutron-api.service[87582]: DEBUG ovsdbapp.backend.ovs_idl [None req-1cd3e312-404d-4e0a-badf-319952b8912a None None] Created schema index Address_Set.name {{(pid=87582) autocreate_indices /opt/stack/data/venv/lib/python3.12/site-packages/ovsdbapp/backend/ovs_idl/__init__.py:106}}
Aug 21 14:50:13.862464 np0000007907 devstack@neutron-api.service[87582]: DEBUG ovsdbapp.backend.ovs_idl [None req-1cd3e312-404d-4e0a-badf-319952b8912a None None] Created schema index Connection.target {{(pid=87582) autocreate_indices /opt/stack/data/venv/lib/python3.12/site-packages/ovsdbapp/backend/ovs_idl/__init__.py:106}}
Aug 21 14:50:13.862637 np0000007907 devstack@neutron-api.service[87582]: DEBUG ovsdbapp.backend.ovs_idl [None req-1cd3e312-404d-4e0a-badf-319952b8912a None None] Created schema index Gateway_Chassis.name {{(pid=87582) autocreate_indices /opt/stack/data/venv/lib/python3.12/site-packages/ovsdbapp/backend/ovs_idl/__init__.py:106}}
Aug 21 14:50:13.862739 np0000007907 devstack@neutron-api.service[87582]: DEBUG ovsdbapp.backend.ovs_idl [None req-1cd3e312-404d-4e0a-badf-319952b8912a None None] Created schema index Mirror.name {{(pid=87582) autocreate_indices /opt/stack/data/venv/lib/python3.12/site-packages/ovsdbapp/backend/ovs_idl/__init__.py:106}}
Aug 21 14:50:13.862832 np0000007907 devstack@neutron-api.service[87582]: DEBUG ovsdbapp.backend.ovs_idl [None req-1cd3e312-404d-4e0a-badf-319952b8912a None None] Created schema index Chassis_Template_Var.chassis {{(pid=87582) autocreate_indices /opt/stack/data/venv/lib/python3.12/site-packages/ovsdbapp/backend/ovs_idl/__init__.py:106}}
Aug 21 14:50:13.862985 np0000007907 devstack@neutron-api.service[87582]: DEBUG ovsdbapp.backend.ovs_idl [None req-1cd3e312-404d-4e0a-badf-319952b8912a None None] Created schema index Logical_Router_Port.name {{(pid=87582) autocreate_indices /opt/stack/data/venv/lib/python3.12/site-packages/ovsdbapp/backend/ovs_idl/__init__.py:106}}
Aug 21 14:50:13.862985 np0000007907 devstack@neutron-api.service[87582]: DEBUG ovsdbapp.backend.ovs_idl [None req-1cd3e312-404d-4e0a-badf-319952b8912a None None] Created schema index Port_Group.name {{(pid=87582) autocreate_indices /opt/stack/data/venv/lib/python3.12/site-packages/ovsdbapp/backend/ovs_idl/__init__.py:106}}
Aug 21 14:50:13.863074 np0000007907 devstack@neutron-api.service[87582]: DEBUG ovsdbapp.backend.ovs_idl [None req-1cd3e312-404d-4e0a-badf-319952b8912a None None] Created schema index Logical_Switch_Port.name {{(pid=87582) autocreate_indices /opt/stack/data/venv/lib/python3.12/site-packages/ovsdbapp/backend/ovs_idl/__init__.py:106}}
Aug 21 14:50:13.865680 np0000007907 devstack@neutron-api.service[87582]: INFO ovsdbapp.backend.ovs_idl.vlog [None req-1cd3e312-404d-4e0a-badf-319952b8912a None None] ssl:10.4.3.191:6641: connecting...
Aug 21 14:50:13.871640 np0000007907 devstack@neutron-api.service[87582]: INFO ovsdbapp.backend.ovs_idl.vlog [None req-1cd3e312-404d-4e0a-badf-319952b8912a None None] ssl:10.4.3.191:6641: connected
Aug 21 14:50:13.878429 np0000007907 devstack@neutron-api.service[87581]: DEBUG neutron.common.ovn.hash_ring_manager [None req-6b4ba4f5-36f3-4f0e-a592-bb078ed2036a None None] Allow caching, nodes 3>=3 {{(pid=87581) _wait_startup_before_caching /opt/stack/neutron/neutron/common/ovn/hash_ring_manager.py:71}}
Aug 21 14:50:13.884097 np0000007907 devstack@neutron-api.service[87581]: DEBUG neutron.common.ovn.hash_ring_manager [None req-6b4ba4f5-36f3-4f0e-a592-bb078ed2036a None None] Hash Ring loaded. 3 active nodes. 0 offline nodes {{(pid=87581) _load_hash_ring /opt/stack/neutron/neutron/common/ovn/hash_ring_manager.py:110}}
Aug 21 14:50:13.884392 np0000007907 devstack@neutron-api.service[87581]: DEBUG neutron.plugins.ml2.drivers.ovn.mech_driver.ovsdb.ovsdb_monitor [None req-6b4ba4f5-36f3-4f0e-a592-bb078ed2036a None None] Hash Ring: Node f28bb8f9e01e57bb88c65a3fa9dcaf61 (host: np0000007907) handling event "create" for row 9cad3fdd-f8b4-4f79-a575-4ff945ea44b8 (table: NB_Global) {{(pid=87581) notify /opt/stack/neutron/neutron/plugins/ml2/drivers/ovn/mech_driver/ovsdb/ovsdb_monitor.py:1099}}
Aug 21 14:50:13.884729 np0000007907 devstack@neutron-api.service[87581]: DEBUG neutron.plugins.ml2.drivers.ovn.mech_driver.ovsdb.ovsdb_monitor [None req-6b4ba4f5-36f3-4f0e-a592-bb078ed2036a None None] Hash Ring: Node f28bb8f9e01e57bb88c65a3fa9dcaf61 (host: np0000007907) handling event "create" for row 22ab3d9e-1e2c-44bf-ac44-211153a148e6 (table: Port_Group) {{(pid=87581) notify /opt/stack/neutron/neutron/plugins/ml2/drivers/ovn/mech_driver/ovsdb/ovsdb_monitor.py:1099}}
