Aug 21 14:50:13.605256 np0000007907 devstack@neutron-api.service[87582]: DEBUG neutron_lib.callbacks.manager [None req-1cd3e312-404d-4e0a-badf-319952b8912a None None] Subscribe: > router precommit_update 55550000, False {{(pid=87582) subscribe /opt/stack/data/venv/lib/python3.12/site-packages/neutron_lib/callbacks/manager.py:52}}
Aug 21 14:50:13.605764 np0000007907 devstack@neutron-api.service[87582]: DEBUG neutron_lib.callbacks.manager [None req-1cd3e312-404d-4e0a-badf-319952b8912a None None] Subscribe: subnet after_update 55550000, False {{(pid=87582) subscribe /opt/stack/data/venv/lib/python3.12/site-packages/neutron_lib/callbacks/manager.py:52}}
Aug 21 14:50:13.606133 np0000007907 devstack@neutron-api.service[87581]: DEBUG neutron.manager [None req-6b4ba4f5-36f3-4f0e-a592-bb078ed2036a None None] Successfully loaded revision_plugin plugin. Description: Adds revision numbers to resources. {{(pid=87581) _create_and_add_service_plugin /opt/stack/neutron/neutron/manager.py:236}}
Aug 21 14:50:13.606513 np0000007907 devstack@neutron-api.service[87582]: DEBUG neutron.quota.resource_registry [None req-1cd3e312-404d-4e0a-badf-319952b8912a None None] Tracking information for resource: router configured {{(pid=87582) set_tracked_resource /opt/stack/neutron/neutron/quota/resource_registry.py:203}}
Aug 21 14:50:13.606513 np0000007907 devstack@neutron-api.service[87582]: DEBUG neutron.quota.resource_registry [None req-1cd3e312-404d-4e0a-badf-319952b8912a None None] Tracking information for resource: floatingip configured {{(pid=87582) set_tracked_resource /opt/stack/neutron/neutron/quota/resource_registry.py:203}}
Aug 21 14:50:13.606916 np0000007907 devstack@neutron-api.service[87581]: DEBUG oslo_concurrency.lockutils [None req-6b4ba4f5-36f3-4f0e-a592-bb078ed2036a None None] Lock "manager" "released" by "neutron.manager.NeutronManager._create_instance" :: held 4.091s {{(pid=87581) inner /opt/stack/data/venv/lib/python3.12/site-packages/oslo_concurrency/lockutils.py:544}}
Aug 21 14:50:13.607289 np0000007907 devstack@neutron-api.service[87582]: INFO neutron.services.ovn_l3.plugin [None req-1cd3e312-404d-4e0a-badf-319952b8912a None None] Starting OVNL3RouterPlugin
Aug 21 14:50:13.607651 np0000007907 devstack@neutron-api.service[87581]: DEBUG neutron.api.extensions [None req-6b4ba4f5-36f3-4f0e-a592-bb078ed2036a None None] get_extension_paths = OrderedDict({'/opt/stack/neutron/neutron/extensions': 1}) {{(pid=87581) get_extensions_path /opt/stack/neutron/neutron/api/extensions.py:640}}
Aug 21 14:50:13.608010 np0000007907 devstack@neutron-api.service[87582]: DEBUG neutron_lib.callbacks.manager [None req-1cd3e312-404d-4e0a-badf-319952b8912a None None] Subscribe: > port_forwarding_plugin after_init 55550000, False {{(pid=87582) subscribe /opt/stack/data/venv/lib/python3.12/site-packages/neutron_lib/callbacks/manager.py:52}}
Aug 21 14:50:13.608334 np0000007907 devstack@neutron-api.service[87581]: INFO neutron.api.extensions [None req-6b4ba4f5-36f3-4f0e-a592-bb078ed2036a None None] Initializing extension manager.
Aug 21 14:50:13.608928 np0000007907 devstack@neutron-api.service[87582]: DEBUG neutron_lib.callbacks.manager [None req-1cd3e312-404d-4e0a-badf-319952b8912a None None] Subscribe: > router before_create 55550100, False {{(pid=87582) subscribe /opt/stack/data/venv/lib/python3.12/site-packages/neutron_lib/callbacks/manager.py:52}}
Aug 21 14:50:13.609181 np0000007907 devstack@neutron-api.service[87581]: DEBUG neutron.api.extensions [None req-6b4ba4f5-36f3-4f0e-a592-bb078ed2036a None None] Loading extension file: __init__.py {{(pid=87581) _load_all_extensions_from_path /opt/stack/neutron/neutron/api/extensions.py:449}}
Aug 21 14:50:13.609474 np0000007907 devstack@neutron-api.service[87582]: DEBUG neutron_lib.callbacks.manager [None req-1cd3e312-404d-4e0a-badf-319952b8912a None None] Subscribe: > router precommit_delete 55550100, False {{(pid=87582) subscribe /opt/stack/data/venv/lib/python3.12/site-packages/neutron_lib/callbacks/manager.py:52}}
Aug 21 14:50:13.609744 np0000007907 devstack@neutron-api.service[87581]: DEBUG neutron.api.extensions [None req-6b4ba4f5-36f3-4f0e-a592-bb078ed2036a None None] Loading extension file: __pycache__ {{(pid=87581) _load_all_extensions_from_path /opt/stack/neutron/neutron/api/extensions.py:449}}
Aug 21 14:50:13.609918 np0000007907 devstack@neutron-api.service[87582]: DEBUG neutron_lib.callbacks.manager [None req-1cd3e312-404d-4e0a-badf-319952b8912a None None] Subscribe: > router precommit_create 55550100, False {{(pid=87582) subscribe /opt/stack/data/venv/lib/python3.12/site-packages/neutron_lib/callbacks/manager.py:52}}
Aug 21 14:50:13.610086 np0000007907 devstack@neutron-api.service[87581]: DEBUG neutron.api.extensions [None req-6b4ba4f5-36f3-4f0e-a592-bb078ed2036a None None] Loading extension file: aap_reject_multicast.py {{(pid=87581) _load_all_extensions_from_path /opt/stack/neutron/neutron/api/extensions.py:449}}
Aug 21 14:50:13.610295 np0000007907 devstack@neutron-api.service[87582]: DEBUG neutron_lib.callbacks.manager [None req-1cd3e312-404d-4e0a-badf-319952b8912a None None] Subscribe: > router precommit_update 55550100, False {{(pid=87582) subscribe /opt/stack/data/venv/lib/python3.12/site-packages/neutron_lib/callbacks/manager.py:52}}
Aug 21 14:50:13.610453 np0000007907 devstack@neutron-api.service[87581]: DEBUG neutron.api.extensions [None req-6b4ba4f5-36f3-4f0e-a592-bb078ed2036a None None] Ext name="Allowed address pairs reject multicast extension" alias="aap-reject-multicast" description="Reject multicast addresses in Allowed Address Pairs" updated="2026-04-01T00:00:00-00:00" {{(pid=87581) _check_extension /opt/stack/neutron/neutron/api/extensions.py:415}}
Aug 21 14:50:13.610453 np0000007907 devstack@neutron-api.service[87581]: INFO neutron.api.extensions [None req-6b4ba4f5-36f3-4f0e-a592-bb078ed2036a None None] Extension aap-reject-multicast not supported by any of loaded plugins
Aug 21 14:50:13.610453 np0000007907 devstack@neutron-api.service[87581]: DEBUG neutron.api.extensions [None req-6b4ba4f5-36f3-4f0e-a592-bb078ed2036a None None] Loading extension file: address_group.py {{(pid=87581) _load_all_extensions_from_path /opt/stack/neutron/neutron/api/extensions.py:449}}
Aug 21 14:50:13.610453 np0000007907 devstack@neutron-api.service[87581]: DEBUG neutron.api.extensions [None req-6b4ba4f5-36f3-4f0e-a592-bb078ed2036a None None] Ext name="Address group" alias="address-group" description="Support address group" updated="2020-07-15T10:00:00-00:00" {{(pid=87581) _check_extension /opt/stack/neutron/neutron/api/extensions.py:415}}
Aug 21 14:50:13.610453 np0000007907 devstack@neutron-api.service[87581]: INFO neutron.api.extensions [None req-6b4ba4f5-36f3-4f0e-a592-bb078ed2036a None None] Loaded extension: address-group
Aug 21 14:50:13.610453 np0000007907 devstack@neutron-api.service[87581]: DEBUG neutron.api.extensions [None req-6b4ba4f5-36f3-4f0e-a592-bb078ed2036a None None] Loading extension file: address_scope.py {{(pid=87581) _load_all_extensions_from_path /opt/stack/neutron/neutron/api/extensions.py:449}}
Aug 21 14:50:13.610453 np0000007907 devstack@neutron-api.service[87581]: DEBUG neutron.api.extensions [None req-6b4ba4f5-36f3-4f0e-a592-bb078ed2036a None None] Ext name="Address scope" alias="address-scope" description="Address scopes extension." updated="2015-07-26T10:00:00-00:00" {{(pid=87581) _check_extension /opt/stack/neutron/neutron/api/extensions.py:415}}
Aug 21 14:50:13.610767 np0000007907 devstack@neutron-api.service[87581]: INFO neutron.api.extensions [None req-6b4ba4f5-36f3-4f0e-a592-bb078ed2036a None None] Loaded extension: address-scope
Aug 21 14:50:13.610767 np0000007907 devstack@neutron-api.service[87581]: DEBUG neutron.api.extensions [None req-6b4ba4f5-36f3-4f0e-a592-bb078ed2036a None None] Loading extension file: admin_state_down_before_update.py {{(pid=87581) _load_all_extensions_from_path /opt/stack/neutron/neutron/api/extensions.py:449}}
Aug 21 14:50:13.610767 np0000007907 devstack@neutron-api.service[87581]: DEBUG neutron.api.extensions [None req-6b4ba4f5-36f3-4f0e-a592-bb078ed2036a None None] Ext name="Enforce Router's Admin State Down Before Update Extension" alias="router-admin-state-down-before-update" description="Ensure that the admin state of a router is DOWN (admin_state_up=False) before updating the distributed attribute" updated="2019-07-02T15:56:00" {{(pid=87581) _check_extension /opt/stack/neutron/neutron/api/extensions.py:415}}
Aug 21 14:50:13.610767 np0000007907 devstack@neutron-api.service[87581]: INFO neutron.api.extensions [None req-6b4ba4f5-36f3-4f0e-a592-bb078ed2036a None None] Extension router-admin-state-down-before-update not supported by any of loaded plugins
Aug 21 14:50:13.610767 np0000007907 devstack@neutron-api.service[87581]: DEBUG neutron.api.extensions [None req-6b4ba4f5-36f3-4f0e-a592-bb078ed2036a None None] Loading extension file: agent.py {{(pid=87581) _load_all_extensions_from_path /opt/stack/neutron/neutron/api/extensions.py:449}}
Aug 21 14:50:13.610767 np0000007907 devstack@neutron-api.service[87581]: DEBUG neutron.api.extensions [None req-6b4ba4f5-36f3-4f0e-a592-bb078ed2036a None None] Ext name="agent" alias="agent" description="The agent management extension." updated="2013-02-03T10:00:00-00:00" {{(pid=87581) _check_extension /opt/stack/neutron/neutron/api/extensions.py:415}}
Aug 21 14:50:13.610767 np0000007907 devstack@neutron-api.service[87581]: INFO neutron.api.extensions [None req-6b4ba4f5-36f3-4f0e-a592-bb078ed2036a None None] Loaded extension: agent
Aug 21 14:50:13.611054 np0000007907 devstack@neutron-api.service[87581]: DEBUG neutron.api.extensions [None req-6b4ba4f5-36f3-4f0e-a592-bb078ed2036a None None] Loading extension file: agent_resources_synced.py {{(pid=87581) _load_all_extensions_from_path /opt/stack/neutron/neutron/api/extensions.py:449}}
Aug 21 14:50:13.611054 np0000007907 devstack@neutron-api.service[87581]: DEBUG neutron.api.extensions [None req-6b4ba4f5-36f3-4f0e-a592-bb078ed2036a None None] Ext name="Agent's Resource View Synced to Placement" alias="agent-resources-synced" description="Stores success/failure of last sync to Placement" updated="2018-12-19T00:00:00-00:00" {{(pid=87581) _check_extension /opt/stack/neutron/neutron/api/extensions.py:415}}
Aug 21 14:50:13.611054 np0000007907 devstack@neutron-api.service[87581]: INFO neutron.api.extensions [None req-6b4ba4f5-36f3-4f0e-a592-bb078ed2036a None None] Extension agent-resources-synced not supported by any of loaded plugins
Aug 21 14:50:13.611054 np0000007907 devstack@neutron-api.service[87581]: DEBUG neutron.api.extensions [None req-6b4ba4f5-36f3-4f0e-a592-bb078ed2036a None None] Loading extension file: agent_sort_key.py {{(pid=87581) _load_all_extensions_from_path /opt/stack/neutron/neutron/api/extensions.py:449}}
Aug 21 14:50:13.611226 np0000007907 devstack@neutron-api.service[87582]: DEBUG neutron.services.provider_configuration [None req-1cd3e312-404d-4e0a-badf-319952b8912a None None] Service providers = [] {{(pid=87582) parse_service_provider_opt /opt/stack/neutron/neutron/services/provider_configuration.py:170}}
Aug 21 14:50:13.611226 np0000007907 devstack@neutron-api.service[87582]: DEBUG neutron.db.servicetype_db [None req-1cd3e312-404d-4e0a-badf-319952b8912a None None] Adding provider configuration for service L3_ROUTER_NAT {{(pid=87582) add_provider_configuration /opt/stack/neutron/neutron/db/servicetype_db.py:45}}
Aug 21 14:50:13.611401 np0000007907 devstack@neutron-api.service[87581]: DEBUG neutron.api.extensions [None req-6b4ba4f5-36f3-4f0e-a592-bb078ed2036a None None] Ext name="Agents Sort Key" alias="agent_sort_key" description="Enabling the keyword sort_key for sorting in agents." updated="2013-02-03T10:00:00-00:00" {{(pid=87581) _check_extension /opt/stack/neutron/neutron/api/extensions.py:415}}
Aug 21 14:50:13.611401 np0000007907 devstack@neutron-api.service[87581]: INFO neutron.api.extensions [None req-6b4ba4f5-36f3-4f0e-a592-bb078ed2036a None None] Extension agent_sort_key not supported by any of loaded plugins
Aug 21 14:50:13.611401 np0000007907 devstack@neutron-api.service[87581]: DEBUG neutron.api.extensions [None req-6b4ba4f5-36f3-4f0e-a592-bb078ed2036a None None] Loading extension file: allowedaddresspairs.py {{(pid=87581) _load_all_extensions_from_path /opt/stack/neutron/neutron/api/extensions.py:449}}
Aug 21 14:50:13.611401 np0000007907 devstack@neutron-api.service[87581]: DEBUG neutron.api.extensions [None req-6b4ba4f5-36f3-4f0e-a592-bb078ed2036a None None] Ext name="Allowed Address Pairs" alias="allowed-address-pairs" description="Provides allowed address pairs" updated="2013-07-23T10:00:00-00:00" {{(pid=87581) _check_extension /opt/stack/neutron/neutron/api/extensions.py:415}}
Aug 21 14:50:13.611401 np0000007907 devstack@neutron-api.service[87581]: INFO neutron.api.extensions [None req-6b4ba4f5-36f3-4f0e-a592-bb078ed2036a None None] Loaded extension: allowed-address-pairs
Aug 21 14:50:13.611646 np0000007907 devstack@neutron-api.service[87582]: DEBUG neutron_lib.callbacks.manager [None req-1cd3e312-404d-4e0a-badf-319952b8912a None None] Subscribe: > router precommit_create 55549900, False {{(pid=87582) subscribe /opt/stack/data/venv/lib/python3.12/site-packages/neutron_lib/callbacks/manager.py:52}}
Aug 21 14:50:13.611935 np0000007907 devstack@neutron-api.service[87581]: DEBUG neutron.api.extensions [None req-6b4ba4f5-36f3-4f0e-a592-bb078ed2036a None None] Loading extension file: auto_allocated_topology.py {{(pid=87581) _load_all_extensions_from_path /opt/stack/neutron/neutron/api/extensions.py:449}}
Aug 21 14:50:13.612192 np0000007907 devstack@neutron-api.service[87582]: DEBUG neutron_lib.callbacks.manager [None req-1cd3e312-404d-4e0a-badf-319952b8912a None None] Subscribe: > router_interface after_create 55550000, False {{(pid=87582) subscribe /opt/stack/data/venv/lib/python3.12/site-packages/neutron_lib/callbacks/manager.py:52}}
Aug 21 14:50:13.612428 np0000007907 devstack@neutron-api.service[87581]: DEBUG neutron.api.extensions [None req-6b4ba4f5-36f3-4f0e-a592-bb078ed2036a None None] Ext name="Auto Allocated Topology Services" alias="auto-allocated-topology" description="Auto Allocated Topology Services." updated="2016-01-01T00:00:00-00:00" {{(pid=87581) _check_extension /opt/stack/neutron/neutron/api/extensions.py:415}}
Aug 21 14:50:13.612799 np0000007907 devstack@neutron-api.service[87582]: DEBUG neutron_lib.callbacks.manager [None req-1cd3e312-404d-4e0a-badf-319952b8912a None None] Subscribe: > floatingip after_create 55550000, False {{(pid=87582) subscribe /opt/stack/data/venv/lib/python3.12/site-packages/neutron_lib/callbacks/manager.py:52}}
Aug 21 14:50:13.612799 np0000007907 devstack@neutron-api.service[87582]: DEBUG neutron_lib.callbacks.manager [None req-1cd3e312-404d-4e0a-badf-319952b8912a None None] Subscribe: > floatingip precommit_create 55550000, False {{(pid=87582) subscribe /opt/stack/data/venv/lib/python3.12/site-packages/neutron_lib/callbacks/manager.py:52}}
Aug 21 14:50:13.613042 np0000007907 devstack@neutron-api.service[87581]: INFO neutron.api.extensions [None req-6b4ba4f5-36f3-4f0e-a592-bb078ed2036a None None] Loaded extension: auto-allocated-topology
Aug 21 14:50:13.613042 np0000007907 devstack@neutron-api.service[87581]: DEBUG neutron.api.extensions [None req-6b4ba4f5-36f3-4f0e-a592-bb078ed2036a None None] Loading extension file: availability_zone.py {{(pid=87581) _load_all_extensions_from_path /opt/stack/neutron/neutron/api/extensions.py:449}}
Aug 21 14:50:13.613200 np0000007907 devstack@neutron-api.service[87582]: DEBUG neutron_lib.callbacks.manager [None req-1cd3e312-404d-4e0a-badf-319952b8912a None None] Subscribe: > floatingip precommit_update 55550000, False {{(pid=87582) subscribe /opt/stack/data/venv/lib/python3.12/site-packages/neutron_lib/callbacks/manager.py:52}}
Aug 21 14:50:13.613200 np0000007907 devstack@neutron-api.service[87582]: DEBUG neutron_lib.callbacks.manager [None req-1cd3e312-404d-4e0a-badf-319952b8912a None None] Subscribe: > floatingip after_delete 55550000, False {{(pid=87582) subscribe /opt/stack/data/venv/lib/python3.12/site-packages/neutron_lib/callbacks/manager.py:52}}
Aug 21 14:50:13.613200 np0000007907 devstack@neutron-api.service[87582]: DEBUG neutron_lib.callbacks.manager [None req-1cd3e312-404d-4e0a-badf-319952b8912a None None] Subscribe: > floatingip after_status_update 55550000, False {{(pid=87582) subscribe /opt/stack/data/venv/lib/python3.12/site-packages/neutron_lib/callbacks/manager.py:52}}
Aug 21 14:50:13.613559 np0000007907 devstack@neutron-api.service[87581]: DEBUG neutron.api.extensions [None req-6b4ba4f5-36f3-4f0e-a592-bb078ed2036a None None] Ext name="Availability Zone" alias="availability_zone" description="The availability zone extension." updated="2015-01-01T10:00:00-00:00" {{(pid=87581) _check_extension /opt/stack/neutron/neutron/api/extensions.py:415}}
Aug 21 14:50:13.613763 np0000007907 devstack@neutron-api.service[87582]: DEBUG neutron_lib.callbacks.manager [None req-1cd3e312-404d-4e0a-badf-319952b8912a None None] Subscribe: > floatingip after_update 55550000, False {{(pid=87582) subscribe /opt/stack/data/venv/lib/python3.12/site-packages/neutron_lib/callbacks/manager.py:52}}
Aug 21 14:50:13.613763 np0000007907 devstack@neutron-api.service[87582]: DEBUG neutron_lib.callbacks.manager [None req-1cd3e312-404d-4e0a-badf-319952b8912a None None] Subscribe: > port_forwarding after_create 55550000, False {{(pid=87582) subscribe /opt/stack/data/venv/lib/python3.12/site-packages/neutron_lib/callbacks/manager.py:52}}
Aug 21 14:50:13.614111 np0000007907 devstack@neutron-api.service[87581]: INFO neutron.api.extensions [None req-6b4ba4f5-36f3-4f0e-a592-bb078ed2036a None None] Loaded extension: availability_zone
Aug 21 14:50:13.614436 np0000007907 devstack@neutron-api.service[87582]: DEBUG neutron_lib.callbacks.manager [None req-1cd3e312-404d-4e0a-badf-319952b8912a None None] Subscribe: > router_interface after_delete 55550000, False {{(pid=87582) subscribe /opt/stack/data/venv/lib/python3.12/site-packages/neutron_lib/callbacks/manager.py:52}}
Aug 21 14:50:13.614760 np0000007907 devstack@neutron-api.service[87581]: DEBUG neutron.api.extensions [None req-6b4ba4f5-36f3-4f0e-a592-bb078ed2036a None None] Loading extension file: availability_zone_filter.py {{(pid=87581) _load_all_extensions_from_path /opt/stack/neutron/neutron/api/extensions.py:449}}
Aug 21 14:50:13.615086 np0000007907 devstack@neutron-api.service[87582]: DEBUG neutron_lib.callbacks.manager [None req-1cd3e312-404d-4e0a-badf-319952b8912a None None] Subscribe: > router after_create 55550000, False {{(pid=87582) subscribe /opt/stack/data/venv/lib/python3.12/site-packages/neutron_lib/callbacks/manager.py:52}}
Aug 21 14:50:13.615086 np0000007907 devstack@neutron-api.service[87582]: DEBUG neutron_lib.callbacks.manager [None req-1cd3e312-404d-4e0a-badf-319952b8912a None None] Subscribe: > router precommit_create 55550000, False {{(pid=87582) subscribe /opt/stack/data/venv/lib/python3.12/site-packages/neutron_lib/callbacks/manager.py:52}}
Aug 21 14:50:13.615086 np0000007907 devstack@neutron-api.service[87582]: DEBUG neutron_lib.callbacks.manager [None req-1cd3e312-404d-4e0a-badf-319952b8912a None None] Subscribe: > router after_delete 55550000, False {{(pid=87582) subscribe /opt/stack/data/venv/lib/python3.12/site-packages/neutron_lib/callbacks/manager.py:52}}
Aug 21 14:50:13.615086 np0000007907 devstack@neutron-api.service[87582]: DEBUG neutron_lib.callbacks.manager [None req-1cd3e312-404d-4e0a-badf-319952b8912a None None] Subscribe: > router after_update 55550000, False {{(pid=87582) subscribe /opt/stack/data/venv/lib/python3.12/site-packages/neutron_lib/callbacks/manager.py:52}}
Aug 21 14:50:13.615476 np0000007907 devstack@neutron-api.service[87581]: DEBUG neutron.api.extensions [None req-6b4ba4f5-36f3-4f0e-a592-bb078ed2036a None None] Ext name="Availability Zone Filter Extension" alias="availability_zone_filter" description="Add filter parameters to AvailabilityZone resource" updated="2018-06-22T10:00:00-00:00" {{(pid=87581) _check_extension /opt/stack/neutron/neutron/api/extensions.py:415}}
Aug 21 14:50:13.615868 np0000007907 devstack@neutron-api.service[87582]: DEBUG neutron.services.service_base [None req-1cd3e312-404d-4e0a-badf-319952b8912a None None] Loaded 'neutron.services.ovn_l3.service_providers.ovn.OvnDriver' provider for service L3_ROUTER_NAT {{(pid=87582) load_drivers /opt/stack/neutron/neutron/services/service_base.py:49}}
Aug 21 14:50:13.615868 np0000007907 devstack@neutron-api.service[87582]: DEBUG neutron_lib.callbacks.manager [None req-1cd3e312-404d-4e0a-badf-319952b8912a None None] Subscribe: > process after_init 55550001, True {{(pid=87582) subscribe /opt/stack/data/venv/lib/python3.12/site-packages/neutron_lib/callbacks/manager.py:52}}
Aug 21 14:50:13.616251 np0000007907 devstack@neutron-api.service[87581]: INFO neutron.api.extensions [None req-6b4ba4f5-36f3-4f0e-a592-bb078ed2036a None None] Extension availability_zone_filter not supported by any of loaded plugins
Aug 21 14:50:13.616251 np0000007907 devstack@neutron-api.service[87581]: DEBUG neutron.api.extensions [None req-6b4ba4f5-36f3-4f0e-a592-bb078ed2036a None None] Loading extension file: data_plane_status.py {{(pid=87581) _load_all_extensions_from_path /opt/stack/neutron/neutron/api/extensions.py:449}}
Aug 21 14:50:13.616598 np0000007907 devstack@neutron-api.service[87582]: DEBUG neutron.manager [None req-1cd3e312-404d-4e0a-badf-319952b8912a None None] Successfully loaded L3_ROUTER_NAT plugin. Description: L3 Router Service Plugin for basic L3 forwarding using OVN {{(pid=87582) _create_and_add_service_plugin /opt/stack/neutron/neutron/manager.py:236}}
Aug 21 14:50:13.616598 np0000007907 devstack@neutron-api.service[87582]: INFO neutron.manager [None req-1cd3e312-404d-4e0a-badf-319952b8912a None None] Loading Plugin: auto_allocate
Aug 21 14:50:13.616973 np0000007907 devstack@neutron-api.service[87581]: DEBUG neutron.api.extensions [None req-6b4ba4f5-36f3-4f0e-a592-bb078ed2036a None None] Ext name="Port data plane status extension" alias="data-plane-status" description="Expose status of underlying data plane" updated="2017-01-24T10:00:00-00:00" {{(pid=87581) _check_extension /opt/stack/neutron/neutron/api/extensions.py:415}}
Aug 21 14:50:13.616973 np0000007907 devstack@neutron-api.service[87581]: INFO neutron.api.extensions [None req-6b4ba4f5-36f3-4f0e-a592-bb078ed2036a None None] Extension data-plane-status not supported by any of loaded plugins
Aug 21 14:50:13.616973 np0000007907 devstack@neutron-api.service[87581]: DEBUG neutron.api.extensions [None req-6b4ba4f5-36f3-4f0e-a592-bb078ed2036a None None] Loading extension file: default_subnetpools.py {{(pid=87581) _load_all_extensions_from_path /opt/stack/neutron/neutron/api/extensions.py:449}}
Aug 21 14:50:13.616973 np0000007907 devstack@neutron-api.service[87581]: DEBUG neutron.api.extensions [None req-6b4ba4f5-36f3-4f0e-a592-bb078ed2036a None None] Ext name="Default Subnetpools" alias="default-subnetpools" description="Provides ability to mark and use a subnetpool as the default." updated="2016-02-18T18:00:00-00:00" {{(pid=87581) _check_extension /opt/stack/neutron/neutron/api/extensions.py:415}}
Aug 21 14:50:13.616973 np0000007907 devstack@neutron-api.service[87581]: INFO neutron.api.extensions [None req-6b4ba4f5-36f3-4f0e-a592-bb078ed2036a None None] Loaded extension: default-subnetpools
Aug 21 14:50:13.616973 np0000007907 devstack@neutron-api.service[87581]: DEBUG neutron.api.extensions [None req-6b4ba4f5-36f3-4f0e-a592-bb078ed2036a None None] Loading extension file: dhcpagentscheduler.py {{(pid=87581) _load_all_extensions_from_path /opt/stack/neutron/neutron/api/extensions.py:449}}
Aug 21 14:50:13.617368 np0000007907 devstack@neutron-api.service[87582]: DEBUG neutron_lib.callbacks.manager [None req-1cd3e312-404d-4e0a-badf-319952b8912a None None] Subscribe: network precommit_update 55550000, False {{(pid=87582) subscribe /opt/stack/data/venv/lib/python3.12/site-packages/neutron_lib/callbacks/manager.py:52}}
Aug 21 14:50:13.617368 np0000007907 devstack@neutron-api.service[87582]: DEBUG neutron_lib.callbacks.manager [None req-1cd3e312-404d-4e0a-badf-319952b8912a None None] Subscribe: network precommit_create 55550000, False {{(pid=87582) subscribe /opt/stack/data/venv/lib/python3.12/site-packages/neutron_lib/callbacks/manager.py:52}}
Aug 21 14:50:13.617603 np0000007907 devstack@neutron-api.service[87581]: DEBUG neutron.api.extensions [None req-6b4ba4f5-36f3-4f0e-a592-bb078ed2036a None None] Ext name="DHCP Agent Scheduler" alias="dhcp_agent_scheduler" description="Schedule networks among dhcp agents" updated="2013-02-07T10:00:00-00:00" {{(pid=87581) _check_extension /opt/stack/neutron/neutron/api/extensions.py:415}}
Aug 21 14:50:13.617603 np0000007907 devstack@neutron-api.service[87581]: INFO neutron.api.extensions [None req-6b4ba4f5-36f3-4f0e-a592-bb078ed2036a None None] Loaded extension: dhcp_agent_scheduler
Aug 21 14:50:13.617835 np0000007907 devstack@neutron-api.service[87582]: DEBUG neutron.manager [None req-1cd3e312-404d-4e0a-badf-319952b8912a None None] Successfully loaded auto-allocated-topology plugin. Description: Auto Allocated Topology - aka get me a network. {{(pid=87582) _create_and_add_service_plugin /opt/stack/neutron/neutron/manager.py:236}}
Aug 21 14:50:13.618072 np0000007907 devstack@neutron-api.service[87581]: DEBUG neutron.api.extensions [None req-6b4ba4f5-36f3-4f0e-a592-bb078ed2036a None None] Loading extension file: dns.py {{(pid=87581) _load_all_extensions_from_path /opt/stack/neutron/neutron/api/extensions.py:449}}
Aug 21 14:50:13.618285 np0000007907 devstack@neutron-api.service[87582]: INFO neutron.manager [None req-1cd3e312-404d-4e0a-badf-319952b8912a None None] Loading Plugin: tag
Aug 21 14:50:13.618525 np0000007907 devstack@neutron-api.service[87581]: DEBUG neutron.api.extensions [None req-6b4ba4f5-36f3-4f0e-a592-bb078ed2036a None None] Ext name="DNS Integration" alias="dns-integration" description="Provides integration with DNS." updated="2015-08-15T18:00:00-00:00" {{(pid=87581) _check_extension /opt/stack/neutron/neutron/api/extensions.py:415}}
Aug 21 14:50:13.618525 np0000007907 devstack@neutron-api.service[87581]: INFO neutron.api.extensions [None req-6b4ba4f5-36f3-4f0e-a592-bb078ed2036a None None] Loaded extension: dns-integration
Aug 21 14:50:13.618525 np0000007907 devstack@neutron-api.service[87581]: DEBUG neutron.api.extensions [None req-6b4ba4f5-36f3-4f0e-a592-bb078ed2036a None None] Loading extension file: dns_domain_ports.py {{(pid=87581) _load_all_extensions_from_path /opt/stack/neutron/neutron/api/extensions.py:449}}
Aug 21 14:50:13.618525 np0000007907 devstack@neutron-api.service[87581]: DEBUG neutron.api.extensions [None req-6b4ba4f5-36f3-4f0e-a592-bb078ed2036a None None] Ext name="dns_domain for ports" alias="dns-domain-ports" description="Allows the DNS domain to be specified for a network port." updated="2017-04-24T10:00:00-00:00" {{(pid=87581) _check_extension /opt/stack/neutron/neutron/api/extensions.py:415}}
Aug 21 14:50:13.618525 np0000007907 devstack@neutron-api.service[87581]: INFO neutron.api.extensions [None req-6b4ba4f5-36f3-4f0e-a592-bb078ed2036a None None] Loaded extension: dns-domain-ports
Aug 21 14:50:13.618525 np0000007907 devstack@neutron-api.service[87581]: DEBUG neutron.api.extensions [None req-6b4ba4f5-36f3-4f0e-a592-bb078ed2036a None None] Loading extension file: dns_integration_domain_keywords.py {{(pid=87581) _load_all_extensions_from_path /opt/stack/neutron/neutron/api/extensions.py:449}}
Aug 21 14:50:13.618525 np0000007907 devstack@neutron-api.service[87581]: DEBUG neutron.api.extensions [None req-6b4ba4f5-36f3-4f0e-a592-bb078ed2036a None None] Ext name="DNS domain names with keywords allowed" alias="dns-integration-domain-keywords" description="Allows to use keywords like , , and as DNS domain name" updated="2020-06-15T18:00:00-00:00" {{(pid=87581) _check_extension /opt/stack/neutron/neutron/api/extensions.py:415}}
Aug 21 14:50:13.618868 np0000007907 devstack@neutron-api.service[87581]: INFO neutron.api.extensions [None req-6b4ba4f5-36f3-4f0e-a592-bb078ed2036a None None] Loaded extension: dns-integration-domain-keywords
Aug 21 14:50:13.618868 np0000007907 devstack@neutron-api.service[87581]: DEBUG neutron.api.extensions [None req-6b4ba4f5-36f3-4f0e-a592-bb078ed2036a None None] Loading extension file: dvr.py {{(pid=87581) _load_all_extensions_from_path /opt/stack/neutron/neutron/api/extensions.py:449}}
Aug 21 14:50:13.618868 np0000007907 devstack@neutron-api.service[87581]: DEBUG neutron.api.extensions [None req-6b4ba4f5-36f3-4f0e-a592-bb078ed2036a None None] Ext name="Distributed Virtual Router" alias="dvr" description="Enables configuration of Distributed Virtual Routers." updated="2014-06-1T10:00:00-00:00" {{(pid=87581) _check_extension /opt/stack/neutron/neutron/api/extensions.py:415}}
Aug 21 14:50:13.618868 np0000007907 devstack@neutron-api.service[87581]: INFO neutron.api.extensions [None req-6b4ba4f5-36f3-4f0e-a592-bb078ed2036a None None] Extension dvr not supported by any of loaded plugins
Aug 21 14:50:13.618868 np0000007907 devstack@neutron-api.service[87581]: DEBUG neutron.api.extensions [None req-6b4ba4f5-36f3-4f0e-a592-bb078ed2036a None None] Loading extension file: ecmp_routes.py {{(pid=87581) _load_all_extensions_from_path /opt/stack/neutron/neutron/api/extensions.py:449}}
Aug 21 14:50:13.618868 np0000007907 devstack@neutron-api.service[87581]: DEBUG neutron.api.extensions [None req-6b4ba4f5-36f3-4f0e-a592-bb078ed2036a None None] Ext name="Equal Cost Multipath Routing" alias="ecmp_routes" description="Allows traffic to reach thesame destination via multiple different links " updated="2020-11-26T18:00:00-00:00" {{(pid=87581) _check_extension /opt/stack/neutron/neutron/api/extensions.py:415}}
Aug 21 14:50:13.618868 np0000007907 devstack@neutron-api.service[87581]: INFO neutron.api.extensions [None req-6b4ba4f5-36f3-4f0e-a592-bb078ed2036a None None] Extension ecmp_routes not supported by any of loaded plugins
Aug 21 14:50:13.619249 np0000007907 devstack@neutron-api.service[87581]: DEBUG neutron.api.extensions [None req-6b4ba4f5-36f3-4f0e-a592-bb078ed2036a None None] Loading extension file: empty_string_filtering.py {{(pid=87581) _load_all_extensions_from_path /opt/stack/neutron/neutron/api/extensions.py:449}}
Aug 21 14:50:13.619249 np0000007907 devstack@neutron-api.service[87581]: DEBUG neutron.api.extensions [None req-6b4ba4f5-36f3-4f0e-a592-bb078ed2036a None None] Ext name="Empty String Filtering Extension" alias="empty-string-filtering" description="Allow filtering by attributes with empty string value" updated="2018-05-01T10:00:00-00:00" {{(pid=87581) _check_extension /opt/stack/neutron/neutron/api/extensions.py:415}}
Aug 21 14:50:13.619249 np0000007907 devstack@neutron-api.service[87581]: INFO neutron.api.extensions [None req-6b4ba4f5-36f3-4f0e-a592-bb078ed2036a None None] Loaded extension: empty-string-filtering
Aug 21 14:50:13.619249 np0000007907 devstack@neutron-api.service[87581]: DEBUG neutron.api.extensions [None req-6b4ba4f5-36f3-4f0e-a592-bb078ed2036a None None] Loading extension file: evpn.py {{(pid=87581) _load_all_extensions_from_path /opt/stack/neutron/neutron/api/extensions.py:449}}
Aug 21 14:50:13.619563 np0000007907 devstack@neutron-api.service[87582]: DEBUG neutron.manager [None req-1cd3e312-404d-4e0a-badf-319952b8912a None None] Successfully loaded TAG plugin. Description: Tag support {{(pid=87582) _create_and_add_service_plugin /opt/stack/neutron/neutron/manager.py:236}}
Aug 21 14:50:13.619694 np0000007907 devstack@neutron-api.service[87581]: DEBUG neutron.api.extensions [None req-6b4ba4f5-36f3-4f0e-a592-bb078ed2036a None None] Ext name="EVPN" alias="evpn" description="Router extension to support EVPN Type-5 route advertisement" updated="2026-04-28T00:00:00-00:00" {{(pid=87581) _check_extension /opt/stack/neutron/neutron/api/extensions.py:415}}
Aug 21 14:50:13.619907 np0000007907 devstack@neutron-api.service[87582]: INFO neutron.manager [None req-1cd3e312-404d-4e0a-badf-319952b8912a None None] Loading Plugin: timestamp
Aug 21 14:50:13.620086 np0000007907 devstack@neutron-api.service[87581]: INFO neutron.api.extensions [None req-6b4ba4f5-36f3-4f0e-a592-bb078ed2036a None None] Extension evpn not supported by any of loaded plugins
Aug 21 14:50:13.620086 np0000007907 devstack@neutron-api.service[87581]: DEBUG neutron.api.extensions [None req-6b4ba4f5-36f3-4f0e-a592-bb078ed2036a None None] Loading extension file: expose_l3_conntrack_helper.py {{(pid=87581) _load_all_extensions_from_path /opt/stack/neutron/neutron/api/extensions.py:449}}
Aug 21 14:50:13.620086 np0000007907 devstack@neutron-api.service[87581]: DEBUG neutron.api.extensions [None req-6b4ba4f5-36f3-4f0e-a592-bb078ed2036a None None] Ext name="Expose CT target rules for conntrack helper" alias="expose-l3-conntrack-helper" description="Expose allow adding CT target rules for conntrack helper" updated="2019-04-04T10:00:00-00:00" {{(pid=87581) _check_extension /opt/stack/neutron/neutron/api/extensions.py:415}}
Aug 21 14:50:13.620086 np0000007907 devstack@neutron-api.service[87581]: INFO neutron.api.extensions [None req-6b4ba4f5-36f3-4f0e-a592-bb078ed2036a None None] Extension expose-l3-conntrack-helper not supported by any of loaded plugins
Aug 21 14:50:13.620086 np0000007907 devstack@neutron-api.service[87581]: DEBUG neutron.api.extensions [None req-6b4ba4f5-36f3-4f0e-a592-bb078ed2036a None None] Loading extension file: expose_port_forwarding_in_fip.py {{(pid=87581) _load_all_extensions_from_path /opt/stack/neutron/neutron/api/extensions.py:449}}
Aug 21 14:50:13.620086 np0000007907 devstack@neutron-api.service[87581]: DEBUG neutron.api.extensions [None req-6b4ba4f5-36f3-4f0e-a592-bb078ed2036a None None] Ext name="Expose Floating IP port forwardings" alias="expose-port-forwarding-in-fip" description="Expose port forwarding fields in floating IP response" updated="2018-06-28T16:00:00-00:00" {{(pid=87581) _check_extension /opt/stack/neutron/neutron/api/extensions.py:415}}
Aug 21 14:50:13.620086 np0000007907 devstack@neutron-api.service[87581]: INFO neutron.api.extensions [None req-6b4ba4f5-36f3-4f0e-a592-bb078ed2036a None None] Extension expose-port-forwarding-in-fip not supported by any of loaded plugins
Aug 21 14:50:13.620655 np0000007907 devstack@neutron-api.service[87581]: DEBUG neutron.api.extensions [None req-6b4ba4f5-36f3-4f0e-a592-bb078ed2036a None None] Loading extension file: external_net.py {{(pid=87581) _load_all_extensions_from_path /opt/stack/neutron/neutron/api/extensions.py:449}}
Aug 21 14:50:13.620784 np0000007907 devstack@neutron-api.service[87582]: DEBUG neutron.manager [None req-1cd3e312-404d-4e0a-badf-319952b8912a None None] Successfully loaded timestamp plugin. Description: Adds timestamps to Neutron resources with standard attributes {{(pid=87582) _create_and_add_service_plugin /opt/stack/neutron/neutron/manager.py:236}}
Aug 21 14:50:13.620908 np0000007907 devstack@neutron-api.service[87581]: DEBUG neutron.api.extensions [None req-6b4ba4f5-36f3-4f0e-a592-bb078ed2036a None None] Ext name="Neutron external network" alias="external-net" description="Adds external network attribute to network resource." updated="2013-01-14T10:00:00-00:00" {{(pid=87581) _check_extension /opt/stack/neutron/neutron/api/extensions.py:415}}
Aug 21 14:50:13.621058 np0000007907 devstack@neutron-api.service[87582]: INFO neutron.manager [None req-1cd3e312-404d-4e0a-badf-319952b8912a None None] Loading Plugin: network_ip_availability
Aug 21 14:50:13.621139 np0000007907 devstack@neutron-api.service[87581]: INFO neutron.api.extensions [None req-6b4ba4f5-36f3-4f0e-a592-bb078ed2036a None None] Loaded extension: external-net
Aug 21 14:50:13.621139 np0000007907 devstack@neutron-api.service[87581]: DEBUG neutron.api.extensions [None req-6b4ba4f5-36f3-4f0e-a592-bb078ed2036a None None] Loading extension file: extra_dhcp_opt.py {{(pid=87581) _load_all_extensions_from_path /opt/stack/neutron/neutron/api/extensions.py:449}}
Aug 21 14:50:13.621139 np0000007907 devstack@neutron-api.service[87581]: DEBUG neutron.api.extensions [None req-6b4ba4f5-36f3-4f0e-a592-bb078ed2036a None None] Ext name="Neutron Extra DHCP options" alias="extra_dhcp_opt" description="Extra options configuration for DHCP. For example PXE boot options to DHCP clients can be specified (e.g. tftp-server, server-ip-address, bootfile-name)" updated="2013-03-17T12:00:00-00:00" {{(pid=87581) _check_extension /opt/stack/neutron/neutron/api/extensions.py:415}}
Aug 21 14:50:13.621139 np0000007907 devstack@neutron-api.service[87581]: INFO neutron.api.extensions [None req-6b4ba4f5-36f3-4f0e-a592-bb078ed2036a None None] Loaded extension: extra_dhcp_opt
Aug 21 14:50:13.621139 np0000007907 devstack@neutron-api.service[87581]: DEBUG neutron.api.extensions [None req-6b4ba4f5-36f3-4f0e-a592-bb078ed2036a None None] Loading extension file: extraroute.py {{(pid=87581) _load_all_extensions_from_path /opt/stack/neutron/neutron/api/extensions.py:449}}
Aug 21 14:50:13.621139 np0000007907 devstack@neutron-api.service[87581]: DEBUG neutron.api.extensions [None req-6b4ba4f5-36f3-4f0e-a592-bb078ed2036a None None] Ext name="Neutron Extra Route" alias="extraroute" description="Extra routes configuration for L3 router" updated="2013-02-01T10:00:00-00:00" {{(pid=87581) _check_extension /opt/stack/neutron/neutron/api/extensions.py:415}}
Aug 21 14:50:13.621139 np0000007907 devstack@neutron-api.service[87581]: INFO neutron.api.extensions [None req-6b4ba4f5-36f3-4f0e-a592-bb078ed2036a None None] Loaded extension: extraroute
Aug 21 14:50:13.621471 np0000007907 devstack@neutron-api.service[87581]: DEBUG neutron.api.extensions [None req-6b4ba4f5-36f3-4f0e-a592-bb078ed2036a None None] Loading extension file: extraroute_atomic.py {{(pid=87581) _load_all_extensions_from_path /opt/stack/neutron/neutron/api/extensions.py:449}}
Aug 21 14:50:13.621471 np0000007907 devstack@neutron-api.service[87581]: DEBUG neutron.api.extensions [None req-6b4ba4f5-36f3-4f0e-a592-bb078ed2036a None None] Ext name="Atomically add/remove extra routes" alias="extraroute-atomic" description="Edit extra routes of a router on server side by atomically adding/removing extra routes" updated="2019-07-10T00:00:00+00:00" {{(pid=87581) _check_extension /opt/stack/neutron/neutron/api/extensions.py:415}}
Aug 21 14:50:13.621673 np0000007907 devstack@neutron-api.service[87582]: DEBUG neutron.manager [None req-1cd3e312-404d-4e0a-badf-319952b8912a None None] Successfully loaded network-ip-availability plugin. Description: Provides IP availability data for each network and subnet. {{(pid=87582) _create_and_add_service_plugin /opt/stack/neutron/neutron/manager.py:236}}
Aug 21 14:50:13.621757 np0000007907 devstack@neutron-api.service[87581]: INFO neutron.api.extensions [None req-6b4ba4f5-36f3-4f0e-a592-bb078ed2036a None None] Loaded extension: extraroute-atomic
Aug 21 14:50:13.621757 np0000007907 devstack@neutron-api.service[87581]: DEBUG neutron.api.extensions [None req-6b4ba4f5-36f3-4f0e-a592-bb078ed2036a None None] Loading extension file: filter_validation.py {{(pid=87581) _load_all_extensions_from_path /opt/stack/neutron/neutron/api/extensions.py:449}}
Aug 21 14:50:13.621879 np0000007907 devstack@neutron-api.service[87582]: INFO neutron.manager [None req-1cd3e312-404d-4e0a-badf-319952b8912a None None] Loading Plugin: flavors
Aug 21 14:50:13.621977 np0000007907 devstack@neutron-api.service[87581]: DEBUG neutron.api.extensions [None req-6b4ba4f5-36f3-4f0e-a592-bb078ed2036a None None] Ext name="Filter parameters validation" alias="filter-validation" description="Provides validation on filter parameters." updated="2018-07-04T10:00:00-00:00" {{(pid=87581) _check_extension /opt/stack/neutron/neutron/api/extensions.py:415}}
Aug 21 14:50:13.621977 np0000007907 devstack@neutron-api.service[87581]: INFO neutron.api.extensions [None req-6b4ba4f5-36f3-4f0e-a592-bb078ed2036a None None] Loaded extension: filter-validation
Aug 21 14:50:13.621977 np0000007907 devstack@neutron-api.service[87581]: DEBUG neutron.api.extensions [None req-6b4ba4f5-36f3-4f0e-a592-bb078ed2036a None None] Loading extension file: fip_pf_description.py {{(pid=87581) _load_all_extensions_from_path /opt/stack/neutron/neutron/api/extensions.py:449}}
Aug 21 14:50:13.621977 np0000007907 devstack@neutron-api.service[87581]: DEBUG neutron.api.extensions [None req-6b4ba4f5-36f3-4f0e-a592-bb078ed2036a None None] Ext name="Floating IP Port Forwarding new attribute description" alias="floating-ip-port-forwarding-description" description="Add a description field to Port Forwarding rules" updated="2019-11-01T10:00:00-00:00" {{(pid=87581) _check_extension /opt/stack/neutron/neutron/api/extensions.py:415}}
Aug 21 14:50:13.622116 np0000007907 devstack@neutron-api.service[87582]: DEBUG neutron.manager [None req-1cd3e312-404d-4e0a-badf-319952b8912a None None] Successfully loaded FLAVORS plugin. Description: Neutron Flavors and Service Profiles manager plugin {{(pid=87582) _create_and_add_service_plugin /opt/stack/neutron/neutron/manager.py:236}}
Aug 21 14:50:13.622198 np0000007907 devstack@neutron-api.service[87581]: INFO neutron.api.extensions [None req-6b4ba4f5-36f3-4f0e-a592-bb078ed2036a None None] Extension floating-ip-port-forwarding-description not supported by any of loaded plugins
Aug 21 14:50:13.622310 np0000007907 devstack@neutron-api.service[87582]: INFO neutron.manager [None req-1cd3e312-404d-4e0a-badf-319952b8912a None None] Loading Plugin: revisions
Aug 21 14:50:13.622388 np0000007907 devstack@neutron-api.service[87581]: DEBUG neutron.api.extensions [None req-6b4ba4f5-36f3-4f0e-a592-bb078ed2036a None None] Loading extension file: fip_pf_detail.py {{(pid=87581) _load_all_extensions_from_path /opt/stack/neutron/neutron/api/extensions.py:449}}
Aug 21 14:50:13.622388 np0000007907 devstack@neutron-api.service[87581]: DEBUG neutron.api.extensions [None req-6b4ba4f5-36f3-4f0e-a592-bb078ed2036a None None] Ext name="Floating IP port forwarding detail" alias="floating-ip-port-forwarding-detail" description="Allow list floating ip return more port forwarding data, include'id' and 'internal_port_id'" updated="2022-05-06T10:00:00-00:00" {{(pid=87581) _check_extension /opt/stack/neutron/neutron/api/extensions.py:415}}
Aug 21 14:50:13.622388 np0000007907 devstack@neutron-api.service[87581]: INFO neutron.api.extensions [None req-6b4ba4f5-36f3-4f0e-a592-bb078ed2036a None None] Loaded extension: floating-ip-port-forwarding-detail
Aug 21 14:50:13.622388 np0000007907 devstack@neutron-api.service[87581]: DEBUG neutron.api.extensions [None req-6b4ba4f5-36f3-4f0e-a592-bb078ed2036a None None] Loading extension file: fip_pf_port_range.py {{(pid=87581) _load_all_extensions_from_path /opt/stack/neutron/neutron/api/extensions.py:449}}
Aug 21 14:50:13.622388 np0000007907 devstack@neutron-api.service[87581]: DEBUG neutron.api.extensions [None req-6b4ba4f5-36f3-4f0e-a592-bb078ed2036a None None] Ext name="Floating IP Port Forwarding support port ranges" alias="floating-ip-port-forwarding-port-ranges" description="Add support to port ranges" updated="2020-07-01T10:00:00-00:00" {{(pid=87581) _check_extension /opt/stack/neutron/neutron/api/extensions.py:415}}
Aug 21 14:50:13.622388 np0000007907 devstack@neutron-api.service[87581]: INFO neutron.api.extensions [None req-6b4ba4f5-36f3-4f0e-a592-bb078ed2036a None None] Extension floating-ip-port-forwarding-port-ranges not supported by any of loaded plugins
Aug 21 14:50:13.622388 np0000007907 devstack@neutron-api.service[87581]: DEBUG neutron.api.extensions [None req-6b4ba4f5-36f3-4f0e-a592-bb078ed2036a None None] Loading extension file: fip_port_details.py {{(pid=87581) _load_all_extensions_from_path /opt/stack/neutron/neutron/api/extensions.py:449}}
Aug 21 14:50:13.622753 np0000007907 devstack@neutron-api.service[87582]: DEBUG neutron.manager [None req-1cd3e312-404d-4e0a-badf-319952b8912a None None] Successfully loaded revision_plugin plugin. Description: Adds revision numbers to resources. {{(pid=87582) _create_and_add_service_plugin /opt/stack/neutron/neutron/manager.py:236}}
Aug 21 14:50:13.622753 np0000007907 devstack@neutron-api.service[87582]: DEBUG oslo_concurrency.lockutils [None req-1cd3e312-404d-4e0a-badf-319952b8912a None None] Lock "manager" "released" by "neutron.manager.NeutronManager._create_instance" :: held 4.073s {{(pid=87582) inner /opt/stack/data/venv/lib/python3.12/site-packages/oslo_concurrency/lockutils.py:544}}
Aug 21 14:50:13.622865 np0000007907 devstack@neutron-api.service[87581]: DEBUG neutron.api.extensions [None req-6b4ba4f5-36f3-4f0e-a592-bb078ed2036a None None] Ext name="Floating IP Port Details Extension" alias="fip-port-details" description="Add port_details attribute to Floating IP resource" updated="2018-04-09T10:00:00-00:00" {{(pid=87581) _check_extension /opt/stack/neutron/neutron/api/extensions.py:415}}
Aug 21 14:50:13.622865 np0000007907 devstack@neutron-api.service[87581]: INFO neutron.api.extensions [None req-6b4ba4f5-36f3-4f0e-a592-bb078ed2036a None None] Loaded extension: fip-port-details
Aug 21 14:50:13.623005 np0000007907 devstack@neutron-api.service[87582]: DEBUG neutron.api.extensions [None req-1cd3e312-404d-4e0a-badf-319952b8912a None None] get_extension_paths = OrderedDict({'/opt/stack/neutron/neutron/extensions': 1}) {{(pid=87582) get_extensions_path /opt/stack/neutron/neutron/api/extensions.py:640}}
Aug 21 14:50:13.623124 np0000007907 devstack@neutron-api.service[87581]: DEBUG neutron.api.extensions [None req-6b4ba4f5-36f3-4f0e-a592-bb078ed2036a None None] Loading extension file: flavors.py {{(pid=87581) _load_all_extensions_from_path /opt/stack/neutron/neutron/api/extensions.py:449}}
Aug 21 14:50:13.623261 np0000007907 devstack@neutron-api.service[87582]: INFO neutron.api.extensions [None req-1cd3e312-404d-4e0a-badf-319952b8912a None None] Initializing extension manager.
Aug 21 14:50:13.623387 np0000007907 devstack@neutron-api.service[87581]: DEBUG neutron.api.extensions [None req-6b4ba4f5-36f3-4f0e-a592-bb078ed2036a None None] Ext name="Neutron Service Flavors" alias="flavors" description="Flavor specification for Neutron advanced services." updated="2015-09-17T10:00:00-00:00" {{(pid=87581) _check_extension /opt/stack/neutron/neutron/api/extensions.py:415}}
Aug 21 14:50:13.623527 np0000007907 devstack@neutron-api.service[87582]: DEBUG neutron.api.extensions [None req-1cd3e312-404d-4e0a-badf-319952b8912a None None] Loading extension file: __init__.py {{(pid=87582) _load_all_extensions_from_path /opt/stack/neutron/neutron/api/extensions.py:449}}
Aug 21 14:50:13.623527 np0000007907 devstack@neutron-api.service[87582]: DEBUG neutron.api.extensions [None req-1cd3e312-404d-4e0a-badf-319952b8912a None None] Loading extension file: __pycache__ {{(pid=87582) _load_all_extensions_from_path /opt/stack/neutron/neutron/api/extensions.py:449}}
Aug 21 14:50:13.623636 np0000007907 devstack@neutron-api.service[87581]: INFO neutron.api.extensions [None req-6b4ba4f5-36f3-4f0e-a592-bb078ed2036a None None] Loaded extension: flavors
Aug 21 14:50:13.623636 np0000007907 devstack@neutron-api.service[87581]: DEBUG neutron.api.extensions [None req-6b4ba4f5-36f3-4f0e-a592-bb078ed2036a None None] Loading extension file: floating_ip_port_forwarding.py {{(pid=87581) _load_all_extensions_from_path /opt/stack/neutron/neutron/api/extensions.py:449}}
Aug 21 14:50:13.623990 np0000007907 devstack@neutron-api.service[87582]: DEBUG neutron.api.extensions [None req-1cd3e312-404d-4e0a-badf-319952b8912a None None] Loading extension file: aap_reject_multicast.py {{(pid=87582) _load_all_extensions_from_path /opt/stack/neutron/neutron/api/extensions.py:449}}
Aug 21 14:50:13.623990 np0000007907 devstack@neutron-api.service[87582]: DEBUG neutron.api.extensions [None req-1cd3e312-404d-4e0a-badf-319952b8912a None None] Ext name="Allowed address pairs reject multicast extension" alias="aap-reject-multicast" description="Reject multicast addresses in Allowed Address Pairs" updated="2026-04-01T00:00:00-00:00" {{(pid=87582) _check_extension /opt/stack/neutron/neutron/api/extensions.py:415}}
Aug 21 14:50:13.624116 np0000007907 devstack@neutron-api.service[87581]: DEBUG neutron.api.extensions [None req-6b4ba4f5-36f3-4f0e-a592-bb078ed2036a None None] Ext name="Floating IP Port Forwarding" alias="floating-ip-port-forwarding" description="Allow port forwarding from floating IP port to an internal port" updated="2018-01-19T10:00:00-00:00" {{(pid=87581) _check_extension /opt/stack/neutron/neutron/api/extensions.py:415}}
Aug 21 14:50:13.624116 np0000007907 devstack@neutron-api.service[87581]: INFO neutron.api.extensions [None req-6b4ba4f5-36f3-4f0e-a592-bb078ed2036a None None] Extension floating-ip-port-forwarding not supported by any of loaded plugins
Aug 21 14:50:13.624238 np0000007907 devstack@neutron-api.service[87582]: INFO neutron.api.extensions [None req-1cd3e312-404d-4e0a-badf-319952b8912a None None] Extension aap-reject-multicast not supported by any of loaded plugins
Aug 21 14:50:13.624354 np0000007907 devstack@neutron-api.service[87581]: DEBUG neutron.api.extensions [None req-6b4ba4f5-36f3-4f0e-a592-bb078ed2036a None None] Loading extension file: floatingip_pools.py {{(pid=87581) _load_all_extensions_from_path /opt/stack/neutron/neutron/api/extensions.py:449}}
Aug 21 14:50:13.624446 np0000007907 devstack@neutron-api.service[87582]: DEBUG neutron.api.extensions [None req-1cd3e312-404d-4e0a-badf-319952b8912a None None] Loading extension file: address_group.py {{(pid=87582) _load_all_extensions_from_path /opt/stack/neutron/neutron/api/extensions.py:449}}
Aug 21 14:50:13.624561 np0000007907 devstack@neutron-api.service[87581]: DEBUG neutron.api.extensions [None req-6b4ba4f5-36f3-4f0e-a592-bb078ed2036a None None] Ext name="Floating IP Pools Extension" alias="floatingip-pools" description="Provides a floating IP pools API." updated="2018-03-21T10:00:00-00:00" {{(pid=87581) _check_extension /opt/stack/neutron/neutron/api/extensions.py:415}}
