Aug 18 11:52:47.864632 np0000007649 devstack@g-api.service[99711]: [pid: 99711|app: 0|req: 17/54] 127.0.0.1 () {44 vars in 1051 bytes} [Tue Aug 18 11:52:47 2026] GET /v2/schemas/image => generated 6083 bytes in 3 msecs (HTTP/1.1 200) 4 headers in 158 bytes (1 switches on core 0)
Aug 18 11:52:48.985824 np0000007649 devstack@g-api.service[99712]: DEBUG glance.api.middleware.version_negotiation [None req-79f3a219-de95-4185-ae0e-5611877ae9d0 tempest-TaggedBootDevicesTest-472227832 tempest-TaggedBootDevicesTest-472227832-project-member] Determining version of request: GET /v2/images/344d2b4e-40cb-436c-836b-31262f6f34af Accept: */* {{(pid=99712) process_request /opt/stack/glance/glance/api/middleware/version_negotiation.py:44}}
Aug 18 11:52:48.986273 np0000007649 devstack@g-api.service[99712]: DEBUG glance.api.middleware.version_negotiation [None req-79f3a219-de95-4185-ae0e-5611877ae9d0 tempest-TaggedBootDevicesTest-472227832 tempest-TaggedBootDevicesTest-472227832-project-member] Using url versioning {{(pid=99712) process_request /opt/stack/glance/glance/api/middleware/version_negotiation.py:57}}
Aug 18 11:52:48.986273 np0000007649 devstack@g-api.service[99712]: DEBUG glance.api.middleware.version_negotiation [None req-79f3a219-de95-4185-ae0e-5611877ae9d0 tempest-TaggedBootDevicesTest-472227832 tempest-TaggedBootDevicesTest-472227832-project-member] Matched version: v2 {{(pid=99712) process_request /opt/stack/glance/glance/api/middleware/version_negotiation.py:69}}
Aug 18 11:52:48.986273 np0000007649 devstack@g-api.service[99712]: DEBUG glance.api.middleware.version_negotiation [None req-79f3a219-de95-4185-ae0e-5611877ae9d0 tempest-TaggedBootDevicesTest-472227832 tempest-TaggedBootDevicesTest-472227832-project-member] new path /v2/images/344d2b4e-40cb-436c-836b-31262f6f34af {{(pid=99712) process_request /opt/stack/glance/glance/api/middleware/version_negotiation.py:70}}
Aug 18 11:52:49.058545 np0000007649 devstack@g-api.service[99710]: DEBUG glance.api.middleware.version_negotiation [None req-cc0a2aa5-5dbd-48ca-8ed2-33098dea5dac tempest-ServerActionsV293TestJSON-2029324253 tempest-ServerActionsV293TestJSON-2029324253-project-member] Determining version of request: GET /v2/images/344d2b4e-40cb-436c-836b-31262f6f34af Accept: */* {{(pid=99710) process_request /opt/stack/glance/glance/api/middleware/version_negotiation.py:44}}
Aug 18 11:52:49.058988 np0000007649 devstack@g-api.service[99710]: DEBUG glance.api.middleware.version_negotiation [None req-cc0a2aa5-5dbd-48ca-8ed2-33098dea5dac tempest-ServerActionsV293TestJSON-2029324253 tempest-ServerActionsV293TestJSON-2029324253-project-member] Using url versioning {{(pid=99710) process_request /opt/stack/glance/glance/api/middleware/version_negotiation.py:57}}
Aug 18 11:52:49.058988 np0000007649 devstack@g-api.service[99710]: DEBUG glance.api.middleware.version_negotiation [None req-cc0a2aa5-5dbd-48ca-8ed2-33098dea5dac tempest-ServerActionsV293TestJSON-2029324253 tempest-ServerActionsV293TestJSON-2029324253-project-member] Matched version: v2 {{(pid=99710) process_request /opt/stack/glance/glance/api/middleware/version_negotiation.py:69}}
Aug 18 11:52:49.059158 np0000007649 devstack@g-api.service[99710]: DEBUG glance.api.middleware.version_negotiation [None req-cc0a2aa5-5dbd-48ca-8ed2-33098dea5dac tempest-ServerActionsV293TestJSON-2029324253 tempest-ServerActionsV293TestJSON-2029324253-project-member] new path /v2/images/344d2b4e-40cb-436c-836b-31262f6f34af {{(pid=99710) process_request /opt/stack/glance/glance/api/middleware/version_negotiation.py:70}}
Aug 18 11:52:49.073949 np0000007649 devstack@g-api.service[99710]: [pid: 99710|app: 0|req: 20/55] 127.0.0.1 () {44 vars in 1111 bytes} [Tue Aug 18 11:52:49 2026] GET /v2/images/344d2b4e-40cb-436c-836b-31262f6f34af => generated 1044 bytes in 16 msecs (HTTP/1.1 200) 4 headers in 158 bytes (1 switches on core 0)
Aug 18 11:52:49.084842 np0000007649 devstack@g-api.service[99711]: DEBUG glance.api.middleware.version_negotiation [None req-cc0a2aa5-5dbd-48ca-8ed2-33098dea5dac tempest-ServerActionsV293TestJSON-2029324253 tempest-ServerActionsV293TestJSON-2029324253-project-member] Determining version of request: GET /v2/schemas/image Accept: */* {{(pid=99711) process_request /opt/stack/glance/glance/api/middleware/version_negotiation.py:44}}
Aug 18 11:52:49.085907 np0000007649 devstack@g-api.service[99711]: DEBUG glance.api.middleware.version_negotiation [None req-cc0a2aa5-5dbd-48ca-8ed2-33098dea5dac tempest-ServerActionsV293TestJSON-2029324253 tempest-ServerActionsV293TestJSON-2029324253-project-member] Using url versioning {{(pid=99711) process_request /opt/stack/glance/glance/api/middleware/version_negotiation.py:57}}
Aug 18 11:52:49.085907 np0000007649 devstack@g-api.service[99711]: DEBUG glance.api.middleware.version_negotiation [None req-cc0a2aa5-5dbd-48ca-8ed2-33098dea5dac tempest-ServerActionsV293TestJSON-2029324253 tempest-ServerActionsV293TestJSON-2029324253-project-member] Matched version: v2 {{(pid=99711) process_request /opt/stack/glance/glance/api/middleware/version_negotiation.py:69}}
Aug 18 11:52:49.085907 np0000007649 devstack@g-api.service[99711]: DEBUG glance.api.middleware.version_negotiation [None req-cc0a2aa5-5dbd-48ca-8ed2-33098dea5dac tempest-ServerActionsV293TestJSON-2029324253 tempest-ServerActionsV293TestJSON-2029324253-project-member] new path /v2/schemas/image {{(pid=99711) process_request /opt/stack/glance/glance/api/middleware/version_negotiation.py:70}}
Aug 18 11:52:49.088450 np0000007649 devstack@g-api.service[99711]: [pid: 99711|app: 0|req: 18/56] 127.0.0.1 () {44 vars in 1051 bytes} [Tue Aug 18 11:52:49 2026] GET /v2/schemas/image => generated 6083 bytes in 3 msecs (HTTP/1.1 200) 4 headers in 158 bytes (1 switches on core 0)
Aug 18 11:52:49.347900 np0000007649 devstack@g-api.service[99712]: [pid: 99712|app: 0|req: 19/57] 127.0.0.1 () {44 vars in 1111 bytes} [Tue Aug 18 11:52:48 2026] GET /v2/images/344d2b4e-40cb-436c-836b-31262f6f34af => generated 1044 bytes in 362 msecs (HTTP/1.1 200) 4 headers in 158 bytes (1 switches on core 0)
Aug 18 11:52:49.385918 np0000007649 devstack@g-api.service[99710]: DEBUG glance.api.middleware.version_negotiation [None req-79f3a219-de95-4185-ae0e-5611877ae9d0 tempest-TaggedBootDevicesTest-472227832 tempest-TaggedBootDevicesTest-472227832-project-member] Determining version of request: GET /v2/images/344d2b4e-40cb-436c-836b-31262f6f34af/file Accept: */* {{(pid=99710) process_request /opt/stack/glance/glance/api/middleware/version_negotiation.py:44}}
Aug 18 11:52:49.386169 np0000007649 devstack@g-api.service[99710]: DEBUG glance.api.middleware.version_negotiation [None req-79f3a219-de95-4185-ae0e-5611877ae9d0 tempest-TaggedBootDevicesTest-472227832 tempest-TaggedBootDevicesTest-472227832-project-member] Using url versioning {{(pid=99710) process_request /opt/stack/glance/glance/api/middleware/version_negotiation.py:57}}
Aug 18 11:52:49.386376 np0000007649 devstack@g-api.service[99710]: DEBUG glance.api.middleware.version_negotiation [None req-79f3a219-de95-4185-ae0e-5611877ae9d0 tempest-TaggedBootDevicesTest-472227832 tempest-TaggedBootDevicesTest-472227832-project-member] Matched version: v2 {{(pid=99710) process_request /opt/stack/glance/glance/api/middleware/version_negotiation.py:69}}
Aug 18 11:52:49.386556 np0000007649 devstack@g-api.service[99710]: DEBUG glance.api.middleware.version_negotiation [None req-79f3a219-de95-4185-ae0e-5611877ae9d0 tempest-TaggedBootDevicesTest-472227832 tempest-TaggedBootDevicesTest-472227832-project-member] new path /v2/images/344d2b4e-40cb-436c-836b-31262f6f34af/file {{(pid=99710) process_request /opt/stack/glance/glance/api/middleware/version_negotiation.py:70}}
Aug 18 11:52:49.406062 np0000007649 devstack@g-api.service[99710]: DEBUG glance.api.middleware.cache [None req-8638929a-84e1-468a-8c40-5c66bdcc3c55 tempest-DeleteServersTestJSON-1260464697 tempest-DeleteServersTestJSON-1260464697-project-member] Cache hit for image '344d2b4e-40cb-436c-836b-31262f6f34af' {{(pid=99710) process_request /opt/stack/glance/glance/api/middleware/cache.py:160}}
Aug 18 11:52:49.500023 np0000007649 devstack@g-api.service[99710]: [pid: 99710|app: 0|req: 21/58] 127.0.0.1 () {44 vars in 1121 bytes} [Tue Aug 18 11:52:49 2026] GET /v2/images/344d2b4e-40cb-436c-836b-31262f6f34af/file => generated 21692416 bytes in 114 msecs (HTTP/1.1 200) 5 headers in 217 bytes (339 switches on core 0)
Aug 18 11:52:49.603829 np0000007649 devstack@g-api.service[99711]: DEBUG glance.api.middleware.version_negotiation [None req-79f3a219-de95-4185-ae0e-5611877ae9d0 tempest-TaggedBootDevicesTest-472227832 tempest-TaggedBootDevicesTest-472227832-project-member] Determining version of request: GET /v2/images/344d2b4e-40cb-436c-836b-31262f6f34af Accept: */* {{(pid=99711) process_request /opt/stack/glance/glance/api/middleware/version_negotiation.py:44}}
Aug 18 11:52:49.604101 np0000007649 devstack@g-api.service[99711]: DEBUG glance.api.middleware.version_negotiation [None req-79f3a219-de95-4185-ae0e-5611877ae9d0 tempest-TaggedBootDevicesTest-472227832 tempest-TaggedBootDevicesTest-472227832-project-member] Using url versioning {{(pid=99711) process_request /opt/stack/glance/glance/api/middleware/version_negotiation.py:57}}
Aug 18 11:52:49.604385 np0000007649 devstack@g-api.service[99711]: DEBUG glance.api.middleware.version_negotiation [None req-79f3a219-de95-4185-ae0e-5611877ae9d0 tempest-TaggedBootDevicesTest-472227832 tempest-TaggedBootDevicesTest-472227832-project-member] Matched version: v2 {{(pid=99711) process_request /opt/stack/glance/glance/api/middleware/version_negotiation.py:69}}
Aug 18 11:52:49.604527 np0000007649 devstack@g-api.service[99711]: DEBUG glance.api.middleware.version_negotiation [None req-79f3a219-de95-4185-ae0e-5611877ae9d0 tempest-TaggedBootDevicesTest-472227832 tempest-TaggedBootDevicesTest-472227832-project-member] new path /v2/images/344d2b4e-40cb-436c-836b-31262f6f34af {{(pid=99711) process_request /opt/stack/glance/glance/api/middleware/version_negotiation.py:70}}
Aug 18 11:52:49.618039 np0000007649 devstack@g-api.service[99711]: [pid: 99711|app: 0|req: 19/59] 127.0.0.1 () {44 vars in 1111 bytes} [Tue Aug 18 11:52:49 2026] GET /v2/images/344d2b4e-40cb-436c-836b-31262f6f34af => generated 1044 bytes in 16 msecs (HTTP/1.1 200) 4 headers in 158 bytes (1 switches on core 0)
Aug 18 11:52:49.640905 np0000007649 devstack@g-api.service[99712]: DEBUG glance.api.middleware.version_negotiation [None req-8638929a-84e1-468a-8c40-5c66bdcc3c55 tempest-DeleteServersTestJSON-1260464697 tempest-DeleteServersTestJSON-1260464697-project-member] Determining version of request: GET /v2/images/344d2b4e-40cb-436c-836b-31262f6f34af Accept: application/json {{(pid=99712) process_request /opt/stack/glance/glance/api/middleware/version_negotiation.py:44}}
Aug 18 11:52:49.641127 np0000007649 devstack@g-api.service[99712]: DEBUG glance.api.middleware.version_negotiation [None req-8638929a-84e1-468a-8c40-5c66bdcc3c55 tempest-DeleteServersTestJSON-1260464697 tempest-DeleteServersTestJSON-1260464697-project-member] Using url versioning {{(pid=99712) process_request /opt/stack/glance/glance/api/middleware/version_negotiation.py:57}}
Aug 18 11:52:49.641310 np0000007649 devstack@g-api.service[99712]: DEBUG glance.api.middleware.version_negotiation [None req-8638929a-84e1-468a-8c40-5c66bdcc3c55 tempest-DeleteServersTestJSON-1260464697 tempest-DeleteServersTestJSON-1260464697-project-member] Matched version: v2 {{(pid=99712) process_request /opt/stack/glance/glance/api/middleware/version_negotiation.py:69}}
Aug 18 11:52:49.641516 np0000007649 devstack@g-api.service[99712]: DEBUG glance.api.middleware.version_negotiation [None req-8638929a-84e1-468a-8c40-5c66bdcc3c55 tempest-DeleteServersTestJSON-1260464697 tempest-DeleteServersTestJSON-1260464697-project-member] new path /v2/images/344d2b4e-40cb-436c-836b-31262f6f34af {{(pid=99712) process_request /opt/stack/glance/glance/api/middleware/version_negotiation.py:70}}
Aug 18 11:52:49.651675 np0000007649 devstack@g-api.service[99710]: DEBUG glance.api.middleware.version_negotiation [None req-8638929a-84e1-468a-8c40-5c66bdcc3c55 tempest-DeleteServersTestJSON-1260464697 tempest-DeleteServersTestJSON-1260464697-project-member] Determining version of request: GET /v2/schemas/image Accept: */* {{(pid=99710) process_request /opt/stack/glance/glance/api/middleware/version_negotiation.py:44}}
Aug 18 11:52:49.651888 np0000007649 devstack@g-api.service[99710]: DEBUG glance.api.middleware.version_negotiation [None req-8638929a-84e1-468a-8c40-5c66bdcc3c55 tempest-DeleteServersTestJSON-1260464697 tempest-DeleteServersTestJSON-1260464697-project-member] Using url versioning {{(pid=99710) process_request /opt/stack/glance/glance/api/middleware/version_negotiation.py:57}}
Aug 18 11:52:49.652101 np0000007649 devstack@g-api.service[99710]: DEBUG glance.api.middleware.version_negotiation [None req-8638929a-84e1-468a-8c40-5c66bdcc3c55 tempest-DeleteServersTestJSON-1260464697 tempest-DeleteServersTestJSON-1260464697-project-member] Matched version: v2 {{(pid=99710) process_request /opt/stack/glance/glance/api/middleware/version_negotiation.py:69}}
Aug 18 11:52:49.652233 np0000007649 devstack@g-api.service[99710]: DEBUG glance.api.middleware.version_negotiation [None req-8638929a-84e1-468a-8c40-5c66bdcc3c55 tempest-DeleteServersTestJSON-1260464697 tempest-DeleteServersTestJSON-1260464697-project-member] new path /v2/schemas/image {{(pid=99710) process_request /opt/stack/glance/glance/api/middleware/version_negotiation.py:70}}
Aug 18 11:52:49.654913 np0000007649 devstack@g-api.service[99710]: [pid: 99710|app: 0|req: 22/60] 127.0.0.1 () {44 vars in 1051 bytes} [Tue Aug 18 11:52:49 2026] GET /v2/schemas/image => generated 6083 bytes in 4 msecs (HTTP/1.1 200) 4 headers in 158 bytes (1 switches on core 0)
Aug 18 11:52:50.011794 np0000007649 devstack@g-api.service[99712]: [pid: 99712|app: 0|req: 20/61] 127.0.0.1 () {40 vars in 834 bytes} [Tue Aug 18 11:52:49 2026] GET /v2/images/344d2b4e-40cb-436c-836b-31262f6f34af => generated 1044 bytes in 371 msecs (HTTP/1.1 200) 4 headers in 158 bytes (1 switches on core 0)
Aug 18 11:52:50.021125 np0000007649 devstack@g-api.service[99711]: DEBUG glance.api.middleware.version_negotiation [None req-8638929a-84e1-468a-8c40-5c66bdcc3c55 tempest-DeleteServersTestJSON-1260464697 tempest-DeleteServersTestJSON-1260464697-project-member] Determining version of request: GET /v2/images/344d2b4e-40cb-436c-836b-31262f6f34af/file Accept: application/json {{(pid=99711) process_request /opt/stack/glance/glance/api/middleware/version_negotiation.py:44}}
Aug 18 11:52:50.021314 np0000007649 devstack@g-api.service[99711]: DEBUG glance.api.middleware.version_negotiation [None req-8638929a-84e1-468a-8c40-5c66bdcc3c55 tempest-DeleteServersTestJSON-1260464697 tempest-DeleteServersTestJSON-1260464697-project-member] Using url versioning {{(pid=99711) process_request /opt/stack/glance/glance/api/middleware/version_negotiation.py:57}}
Aug 18 11:52:50.021507 np0000007649 devstack@g-api.service[99711]: DEBUG glance.api.middleware.version_negotiation [None req-8638929a-84e1-468a-8c40-5c66bdcc3c55 tempest-DeleteServersTestJSON-1260464697 tempest-DeleteServersTestJSON-1260464697-project-member] Matched version: v2 {{(pid=99711) process_request /opt/stack/glance/glance/api/middleware/version_negotiation.py:69}}
Aug 18 11:52:50.021655 np0000007649 devstack@g-api.service[99711]: DEBUG glance.api.middleware.version_negotiation [None req-8638929a-84e1-468a-8c40-5c66bdcc3c55 tempest-DeleteServersTestJSON-1260464697 tempest-DeleteServersTestJSON-1260464697-project-member] new path /v2/images/344d2b4e-40cb-436c-836b-31262f6f34af/file {{(pid=99711) process_request /opt/stack/glance/glance/api/middleware/version_negotiation.py:70}}
Aug 18 11:52:50.115370 np0000007649 devstack@g-api.service[99710]: DEBUG glance.api.middleware.version_negotiation [None req-8638929a-84e1-468a-8c40-5c66bdcc3c55 tempest-DeleteServersTestJSON-1260464697 tempest-DeleteServersTestJSON-1260464697-project-member] Determining version of request: GET /v2/images/344d2b4e-40cb-436c-836b-31262f6f34af Accept: */* {{(pid=99710) process_request /opt/stack/glance/glance/api/middleware/version_negotiation.py:44}}
Aug 18 11:52:50.115927 np0000007649 devstack@g-api.service[99710]: DEBUG glance.api.middleware.version_negotiation [None req-8638929a-84e1-468a-8c40-5c66bdcc3c55 tempest-DeleteServersTestJSON-1260464697 tempest-DeleteServersTestJSON-1260464697-project-member] Using url versioning {{(pid=99710) process_request /opt/stack/glance/glance/api/middleware/version_negotiation.py:57}}
Aug 18 11:52:50.115927 np0000007649 devstack@g-api.service[99710]: DEBUG glance.api.middleware.version_negotiation [None req-8638929a-84e1-468a-8c40-5c66bdcc3c55 tempest-DeleteServersTestJSON-1260464697 tempest-DeleteServersTestJSON-1260464697-project-member] Matched version: v2 {{(pid=99710) process_request /opt/stack/glance/glance/api/middleware/version_negotiation.py:69}}
Aug 18 11:52:50.116072 np0000007649 devstack@g-api.service[99710]: DEBUG glance.api.middleware.version_negotiation [None req-8638929a-84e1-468a-8c40-5c66bdcc3c55 tempest-DeleteServersTestJSON-1260464697 tempest-DeleteServersTestJSON-1260464697-project-member] new path /v2/images/344d2b4e-40cb-436c-836b-31262f6f34af {{(pid=99710) process_request /opt/stack/glance/glance/api/middleware/version_negotiation.py:70}}
Aug 18 11:52:50.131107 np0000007649 devstack@g-api.service[99710]: [pid: 99710|app: 0|req: 23/62] 127.0.0.1 () {44 vars in 1111 bytes} [Tue Aug 18 11:52:50 2026] GET /v2/images/344d2b4e-40cb-436c-836b-31262f6f34af => generated 1044 bytes in 15 msecs (HTTP/1.1 200) 4 headers in 158 bytes (1 switches on core 0)
Aug 18 11:52:50.142257 np0000007649 devstack@g-api.service[99712]: DEBUG glance.api.middleware.version_negotiation [None req-94e583f0-9498-4c81-b804-6a4394a535c8 tempest-AttachSCSIVolumeTestJSON-607838738 tempest-AttachSCSIVolumeTestJSON-607838738-project-reader] Determining version of request: GET /v2/schemas/image Accept: */* {{(pid=99712) process_request /opt/stack/glance/glance/api/middleware/version_negotiation.py:44}}
Aug 18 11:52:50.142257 np0000007649 devstack@g-api.service[99712]: DEBUG glance.api.middleware.version_negotiation [None req-94e583f0-9498-4c81-b804-6a4394a535c8 tempest-AttachSCSIVolumeTestJSON-607838738 tempest-AttachSCSIVolumeTestJSON-607838738-project-reader] Using url versioning {{(pid=99712) process_request /opt/stack/glance/glance/api/middleware/version_negotiation.py:57}}
Aug 18 11:52:50.142257 np0000007649 devstack@g-api.service[99712]: DEBUG glance.api.middleware.version_negotiation [None req-94e583f0-9498-4c81-b804-6a4394a535c8 tempest-AttachSCSIVolumeTestJSON-607838738 tempest-AttachSCSIVolumeTestJSON-607838738-project-reader] Matched version: v2 {{(pid=99712) process_request /opt/stack/glance/glance/api/middleware/version_negotiation.py:69}}
Aug 18 11:52:50.142257 np0000007649 devstack@g-api.service[99712]: DEBUG glance.api.middleware.version_negotiation [None req-94e583f0-9498-4c81-b804-6a4394a535c8 tempest-AttachSCSIVolumeTestJSON-607838738 tempest-AttachSCSIVolumeTestJSON-607838738-project-reader] new path /v2/schemas/image {{(pid=99712) process_request /opt/stack/glance/glance/api/middleware/version_negotiation.py:70}}
Aug 18 11:52:50.146048 np0000007649 devstack@g-api.service[99712]: [pid: 99712|app: 0|req: 21/63] 127.0.0.1 () {44 vars in 1051 bytes} [Tue Aug 18 11:52:50 2026] GET /v2/schemas/image => generated 6083 bytes in 4 msecs (HTTP/1.1 200) 4 headers in 158 bytes (1 switches on core 0)
Aug 18 11:52:50.362602 np0000007649 devstack@g-api.service[99711]: DEBUG glance.api.middleware.cache [None req-6c1f7dea-c07b-4f87-8be1-1595ebdb8dd4 tempest-AttachSCSIVolumeTestJSON-1399772777 tempest-AttachSCSIVolumeTestJSON-1399772777-project-admin] Cache hit for image '344d2b4e-40cb-436c-836b-31262f6f34af' {{(pid=99711) process_request /opt/stack/glance/glance/api/middleware/cache.py:160}}
Aug 18 11:52:50.377938 np0000007649 devstack@g-api.service[99710]: DEBUG glance.api.middleware.version_negotiation [None req-79f3a219-de95-4185-ae0e-5611877ae9d0 tempest-TaggedBootDevicesTest-472227832 tempest-TaggedBootDevicesTest-472227832-project-member] Determining version of request: POST /v2/images Accept: application/json {{(pid=99710) process_request /opt/stack/glance/glance/api/middleware/version_negotiation.py:44}}
Aug 18 11:52:50.378071 np0000007649 devstack@g-api.service[99710]: DEBUG glance.api.middleware.version_negotiation [None req-79f3a219-de95-4185-ae0e-5611877ae9d0 tempest-TaggedBootDevicesTest-472227832 tempest-TaggedBootDevicesTest-472227832-project-member] Using url versioning {{(pid=99710) process_request /opt/stack/glance/glance/api/middleware/version_negotiation.py:57}}
Aug 18 11:52:50.378148 np0000007649 devstack@g-api.service[99710]: DEBUG glance.api.middleware.version_negotiation [None req-79f3a219-de95-4185-ae0e-5611877ae9d0 tempest-TaggedBootDevicesTest-472227832 tempest-TaggedBootDevicesTest-472227832-project-member] Matched version: v2 {{(pid=99710) process_request /opt/stack/glance/glance/api/middleware/version_negotiation.py:69}}
Aug 18 11:52:50.378766 np0000007649 devstack@g-api.service[99710]: DEBUG glance.api.middleware.version_negotiation [None req-79f3a219-de95-4185-ae0e-5611877ae9d0 tempest-TaggedBootDevicesTest-472227832 tempest-TaggedBootDevicesTest-472227832-project-member] new path /v2/images {{(pid=99710) process_request /opt/stack/glance/glance/api/middleware/version_negotiation.py:70}}
Aug 18 11:52:51.345674 np0000007649 devstack@g-api.service[99710]: [pid: 99710|app: 0|req: 24/64] 127.0.0.1 () {42 vars in 782 bytes} [Tue Aug 18 11:52:50 2026] POST /v2/images => generated 690 bytes in 968 msecs (HTTP/1.1 201) 6 headers in 315 bytes (1 switches on core 0)
Aug 18 11:52:51.356136 np0000007649 devstack@g-api.service[99712]: DEBUG glance.api.middleware.version_negotiation [None req-79f3a219-de95-4185-ae0e-5611877ae9d0 tempest-TaggedBootDevicesTest-472227832 tempest-TaggedBootDevicesTest-472227832-project-member] Determining version of request: PUT /v2/images/7c549e9c-0094-4a0b-8ff1-799f4dbd06ca/file Accept: {{(pid=99712) process_request /opt/stack/glance/glance/api/middleware/version_negotiation.py:44}}
Aug 18 11:52:51.356136 np0000007649 devstack@g-api.service[99712]: DEBUG glance.api.middleware.version_negotiation [None req-79f3a219-de95-4185-ae0e-5611877ae9d0 tempest-TaggedBootDevicesTest-472227832 tempest-TaggedBootDevicesTest-472227832-project-member] Using url versioning {{(pid=99712) process_request /opt/stack/glance/glance/api/middleware/version_negotiation.py:57}}
Aug 18 11:52:51.356136 np0000007649 devstack@g-api.service[99712]: DEBUG glance.api.middleware.version_negotiation [None req-79f3a219-de95-4185-ae0e-5611877ae9d0 tempest-TaggedBootDevicesTest-472227832 tempest-TaggedBootDevicesTest-472227832-project-member] Matched version: v2 {{(pid=99712) process_request /opt/stack/glance/glance/api/middleware/version_negotiation.py:69}}
Aug 18 11:52:51.356136 np0000007649 devstack@g-api.service[99712]: DEBUG glance.api.middleware.version_negotiation [None req-79f3a219-de95-4185-ae0e-5611877ae9d0 tempest-TaggedBootDevicesTest-472227832 tempest-TaggedBootDevicesTest-472227832-project-member] new path /v2/images/7c549e9c-0094-4a0b-8ff1-799f4dbd06ca/file {{(pid=99712) process_request /opt/stack/glance/glance/api/middleware/version_negotiation.py:70}}
Aug 18 11:52:51.426774 np0000007649 devstack@g-api.service[99711]: [pid: 99711|app: 0|req: 20/65] 127.0.0.1 () {40 vars in 844 bytes} [Tue Aug 18 11:52:50 2026] GET /v2/images/344d2b4e-40cb-436c-836b-31262f6f34af/file => generated 21692416 bytes in 1406 msecs (HTTP/1.1 200) 5 headers in 217 bytes (340 switches on core 0)
Aug 18 11:52:51.526322 np0000007649 devstack@g-api.service[99710]: DEBUG glance.api.middleware.version_negotiation [None req-18370403-883b-43bf-8ed8-435339c572c9 tempest-AttachSCSIVolumeTestJSON-1399772777 tempest-AttachSCSIVolumeTestJSON-1399772777-project-admin] Determining version of request: GET /v2/images/344d2b4e-40cb-436c-836b-31262f6f34af Accept: */* {{(pid=99710) process_request /opt/stack/glance/glance/api/middleware/version_negotiation.py:44}}
Aug 18 11:52:51.526322 np0000007649 devstack@g-api.service[99710]: DEBUG glance.api.middleware.version_negotiation [None req-18370403-883b-43bf-8ed8-435339c572c9 tempest-AttachSCSIVolumeTestJSON-1399772777 tempest-AttachSCSIVolumeTestJSON-1399772777-project-admin] Using url versioning {{(pid=99710) process_request /opt/stack/glance/glance/api/middleware/version_negotiation.py:57}}
Aug 18 11:52:51.526322 np0000007649 devstack@g-api.service[99710]: DEBUG glance.api.middleware.version_negotiation [None req-18370403-883b-43bf-8ed8-435339c572c9 tempest-AttachSCSIVolumeTestJSON-1399772777 tempest-AttachSCSIVolumeTestJSON-1399772777-project-admin] Matched version: v2 {{(pid=99710) process_request /opt/stack/glance/glance/api/middleware/version_negotiation.py:69}}
Aug 18 11:52:51.526322 np0000007649 devstack@g-api.service[99710]: DEBUG glance.api.middleware.version_negotiation [None req-18370403-883b-43bf-8ed8-435339c572c9 tempest-AttachSCSIVolumeTestJSON-1399772777 tempest-AttachSCSIVolumeTestJSON-1399772777-project-admin] new path /v2/images/344d2b4e-40cb-436c-836b-31262f6f34af {{(pid=99710) process_request /opt/stack/glance/glance/api/middleware/version_negotiation.py:70}}
Aug 18 11:52:51.541565 np0000007649 devstack@g-api.service[99710]: [pid: 99710|app: 0|req: 25/66] 127.0.0.1 () {44 vars in 1111 bytes} [Tue Aug 18 11:52:51 2026] GET /v2/images/344d2b4e-40cb-436c-836b-31262f6f34af => generated 1044 bytes in 16 msecs (HTTP/1.1 200) 4 headers in 158 bytes (1 switches on core 0)
Aug 18 11:52:51.555058 np0000007649 devstack@g-api.service[99711]: DEBUG glance.api.middleware.version_negotiation [None req-6c1f7dea-c07b-4f87-8be1-1595ebdb8dd4 tempest-AttachSCSIVolumeTestJSON-1399772777 tempest-AttachSCSIVolumeTestJSON-1399772777-project-admin] Determining version of request: GET /v2/schemas/image Accept: */* {{(pid=99711) process_request /opt/stack/glance/glance/api/middleware/version_negotiation.py:44}}
Aug 18 11:52:51.555193 np0000007649 devstack@g-api.service[99711]: DEBUG glance.api.middleware.version_negotiation [None req-6c1f7dea-c07b-4f87-8be1-1595ebdb8dd4 tempest-AttachSCSIVolumeTestJSON-1399772777 tempest-AttachSCSIVolumeTestJSON-1399772777-project-admin] Using url versioning {{(pid=99711) process_request /opt/stack/glance/glance/api/middleware/version_negotiation.py:57}}
Aug 18 11:52:51.555389 np0000007649 devstack@g-api.service[99711]: DEBUG glance.api.middleware.version_negotiation [None req-6c1f7dea-c07b-4f87-8be1-1595ebdb8dd4 tempest-AttachSCSIVolumeTestJSON-1399772777 tempest-AttachSCSIVolumeTestJSON-1399772777-project-admin] Matched version: v2 {{(pid=99711) process_request /opt/stack/glance/glance/api/middleware/version_negotiation.py:69}}
Aug 18 11:52:51.555528 np0000007649 devstack@g-api.service[99711]: DEBUG glance.api.middleware.version_negotiation [None req-6c1f7dea-c07b-4f87-8be1-1595ebdb8dd4 tempest-AttachSCSIVolumeTestJSON-1399772777 tempest-AttachSCSIVolumeTestJSON-1399772777-project-admin] new path /v2/schemas/image {{(pid=99711) process_request /opt/stack/glance/glance/api/middleware/version_negotiation.py:70}}
Aug 18 11:52:51.558214 np0000007649 devstack@g-api.service[99711]: [pid: 99711|app: 0|req: 21/67] 127.0.0.1 () {44 vars in 1051 bytes} [Tue Aug 18 11:52:51 2026] GET /v2/schemas/image => generated 6083 bytes in 4 msecs (HTTP/1.1 200) 4 headers in 158 bytes (1 switches on core 0)
Aug 18 11:52:52.222442 np0000007649 devstack@g-api.service[99712]: INFO glance.api.v2.image_data [None req-104e10cf-cb48-414a-acb8-43a6310a24be tempest-AttachSCSIVolumeTestJSON-1399772777 tempest-AttachSCSIVolumeTestJSON-1399772777-project-admin] Unable to create trust: no such option collect_timing in group [keystone_authtoken] Use the existing user token.
Aug 18 11:52:53.007362 np0000007649 devstack@g-api.service[99712]: DEBUG glance.location [None req-104e10cf-cb48-414a-acb8-43a6310a24be tempest-AttachSCSIVolumeTestJSON-1399772777 tempest-AttachSCSIVolumeTestJSON-1399772777-project-admin] Enabling in-flight format inspection for qcow2 {{(pid=99712) set_data /opt/stack/glance/glance/location.py:596}}
Aug 18 11:52:53.007979 np0000007649 devstack@g-api.service[99712]: DEBUG glance_store.backend [None req-104e10cf-cb48-414a-acb8-43a6310a24be tempest-AttachSCSIVolumeTestJSON-1399772777 tempest-AttachSCSIVolumeTestJSON-1399772777-project-admin] Attempting to import store swift {{(pid=99712) _load_store /opt/stack/data/venv/lib/python3.12/site-packages/glance_store/backend.py:215}}
Aug 18 11:52:53.011319 np0000007649 devstack@g-api.service[99712]: DEBUG glance_store.capabilities [None req-104e10cf-cb48-414a-acb8-43a6310a24be tempest-AttachSCSIVolumeTestJSON-1399772777 tempest-AttachSCSIVolumeTestJSON-1399772777-project-admin] Store glance_store._drivers.swift.store.SingleTenantStore doesn't support updating dynamic storage capabilities. Please overwrite 'update_capabilities' method of the store to implement updating logics if needed. {{(pid=99712) update_capabilities /opt/stack/data/venv/lib/python3.12/site-packages/glance_store/capabilities.py:91}}
Aug 18 11:52:53.011571 np0000007649 devstack@g-api.service[99712]: DEBUG glance_store.driver [None req-104e10cf-cb48-414a-acb8-43a6310a24be tempest-AttachSCSIVolumeTestJSON-1399772777 tempest-AttachSCSIVolumeTestJSON-1399772777-project-admin] Late loading location class glance_store._drivers.swift.store.StoreLocation {{(pid=99712) get_store_location_class /opt/stack/data/venv/lib/python3.12/site-packages/glance_store/driver.py:134}}
Aug 18 11:52:53.011753 np0000007649 devstack@g-api.service[99712]: DEBUG glance_store.location [None req-104e10cf-cb48-414a-acb8-43a6310a24be tempest-AttachSCSIVolumeTestJSON-1399772777 tempest-AttachSCSIVolumeTestJSON-1399772777-project-admin] Registering scheme swift+https with {'store': , 'location_class': , 'store_entry': 'swift'} {{(pid=99712) register_scheme_map /opt/stack/data/venv/lib/python3.12/site-packages/glance_store/location.py:146}}
Aug 18 11:52:53.011998 np0000007649 devstack@g-api.service[99712]: DEBUG glance_store.location [None req-104e10cf-cb48-414a-acb8-43a6310a24be tempest-AttachSCSIVolumeTestJSON-1399772777 tempest-AttachSCSIVolumeTestJSON-1399772777-project-admin] Registering scheme swift+https with {'store': , 'location_class': , 'store_entry': 'swift'} {{(pid=99712) register_scheme_map /opt/stack/data/venv/lib/python3.12/site-packages/glance_store/location.py:146}}
Aug 18 11:52:53.012116 np0000007649 devstack@g-api.service[99712]: DEBUG glance_store.location [None req-104e10cf-cb48-414a-acb8-43a6310a24be tempest-AttachSCSIVolumeTestJSON-1399772777 tempest-AttachSCSIVolumeTestJSON-1399772777-project-admin] Registering scheme swift with {'store': , 'location_class': , 'store_entry': 'swift'} {{(pid=99712) register_scheme_map /opt/stack/data/venv/lib/python3.12/site-packages/glance_store/location.py:146}}
Aug 18 11:52:53.012536 np0000007649 devstack@g-api.service[99712]: DEBUG glance_store.location [None req-104e10cf-cb48-414a-acb8-43a6310a24be tempest-AttachSCSIVolumeTestJSON-1399772777 tempest-AttachSCSIVolumeTestJSON-1399772777-project-admin] Registering scheme swift+https with {'store': , 'location_class': , 'store_entry': 'swift'} {{(pid=99712) register_scheme_map /opt/stack/data/venv/lib/python3.12/site-packages/glance_store/location.py:146}}
Aug 18 11:52:53.012793 np0000007649 devstack@g-api.service[99712]: DEBUG glance_store.location [None req-104e10cf-cb48-414a-acb8-43a6310a24be tempest-AttachSCSIVolumeTestJSON-1399772777 tempest-AttachSCSIVolumeTestJSON-1399772777-project-admin] Registering scheme swift with {'store': , 'location_class': , 'store_entry': 'swift'} {{(pid=99712) register_scheme_map /opt/stack/data/venv/lib/python3.12/site-packages/glance_store/location.py:146}}
Aug 18 11:52:53.013043 np0000007649 devstack@g-api.service[99712]: DEBUG glance_store.location [None req-104e10cf-cb48-414a-acb8-43a6310a24be tempest-AttachSCSIVolumeTestJSON-1399772777 tempest-AttachSCSIVolumeTestJSON-1399772777-project-admin] Registering scheme swift+http with {'store': , 'location_class': , 'store_entry': 'swift'} {{(pid=99712) register_scheme_map /opt/stack/data/venv/lib/python3.12/site-packages/glance_store/location.py:146}}
Aug 18 11:52:53.013043 np0000007649 devstack@g-api.service[99712]: DEBUG glance_store.location [None req-104e10cf-cb48-414a-acb8-43a6310a24be tempest-AttachSCSIVolumeTestJSON-1399772777 tempest-AttachSCSIVolumeTestJSON-1399772777-project-admin] Registering scheme swift+https with {'store': , 'location_class': , 'store_entry': 'swift'} {{(pid=99712) register_scheme_map /opt/stack/data/venv/lib/python3.12/site-packages/glance_store/location.py:146}}
Aug 18 11:52:53.013188 np0000007649 devstack@g-api.service[99712]: DEBUG glance_store.location [None req-104e10cf-cb48-414a-acb8-43a6310a24be tempest-AttachSCSIVolumeTestJSON-1399772777 tempest-AttachSCSIVolumeTestJSON-1399772777-project-admin] Registering scheme swift with {'store': , 'location_class': , 'store_entry': 'swift'} {{(pid=99712) register_scheme_map /opt/stack/data/venv/lib/python3.12/site-packages/glance_store/location.py:146}}
Aug 18 11:52:53.013249 np0000007649 devstack@g-api.service[99712]: DEBUG glance_store.location [None req-104e10cf-cb48-414a-acb8-43a6310a24be tempest-AttachSCSIVolumeTestJSON-1399772777 tempest-AttachSCSIVolumeTestJSON-1399772777-project-admin] Registering scheme swift+http with {'store': , 'location_class': , 'store_entry': 'swift'} {{(pid=99712) register_scheme_map /opt/stack/data/venv/lib/python3.12/site-packages/glance_store/location.py:146}}
Aug 18 11:52:53.013526 np0000007649 devstack@g-api.service[99712]: DEBUG glance_store.location [None req-104e10cf-cb48-414a-acb8-43a6310a24be tempest-AttachSCSIVolumeTestJSON-1399772777 tempest-AttachSCSIVolumeTestJSON-1399772777-project-admin] Registering scheme swift+config with {'store': , 'location_class': , 'store_entry': 'swift'} {{(pid=99712) register_scheme_map /opt/stack/data/venv/lib/python3.12/site-packages/glance_store/location.py:146}}
Aug 18 11:52:53.569571 np0000007649 devstack@g-api.service[99712]: DEBUG swiftclient [None req-104e10cf-cb48-414a-acb8-43a6310a24be tempest-AttachSCSIVolumeTestJSON-1399772777 tempest-AttachSCSIVolumeTestJSON-1399772777-project-admin] REQ: curl -i https://10.4.3.79:8080/v1/AUTH_0aba7c41721b4a17a6182eddd1ef102a/glance -I -H "X-Auth-Token: gAAAAABqhEeV3ROU..." {{(pid=99712) http_log /opt/stack/data/venv/lib/python3.12/site-packages/swiftclient/client.py:160}}
Aug 18 11:52:53.569816 np0000007649 devstack@g-api.service[99712]: DEBUG swiftclient [None req-104e10cf-cb48-414a-acb8-43a6310a24be tempest-AttachSCSIVolumeTestJSON-1399772777 tempest-AttachSCSIVolumeTestJSON-1399772777-project-admin] RESP STATUS: 204 No Content {{(pid=99712) http_log /opt/stack/data/venv/lib/python3.12/site-packages/swiftclient/client.py:161}}
Aug 18 11:52:53.570069 np0000007649 devstack@g-api.service[99712]: DEBUG swiftclient [None req-104e10cf-cb48-414a-acb8-43a6310a24be tempest-AttachSCSIVolumeTestJSON-1399772777 tempest-AttachSCSIVolumeTestJSON-1399772777-project-admin] RESP HEADERS: {'Date': 'Tue, 18 Aug 2026 11:52:53 GMT', 'Server': 'Apache/2.4.58 (Ubuntu)', 'Content-Type': 'text/plain; charset=utf-8', 'X-Container-Object-Count': '3', 'X-Container-Bytes-Used': '64356352', 'X-Timestamp': '1787053832.65162', 'Last-Modified': 'Tue, 18 Aug 2026 11:50:33 GMT', 'Accept-Ranges': 'bytes', 'X-Storage-Policy': 'Policy-0', 'X-Container-Sharding': 'False', 'Vary': 'Accept', 'X-Trans-Id': 'tx9a88590ac041427ca18b5-006a844795', 'X-Openstack-Request-Id': 'tx9a88590ac041427ca18b5-006a844795', 'Connection': 'close'} {{(pid=99712) http_log /opt/stack/data/venv/lib/python3.12/site-packages/swiftclient/client.py:162}}
Aug 18 11:52:53.570334 np0000007649 devstack@g-api.service[99712]: DEBUG glance_store._drivers.swift.store [None req-104e10cf-cb48-414a-acb8-43a6310a24be tempest-AttachSCSIVolumeTestJSON-1399772777 tempest-AttachSCSIVolumeTestJSON-1399772777-project-admin] Adding image object '7c549e9c-0094-4a0b-8ff1-799f4dbd06ca' to Swift {{(pid=99712) add /opt/stack/data/venv/lib/python3.12/site-packages/glance_store/_drivers/swift/store.py:970}}
Aug 18 11:52:53.570464 np0000007649 devstack@g-api.service[99712]: DEBUG glance_store._drivers.swift.store [None req-104e10cf-cb48-414a-acb8-43a6310a24be tempest-AttachSCSIVolumeTestJSON-1399772777 tempest-AttachSCSIVolumeTestJSON-1399772777-project-admin] Cannot determine image size because it is either not provided in the request or chunked-transfer encoding is used. Adding image as a segmented object to Swift. {{(pid=99712) add /opt/stack/data/venv/lib/python3.12/site-packages/glance_store/_drivers/swift/store.py:994}}
Aug 18 11:52:53.578805 np0000007649 devstack@g-api.service[99712]: DEBUG oslo_utils.imageutils.format_inspector [None req-104e10cf-cb48-414a-acb8-43a6310a24be tempest-AttachSCSIVolumeTestJSON-1399772777 tempest-AttachSCSIVolumeTestJSON-1399772777-project-admin] Format inspector for vmdk does not match, excluding from consideration (Signature KDMV not found: b'QFI\xfb') {{(pid=99712) _process_chunk /opt/stack/data/venv/lib/python3.12/site-packages/oslo_utils/imageutils/format_inspector.py:1758}}
Aug 18 11:52:53.579849 np0000007649 devstack@g-api.service[99712]: DEBUG oslo_utils.imageutils.format_inspector [None req-104e10cf-cb48-414a-acb8-43a6310a24be tempest-AttachSCSIVolumeTestJSON-1399772777 tempest-AttachSCSIVolumeTestJSON-1399772777-project-admin] Format inspector for vhdx does not match, excluding from consideration (Region signature not found at 30000) {{(pid=99712) _process_chunk /opt/stack/data/venv/lib/python3.12/site-packages/oslo_utils/imageutils/format_inspector.py:1758}}
Aug 18 11:52:54.965867 np0000007649 devstack@g-api.service[99710]: DEBUG glance.api.middleware.version_negotiation [None req-79f3a219-de95-4185-ae0e-5611877ae9d0 tempest-TaggedBootDevicesTest-472227832 tempest-TaggedBootDevicesTest-472227832-project-member] Determining version of request: GET /v2/images/344d2b4e-40cb-436c-836b-31262f6f34af Accept: */* {{(pid=99710) process_request /opt/stack/glance/glance/api/middleware/version_negotiation.py:44}}
Aug 18 11:52:54.966234 np0000007649 devstack@g-api.service[99710]: DEBUG glance.api.middleware.version_negotiation [None req-79f3a219-de95-4185-ae0e-5611877ae9d0 tempest-TaggedBootDevicesTest-472227832 tempest-TaggedBootDevicesTest-472227832-project-member] Using url versioning {{(pid=99710) process_request /opt/stack/glance/glance/api/middleware/version_negotiation.py:57}}
Aug 18 11:52:54.966234 np0000007649 devstack@g-api.service[99710]: DEBUG glance.api.middleware.version_negotiation [None req-79f3a219-de95-4185-ae0e-5611877ae9d0 tempest-TaggedBootDevicesTest-472227832 tempest-TaggedBootDevicesTest-472227832-project-member] Matched version: v2 {{(pid=99710) process_request /opt/stack/glance/glance/api/middleware/version_negotiation.py:69}}
Aug 18 11:52:54.966234 np0000007649 devstack@g-api.service[99710]: DEBUG glance.api.middleware.version_negotiation [None req-79f3a219-de95-4185-ae0e-5611877ae9d0 tempest-TaggedBootDevicesTest-472227832 tempest-TaggedBootDevicesTest-472227832-project-member] new path /v2/images/344d2b4e-40cb-436c-836b-31262f6f34af {{(pid=99710) process_request /opt/stack/glance/glance/api/middleware/version_negotiation.py:70}}
Aug 18 11:52:54.971603 np0000007649 devstack@g-api.service[99712]: DEBUG swiftclient [None req-104e10cf-cb48-414a-acb8-43a6310a24be tempest-AttachSCSIVolumeTestJSON-1399772777 tempest-AttachSCSIVolumeTestJSON-1399772777-project-admin] REQ: curl -i https://10.4.3.79:8080/v1/AUTH_0aba7c41721b4a17a6182eddd1ef102a/glance/7c549e9c-0094-4a0b-8ff1-799f4dbd06ca-00001 -X PUT -H "X-Auth-Token: gAAAAABqhEeV3ROU..." {{(pid=99712) http_log /opt/stack/data/venv/lib/python3.12/site-packages/swiftclient/client.py:160}}
Aug 18 11:52:54.971603 np0000007649 devstack@g-api.service[99712]: DEBUG swiftclient [None req-104e10cf-cb48-414a-acb8-43a6310a24be tempest-AttachSCSIVolumeTestJSON-1399772777 tempest-AttachSCSIVolumeTestJSON-1399772777-project-admin] RESP STATUS: 201 Created {{(pid=99712) http_log /opt/stack/data/venv/lib/python3.12/site-packages/swiftclient/client.py:161}}
Aug 18 11:52:54.971603 np0000007649 devstack@g-api.service[99712]: DEBUG swiftclient [None req-104e10cf-cb48-414a-acb8-43a6310a24be tempest-AttachSCSIVolumeTestJSON-1399772777 tempest-AttachSCSIVolumeTestJSON-1399772777-project-admin] RESP HEADERS: {'Date': 'Tue, 18 Aug 2026 11:52:54 GMT', 'Server': 'Apache/2.4.58 (Ubuntu)', 'Content-Type': 'text/html; charset=UTF-8', 'Content-Length': '0', 'Etag': '87617e24a5e30cb3b87fda8c0764838f', 'Last-Modified': 'Tue, 18 Aug 2026 11:52:54 GMT', 'X-Trans-Id': 'tx2142d9d10e464b45af230-006a844795', 'X-Openstack-Request-Id': 'tx2142d9d10e464b45af230-006a844795', 'Connection': 'close'} {{(pid=99712) http_log /opt/stack/data/venv/lib/python3.12/site-packages/swiftclient/client.py:162}}
Aug 18 11:52:54.971603 np0000007649 devstack@g-api.service[99712]: DEBUG glance_store._drivers.swift.store [None req-104e10cf-cb48-414a-acb8-43a6310a24be tempest-AttachSCSIVolumeTestJSON-1399772777 tempest-AttachSCSIVolumeTestJSON-1399772777-project-admin] Wrote chunk 7c549e9c-0094-4a0b-8ff1-799f4dbd06ca-00001 (1/?) of length 21692416 to Swift returning MD5 of content: 87617e24a5e30cb3b87fda8c0764838f {{(pid=99712) add /opt/stack/data/venv/lib/python3.12/site-packages/glance_store/_drivers/swift/store.py:1059}}
Aug 18 11:52:54.972246 np0000007649 devstack@g-api.service[99712]: DEBUG glance_store._drivers.swift.store [None req-104e10cf-cb48-414a-acb8-43a6310a24be tempest-AttachSCSIVolumeTestJSON-1399772777 tempest-AttachSCSIVolumeTestJSON-1399772777-project-admin] Not writing zero-length chunk. {{(pid=99712) add /opt/stack/data/venv/lib/python3.12/site-packages/glance_store/_drivers/swift/store.py:1028}}
Aug 18 11:52:54.982211 np0000007649 devstack@g-api.service[99710]: [pid: 99710|app: 0|req: 26/68] 127.0.0.1 () {44 vars in 1111 bytes} [Tue Aug 18 11:52:54 2026] GET /v2/images/344d2b4e-40cb-436c-836b-31262f6f34af => generated 1044 bytes in 16 msecs (HTTP/1.1 200) 4 headers in 158 bytes (1 switches on core 0)
Aug 18 11:52:55.002263 np0000007649 devstack@g-api.service[99712]: DEBUG swiftclient [None req-104e10cf-cb48-414a-acb8-43a6310a24be tempest-AttachSCSIVolumeTestJSON-1399772777 tempest-AttachSCSIVolumeTestJSON-1399772777-project-admin] REQ: curl -i https://10.4.3.79:8080/v1/AUTH_0aba7c41721b4a17a6182eddd1ef102a/glance/7c549e9c-0094-4a0b-8ff1-799f4dbd06ca -X PUT -H "X-Object-Manifest: glance/7c549e9c-0094-4a0b-8ff1-799f4dbd06ca-" -H "X-Auth-Token: gAAAAABqhEeV3ROU..." -H "Content-Length: 0" {{(pid=99712) http_log /opt/stack/data/venv/lib/python3.12/site-packages/swiftclient/client.py:160}}
Aug 18 11:52:55.002552 np0000007649 devstack@g-api.service[99712]: DEBUG swiftclient [None req-104e10cf-cb48-414a-acb8-43a6310a24be tempest-AttachSCSIVolumeTestJSON-1399772777 tempest-AttachSCSIVolumeTestJSON-1399772777-project-admin] RESP STATUS: 201 Created {{(pid=99712) http_log /opt/stack/data/venv/lib/python3.12/site-packages/swiftclient/client.py:161}}
Aug 18 11:52:55.002596 np0000007649 devstack@g-api.service[99712]: DEBUG swiftclient [None req-104e10cf-cb48-414a-acb8-43a6310a24be tempest-AttachSCSIVolumeTestJSON-1399772777 tempest-AttachSCSIVolumeTestJSON-1399772777-project-admin] RESP HEADERS: {'Date': 'Tue, 18 Aug 2026 11:52:54 GMT', 'Server': 'Apache/2.4.58 (Ubuntu)', 'Content-Type': 'text/html; charset=UTF-8', 'Content-Length': '0', 'Etag': 'd41d8cd98f00b204e9800998ecf8427e', 'Last-Modified': 'Tue, 18 Aug 2026 11:52:55 GMT', 'X-Trans-Id': 'txd392bced29a2406cb64a7-006a844796', 'X-Openstack-Request-Id': 'txd392bced29a2406cb64a7-006a844796', 'Connection': 'close'} {{(pid=99712) http_log /opt/stack/data/venv/lib/python3.12/site-packages/swiftclient/client.py:162}}
Aug 18 11:52:55.003660 np0000007649 devstack@g-api.service[99712]: INFO glance.location [None req-104e10cf-cb48-414a-acb8-43a6310a24be tempest-AttachSCSIVolumeTestJSON-1399772777 tempest-AttachSCSIVolumeTestJSON-1399772777-project-admin] Image format matched and virtual size computed: 117440512
Aug 18 11:52:55.015561 np0000007649 devstack@g-api.service[99711]: DEBUG glance.api.middleware.version_negotiation [None req-79f3a219-de95-4185-ae0e-5611877ae9d0 tempest-TaggedBootDevicesTest-472227832 tempest-TaggedBootDevicesTest-472227832-project-member] Determining version of request: GET /v2/schemas/image Accept: */* {{(pid=99711) process_request /opt/stack/glance/glance/api/middleware/version_negotiation.py:44}}
Aug 18 11:52:55.015967 np0000007649 devstack@g-api.service[99711]: DEBUG glance.api.middleware.version_negotiation [None req-79f3a219-de95-4185-ae0e-5611877ae9d0 tempest-TaggedBootDevicesTest-472227832 tempest-TaggedBootDevicesTest-472227832-project-member] Using url versioning {{(pid=99711) process_request /opt/stack/glance/glance/api/middleware/version_negotiation.py:57}}
Aug 18 11:52:55.015967 np0000007649 devstack@g-api.service[99711]: DEBUG glance.api.middleware.version_negotiation [None req-79f3a219-de95-4185-ae0e-5611877ae9d0 tempest-TaggedBootDevicesTest-472227832 tempest-TaggedBootDevicesTest-472227832-project-member] Matched version: v2 {{(pid=99711) process_request /opt/stack/glance/glance/api/middleware/version_negotiation.py:69}}
Aug 18 11:52:55.016035 np0000007649 devstack@g-api.service[99711]: DEBUG glance.api.middleware.version_negotiation [None req-79f3a219-de95-4185-ae0e-5611877ae9d0 tempest-TaggedBootDevicesTest-472227832 tempest-TaggedBootDevicesTest-472227832-project-member] new path /v2/schemas/image {{(pid=99711) process_request /opt/stack/glance/glance/api/middleware/version_negotiation.py:70}}
Aug 18 11:52:55.019346 np0000007649 devstack@g-api.service[99711]: [pid: 99711|app: 0|req: 22/69] 127.0.0.1 () {44 vars in 1051 bytes} [Tue Aug 18 11:52:55 2026] GET /v2/schemas/image => generated 6083 bytes in 4 msecs (HTTP/1.1 200) 4 headers in 158 bytes (1 switches on core 0)
Aug 18 11:52:55.035246 np0000007649 devstack@g-api.service[99712]: DEBUG glance_store.backend [None req-104e10cf-cb48-414a-acb8-43a6310a24be tempest-AttachSCSIVolumeTestJSON-1399772777 tempest-AttachSCSIVolumeTestJSON-1399772777-project-admin] Attempting to import store swift {{(pid=99712) _load_store /opt/stack/data/venv/lib/python3.12/site-packages/glance_store/backend.py:215}}
Aug 18 11:52:55.036804 np0000007649 devstack@g-api.service[99712]: DEBUG glance_store.capabilities [None req-104e10cf-cb48-414a-acb8-43a6310a24be tempest-AttachSCSIVolumeTestJSON-1399772777 tempest-AttachSCSIVolumeTestJSON-1399772777-project-admin] Store glance_store._drivers.swift.store.SingleTenantStore doesn't support updating dynamic storage capabilities. Please overwrite 'update_capabilities' method of the store to implement updating logics if needed. {{(pid=99712) update_capabilities /opt/stack/data/venv/lib/python3.12/site-packages/glance_store/capabilities.py:91}}
Aug 18 11:52:55.037054 np0000007649 devstack@g-api.service[99712]: DEBUG glance_store.driver [None req-104e10cf-cb48-414a-acb8-43a6310a24be tempest-AttachSCSIVolumeTestJSON-1399772777 tempest-AttachSCSIVolumeTestJSON-1399772777-project-admin] Late loading location class glance_store._drivers.swift.store.StoreLocation {{(pid=99712) get_store_location_class /opt/stack/data/venv/lib/python3.12/site-packages/glance_store/driver.py:134}}
Aug 18 11:52:55.037126 np0000007649 devstack@g-api.service[99712]: DEBUG glance_store.location [None req-104e10cf-cb48-414a-acb8-43a6310a24be tempest-AttachSCSIVolumeTestJSON-1399772777 tempest-AttachSCSIVolumeTestJSON-1399772777-project-admin] Registering scheme swift+https with {'store': , 'location_class': , 'store_entry': 'swift'} {{(pid=99712) register_scheme_map /opt/stack/data/venv/lib/python3.12/site-packages/glance_store/location.py:146}}
Aug 18 11:52:55.037264 np0000007649 devstack@g-api.service[99712]: DEBUG glance_store.location [None req-104e10cf-cb48-414a-acb8-43a6310a24be tempest-AttachSCSIVolumeTestJSON-1399772777 tempest-AttachSCSIVolumeTestJSON-1399772777-project-admin] Registering scheme swift+https with {'store': , 'location_class': , 'store_entry': 'swift'} {{(pid=99712) register_scheme_map /opt/stack/data/venv/lib/python3.12/site-packages/glance_store/location.py:146}}
Aug 18 11:52:55.037347 np0000007649 devstack@g-api.service[99712]: DEBUG glance_store.location [None req-104e10cf-cb48-414a-acb8-43a6310a24be tempest-AttachSCSIVolumeTestJSON-1399772777 tempest-AttachSCSIVolumeTestJSON-1399772777-project-admin] Registering scheme swift with {'store': , 'location_class': , 'store_entry': 'swift'} {{(pid=99712) register_scheme_map /opt/stack/data/venv/lib/python3.12/site-packages/glance_store/location.py:146}}
Aug 18 11:52:55.037495 np0000007649 devstack@g-api.service[99712]: DEBUG glance_store.location [None req-104e10cf-cb48-414a-acb8-43a6310a24be tempest-AttachSCSIVolumeTestJSON-1399772777 tempest-AttachSCSIVolumeTestJSON-1399772777-project-admin] Registering scheme swift+https with {'store': , 'location_class': , 'store_entry': 'swift'} {{(pid=99712) register_scheme_map /opt/stack/data/venv/lib/python3.12/site-packages/glance_store/location.py:146}}
Aug 18 11:52:55.037603 np0000007649 devstack@g-api.service[99712]: DEBUG glance_store.location [None req-104e10cf-cb48-414a-acb8-43a6310a24be tempest-AttachSCSIVolumeTestJSON-1399772777 tempest-AttachSCSIVolumeTestJSON-1399772777-project-admin] Registering scheme swift with {'store': , 'location_class': , 'store_entry': 'swift'} {{(pid=99712) register_scheme_map /opt/stack/data/venv/lib/python3.12/site-packages/glance_store/location.py:146}}
