Aug 18 11:54:39.599901 np0000007649 devstack@g-api.service[99712]: INFO glance.api.v2.image_data [None req-303e5056-37c7-4755-8c76-bee7d02c5305 tempest-ServerStableDeviceRescueTest-2060115008 tempest-ServerStableDeviceRescueTest-2060115008-project-member] Unable to create trust: no such option collect_timing in group [keystone_authtoken] Use the existing user token.
Aug 18 11:54:40.084985 np0000007649 devstack@g-api.service[99710]: DEBUG glance.api.middleware.version_negotiation [None req-cb0144ba-28b3-4dad-af6e-cf719cba9ce8 tempest-ServerStableDeviceRescueTest-2060115008 tempest-ServerStableDeviceRescueTest-2060115008-project-member] Determining version of request: GET /v2/images/344d2b4e-40cb-436c-836b-31262f6f34af Accept: */* {{(pid=99710) process_request /opt/stack/glance/glance/api/middleware/version_negotiation.py:44}}
Aug 18 11:54:40.084985 np0000007649 devstack@g-api.service[99710]: DEBUG glance.api.middleware.version_negotiation [None req-cb0144ba-28b3-4dad-af6e-cf719cba9ce8 tempest-ServerStableDeviceRescueTest-2060115008 tempest-ServerStableDeviceRescueTest-2060115008-project-member] Using url versioning {{(pid=99710) process_request /opt/stack/glance/glance/api/middleware/version_negotiation.py:57}}
Aug 18 11:54:40.084985 np0000007649 devstack@g-api.service[99710]: DEBUG glance.api.middleware.version_negotiation [None req-cb0144ba-28b3-4dad-af6e-cf719cba9ce8 tempest-ServerStableDeviceRescueTest-2060115008 tempest-ServerStableDeviceRescueTest-2060115008-project-member] Matched version: v2 {{(pid=99710) process_request /opt/stack/glance/glance/api/middleware/version_negotiation.py:69}}
Aug 18 11:54:40.084985 np0000007649 devstack@g-api.service[99710]: DEBUG glance.api.middleware.version_negotiation [None req-cb0144ba-28b3-4dad-af6e-cf719cba9ce8 tempest-ServerStableDeviceRescueTest-2060115008 tempest-ServerStableDeviceRescueTest-2060115008-project-member] new path /v2/images/344d2b4e-40cb-436c-836b-31262f6f34af {{(pid=99710) process_request /opt/stack/glance/glance/api/middleware/version_negotiation.py:70}}
Aug 18 11:54:40.327424 np0000007649 devstack@g-api.service[99712]: DEBUG glance.location [None req-303e5056-37c7-4755-8c76-bee7d02c5305 tempest-ServerStableDeviceRescueTest-2060115008 tempest-ServerStableDeviceRescueTest-2060115008-project-member] Enabling in-flight format inspection for qcow2 {{(pid=99712) set_data /opt/stack/glance/glance/location.py:596}}
Aug 18 11:54:40.327830 np0000007649 devstack@g-api.service[99712]: DEBUG glance_store.backend [None req-303e5056-37c7-4755-8c76-bee7d02c5305 tempest-ServerStableDeviceRescueTest-2060115008 tempest-ServerStableDeviceRescueTest-2060115008-project-member] Attempting to import store swift {{(pid=99712) _load_store /opt/stack/data/venv/lib/python3.12/site-packages/glance_store/backend.py:215}}
Aug 18 11:54:40.329364 np0000007649 devstack@g-api.service[99712]: DEBUG glance_store.capabilities [None req-303e5056-37c7-4755-8c76-bee7d02c5305 tempest-ServerStableDeviceRescueTest-2060115008 tempest-ServerStableDeviceRescueTest-2060115008-project-member] Store glance_store._drivers.swift.store.SingleTenantStore doesn't support updating dynamic storage capabilities. Please overwrite 'update_capabilities' method of the store to implement updating logics if needed. {{(pid=99712) update_capabilities /opt/stack/data/venv/lib/python3.12/site-packages/glance_store/capabilities.py:91}}
Aug 18 11:54:40.329513 np0000007649 devstack@g-api.service[99712]: DEBUG glance_store.driver [None req-303e5056-37c7-4755-8c76-bee7d02c5305 tempest-ServerStableDeviceRescueTest-2060115008 tempest-ServerStableDeviceRescueTest-2060115008-project-member] Late loading location class glance_store._drivers.swift.store.StoreLocation {{(pid=99712) get_store_location_class /opt/stack/data/venv/lib/python3.12/site-packages/glance_store/driver.py:134}}
Aug 18 11:54:40.329588 np0000007649 devstack@g-api.service[99712]: DEBUG glance_store.location [None req-303e5056-37c7-4755-8c76-bee7d02c5305 tempest-ServerStableDeviceRescueTest-2060115008 tempest-ServerStableDeviceRescueTest-2060115008-project-member] Registering scheme swift+https with {'store': , 'location_class': , 'store_entry': 'swift'} {{(pid=99712) register_scheme_map /opt/stack/data/venv/lib/python3.12/site-packages/glance_store/location.py:146}}
Aug 18 11:54:40.329672 np0000007649 devstack@g-api.service[99712]: DEBUG glance_store.location [None req-303e5056-37c7-4755-8c76-bee7d02c5305 tempest-ServerStableDeviceRescueTest-2060115008 tempest-ServerStableDeviceRescueTest-2060115008-project-member] Registering scheme swift+https with {'store': , 'location_class': , 'store_entry': 'swift'} {{(pid=99712) register_scheme_map /opt/stack/data/venv/lib/python3.12/site-packages/glance_store/location.py:146}}
Aug 18 11:54:40.329750 np0000007649 devstack@g-api.service[99712]: DEBUG glance_store.location [None req-303e5056-37c7-4755-8c76-bee7d02c5305 tempest-ServerStableDeviceRescueTest-2060115008 tempest-ServerStableDeviceRescueTest-2060115008-project-member] Registering scheme swift with {'store': , 'location_class': , 'store_entry': 'swift'} {{(pid=99712) register_scheme_map /opt/stack/data/venv/lib/python3.12/site-packages/glance_store/location.py:146}}
Aug 18 11:54:40.329829 np0000007649 devstack@g-api.service[99712]: DEBUG glance_store.location [None req-303e5056-37c7-4755-8c76-bee7d02c5305 tempest-ServerStableDeviceRescueTest-2060115008 tempest-ServerStableDeviceRescueTest-2060115008-project-member] Registering scheme swift+https with {'store': , 'location_class': , 'store_entry': 'swift'} {{(pid=99712) register_scheme_map /opt/stack/data/venv/lib/python3.12/site-packages/glance_store/location.py:146}}
Aug 18 11:54:40.329980 np0000007649 devstack@g-api.service[99712]: DEBUG glance_store.location [None req-303e5056-37c7-4755-8c76-bee7d02c5305 tempest-ServerStableDeviceRescueTest-2060115008 tempest-ServerStableDeviceRescueTest-2060115008-project-member] Registering scheme swift with {'store': , 'location_class': , 'store_entry': 'swift'} {{(pid=99712) register_scheme_map /opt/stack/data/venv/lib/python3.12/site-packages/glance_store/location.py:146}}
Aug 18 11:54:40.329980 np0000007649 devstack@g-api.service[99712]: DEBUG glance_store.location [None req-303e5056-37c7-4755-8c76-bee7d02c5305 tempest-ServerStableDeviceRescueTest-2060115008 tempest-ServerStableDeviceRescueTest-2060115008-project-member] Registering scheme swift+http with {'store': , 'location_class': , 'store_entry': 'swift'} {{(pid=99712) register_scheme_map /opt/stack/data/venv/lib/python3.12/site-packages/glance_store/location.py:146}}
Aug 18 11:54:40.330116 np0000007649 devstack@g-api.service[99712]: DEBUG glance_store.location [None req-303e5056-37c7-4755-8c76-bee7d02c5305 tempest-ServerStableDeviceRescueTest-2060115008 tempest-ServerStableDeviceRescueTest-2060115008-project-member] Registering scheme swift+https with {'store': , 'location_class': , 'store_entry': 'swift'} {{(pid=99712) register_scheme_map /opt/stack/data/venv/lib/python3.12/site-packages/glance_store/location.py:146}}
Aug 18 11:54:40.330116 np0000007649 devstack@g-api.service[99712]: DEBUG glance_store.location [None req-303e5056-37c7-4755-8c76-bee7d02c5305 tempest-ServerStableDeviceRescueTest-2060115008 tempest-ServerStableDeviceRescueTest-2060115008-project-member] Registering scheme swift with {'store': , 'location_class': , 'store_entry': 'swift'} {{(pid=99712) register_scheme_map /opt/stack/data/venv/lib/python3.12/site-packages/glance_store/location.py:146}}
Aug 18 11:54:40.330116 np0000007649 devstack@g-api.service[99712]: DEBUG glance_store.location [None req-303e5056-37c7-4755-8c76-bee7d02c5305 tempest-ServerStableDeviceRescueTest-2060115008 tempest-ServerStableDeviceRescueTest-2060115008-project-member] Registering scheme swift+http with {'store': , 'location_class': , 'store_entry': 'swift'} {{(pid=99712) register_scheme_map /opt/stack/data/venv/lib/python3.12/site-packages/glance_store/location.py:146}}
Aug 18 11:54:40.330264 np0000007649 devstack@g-api.service[99712]: DEBUG glance_store.location [None req-303e5056-37c7-4755-8c76-bee7d02c5305 tempest-ServerStableDeviceRescueTest-2060115008 tempest-ServerStableDeviceRescueTest-2060115008-project-member] Registering scheme swift+config with {'store': , 'location_class': , 'store_entry': 'swift'} {{(pid=99712) register_scheme_map /opt/stack/data/venv/lib/python3.12/site-packages/glance_store/location.py:146}}
Aug 18 11:54:40.416915 np0000007649 devstack@g-api.service[99710]: [pid: 99710|app: 0|req: 46/126] 127.0.0.1 () {44 vars in 1111 bytes} [Tue Aug 18 11:54:40 2026] GET /v2/images/344d2b4e-40cb-436c-836b-31262f6f34af => generated 1044 bytes in 333 msecs (HTTP/1.1 200) 4 headers in 158 bytes (1 switches on core 0)
Aug 18 11:54:40.428384 np0000007649 devstack@g-api.service[99711]: DEBUG glance.api.middleware.version_negotiation [None req-cb0144ba-28b3-4dad-af6e-cf719cba9ce8 tempest-ServerStableDeviceRescueTest-2060115008 tempest-ServerStableDeviceRescueTest-2060115008-project-member] Determining version of request: GET /v2/schemas/image Accept: */* {{(pid=99711) process_request /opt/stack/glance/glance/api/middleware/version_negotiation.py:44}}
Aug 18 11:54:40.428950 np0000007649 devstack@g-api.service[99711]: DEBUG glance.api.middleware.version_negotiation [None req-cb0144ba-28b3-4dad-af6e-cf719cba9ce8 tempest-ServerStableDeviceRescueTest-2060115008 tempest-ServerStableDeviceRescueTest-2060115008-project-member] Using url versioning {{(pid=99711) process_request /opt/stack/glance/glance/api/middleware/version_negotiation.py:57}}
Aug 18 11:54:40.428950 np0000007649 devstack@g-api.service[99711]: DEBUG glance.api.middleware.version_negotiation [None req-cb0144ba-28b3-4dad-af6e-cf719cba9ce8 tempest-ServerStableDeviceRescueTest-2060115008 tempest-ServerStableDeviceRescueTest-2060115008-project-member] Matched version: v2 {{(pid=99711) process_request /opt/stack/glance/glance/api/middleware/version_negotiation.py:69}}
Aug 18 11:54:40.428950 np0000007649 devstack@g-api.service[99711]: DEBUG glance.api.middleware.version_negotiation [None req-cb0144ba-28b3-4dad-af6e-cf719cba9ce8 tempest-ServerStableDeviceRescueTest-2060115008 tempest-ServerStableDeviceRescueTest-2060115008-project-member] new path /v2/schemas/image {{(pid=99711) process_request /opt/stack/glance/glance/api/middleware/version_negotiation.py:70}}
Aug 18 11:54:40.434851 np0000007649 devstack@g-api.service[99711]: [pid: 99711|app: 0|req: 42/127] 127.0.0.1 () {44 vars in 1051 bytes} [Tue Aug 18 11:54:40 2026] GET /v2/schemas/image => generated 6083 bytes in 7 msecs (HTTP/1.1 200) 4 headers in 158 bytes (1 switches on core 0)
Aug 18 11:54:40.449422 np0000007649 devstack@g-api.service[99710]: DEBUG glance.api.middleware.version_negotiation [None req-23439c3f-fbfd-4cfe-b086-e705db84352c tempest-TaggedBootDevicesTest_v242-1110546986 tempest-TaggedBootDevicesTest_v242-1110546986-project-member] Determining version of request: GET /v2/images/ca48db20-4df5-4ae6-9e31-4d486a719f50 Accept: */* {{(pid=99710) process_request /opt/stack/glance/glance/api/middleware/version_negotiation.py:44}}
Aug 18 11:54:40.449612 np0000007649 devstack@g-api.service[99710]: DEBUG glance.api.middleware.version_negotiation [None req-23439c3f-fbfd-4cfe-b086-e705db84352c tempest-TaggedBootDevicesTest_v242-1110546986 tempest-TaggedBootDevicesTest_v242-1110546986-project-member] Using url versioning {{(pid=99710) process_request /opt/stack/glance/glance/api/middleware/version_negotiation.py:57}}
Aug 18 11:54:40.449966 np0000007649 devstack@g-api.service[99710]: DEBUG glance.api.middleware.version_negotiation [None req-23439c3f-fbfd-4cfe-b086-e705db84352c tempest-TaggedBootDevicesTest_v242-1110546986 tempest-TaggedBootDevicesTest_v242-1110546986-project-member] Matched version: v2 {{(pid=99710) process_request /opt/stack/glance/glance/api/middleware/version_negotiation.py:69}}
Aug 18 11:54:40.449966 np0000007649 devstack@g-api.service[99710]: DEBUG glance.api.middleware.version_negotiation [None req-23439c3f-fbfd-4cfe-b086-e705db84352c tempest-TaggedBootDevicesTest_v242-1110546986 tempest-TaggedBootDevicesTest_v242-1110546986-project-member] new path /v2/images/ca48db20-4df5-4ae6-9e31-4d486a719f50 {{(pid=99710) process_request /opt/stack/glance/glance/api/middleware/version_negotiation.py:70}}
Aug 18 11:54:40.450791 np0000007649 devstack@g-api.service[99711]: DEBUG glance.api.middleware.version_negotiation [None req-23439c3f-fbfd-4cfe-b086-e705db84352c tempest-TaggedBootDevicesTest_v242-1110546986 tempest-TaggedBootDevicesTest_v242-1110546986-project-member] Determining version of request: GET /v2/schemas/image Accept: */* {{(pid=99711) process_request /opt/stack/glance/glance/api/middleware/version_negotiation.py:44}}
Aug 18 11:54:40.451043 np0000007649 devstack@g-api.service[99711]: DEBUG glance.api.middleware.version_negotiation [None req-23439c3f-fbfd-4cfe-b086-e705db84352c tempest-TaggedBootDevicesTest_v242-1110546986 tempest-TaggedBootDevicesTest_v242-1110546986-project-member] Using url versioning {{(pid=99711) process_request /opt/stack/glance/glance/api/middleware/version_negotiation.py:57}}
Aug 18 11:54:40.451233 np0000007649 devstack@g-api.service[99711]: DEBUG glance.api.middleware.version_negotiation [None req-23439c3f-fbfd-4cfe-b086-e705db84352c tempest-TaggedBootDevicesTest_v242-1110546986 tempest-TaggedBootDevicesTest_v242-1110546986-project-member] Matched version: v2 {{(pid=99711) process_request /opt/stack/glance/glance/api/middleware/version_negotiation.py:69}}
Aug 18 11:54:40.451401 np0000007649 devstack@g-api.service[99711]: DEBUG glance.api.middleware.version_negotiation [None req-23439c3f-fbfd-4cfe-b086-e705db84352c tempest-TaggedBootDevicesTest_v242-1110546986 tempest-TaggedBootDevicesTest_v242-1110546986-project-member] new path /v2/schemas/image {{(pid=99711) process_request /opt/stack/glance/glance/api/middleware/version_negotiation.py:70}}
Aug 18 11:54:40.454895 np0000007649 devstack@g-api.service[99711]: [pid: 99711|app: 0|req: 43/128] 127.0.0.1 () {44 vars in 1051 bytes} [Tue Aug 18 11:54:40 2026] GET /v2/schemas/image => generated 6083 bytes in 4 msecs (HTTP/1.1 200) 4 headers in 158 bytes (1 switches on core 0)
Aug 18 11:54:40.462689 np0000007649 devstack@g-api.service[99710]: [pid: 99710|app: 0|req: 47/129] 127.0.0.1 () {44 vars in 1111 bytes} [Tue Aug 18 11:54:40 2026] GET /v2/images/ca48db20-4df5-4ae6-9e31-4d486a719f50 => generated 1447 bytes in 13 msecs (HTTP/1.1 200) 4 headers in 158 bytes (1 switches on core 0)
Aug 18 11:54:40.467416 np0000007649 devstack@g-api.service[99711]: DEBUG glance.api.middleware.version_negotiation [None req-23439c3f-fbfd-4cfe-b086-e705db84352c tempest-TaggedBootDevicesTest_v242-1110546986 tempest-TaggedBootDevicesTest_v242-1110546986-project-member] Determining version of request: GET /v2/images/344d2b4e-40cb-436c-836b-31262f6f34af Accept: */* {{(pid=99711) process_request /opt/stack/glance/glance/api/middleware/version_negotiation.py:44}}
Aug 18 11:54:40.467624 np0000007649 devstack@g-api.service[99711]: DEBUG glance.api.middleware.version_negotiation [None req-23439c3f-fbfd-4cfe-b086-e705db84352c tempest-TaggedBootDevicesTest_v242-1110546986 tempest-TaggedBootDevicesTest_v242-1110546986-project-member] Using url versioning {{(pid=99711) process_request /opt/stack/glance/glance/api/middleware/version_negotiation.py:57}}
Aug 18 11:54:40.467788 np0000007649 devstack@g-api.service[99711]: DEBUG glance.api.middleware.version_negotiation [None req-23439c3f-fbfd-4cfe-b086-e705db84352c tempest-TaggedBootDevicesTest_v242-1110546986 tempest-TaggedBootDevicesTest_v242-1110546986-project-member] Matched version: v2 {{(pid=99711) process_request /opt/stack/glance/glance/api/middleware/version_negotiation.py:69}}
Aug 18 11:54:40.467901 np0000007649 devstack@g-api.service[99711]: DEBUG glance.api.middleware.version_negotiation [None req-23439c3f-fbfd-4cfe-b086-e705db84352c tempest-TaggedBootDevicesTest_v242-1110546986 tempest-TaggedBootDevicesTest_v242-1110546986-project-member] new path /v2/images/344d2b4e-40cb-436c-836b-31262f6f34af {{(pid=99711) process_request /opt/stack/glance/glance/api/middleware/version_negotiation.py:70}}
Aug 18 11:54:40.486119 np0000007649 devstack@g-api.service[99711]: [pid: 99711|app: 0|req: 44/130] 127.0.0.1 () {44 vars in 1111 bytes} [Tue Aug 18 11:54:40 2026] GET /v2/images/344d2b4e-40cb-436c-836b-31262f6f34af => generated 1044 bytes in 19 msecs (HTTP/1.1 200) 4 headers in 158 bytes (1 switches on core 0)
Aug 18 11:54:40.496776 np0000007649 devstack@g-api.service[99710]: DEBUG glance.api.middleware.version_negotiation [None req-7d22f637-0785-423f-bab4-004daea33296 tempest-ServerStableDeviceRescueTest-2060115008 tempest-ServerStableDeviceRescueTest-2060115008-project-member] Determining version of request: GET /v2/schemas/image Accept: */* {{(pid=99710) process_request /opt/stack/glance/glance/api/middleware/version_negotiation.py:44}}
Aug 18 11:54:40.497801 np0000007649 devstack@g-api.service[99710]: DEBUG glance.api.middleware.version_negotiation [None req-7d22f637-0785-423f-bab4-004daea33296 tempest-ServerStableDeviceRescueTest-2060115008 tempest-ServerStableDeviceRescueTest-2060115008-project-member] Using url versioning {{(pid=99710) process_request /opt/stack/glance/glance/api/middleware/version_negotiation.py:57}}
Aug 18 11:54:40.497801 np0000007649 devstack@g-api.service[99710]: DEBUG glance.api.middleware.version_negotiation [None req-7d22f637-0785-423f-bab4-004daea33296 tempest-ServerStableDeviceRescueTest-2060115008 tempest-ServerStableDeviceRescueTest-2060115008-project-member] Matched version: v2 {{(pid=99710) process_request /opt/stack/glance/glance/api/middleware/version_negotiation.py:69}}
Aug 18 11:54:40.497801 np0000007649 devstack@g-api.service[99710]: DEBUG glance.api.middleware.version_negotiation [None req-7d22f637-0785-423f-bab4-004daea33296 tempest-ServerStableDeviceRescueTest-2060115008 tempest-ServerStableDeviceRescueTest-2060115008-project-member] new path /v2/schemas/image {{(pid=99710) process_request /opt/stack/glance/glance/api/middleware/version_negotiation.py:70}}
Aug 18 11:54:40.502422 np0000007649 devstack@g-api.service[99710]: [pid: 99710|app: 0|req: 48/131] 127.0.0.1 () {44 vars in 1051 bytes} [Tue Aug 18 11:54:40 2026] GET /v2/schemas/image => generated 6083 bytes in 5 msecs (HTTP/1.1 200) 4 headers in 158 bytes (1 switches on core 0)
Aug 18 11:54:40.515875 np0000007649 devstack@g-api.service[99711]: DEBUG glance.api.middleware.version_negotiation [None req-23439c3f-fbfd-4cfe-b086-e705db84352c tempest-TaggedBootDevicesTest_v242-1110546986 tempest-TaggedBootDevicesTest_v242-1110546986-project-member] Determining version of request: GET /v2/schemas/image Accept: */* {{(pid=99711) process_request /opt/stack/glance/glance/api/middleware/version_negotiation.py:44}}
Aug 18 11:54:40.516115 np0000007649 devstack@g-api.service[99711]: DEBUG glance.api.middleware.version_negotiation [None req-23439c3f-fbfd-4cfe-b086-e705db84352c tempest-TaggedBootDevicesTest_v242-1110546986 tempest-TaggedBootDevicesTest_v242-1110546986-project-member] Using url versioning {{(pid=99711) process_request /opt/stack/glance/glance/api/middleware/version_negotiation.py:57}}
Aug 18 11:54:40.516258 np0000007649 devstack@g-api.service[99711]: DEBUG glance.api.middleware.version_negotiation [None req-23439c3f-fbfd-4cfe-b086-e705db84352c tempest-TaggedBootDevicesTest_v242-1110546986 tempest-TaggedBootDevicesTest_v242-1110546986-project-member] Matched version: v2 {{(pid=99711) process_request /opt/stack/glance/glance/api/middleware/version_negotiation.py:69}}
Aug 18 11:54:40.516410 np0000007649 devstack@g-api.service[99711]: DEBUG glance.api.middleware.version_negotiation [None req-23439c3f-fbfd-4cfe-b086-e705db84352c tempest-TaggedBootDevicesTest_v242-1110546986 tempest-TaggedBootDevicesTest_v242-1110546986-project-member] new path /v2/schemas/image {{(pid=99711) process_request /opt/stack/glance/glance/api/middleware/version_negotiation.py:70}}
Aug 18 11:54:40.520741 np0000007649 devstack@g-api.service[99711]: [pid: 99711|app: 0|req: 45/132] 127.0.0.1 () {44 vars in 1051 bytes} [Tue Aug 18 11:54:40 2026] GET /v2/schemas/image => generated 6083 bytes in 7 msecs (HTTP/1.1 200) 4 headers in 158 bytes (1 switches on core 0)
Aug 18 11:54:40.550990 np0000007649 devstack@g-api.service[99710]: DEBUG glance.api.middleware.version_negotiation [None req-23439c3f-fbfd-4cfe-b086-e705db84352c tempest-TaggedBootDevicesTest_v242-1110546986 tempest-TaggedBootDevicesTest_v242-1110546986-project-member] Determining version of request: GET /v2/images/344d2b4e-40cb-436c-836b-31262f6f34af Accept: */* {{(pid=99710) process_request /opt/stack/glance/glance/api/middleware/version_negotiation.py:44}}
Aug 18 11:54:40.551214 np0000007649 devstack@g-api.service[99710]: DEBUG glance.api.middleware.version_negotiation [None req-23439c3f-fbfd-4cfe-b086-e705db84352c tempest-TaggedBootDevicesTest_v242-1110546986 tempest-TaggedBootDevicesTest_v242-1110546986-project-member] Using url versioning {{(pid=99710) process_request /opt/stack/glance/glance/api/middleware/version_negotiation.py:57}}
Aug 18 11:54:40.551401 np0000007649 devstack@g-api.service[99710]: DEBUG glance.api.middleware.version_negotiation [None req-23439c3f-fbfd-4cfe-b086-e705db84352c tempest-TaggedBootDevicesTest_v242-1110546986 tempest-TaggedBootDevicesTest_v242-1110546986-project-member] Matched version: v2 {{(pid=99710) process_request /opt/stack/glance/glance/api/middleware/version_negotiation.py:69}}
Aug 18 11:54:40.551522 np0000007649 devstack@g-api.service[99710]: DEBUG glance.api.middleware.version_negotiation [None req-23439c3f-fbfd-4cfe-b086-e705db84352c tempest-TaggedBootDevicesTest_v242-1110546986 tempest-TaggedBootDevicesTest_v242-1110546986-project-member] new path /v2/images/344d2b4e-40cb-436c-836b-31262f6f34af {{(pid=99710) process_request /opt/stack/glance/glance/api/middleware/version_negotiation.py:70}}
Aug 18 11:54:40.565003 np0000007649 devstack@g-api.service[99710]: [pid: 99710|app: 0|req: 49/133] 127.0.0.1 () {44 vars in 1111 bytes} [Tue Aug 18 11:54:40 2026] GET /v2/images/344d2b4e-40cb-436c-836b-31262f6f34af => generated 1044 bytes in 14 msecs (HTTP/1.1 200) 4 headers in 158 bytes (1 switches on core 0)
Aug 18 11:54:40.574728 np0000007649 devstack@g-api.service[99711]: DEBUG glance.api.middleware.version_negotiation [None req-23439c3f-fbfd-4cfe-b086-e705db84352c tempest-TaggedBootDevicesTest_v242-1110546986 tempest-TaggedBootDevicesTest_v242-1110546986-project-member] Determining version of request: GET /v2/schemas/image Accept: */* {{(pid=99711) process_request /opt/stack/glance/glance/api/middleware/version_negotiation.py:44}}
Aug 18 11:54:40.574854 np0000007649 devstack@g-api.service[99711]: DEBUG glance.api.middleware.version_negotiation [None req-23439c3f-fbfd-4cfe-b086-e705db84352c tempest-TaggedBootDevicesTest_v242-1110546986 tempest-TaggedBootDevicesTest_v242-1110546986-project-member] Using url versioning {{(pid=99711) process_request /opt/stack/glance/glance/api/middleware/version_negotiation.py:57}}
Aug 18 11:54:40.575001 np0000007649 devstack@g-api.service[99711]: DEBUG glance.api.middleware.version_negotiation [None req-23439c3f-fbfd-4cfe-b086-e705db84352c tempest-TaggedBootDevicesTest_v242-1110546986 tempest-TaggedBootDevicesTest_v242-1110546986-project-member] Matched version: v2 {{(pid=99711) process_request /opt/stack/glance/glance/api/middleware/version_negotiation.py:69}}
Aug 18 11:54:40.575101 np0000007649 devstack@g-api.service[99711]: DEBUG glance.api.middleware.version_negotiation [None req-23439c3f-fbfd-4cfe-b086-e705db84352c tempest-TaggedBootDevicesTest_v242-1110546986 tempest-TaggedBootDevicesTest_v242-1110546986-project-member] new path /v2/schemas/image {{(pid=99711) process_request /opt/stack/glance/glance/api/middleware/version_negotiation.py:70}}
Aug 18 11:54:40.578737 np0000007649 devstack@g-api.service[99711]: [pid: 99711|app: 0|req: 46/134] 127.0.0.1 () {44 vars in 1051 bytes} [Tue Aug 18 11:54:40 2026] GET /v2/schemas/image => generated 6083 bytes in 4 msecs (HTTP/1.1 200) 4 headers in 158 bytes (1 switches on core 0)
Aug 18 11:54:40.593022 np0000007649 devstack@g-api.service[99710]: DEBUG glance.api.middleware.version_negotiation [None req-23439c3f-fbfd-4cfe-b086-e705db84352c tempest-TaggedBootDevicesTest_v242-1110546986 tempest-TaggedBootDevicesTest_v242-1110546986-project-member] Determining version of request: GET /v2/schemas/image Accept: */* {{(pid=99710) process_request /opt/stack/glance/glance/api/middleware/version_negotiation.py:44}}
Aug 18 11:54:40.593253 np0000007649 devstack@g-api.service[99710]: DEBUG glance.api.middleware.version_negotiation [None req-23439c3f-fbfd-4cfe-b086-e705db84352c tempest-TaggedBootDevicesTest_v242-1110546986 tempest-TaggedBootDevicesTest_v242-1110546986-project-member] Using url versioning {{(pid=99710) process_request /opt/stack/glance/glance/api/middleware/version_negotiation.py:57}}
Aug 18 11:54:40.593519 np0000007649 devstack@g-api.service[99710]: DEBUG glance.api.middleware.version_negotiation [None req-23439c3f-fbfd-4cfe-b086-e705db84352c tempest-TaggedBootDevicesTest_v242-1110546986 tempest-TaggedBootDevicesTest_v242-1110546986-project-member] Matched version: v2 {{(pid=99710) process_request /opt/stack/glance/glance/api/middleware/version_negotiation.py:69}}
Aug 18 11:54:40.593639 np0000007649 devstack@g-api.service[99710]: DEBUG glance.api.middleware.version_negotiation [None req-23439c3f-fbfd-4cfe-b086-e705db84352c tempest-TaggedBootDevicesTest_v242-1110546986 tempest-TaggedBootDevicesTest_v242-1110546986-project-member] new path /v2/schemas/image {{(pid=99710) process_request /opt/stack/glance/glance/api/middleware/version_negotiation.py:70}}
Aug 18 11:54:40.599504 np0000007649 devstack@g-api.service[99710]: [pid: 99710|app: 0|req: 50/135] 127.0.0.1 () {44 vars in 1051 bytes} [Tue Aug 18 11:54:40 2026] GET /v2/schemas/image => generated 6083 bytes in 6 msecs (HTTP/1.1 200) 4 headers in 158 bytes (1 switches on core 0)
Aug 18 11:54:40.705354 np0000007649 devstack@g-api.service[99711]: DEBUG glance.api.middleware.version_negotiation [None req-23439c3f-fbfd-4cfe-b086-e705db84352c tempest-TaggedBootDevicesTest_v242-1110546986 tempest-TaggedBootDevicesTest_v242-1110546986-project-member] Determining version of request: GET /v2/schemas/image Accept: */* {{(pid=99711) process_request /opt/stack/glance/glance/api/middleware/version_negotiation.py:44}}
Aug 18 11:54:40.705737 np0000007649 devstack@g-api.service[99711]: DEBUG glance.api.middleware.version_negotiation [None req-23439c3f-fbfd-4cfe-b086-e705db84352c tempest-TaggedBootDevicesTest_v242-1110546986 tempest-TaggedBootDevicesTest_v242-1110546986-project-member] Using url versioning {{(pid=99711) process_request /opt/stack/glance/glance/api/middleware/version_negotiation.py:57}}
Aug 18 11:54:40.705877 np0000007649 devstack@g-api.service[99711]: DEBUG glance.api.middleware.version_negotiation [None req-23439c3f-fbfd-4cfe-b086-e705db84352c tempest-TaggedBootDevicesTest_v242-1110546986 tempest-TaggedBootDevicesTest_v242-1110546986-project-member] Matched version: v2 {{(pid=99711) process_request /opt/stack/glance/glance/api/middleware/version_negotiation.py:69}}
Aug 18 11:54:40.706565 np0000007649 devstack@g-api.service[99711]: DEBUG glance.api.middleware.version_negotiation [None req-23439c3f-fbfd-4cfe-b086-e705db84352c tempest-TaggedBootDevicesTest_v242-1110546986 tempest-TaggedBootDevicesTest_v242-1110546986-project-member] new path /v2/schemas/image {{(pid=99711) process_request /opt/stack/glance/glance/api/middleware/version_negotiation.py:70}}
Aug 18 11:54:40.709787 np0000007649 devstack@g-api.service[99711]: [pid: 99711|app: 0|req: 47/136] 127.0.0.1 () {44 vars in 1051 bytes} [Tue Aug 18 11:54:40 2026] GET /v2/schemas/image => generated 6083 bytes in 4 msecs (HTTP/1.1 200) 4 headers in 158 bytes (1 switches on core 0)
Aug 18 11:54:40.908806 np0000007649 devstack@g-api.service[99712]: DEBUG swiftclient [None req-303e5056-37c7-4755-8c76-bee7d02c5305 tempest-ServerStableDeviceRescueTest-2060115008 tempest-ServerStableDeviceRescueTest-2060115008-project-member] REQ: curl -i https://10.4.3.79:8080/v1/AUTH_0aba7c41721b4a17a6182eddd1ef102a/glance -I -H "X-Auth-Token: gAAAAABqhEgAHaTz..." {{(pid=99712) http_log /opt/stack/data/venv/lib/python3.12/site-packages/swiftclient/client.py:160}}
Aug 18 11:54:40.909261 np0000007649 devstack@g-api.service[99712]: DEBUG swiftclient [None req-303e5056-37c7-4755-8c76-bee7d02c5305 tempest-ServerStableDeviceRescueTest-2060115008 tempest-ServerStableDeviceRescueTest-2060115008-project-member] RESP STATUS: 204 No Content {{(pid=99712) http_log /opt/stack/data/venv/lib/python3.12/site-packages/swiftclient/client.py:161}}
Aug 18 11:54:40.909261 np0000007649 devstack@g-api.service[99712]: DEBUG swiftclient [None req-303e5056-37c7-4755-8c76-bee7d02c5305 tempest-ServerStableDeviceRescueTest-2060115008 tempest-ServerStableDeviceRescueTest-2060115008-project-member] RESP HEADERS: {'Date': 'Tue, 18 Aug 2026 11:54:40 GMT', 'Server': 'Apache/2.4.58 (Ubuntu)', 'Content-Type': 'text/plain; charset=utf-8', 'X-Container-Object-Count': '3', 'X-Container-Bytes-Used': '64356352', 'X-Timestamp': '1787053832.65162', 'Last-Modified': 'Tue, 18 Aug 2026 11:50:33 GMT', 'Accept-Ranges': 'bytes', 'X-Storage-Policy': 'Policy-0', 'X-Container-Sharding': 'False', 'Vary': 'Accept', 'X-Trans-Id': 'tx7cf93c6f61254f5db72de-006a844800', 'X-Openstack-Request-Id': 'tx7cf93c6f61254f5db72de-006a844800', 'Connection': 'close'} {{(pid=99712) http_log /opt/stack/data/venv/lib/python3.12/site-packages/swiftclient/client.py:162}}
Aug 18 11:54:40.909463 np0000007649 devstack@g-api.service[99712]: DEBUG glance_store._drivers.swift.store [None req-303e5056-37c7-4755-8c76-bee7d02c5305 tempest-ServerStableDeviceRescueTest-2060115008 tempest-ServerStableDeviceRescueTest-2060115008-project-member] Adding image object 'ca48db20-4df5-4ae6-9e31-4d486a719f50' to Swift {{(pid=99712) add /opt/stack/data/venv/lib/python3.12/site-packages/glance_store/_drivers/swift/store.py:970}}
Aug 18 11:54:40.909802 np0000007649 devstack@g-api.service[99712]: DEBUG glance_store._drivers.swift.store [None req-303e5056-37c7-4755-8c76-bee7d02c5305 tempest-ServerStableDeviceRescueTest-2060115008 tempest-ServerStableDeviceRescueTest-2060115008-project-member] Cannot determine image size because it is either not provided in the request or chunked-transfer encoding is used. Adding image as a segmented object to Swift. {{(pid=99712) add /opt/stack/data/venv/lib/python3.12/site-packages/glance_store/_drivers/swift/store.py:994}}
Aug 18 11:54:40.916170 np0000007649 devstack@g-api.service[99712]: DEBUG oslo_utils.imageutils.format_inspector [None req-303e5056-37c7-4755-8c76-bee7d02c5305 tempest-ServerStableDeviceRescueTest-2060115008 tempest-ServerStableDeviceRescueTest-2060115008-project-member] Format inspector for vmdk does not match, excluding from consideration (Signature KDMV not found: b'QFI\xfb') {{(pid=99712) _process_chunk /opt/stack/data/venv/lib/python3.12/site-packages/oslo_utils/imageutils/format_inspector.py:1758}}
Aug 18 11:54:40.921586 np0000007649 devstack@g-api.service[99712]: DEBUG oslo_utils.imageutils.format_inspector [None req-303e5056-37c7-4755-8c76-bee7d02c5305 tempest-ServerStableDeviceRescueTest-2060115008 tempest-ServerStableDeviceRescueTest-2060115008-project-member] Format inspector for vhdx does not match, excluding from consideration (Region signature not found at 30000) {{(pid=99712) _process_chunk /opt/stack/data/venv/lib/python3.12/site-packages/oslo_utils/imageutils/format_inspector.py:1758}}
Aug 18 11:54:41.282174 np0000007649 devstack@g-api.service[99710]: DEBUG glance.api.middleware.version_negotiation [None req-23439c3f-fbfd-4cfe-b086-e705db84352c tempest-TaggedBootDevicesTest_v242-1110546986 tempest-TaggedBootDevicesTest_v242-1110546986-project-member] Determining version of request: GET /versions Accept: */* {{(pid=99710) process_request /opt/stack/glance/glance/api/middleware/version_negotiation.py:44}}
Aug 18 11:54:41.282174 np0000007649 devstack@g-api.service[99710]: [pid: 99710|app: 0|req: 51/137] 127.0.0.1 () {44 vars in 1035 bytes} [Tue Aug 18 11:54:41 2026] GET /versions => generated 1501 bytes in 2 msecs (HTTP/1.1 200) 3 headers in 92 bytes (1 switches on core 0)
Aug 18 11:54:41.295053 np0000007649 devstack@g-api.service[99711]: DEBUG glance.api.middleware.version_negotiation [None req-7d22f637-0785-423f-bab4-004daea33296 tempest-ServerStableDeviceRescueTest-2060115008 tempest-ServerStableDeviceRescueTest-2060115008-project-member] Determining version of request: GET /v2/images/344d2b4e-40cb-436c-836b-31262f6f34af/locations Accept: */* {{(pid=99711) process_request /opt/stack/glance/glance/api/middleware/version_negotiation.py:44}}
Aug 18 11:54:41.295438 np0000007649 devstack@g-api.service[99711]: DEBUG glance.api.middleware.version_negotiation [None req-7d22f637-0785-423f-bab4-004daea33296 tempest-ServerStableDeviceRescueTest-2060115008 tempest-ServerStableDeviceRescueTest-2060115008-project-member] Using url versioning {{(pid=99711) process_request /opt/stack/glance/glance/api/middleware/version_negotiation.py:57}}
Aug 18 11:54:41.295831 np0000007649 devstack@g-api.service[99711]: DEBUG glance.api.middleware.version_negotiation [None req-7d22f637-0785-423f-bab4-004daea33296 tempest-ServerStableDeviceRescueTest-2060115008 tempest-ServerStableDeviceRescueTest-2060115008-project-member] Matched version: v2 {{(pid=99711) process_request /opt/stack/glance/glance/api/middleware/version_negotiation.py:69}}
Aug 18 11:54:41.296018 np0000007649 devstack@g-api.service[99711]: DEBUG glance.api.middleware.version_negotiation [None req-7d22f637-0785-423f-bab4-004daea33296 tempest-ServerStableDeviceRescueTest-2060115008 tempest-ServerStableDeviceRescueTest-2060115008-project-member] new path /v2/images/344d2b4e-40cb-436c-836b-31262f6f34af/locations {{(pid=99711) process_request /opt/stack/glance/glance/api/middleware/version_negotiation.py:70}}
Aug 18 11:54:41.595427 np0000007649 devstack@g-api.service[99712]: DEBUG swiftclient [None req-303e5056-37c7-4755-8c76-bee7d02c5305 tempest-ServerStableDeviceRescueTest-2060115008 tempest-ServerStableDeviceRescueTest-2060115008-project-member] REQ: curl -i https://10.4.3.79:8080/v1/AUTH_0aba7c41721b4a17a6182eddd1ef102a/glance/ca48db20-4df5-4ae6-9e31-4d486a719f50-00001 -X PUT -H "X-Auth-Token: gAAAAABqhEgAHaTz..." {{(pid=99712) http_log /opt/stack/data/venv/lib/python3.12/site-packages/swiftclient/client.py:160}}
Aug 18 11:54:41.595427 np0000007649 devstack@g-api.service[99712]: DEBUG swiftclient [None req-303e5056-37c7-4755-8c76-bee7d02c5305 tempest-ServerStableDeviceRescueTest-2060115008 tempest-ServerStableDeviceRescueTest-2060115008-project-member] RESP STATUS: 201 Created {{(pid=99712) http_log /opt/stack/data/venv/lib/python3.12/site-packages/swiftclient/client.py:161}}
Aug 18 11:54:41.595427 np0000007649 devstack@g-api.service[99712]: DEBUG swiftclient [None req-303e5056-37c7-4755-8c76-bee7d02c5305 tempest-ServerStableDeviceRescueTest-2060115008 tempest-ServerStableDeviceRescueTest-2060115008-project-member] RESP HEADERS: {'Date': 'Tue, 18 Aug 2026 11:54:41 GMT', 'Server': 'Apache/2.4.58 (Ubuntu)', 'Content-Type': 'text/html; charset=UTF-8', 'Content-Length': '0', 'Etag': 'f3537d2819d493acf8ea68bfc8cac9a5', 'Last-Modified': 'Tue, 18 Aug 2026 11:54:41 GMT', 'X-Trans-Id': 'tx68e6edbecdcb4079bc671-006a844800', 'X-Openstack-Request-Id': 'tx68e6edbecdcb4079bc671-006a844800', 'Connection': 'close'} {{(pid=99712) http_log /opt/stack/data/venv/lib/python3.12/site-packages/swiftclient/client.py:162}}
Aug 18 11:54:41.595427 np0000007649 devstack@g-api.service[99712]: DEBUG glance_store._drivers.swift.store [None req-303e5056-37c7-4755-8c76-bee7d02c5305 tempest-ServerStableDeviceRescueTest-2060115008 tempest-ServerStableDeviceRescueTest-2060115008-project-member] Wrote chunk ca48db20-4df5-4ae6-9e31-4d486a719f50-00001 (1/?) of length 53936128 to Swift returning MD5 of content: f3537d2819d493acf8ea68bfc8cac9a5 {{(pid=99712) add /opt/stack/data/venv/lib/python3.12/site-packages/glance_store/_drivers/swift/store.py:1059}}
Aug 18 11:54:41.597975 np0000007649 devstack@g-api.service[99712]: DEBUG glance_store._drivers.swift.store [None req-303e5056-37c7-4755-8c76-bee7d02c5305 tempest-ServerStableDeviceRescueTest-2060115008 tempest-ServerStableDeviceRescueTest-2060115008-project-member] Not writing zero-length chunk. {{(pid=99712) add /opt/stack/data/venv/lib/python3.12/site-packages/glance_store/_drivers/swift/store.py:1028}}
Aug 18 11:54:41.601099 np0000007649 devstack@g-api.service[99711]: [pid: 99711|app: 0|req: 48/138] 127.0.0.1 () {44 vars in 1131 bytes} [Tue Aug 18 11:54:41 2026] GET /v2/images/344d2b4e-40cb-436c-836b-31262f6f34af/locations => generated 92 bytes in 307 msecs (HTTP/1.1 200) 4 headers in 156 bytes (1 switches on core 0)
Aug 18 11:54:41.611113 np0000007649 devstack@g-api.service[99710]: DEBUG glance.api.middleware.version_negotiation [None req-23439c3f-fbfd-4cfe-b086-e705db84352c tempest-TaggedBootDevicesTest_v242-1110546986 tempest-TaggedBootDevicesTest_v242-1110546986-project-member] Determining version of request: GET /v2/images/344d2b4e-40cb-436c-836b-31262f6f34af Accept: */* {{(pid=99710) process_request /opt/stack/glance/glance/api/middleware/version_negotiation.py:44}}
Aug 18 11:54:41.611543 np0000007649 devstack@g-api.service[99710]: DEBUG glance.api.middleware.version_negotiation [None req-23439c3f-fbfd-4cfe-b086-e705db84352c tempest-TaggedBootDevicesTest_v242-1110546986 tempest-TaggedBootDevicesTest_v242-1110546986-project-member] Using url versioning {{(pid=99710) process_request /opt/stack/glance/glance/api/middleware/version_negotiation.py:57}}
Aug 18 11:54:41.611543 np0000007649 devstack@g-api.service[99710]: DEBUG glance.api.middleware.version_negotiation [None req-23439c3f-fbfd-4cfe-b086-e705db84352c tempest-TaggedBootDevicesTest_v242-1110546986 tempest-TaggedBootDevicesTest_v242-1110546986-project-member] Matched version: v2 {{(pid=99710) process_request /opt/stack/glance/glance/api/middleware/version_negotiation.py:69}}
Aug 18 11:54:41.611819 np0000007649 devstack@g-api.service[99710]: DEBUG glance.api.middleware.version_negotiation [None req-23439c3f-fbfd-4cfe-b086-e705db84352c tempest-TaggedBootDevicesTest_v242-1110546986 tempest-TaggedBootDevicesTest_v242-1110546986-project-member] new path /v2/images/344d2b4e-40cb-436c-836b-31262f6f34af {{(pid=99710) process_request /opt/stack/glance/glance/api/middleware/version_negotiation.py:70}}
Aug 18 11:54:41.622686 np0000007649 devstack@g-api.service[99710]: [pid: 99710|app: 0|req: 52/139] 127.0.0.1 () {44 vars in 1111 bytes} [Tue Aug 18 11:54:41 2026] GET /v2/images/344d2b4e-40cb-436c-836b-31262f6f34af => generated 1044 bytes in 12 msecs (HTTP/1.1 200) 4 headers in 158 bytes (1 switches on core 0)
Aug 18 11:54:41.629318 np0000007649 devstack@g-api.service[99712]: DEBUG swiftclient [None req-303e5056-37c7-4755-8c76-bee7d02c5305 tempest-ServerStableDeviceRescueTest-2060115008 tempest-ServerStableDeviceRescueTest-2060115008-project-member] REQ: curl -i https://10.4.3.79:8080/v1/AUTH_0aba7c41721b4a17a6182eddd1ef102a/glance/ca48db20-4df5-4ae6-9e31-4d486a719f50 -X PUT -H "X-Object-Manifest: glance/ca48db20-4df5-4ae6-9e31-4d486a719f50-" -H "X-Auth-Token: gAAAAABqhEgAHaTz..." -H "Content-Length: 0" {{(pid=99712) http_log /opt/stack/data/venv/lib/python3.12/site-packages/swiftclient/client.py:160}}
Aug 18 11:54:41.629612 np0000007649 devstack@g-api.service[99712]: DEBUG swiftclient [None req-303e5056-37c7-4755-8c76-bee7d02c5305 tempest-ServerStableDeviceRescueTest-2060115008 tempest-ServerStableDeviceRescueTest-2060115008-project-member] RESP STATUS: 201 Created {{(pid=99712) http_log /opt/stack/data/venv/lib/python3.12/site-packages/swiftclient/client.py:161}}
Aug 18 11:54:41.629777 np0000007649 devstack@g-api.service[99712]: DEBUG swiftclient [None req-303e5056-37c7-4755-8c76-bee7d02c5305 tempest-ServerStableDeviceRescueTest-2060115008 tempest-ServerStableDeviceRescueTest-2060115008-project-member] RESP HEADERS: {'Date': 'Tue, 18 Aug 2026 11:54:41 GMT', 'Server': 'Apache/2.4.58 (Ubuntu)', 'Content-Type': 'text/html; charset=UTF-8', 'Content-Length': '0', 'Etag': 'd41d8cd98f00b204e9800998ecf8427e', 'Last-Modified': 'Tue, 18 Aug 2026 11:54:42 GMT', 'X-Trans-Id': 'tx230a7d9314d049b38fe42-006a844801', 'X-Openstack-Request-Id': 'tx230a7d9314d049b38fe42-006a844801', 'Connection': 'close'} {{(pid=99712) http_log /opt/stack/data/venv/lib/python3.12/site-packages/swiftclient/client.py:162}}
Aug 18 11:54:41.630346 np0000007649 devstack@g-api.service[99712]: INFO glance.location [None req-303e5056-37c7-4755-8c76-bee7d02c5305 tempest-ServerStableDeviceRescueTest-2060115008 tempest-ServerStableDeviceRescueTest-2060115008-project-member] Image format matched and virtual size computed: 1073741824
Aug 18 11:54:41.634382 np0000007649 devstack@g-api.service[99711]: DEBUG glance.api.middleware.version_negotiation [None req-23439c3f-fbfd-4cfe-b086-e705db84352c service glance] Determining version of request: GET /v2/schemas/image Accept: */* {{(pid=99711) process_request /opt/stack/glance/glance/api/middleware/version_negotiation.py:44}}
Aug 18 11:54:41.635319 np0000007649 devstack@g-api.service[99711]: DEBUG glance.api.middleware.version_negotiation [None req-23439c3f-fbfd-4cfe-b086-e705db84352c service glance] Using url versioning {{(pid=99711) process_request /opt/stack/glance/glance/api/middleware/version_negotiation.py:57}}
Aug 18 11:54:41.635319 np0000007649 devstack@g-api.service[99711]: DEBUG glance.api.middleware.version_negotiation [None req-23439c3f-fbfd-4cfe-b086-e705db84352c service glance] Matched version: v2 {{(pid=99711) process_request /opt/stack/glance/glance/api/middleware/version_negotiation.py:69}}
Aug 18 11:54:41.635319 np0000007649 devstack@g-api.service[99711]: DEBUG glance.api.middleware.version_negotiation [None req-23439c3f-fbfd-4cfe-b086-e705db84352c service glance] new path /v2/schemas/image {{(pid=99711) process_request /opt/stack/glance/glance/api/middleware/version_negotiation.py:70}}
Aug 18 11:54:41.637741 np0000007649 devstack@g-api.service[99711]: [pid: 99711|app: 0|req: 49/140] 127.0.0.1 () {44 vars in 1051 bytes} [Tue Aug 18 11:54:41 2026] GET /v2/schemas/image => generated 6083 bytes in 3 msecs (HTTP/1.1 200) 4 headers in 158 bytes (1 switches on core 0)
Aug 18 11:54:41.648706 np0000007649 devstack@g-api.service[99710]: DEBUG glance.api.middleware.version_negotiation [None req-23439c3f-fbfd-4cfe-b086-e705db84352c tempest-TaggedBootDevicesTest_v242-1110546986 tempest-TaggedBootDevicesTest_v242-1110546986-project-member] Determining version of request: GET /v2/schemas/image Accept: */* {{(pid=99710) process_request /opt/stack/glance/glance/api/middleware/version_negotiation.py:44}}
Aug 18 11:54:41.649067 np0000007649 devstack@g-api.service[99710]: DEBUG glance.api.middleware.version_negotiation [None req-23439c3f-fbfd-4cfe-b086-e705db84352c tempest-TaggedBootDevicesTest_v242-1110546986 tempest-TaggedBootDevicesTest_v242-1110546986-project-member] Using url versioning {{(pid=99710) process_request /opt/stack/glance/glance/api/middleware/version_negotiation.py:57}}
Aug 18 11:54:41.649791 np0000007649 devstack@g-api.service[99710]: DEBUG glance.api.middleware.version_negotiation [None req-23439c3f-fbfd-4cfe-b086-e705db84352c tempest-TaggedBootDevicesTest_v242-1110546986 tempest-TaggedBootDevicesTest_v242-1110546986-project-member] Matched version: v2 {{(pid=99710) process_request /opt/stack/glance/glance/api/middleware/version_negotiation.py:69}}
Aug 18 11:54:41.649972 np0000007649 devstack@g-api.service[99710]: DEBUG glance.api.middleware.version_negotiation [None req-23439c3f-fbfd-4cfe-b086-e705db84352c tempest-TaggedBootDevicesTest_v242-1110546986 tempest-TaggedBootDevicesTest_v242-1110546986-project-member] new path /v2/schemas/image {{(pid=99710) process_request /opt/stack/glance/glance/api/middleware/version_negotiation.py:70}}
Aug 18 11:54:41.653515 np0000007649 devstack@g-api.service[99710]: [pid: 99710|app: 0|req: 53/141] 127.0.0.1 () {44 vars in 1051 bytes} [Tue Aug 18 11:54:41 2026] GET /v2/schemas/image => generated 6083 bytes in 5 msecs (HTTP/1.1 200) 4 headers in 158 bytes (1 switches on core 0)
Aug 18 11:54:41.675574 np0000007649 devstack@g-api.service[99712]: DEBUG glance_store.backend [None req-303e5056-37c7-4755-8c76-bee7d02c5305 tempest-ServerStableDeviceRescueTest-2060115008 tempest-ServerStableDeviceRescueTest-2060115008-project-member] Attempting to import store swift {{(pid=99712) _load_store /opt/stack/data/venv/lib/python3.12/site-packages/glance_store/backend.py:215}}
Aug 18 11:54:41.677841 np0000007649 devstack@g-api.service[99712]: DEBUG glance_store.capabilities [None req-303e5056-37c7-4755-8c76-bee7d02c5305 tempest-ServerStableDeviceRescueTest-2060115008 tempest-ServerStableDeviceRescueTest-2060115008-project-member] Store glance_store._drivers.swift.store.SingleTenantStore doesn't support updating dynamic storage capabilities. Please overwrite 'update_capabilities' method of the store to implement updating logics if needed. {{(pid=99712) update_capabilities /opt/stack/data/venv/lib/python3.12/site-packages/glance_store/capabilities.py:91}}
Aug 18 11:54:41.678011 np0000007649 devstack@g-api.service[99712]: DEBUG glance_store.driver [None req-303e5056-37c7-4755-8c76-bee7d02c5305 tempest-ServerStableDeviceRescueTest-2060115008 tempest-ServerStableDeviceRescueTest-2060115008-project-member] Late loading location class glance_store._drivers.swift.store.StoreLocation {{(pid=99712) get_store_location_class /opt/stack/data/venv/lib/python3.12/site-packages/glance_store/driver.py:134}}
Aug 18 11:54:41.678693 np0000007649 devstack@g-api.service[99712]: DEBUG glance_store.location [None req-303e5056-37c7-4755-8c76-bee7d02c5305 tempest-ServerStableDeviceRescueTest-2060115008 tempest-ServerStableDeviceRescueTest-2060115008-project-member] Registering scheme swift+https with {'store': , 'location_class': , 'store_entry': 'swift'} {{(pid=99712) register_scheme_map /opt/stack/data/venv/lib/python3.12/site-packages/glance_store/location.py:146}}
Aug 18 11:54:41.678693 np0000007649 devstack@g-api.service[99712]: DEBUG glance_store.location [None req-303e5056-37c7-4755-8c76-bee7d02c5305 tempest-ServerStableDeviceRescueTest-2060115008 tempest-ServerStableDeviceRescueTest-2060115008-project-member] Registering scheme swift+https with {'store': , 'location_class': , 'store_entry': 'swift'} {{(pid=99712) register_scheme_map /opt/stack/data/venv/lib/python3.12/site-packages/glance_store/location.py:146}}
Aug 18 11:54:41.678693 np0000007649 devstack@g-api.service[99712]: DEBUG glance_store.location [None req-303e5056-37c7-4755-8c76-bee7d02c5305 tempest-ServerStableDeviceRescueTest-2060115008 tempest-ServerStableDeviceRescueTest-2060115008-project-member] Registering scheme swift with {'store': , 'location_class': , 'store_entry': 'swift'} {{(pid=99712) register_scheme_map /opt/stack/data/venv/lib/python3.12/site-packages/glance_store/location.py:146}}
Aug 18 11:54:41.678693 np0000007649 devstack@g-api.service[99712]: DEBUG glance_store.location [None req-303e5056-37c7-4755-8c76-bee7d02c5305 tempest-ServerStableDeviceRescueTest-2060115008 tempest-ServerStableDeviceRescueTest-2060115008-project-member] Registering scheme swift+https with {'store': , 'location_class': , 'store_entry': 'swift'} {{(pid=99712) register_scheme_map /opt/stack/data/venv/lib/python3.12/site-packages/glance_store/location.py:146}}
Aug 18 11:54:41.678693 np0000007649 devstack@g-api.service[99712]: DEBUG glance_store.location [None req-303e5056-37c7-4755-8c76-bee7d02c5305 tempest-ServerStableDeviceRescueTest-2060115008 tempest-ServerStableDeviceRescueTest-2060115008-project-member] Registering scheme swift with {'store': , 'location_class': , 'store_entry': 'swift'} {{(pid=99712) register_scheme_map /opt/stack/data/venv/lib/python3.12/site-packages/glance_store/location.py:146}}
Aug 18 11:54:41.679021 np0000007649 devstack@g-api.service[99712]: DEBUG glance_store.location [None req-303e5056-37c7-4755-8c76-bee7d02c5305 tempest-ServerStableDeviceRescueTest-2060115008 tempest-ServerStableDeviceRescueTest-2060115008-project-member] Registering scheme swift+http with {'store': , 'location_class': , 'store_entry': 'swift'} {{(pid=99712) register_scheme_map /opt/stack/data/venv/lib/python3.12/site-packages/glance_store/location.py:146}}
Aug 18 11:54:41.679021 np0000007649 devstack@g-api.service[99712]: DEBUG glance_store.location [None req-303e5056-37c7-4755-8c76-bee7d02c5305 tempest-ServerStableDeviceRescueTest-2060115008 tempest-ServerStableDeviceRescueTest-2060115008-project-member] Registering scheme swift+https with {'store': , 'location_class': , 'store_entry': 'swift'} {{(pid=99712) register_scheme_map /opt/stack/data/venv/lib/python3.12/site-packages/glance_store/location.py:146}}
Aug 18 11:54:41.679021 np0000007649 devstack@g-api.service[99712]: DEBUG glance_store.location [None req-303e5056-37c7-4755-8c76-bee7d02c5305 tempest-ServerStableDeviceRescueTest-2060115008 tempest-ServerStableDeviceRescueTest-2060115008-project-member] Registering scheme swift with {'store': , 'location_class': , 'store_entry': 'swift'} {{(pid=99712) register_scheme_map /opt/stack/data/venv/lib/python3.12/site-packages/glance_store/location.py:146}}
Aug 18 11:54:41.679167 np0000007649 devstack@g-api.service[99712]: DEBUG glance_store.location [None req-303e5056-37c7-4755-8c76-bee7d02c5305 tempest-ServerStableDeviceRescueTest-2060115008 tempest-ServerStableDeviceRescueTest-2060115008-project-member] Registering scheme swift+http with {'store': , 'location_class': , 'store_entry': 'swift'} {{(pid=99712) register_scheme_map /opt/stack/data/venv/lib/python3.12/site-packages/glance_store/location.py:146}}
