Jul 29 08:00:47.721250 np0000006071 devstack@g-api.service[103086]: DEBUG glance.common.config [None req-7e4473d1-dc39-45a9-be53-b9baf368d440 None None] database.connection_recycle_time = 3600 {{(pid=103086) log_opt_values /opt/stack/data/venv/lib/python3.12/site-packages/oslo_config/cfg.py:3253}}
Jul 29 08:00:47.721274 np0000006071 devstack@g-api.service[103087]: DEBUG glance.common.config [None req-b5e956e8-edd7-471e-a57a-b3c5670f2698 None None] database.max_overflow = 50 {{(pid=103087) log_opt_values /opt/stack/data/venv/lib/python3.12/site-packages/oslo_config/cfg.py:3253}}
Jul 29 08:00:47.721302 np0000006071 devstack@g-api.service[103086]: DEBUG glance.common.config [None req-7e4473d1-dc39-45a9-be53-b9baf368d440 None None] database.connection_trace = False {{(pid=103086) log_opt_values /opt/stack/data/venv/lib/python3.12/site-packages/oslo_config/cfg.py:3253}}
Jul 29 08:00:47.721327 np0000006071 devstack@g-api.service[103087]: DEBUG glance.common.config [None req-b5e956e8-edd7-471e-a57a-b3c5670f2698 None None] database.max_pool_size = 5 {{(pid=103087) log_opt_values /opt/stack/data/venv/lib/python3.12/site-packages/oslo_config/cfg.py:3253}}
Jul 29 08:00:47.721327 np0000006071 devstack@g-api.service[103087]: DEBUG glance.common.config [None req-b5e956e8-edd7-471e-a57a-b3c5670f2698 None None] database.max_retries = 10 {{(pid=103087) log_opt_values /opt/stack/data/venv/lib/python3.12/site-packages/oslo_config/cfg.py:3253}}
Jul 29 08:00:47.721377 np0000006071 devstack@g-api.service[103086]: DEBUG glance.common.config [None req-7e4473d1-dc39-45a9-be53-b9baf368d440 None None] database.db_inc_retry_interval = True {{(pid=103086) log_opt_values /opt/stack/data/venv/lib/python3.12/site-packages/oslo_config/cfg.py:3253}}
Jul 29 08:00:47.721405 np0000006071 devstack@g-api.service[103087]: DEBUG glance.common.config [None req-b5e956e8-edd7-471e-a57a-b3c5670f2698 None None] database.mysql_sql_mode = TRADITIONAL {{(pid=103087) log_opt_values /opt/stack/data/venv/lib/python3.12/site-packages/oslo_config/cfg.py:3253}}
Jul 29 08:00:47.721449 np0000006071 devstack@g-api.service[103086]: DEBUG glance.common.config [None req-7e4473d1-dc39-45a9-be53-b9baf368d440 None None] database.db_max_retries = 20 {{(pid=103086) log_opt_values /opt/stack/data/venv/lib/python3.12/site-packages/oslo_config/cfg.py:3253}}
Jul 29 08:00:47.721479 np0000006071 devstack@g-api.service[103087]: DEBUG glance.common.config [None req-b5e956e8-edd7-471e-a57a-b3c5670f2698 None None] database.mysql_wsrep_sync_wait = None {{(pid=103087) log_opt_values /opt/stack/data/venv/lib/python3.12/site-packages/oslo_config/cfg.py:3253}}
Jul 29 08:00:47.721479 np0000006071 devstack@g-api.service[103087]: DEBUG glance.common.config [None req-b5e956e8-edd7-471e-a57a-b3c5670f2698 None None] database.pool_timeout = None {{(pid=103087) log_opt_values /opt/stack/data/venv/lib/python3.12/site-packages/oslo_config/cfg.py:3253}}
Jul 29 08:00:47.721523 np0000006071 devstack@g-api.service[103086]: DEBUG glance.common.config [None req-7e4473d1-dc39-45a9-be53-b9baf368d440 None None] database.db_max_retry_interval = 10 {{(pid=103086) log_opt_values /opt/stack/data/venv/lib/python3.12/site-packages/oslo_config/cfg.py:3253}}
Jul 29 08:00:47.721551 np0000006071 devstack@g-api.service[103087]: DEBUG glance.common.config [None req-b5e956e8-edd7-471e-a57a-b3c5670f2698 None None] database.retry_interval = 10 {{(pid=103087) log_opt_values /opt/stack/data/venv/lib/python3.12/site-packages/oslo_config/cfg.py:3253}}
Jul 29 08:00:47.721575 np0000006071 devstack@g-api.service[103086]: DEBUG glance.common.config [None req-7e4473d1-dc39-45a9-be53-b9baf368d440 None None] database.db_retry_interval = 1 {{(pid=103086) log_opt_values /opt/stack/data/venv/lib/python3.12/site-packages/oslo_config/cfg.py:3253}}
Jul 29 08:00:47.721596 np0000006071 devstack@g-api.service[103087]: DEBUG glance.common.config [None req-b5e956e8-edd7-471e-a57a-b3c5670f2698 None None] database.slave_connection = **** {{(pid=103087) log_opt_values /opt/stack/data/venv/lib/python3.12/site-packages/oslo_config/cfg.py:3253}}
Jul 29 08:00:47.721618 np0000006071 devstack@g-api.service[103086]: DEBUG glance.common.config [None req-7e4473d1-dc39-45a9-be53-b9baf368d440 None None] database.max_overflow = 50 {{(pid=103086) log_opt_values /opt/stack/data/venv/lib/python3.12/site-packages/oslo_config/cfg.py:3253}}
Jul 29 08:00:47.721655 np0000006071 devstack@g-api.service[103087]: DEBUG glance.common.config [None req-b5e956e8-edd7-471e-a57a-b3c5670f2698 None None] database.sqlite_synchronous = True {{(pid=103087) log_opt_values /opt/stack/data/venv/lib/python3.12/site-packages/oslo_config/cfg.py:3253}}
Jul 29 08:00:47.721685 np0000006071 devstack@g-api.service[103086]: DEBUG glance.common.config [None req-7e4473d1-dc39-45a9-be53-b9baf368d440 None None] database.max_pool_size = 5 {{(pid=103086) log_opt_values /opt/stack/data/venv/lib/python3.12/site-packages/oslo_config/cfg.py:3253}}
Jul 29 08:00:47.721709 np0000006071 devstack@g-api.service[103087]: DEBUG glance.common.config [None req-b5e956e8-edd7-471e-a57a-b3c5670f2698 None None] database.synchronous_reader = True {{(pid=103087) log_opt_values /opt/stack/data/venv/lib/python3.12/site-packages/oslo_config/cfg.py:3253}}
Jul 29 08:00:47.721741 np0000006071 devstack@g-api.service[103086]: DEBUG glance.common.config [None req-7e4473d1-dc39-45a9-be53-b9baf368d440 None None] database.max_retries = 10 {{(pid=103086) log_opt_values /opt/stack/data/venv/lib/python3.12/site-packages/oslo_config/cfg.py:3253}}
Jul 29 08:00:47.721765 np0000006071 devstack@g-api.service[103087]: DEBUG glance.common.config [None req-b5e956e8-edd7-471e-a57a-b3c5670f2698 None None] database.use_db_reconnect = False {{(pid=103087) log_opt_values /opt/stack/data/venv/lib/python3.12/site-packages/oslo_config/cfg.py:3253}}
Jul 29 08:00:47.721794 np0000006071 devstack@g-api.service[103086]: DEBUG glance.common.config [None req-7e4473d1-dc39-45a9-be53-b9baf368d440 None None] database.mysql_sql_mode = TRADITIONAL {{(pid=103086) log_opt_values /opt/stack/data/venv/lib/python3.12/site-packages/oslo_config/cfg.py:3253}}
Jul 29 08:00:47.721794 np0000006071 devstack@g-api.service[103086]: DEBUG glance.common.config [None req-7e4473d1-dc39-45a9-be53-b9baf368d440 None None] database.mysql_wsrep_sync_wait = None {{(pid=103086) log_opt_values /opt/stack/data/venv/lib/python3.12/site-packages/oslo_config/cfg.py:3253}}
Jul 29 08:00:47.721836 np0000006071 devstack@g-api.service[103087]: DEBUG glance.common.config [None req-b5e956e8-edd7-471e-a57a-b3c5670f2698 None None] healthcheck.allowed_source_ranges = [] {{(pid=103087) log_opt_values /opt/stack/data/venv/lib/python3.12/site-packages/oslo_config/cfg.py:3253}}
Jul 29 08:00:47.721836 np0000006071 devstack@g-api.service[103087]: DEBUG glance.common.config [None req-b5e956e8-edd7-471e-a57a-b3c5670f2698 None None] healthcheck.backends = ['disable_by_file'] {{(pid=103087) log_opt_values /opt/stack/data/venv/lib/python3.12/site-packages/oslo_config/cfg.py:3253}}
Jul 29 08:00:47.721886 np0000006071 devstack@g-api.service[103086]: DEBUG glance.common.config [None req-7e4473d1-dc39-45a9-be53-b9baf368d440 None None] database.pool_timeout = None {{(pid=103086) log_opt_values /opt/stack/data/venv/lib/python3.12/site-packages/oslo_config/cfg.py:3253}}
Jul 29 08:00:47.721886 np0000006071 devstack@g-api.service[103086]: DEBUG glance.common.config [None req-7e4473d1-dc39-45a9-be53-b9baf368d440 None None] database.retry_interval = 10 {{(pid=103086) log_opt_values /opt/stack/data/venv/lib/python3.12/site-packages/oslo_config/cfg.py:3253}}
Jul 29 08:00:47.721957 np0000006071 devstack@g-api.service[103087]: DEBUG glance.common.config [None req-b5e956e8-edd7-471e-a57a-b3c5670f2698 None None] healthcheck.detailed = False {{(pid=103087) log_opt_values /opt/stack/data/venv/lib/python3.12/site-packages/oslo_config/cfg.py:3253}}
Jul 29 08:00:47.721991 np0000006071 devstack@g-api.service[103086]: DEBUG glance.common.config [None req-7e4473d1-dc39-45a9-be53-b9baf368d440 None None] database.slave_connection = **** {{(pid=103086) log_opt_values /opt/stack/data/venv/lib/python3.12/site-packages/oslo_config/cfg.py:3253}}
Jul 29 08:00:47.722015 np0000006071 devstack@g-api.service[103087]: DEBUG glance.common.config [None req-b5e956e8-edd7-471e-a57a-b3c5670f2698 None None] healthcheck.disable_by_file_path = None {{(pid=103087) log_opt_values /opt/stack/data/venv/lib/python3.12/site-packages/oslo_config/cfg.py:3253}}
Jul 29 08:00:47.722038 np0000006071 devstack@g-api.service[103086]: DEBUG glance.common.config [None req-7e4473d1-dc39-45a9-be53-b9baf368d440 None None] database.sqlite_synchronous = True {{(pid=103086) log_opt_values /opt/stack/data/venv/lib/python3.12/site-packages/oslo_config/cfg.py:3253}}
Jul 29 08:00:47.722078 np0000006071 devstack@g-api.service[103087]: DEBUG glance.common.config [None req-b5e956e8-edd7-471e-a57a-b3c5670f2698 None None] healthcheck.ignore_proxied_requests = False {{(pid=103087) log_opt_values /opt/stack/data/venv/lib/python3.12/site-packages/oslo_config/cfg.py:3253}}
Jul 29 08:00:47.722111 np0000006071 devstack@g-api.service[103086]: DEBUG glance.common.config [None req-7e4473d1-dc39-45a9-be53-b9baf368d440 None None] database.synchronous_reader = True {{(pid=103086) log_opt_values /opt/stack/data/venv/lib/python3.12/site-packages/oslo_config/cfg.py:3253}}
Jul 29 08:00:47.722146 np0000006071 devstack@g-api.service[103087]: DEBUG glance.common.config [None req-b5e956e8-edd7-471e-a57a-b3c5670f2698 None None] ******************************************************************************** {{(pid=103087) log_opt_values /opt/stack/data/venv/lib/python3.12/site-packages/oslo_config/cfg.py:3260}}
Jul 29 08:00:47.722171 np0000006071 devstack@g-api.service[103086]: DEBUG glance.common.config [None req-7e4473d1-dc39-45a9-be53-b9baf368d440 None None] database.use_db_reconnect = False {{(pid=103086) log_opt_values /opt/stack/data/venv/lib/python3.12/site-packages/oslo_config/cfg.py:3253}}
Jul 29 08:00:47.722204 np0000006071 devstack@g-api.service[103087]: WSGI app 0 (mountpoint='') ready in 2 seconds on interpreter 0x7968184a4668 pid: 103087 (default app)
Jul 29 08:00:47.722229 np0000006071 devstack@g-api.service[103086]: DEBUG glance.common.config [None req-7e4473d1-dc39-45a9-be53-b9baf368d440 None None] healthcheck.allowed_source_ranges = [] {{(pid=103086) log_opt_values /opt/stack/data/venv/lib/python3.12/site-packages/oslo_config/cfg.py:3253}}
Jul 29 08:00:47.722229 np0000006071 devstack@g-api.service[103086]: DEBUG glance.common.config [None req-7e4473d1-dc39-45a9-be53-b9baf368d440 None None] healthcheck.backends = ['disable_by_file'] {{(pid=103086) log_opt_values /opt/stack/data/venv/lib/python3.12/site-packages/oslo_config/cfg.py:3253}}
Jul 29 08:00:47.722229 np0000006071 devstack@g-api.service[103086]: DEBUG glance.common.config [None req-7e4473d1-dc39-45a9-be53-b9baf368d440 None None] healthcheck.detailed = False {{(pid=103086) log_opt_values /opt/stack/data/venv/lib/python3.12/site-packages/oslo_config/cfg.py:3253}}
Jul 29 08:00:47.722229 np0000006071 devstack@g-api.service[103086]: DEBUG glance.common.config [None req-7e4473d1-dc39-45a9-be53-b9baf368d440 None None] healthcheck.disable_by_file_path = None {{(pid=103086) log_opt_values /opt/stack/data/venv/lib/python3.12/site-packages/oslo_config/cfg.py:3253}}
Jul 29 08:00:47.722229 np0000006071 devstack@g-api.service[103086]: DEBUG glance.common.config [None req-7e4473d1-dc39-45a9-be53-b9baf368d440 None None] healthcheck.ignore_proxied_requests = False {{(pid=103086) log_opt_values /opt/stack/data/venv/lib/python3.12/site-packages/oslo_config/cfg.py:3253}}
Jul 29 08:00:47.722229 np0000006071 devstack@g-api.service[103086]: DEBUG glance.common.config [None req-7e4473d1-dc39-45a9-be53-b9baf368d440 None None] ******************************************************************************** {{(pid=103086) log_opt_values /opt/stack/data/venv/lib/python3.12/site-packages/oslo_config/cfg.py:3260}}
Jul 29 08:00:47.722229 np0000006071 devstack@g-api.service[103086]: WSGI app 0 (mountpoint='') ready in 2 seconds on interpreter 0x7968184a4668 pid: 103086 (default app)
Jul 29 08:00:48.951746 np0000006071 devstack@g-api.service[103084]: DEBUG glance.api.middleware.version_negotiation [None req-2423375a-ac0f-42f2-be41-c6259d6164ff None None] Determining version of request: GET / Accept: application/json {{(pid=103084) process_request /opt/stack/glance/glance/api/middleware/version_negotiation.py:44}}
Jul 29 08:00:48.952074 np0000006071 devstack@g-api.service[103084]: DEBUG glance.api.middleware.version_negotiation [None req-2423375a-ac0f-42f2-be41-c6259d6164ff None None] Using url versioning {{(pid=103084) process_request /opt/stack/glance/glance/api/middleware/version_negotiation.py:57}}
Jul 29 08:00:48.952074 np0000006071 devstack@g-api.service[103084]: DEBUG glance.api.middleware.version_negotiation [None req-2423375a-ac0f-42f2-be41-c6259d6164ff None None] Unknown version. Returning version choices. {{(pid=103084) process_request /opt/stack/glance/glance/api/middleware/version_negotiation.py:64}}
Jul 29 08:00:48.952711 np0000006071 devstack@g-api.service[103084]: [pid: 103084|app: 0|req: 2/2] 127.0.0.1 () {36 vars in 573 bytes} [Wed Jul 29 08:00:48 2026] GET / => generated 1515 bytes in 1 msecs (HTTP/1.1 300) 3 headers in 106 bytes (1 switches on core 0)
Jul 29 08:00:48.964329 np0000006071 devstack@g-api.service[103085]: DEBUG glance.api.middleware.version_negotiation [None req-576aa961-dd9e-4137-92c0-cdd56ca4ba1b None None] Determining version of request: POST /v2/images Accept: */* {{(pid=103085) process_request /opt/stack/glance/glance/api/middleware/version_negotiation.py:44}}
Jul 29 08:00:48.964742 np0000006071 devstack@g-api.service[103085]: DEBUG glance.api.middleware.version_negotiation [None req-576aa961-dd9e-4137-92c0-cdd56ca4ba1b None None] Using url versioning {{(pid=103085) process_request /opt/stack/glance/glance/api/middleware/version_negotiation.py:57}}
Jul 29 08:00:48.964949 np0000006071 devstack@g-api.service[103085]: DEBUG glance.api.middleware.version_negotiation [None req-576aa961-dd9e-4137-92c0-cdd56ca4ba1b None None] Matched version: v2 {{(pid=103085) process_request /opt/stack/glance/glance/api/middleware/version_negotiation.py:69}}
Jul 29 08:00:48.965055 np0000006071 devstack@g-api.service[103085]: DEBUG glance.api.middleware.version_negotiation [None req-576aa961-dd9e-4137-92c0-cdd56ca4ba1b None None] new path /v2/images {{(pid=103085) process_request /opt/stack/glance/glance/api/middleware/version_negotiation.py:70}}
Jul 29 08:00:49.902419 np0000006071 devstack@g-api.service[103085]: [pid: 103085|app: 0|req: 1/3] 127.0.0.1 () {42 vars in 836 bytes} [Wed Jul 29 08:00:48 2026] POST /v2/images => generated 807 bytes in 938 msecs (HTTP/1.1 201) 6 headers in 315 bytes (1 switches on core 0)
Jul 29 08:00:49.910811 np0000006071 devstack@g-api.service[103087]: DEBUG glance.api.middleware.version_negotiation [None req-b5e956e8-edd7-471e-a57a-b3c5670f2698 None None] Determining version of request: PUT /v2/images/e6d26aa2-c1ac-4b78-bbff-74ad415209e5/stage Accept: {{(pid=103087) process_request /opt/stack/glance/glance/api/middleware/version_negotiation.py:44}}
Jul 29 08:00:49.911189 np0000006071 devstack@g-api.service[103087]: DEBUG glance.api.middleware.version_negotiation [None req-b5e956e8-edd7-471e-a57a-b3c5670f2698 None None] Using url versioning {{(pid=103087) process_request /opt/stack/glance/glance/api/middleware/version_negotiation.py:57}}
Jul 29 08:00:49.911549 np0000006071 devstack@g-api.service[103087]: DEBUG glance.api.middleware.version_negotiation [None req-b5e956e8-edd7-471e-a57a-b3c5670f2698 None None] Matched version: v2 {{(pid=103087) process_request /opt/stack/glance/glance/api/middleware/version_negotiation.py:69}}
Jul 29 08:00:49.911669 np0000006071 devstack@g-api.service[103087]: DEBUG glance.api.middleware.version_negotiation [None req-b5e956e8-edd7-471e-a57a-b3c5670f2698 None None] new path /v2/images/e6d26aa2-c1ac-4b78-bbff-74ad415209e5/stage {{(pid=103087) process_request /opt/stack/glance/glance/api/middleware/version_negotiation.py:70}}
Jul 29 08:00:50.489146 np0000006071 devstack@g-api.service[103087]: DEBUG glance_store.backend [None req-8185d208-5bc3-4dc3-9b25-ff521a8b315e admin admin] Attempting to import store cinder {{(pid=103087) _load_store /opt/stack/data/venv/lib/python3.12/site-packages/glance_store/backend.py:215}}
Jul 29 08:00:50.489307 np0000006071 devstack@g-api.service[103087]: DEBUG glance_store.backend [None req-8185d208-5bc3-4dc3-9b25-ff521a8b315e admin admin] Attempting to import store file {{(pid=103087) _load_store /opt/stack/data/venv/lib/python3.12/site-packages/glance_store/backend.py:215}}
Jul 29 08:00:50.489397 np0000006071 devstack@g-api.service[103087]: DEBUG glance_store.backend [None req-8185d208-5bc3-4dc3-9b25-ff521a8b315e admin admin] Attempting to import store glance.store.cinder.Store {{(pid=103087) _load_store /opt/stack/data/venv/lib/python3.12/site-packages/glance_store/backend.py:215}}
Jul 29 08:00:50.489498 np0000006071 devstack@g-api.service[103087]: DEBUG glance_store.backend [None req-8185d208-5bc3-4dc3-9b25-ff521a8b315e admin admin] Attempting to import store glance.store.filesystem.Store {{(pid=103087) _load_store /opt/stack/data/venv/lib/python3.12/site-packages/glance_store/backend.py:215}}
Jul 29 08:00:50.489595 np0000006071 devstack@g-api.service[103087]: DEBUG glance_store.backend [None req-8185d208-5bc3-4dc3-9b25-ff521a8b315e admin admin] Attempting to import store glance.store.http.Store {{(pid=103087) _load_store /opt/stack/data/venv/lib/python3.12/site-packages/glance_store/backend.py:215}}
Jul 29 08:00:50.490188 np0000006071 devstack@g-api.service[103087]: DEBUG glance_store.backend [None req-8185d208-5bc3-4dc3-9b25-ff521a8b315e admin admin] Attempting to import store glance.store.rbd.Store {{(pid=103087) _load_store /opt/stack/data/venv/lib/python3.12/site-packages/glance_store/backend.py:215}}
Jul 29 08:00:50.490188 np0000006071 devstack@g-api.service[103087]: DEBUG glance_store.backend [None req-8185d208-5bc3-4dc3-9b25-ff521a8b315e admin admin] Attempting to import store glance.store.s3.Store {{(pid=103087) _load_store /opt/stack/data/venv/lib/python3.12/site-packages/glance_store/backend.py:215}}
Jul 29 08:00:50.490188 np0000006071 devstack@g-api.service[103087]: DEBUG glance_store.backend [None req-8185d208-5bc3-4dc3-9b25-ff521a8b315e admin admin] Attempting to import store glance.store.swift.Store {{(pid=103087) _load_store /opt/stack/data/venv/lib/python3.12/site-packages/glance_store/backend.py:215}}
Jul 29 08:00:50.490188 np0000006071 devstack@g-api.service[103087]: DEBUG glance_store.backend [None req-8185d208-5bc3-4dc3-9b25-ff521a8b315e admin admin] Attempting to import store glance.store.vmware_datastore.Store {{(pid=103087) _load_store /opt/stack/data/venv/lib/python3.12/site-packages/glance_store/backend.py:215}}
Jul 29 08:00:50.490188 np0000006071 devstack@g-api.service[103087]: DEBUG glance_store.backend [None req-8185d208-5bc3-4dc3-9b25-ff521a8b315e admin admin] Attempting to import store http {{(pid=103087) _load_store /opt/stack/data/venv/lib/python3.12/site-packages/glance_store/backend.py:215}}
Jul 29 08:00:50.490384 np0000006071 devstack@g-api.service[103087]: DEBUG glance_store.backend [None req-8185d208-5bc3-4dc3-9b25-ff521a8b315e admin admin] Attempting to import store no_conf {{(pid=103087) _load_store /opt/stack/data/venv/lib/python3.12/site-packages/glance_store/backend.py:215}}
Jul 29 08:00:50.490384 np0000006071 devstack@g-api.service[103087]: DEBUG glance_store.backend [None req-8185d208-5bc3-4dc3-9b25-ff521a8b315e admin admin] Attempting to import store rbd {{(pid=103087) _load_store /opt/stack/data/venv/lib/python3.12/site-packages/glance_store/backend.py:215}}
Jul 29 08:00:50.490449 np0000006071 devstack@g-api.service[103087]: DEBUG glance_store.backend [None req-8185d208-5bc3-4dc3-9b25-ff521a8b315e admin admin] Attempting to import store s3 {{(pid=103087) _load_store /opt/stack/data/venv/lib/python3.12/site-packages/glance_store/backend.py:215}}
Jul 29 08:00:50.490488 np0000006071 devstack@g-api.service[103087]: DEBUG glance_store.backend [None req-8185d208-5bc3-4dc3-9b25-ff521a8b315e admin admin] Attempting to import store swift {{(pid=103087) _load_store /opt/stack/data/venv/lib/python3.12/site-packages/glance_store/backend.py:215}}
Jul 29 08:00:50.490585 np0000006071 devstack@g-api.service[103087]: DEBUG glance_store.backend [None req-8185d208-5bc3-4dc3-9b25-ff521a8b315e admin admin] Attempting to import store vmware {{(pid=103087) _load_store /opt/stack/data/venv/lib/python3.12/site-packages/glance_store/backend.py:215}}
Jul 29 08:00:50.490687 np0000006071 devstack@g-api.service[103087]: DEBUG glance_store.backend [None req-8185d208-5bc3-4dc3-9b25-ff521a8b315e admin admin] Registering options for group glance_store {{(pid=103087) register_opts /opt/stack/data/venv/lib/python3.12/site-packages/glance_store/backend.py:144}}
Jul 29 08:00:50.490788 np0000006071 devstack@g-api.service[103087]: DEBUG glance_store.backend [None req-8185d208-5bc3-4dc3-9b25-ff521a8b315e admin admin] Registering options for group glance_store {{(pid=103087) register_opts /opt/stack/data/venv/lib/python3.12/site-packages/glance_store/backend.py:144}}
Jul 29 08:00:50.491149 np0000006071 devstack@g-api.service[103087]: DEBUG glance_store.backend [None req-8185d208-5bc3-4dc3-9b25-ff521a8b315e admin admin] Attempting to import store file {{(pid=103087) _load_store /opt/stack/data/venv/lib/python3.12/site-packages/glance_store/backend.py:215}}
Jul 29 08:00:50.491506 np0000006071 devstack@g-api.service[103087]: INFO glance_store._drivers.filesystem [None req-8185d208-5bc3-4dc3-9b25-ff521a8b315e admin admin] Directory to write image files does not exist (/tmp/staging/). Creating.
Jul 29 08:00:50.491735 np0000006071 devstack@g-api.service[103087]: DEBUG glance_store.capabilities [None req-8185d208-5bc3-4dc3-9b25-ff521a8b315e admin admin] Store glance_store._drivers.filesystem.Store doesn't support updating dynamic storage capabilities. Please overwrite 'update_capabilities' method of the store to implement updating logics if needed. {{(pid=103087) update_capabilities /opt/stack/data/venv/lib/python3.12/site-packages/glance_store/capabilities.py:91}}
Jul 29 08:00:51.084067 np0000006071 devstack@g-api.service[103087]: DEBUG glance_store._drivers.filesystem [None req-8185d208-5bc3-4dc3-9b25-ff521a8b315e admin admin] Wrote 21430272 bytes to /tmp/staging/e6d26aa2-c1ac-4b78-bbff-74ad415209e5 with checksum c8fc807773e5354afe61636071771906 and multihash c8fc807773e5354afe61636071771906 {{(pid=103087) add /opt/stack/data/venv/lib/python3.12/site-packages/glance_store/_drivers/filesystem.py:899}}
Jul 29 08:00:51.110868 np0000006071 devstack@g-api.service[103087]: [pid: 103087|app: 0|req: 1/4] 127.0.0.1 () {42 vars in 931 bytes} [Wed Jul 29 08:00:49 2026] PUT /v2/images/e6d26aa2-c1ac-4b78-bbff-74ad415209e5/stage => generated 0 bytes in 1200 msecs (HTTP/1.1 204) 4 headers in 171 bytes (1 switches on core 0)
Jul 29 08:00:51.119940 np0000006071 devstack@g-api.service[103086]: DEBUG glance.api.middleware.version_negotiation [None req-7e4473d1-dc39-45a9-be53-b9baf368d440 None None] Determining version of request: POST /v2/images/e6d26aa2-c1ac-4b78-bbff-74ad415209e5/import Accept: */* {{(pid=103086) process_request /opt/stack/glance/glance/api/middleware/version_negotiation.py:44}}
Jul 29 08:00:51.120341 np0000006071 devstack@g-api.service[103086]: DEBUG glance.api.middleware.version_negotiation [None req-7e4473d1-dc39-45a9-be53-b9baf368d440 None None] Using url versioning {{(pid=103086) process_request /opt/stack/glance/glance/api/middleware/version_negotiation.py:57}}
Jul 29 08:00:51.120525 np0000006071 devstack@g-api.service[103086]: DEBUG glance.api.middleware.version_negotiation [None req-7e4473d1-dc39-45a9-be53-b9baf368d440 None None] Matched version: v2 {{(pid=103086) process_request /opt/stack/glance/glance/api/middleware/version_negotiation.py:69}}
Jul 29 08:00:51.120624 np0000006071 devstack@g-api.service[103086]: DEBUG glance.api.middleware.version_negotiation [None req-7e4473d1-dc39-45a9-be53-b9baf368d440 None None] new path /v2/images/e6d26aa2-c1ac-4b78-bbff-74ad415209e5/import {{(pid=103086) process_request /opt/stack/glance/glance/api/middleware/version_negotiation.py:70}}
Jul 29 08:00:51.740910 np0000006071 devstack@g-api.service[103086]: DEBUG glance.domain [None req-347b0a44-255f-4a91-8caa-fccf502da65a admin admin] Loading taskflow executor {{(pid=103086) new_task_executor /opt/stack/glance/glance/domain/__init__.py:515}}
Jul 29 08:00:51.918530 np0000006071 devstack@g-api.service[103086]: DEBUG oslo_concurrency.lockutils [None req-347b0a44-255f-4a91-8caa-fccf502da65a admin admin] Acquiring lock "tasks_pool" by "glance.api.common.memoize..memoizer_wrapper..memoizer" {{(pid=103086) inner /opt/stack/data/venv/lib/python3.12/site-packages/oslo_concurrency/lockutils.py:512}}
Jul 29 08:00:51.918675 np0000006071 devstack@g-api.service[103086]: DEBUG oslo_concurrency.lockutils [None req-347b0a44-255f-4a91-8caa-fccf502da65a admin admin] Lock "tasks_pool" acquired by "glance.api.common.memoize..memoizer_wrapper..memoizer" :: waited 0.000s {{(pid=103086) inner /opt/stack/data/venv/lib/python3.12/site-packages/oslo_concurrency/lockutils.py:525}}
Jul 29 08:00:51.919083 np0000006071 devstack@g-api.service[103086]: DEBUG glance.api.common [None req-347b0a44-255f-4a91-8caa-fccf502da65a admin admin] Initializing named threadpool 'tasks_pool' {{(pid=103086) _get_thread_pool /opt/stack/glance/glance/api/common.py:242}}
Jul 29 08:00:51.919508 np0000006071 devstack@g-api.service[103086]: DEBUG glance.async_ [None req-347b0a44-255f-4a91-8caa-fccf502da65a admin admin] Creating threadpool model 'ThreadPoolExecutor' with size 16 {{(pid=103086) __init__ /opt/stack/glance/glance/async_/__init__.py:100}}
Jul 29 08:00:51.919623 np0000006071 devstack@g-api.service[103086]: DEBUG oslo_concurrency.lockutils [None req-347b0a44-255f-4a91-8caa-fccf502da65a admin admin] Lock "tasks_pool" "released" by "glance.api.common.memoize..memoizer_wrapper..memoizer" :: held 0.001s {{(pid=103086) inner /opt/stack/data/venv/lib/python3.12/site-packages/oslo_concurrency/lockutils.py:544}}
Jul 29 08:00:51.919757 np0000006071 devstack@g-api.service[103086]: DEBUG glance.async_ [None req-347b0a44-255f-4a91-8caa-fccf502da65a admin admin] Spawning with ThreadPoolExecutor: >((,), {}) {{(pid=103086) spawn /opt/stack/glance/glance/async_/__init__.py:106}}
Jul 29 08:00:51.922048 np0000006071 devstack@g-api.service[103086]: [pid: 103086|app: 0|req: 1/5] 127.0.0.1 () {42 vars in 923 bytes} [Wed Jul 29 08:00:51 2026] POST /v2/images/e6d26aa2-c1ac-4b78-bbff-74ad415209e5/import => generated 0 bytes in 802 msecs (HTTP/1.1 202) 4 headers in 169 bytes (1 switches on core 0)
Jul 29 08:00:51.925185 np0000006071 devstack@g-api.service[103086]: INFO glance.domain [-] Task [a6c4026f-ef23-4de4-98ae-faba89b32e02] status changing from pending to processing
Jul 29 08:00:51.930170 np0000006071 devstack@g-api.service[103084]: DEBUG glance.api.middleware.version_negotiation [None req-2423375a-ac0f-42f2-be41-c6259d6164ff None None] Determining version of request: GET /v2/images/e6d26aa2-c1ac-4b78-bbff-74ad415209e5 Accept: */* {{(pid=103084) process_request /opt/stack/glance/glance/api/middleware/version_negotiation.py:44}}
Jul 29 08:00:51.930464 np0000006071 devstack@g-api.service[103084]: DEBUG glance.api.middleware.version_negotiation [None req-2423375a-ac0f-42f2-be41-c6259d6164ff None None] Using url versioning {{(pid=103084) process_request /opt/stack/glance/glance/api/middleware/version_negotiation.py:57}}
Jul 29 08:00:51.930621 np0000006071 devstack@g-api.service[103084]: DEBUG glance.api.middleware.version_negotiation [None req-2423375a-ac0f-42f2-be41-c6259d6164ff None None] Matched version: v2 {{(pid=103084) process_request /opt/stack/glance/glance/api/middleware/version_negotiation.py:69}}
Jul 29 08:00:51.930975 np0000006071 devstack@g-api.service[103084]: DEBUG glance.api.middleware.version_negotiation [None req-2423375a-ac0f-42f2-be41-c6259d6164ff None None] new path /v2/images/e6d26aa2-c1ac-4b78-bbff-74ad415209e5 {{(pid=103084) process_request /opt/stack/glance/glance/api/middleware/version_negotiation.py:70}}
Jul 29 08:00:51.938213 np0000006071 devstack@g-api.service[103086]: DEBUG glance.async_.taskflow_executor [-] Taskflow executor picked up the execution of task ID a6c4026f-ef23-4de4-98ae-faba89b32e02 of task type api_image_import {{(pid=103086) _run /opt/stack/glance/glance/async_/taskflow_executor.py:175}}
Jul 29 08:00:51.962940 np0000006071 devstack@g-api.service[103084]: [pid: 103084|app: 0|req: 3/6] 127.0.0.1 () {38 vars in 856 bytes} [Wed Jul 29 08:00:51 2026] GET /v2/images/e6d26aa2-c1ac-4b78-bbff-74ad415209e5 => generated 879 bytes in 33 msecs (HTTP/1.1 200) 4 headers in 157 bytes (1 switches on core 0)
Jul 29 08:00:51.967477 np0000006071 devstack@g-api.service[103086]: DEBUG glance_store.backend [-] Attempting to import store cinder {{(pid=103086) _load_store /opt/stack/data/venv/lib/python3.12/site-packages/glance_store/backend.py:215}}
Jul 29 08:00:51.967589 np0000006071 devstack@g-api.service[103086]: DEBUG glance_store.backend [-] Attempting to import store file {{(pid=103086) _load_store /opt/stack/data/venv/lib/python3.12/site-packages/glance_store/backend.py:215}}
Jul 29 08:00:51.967694 np0000006071 devstack@g-api.service[103086]: DEBUG glance_store.backend [-] Attempting to import store glance.store.cinder.Store {{(pid=103086) _load_store /opt/stack/data/venv/lib/python3.12/site-packages/glance_store/backend.py:215}}
Jul 29 08:00:51.967789 np0000006071 devstack@g-api.service[103086]: DEBUG glance_store.backend [-] Attempting to import store glance.store.filesystem.Store {{(pid=103086) _load_store /opt/stack/data/venv/lib/python3.12/site-packages/glance_store/backend.py:215}}
Jul 29 08:00:51.967828 np0000006071 devstack@g-api.service[103086]: DEBUG glance_store.backend [-] Attempting to import store glance.store.http.Store {{(pid=103086) _load_store /opt/stack/data/venv/lib/python3.12/site-packages/glance_store/backend.py:215}}
Jul 29 08:00:51.967906 np0000006071 devstack@g-api.service[103086]: DEBUG glance_store.backend [-] Attempting to import store glance.store.rbd.Store {{(pid=103086) _load_store /opt/stack/data/venv/lib/python3.12/site-packages/glance_store/backend.py:215}}
Jul 29 08:00:51.968002 np0000006071 devstack@g-api.service[103086]: DEBUG glance_store.backend [-] Attempting to import store glance.store.s3.Store {{(pid=103086) _load_store /opt/stack/data/venv/lib/python3.12/site-packages/glance_store/backend.py:215}}
Jul 29 08:00:51.968095 np0000006071 devstack@g-api.service[103086]: DEBUG glance_store.backend [-] Attempting to import store glance.store.swift.Store {{(pid=103086) _load_store /opt/stack/data/venv/lib/python3.12/site-packages/glance_store/backend.py:215}}
Jul 29 08:00:51.968164 np0000006071 devstack@g-api.service[103086]: DEBUG glance_store.backend [-] Attempting to import store glance.store.vmware_datastore.Store {{(pid=103086) _load_store /opt/stack/data/venv/lib/python3.12/site-packages/glance_store/backend.py:215}}
Jul 29 08:00:51.968234 np0000006071 devstack@g-api.service[103086]: DEBUG glance_store.backend [-] Attempting to import store http {{(pid=103086) _load_store /opt/stack/data/venv/lib/python3.12/site-packages/glance_store/backend.py:215}}
Jul 29 08:00:51.968299 np0000006071 devstack@g-api.service[103086]: DEBUG glance_store.backend [-] Attempting to import store no_conf {{(pid=103086) _load_store /opt/stack/data/venv/lib/python3.12/site-packages/glance_store/backend.py:215}}
Jul 29 08:00:51.968366 np0000006071 devstack@g-api.service[103086]: DEBUG glance_store.backend [-] Attempting to import store rbd {{(pid=103086) _load_store /opt/stack/data/venv/lib/python3.12/site-packages/glance_store/backend.py:215}}
Jul 29 08:00:51.968431 np0000006071 devstack@g-api.service[103086]: DEBUG glance_store.backend [-] Attempting to import store s3 {{(pid=103086) _load_store /opt/stack/data/venv/lib/python3.12/site-packages/glance_store/backend.py:215}}
Jul 29 08:00:51.968496 np0000006071 devstack@g-api.service[103086]: DEBUG glance_store.backend [-] Attempting to import store swift {{(pid=103086) _load_store /opt/stack/data/venv/lib/python3.12/site-packages/glance_store/backend.py:215}}
Jul 29 08:00:51.968561 np0000006071 devstack@g-api.service[103086]: DEBUG glance_store.backend [-] Attempting to import store vmware {{(pid=103086) _load_store /opt/stack/data/venv/lib/python3.12/site-packages/glance_store/backend.py:215}}
Jul 29 08:00:51.968638 np0000006071 devstack@g-api.service[103086]: DEBUG glance_store.backend [-] Registering options for group glance_store {{(pid=103086) register_opts /opt/stack/data/venv/lib/python3.12/site-packages/glance_store/backend.py:144}}
Jul 29 08:00:51.968718 np0000006071 devstack@g-api.service[103086]: DEBUG glance_store.backend [-] Registering options for group glance_store {{(pid=103086) register_opts /opt/stack/data/venv/lib/python3.12/site-packages/glance_store/backend.py:144}}
Jul 29 08:00:51.968980 np0000006071 devstack@g-api.service[103086]: DEBUG glance_store.backend [-] Attempting to import store file {{(pid=103086) _load_store /opt/stack/data/venv/lib/python3.12/site-packages/glance_store/backend.py:215}}
Jul 29 08:00:51.969316 np0000006071 devstack@g-api.service[103086]: DEBUG glance_store.capabilities [-] Store glance_store._drivers.filesystem.Store doesn't support updating dynamic storage capabilities. Please overwrite 'update_capabilities' method of the store to implement updating logics if needed. {{(pid=103086) update_capabilities /opt/stack/data/venv/lib/python3.12/site-packages/glance_store/capabilities.py:91}}
Jul 29 08:00:51.975487 np0000006071 devstack@g-api.service[103086]: DEBUG glance.async_.flows.api_image_import [-] Image e6d26aa2-c1ac-4b78-bbff-74ad415209e5 os_glance_importing_to_stores= {{(pid=103086) merge_store_list /opt/stack/glance/glance/async_/flows/api_image_import.py:297}}
Jul 29 08:00:51.975613 np0000006071 devstack@g-api.service[103086]: DEBUG glance.async_.flows.api_image_import [-] Image e6d26aa2-c1ac-4b78-bbff-74ad415209e5 os_glance_failed_import= {{(pid=103086) merge_store_list /opt/stack/glance/glance/async_/flows/api_image_import.py:297}}
Jul 29 08:00:51.979591 np0000006071 devstack@g-api.service[103086]: DEBUG glance.async_.flows.api_image_import [-] Image e6d26aa2-c1ac-4b78-bbff-74ad415209e5 status changing from uploading to importing {{(pid=103086) __exit__ /opt/stack/glance/glance/async_/flows/api_image_import.py:184}}
Jul 29 08:00:52.435918 np0000006071 devstack@g-api.service[103086]: DEBUG glance.async_ [-] Creating threadpool model 'ThreadPoolExecutor' with size 10 {{(pid=103086) __init__ /opt/stack/glance/glance/async_/__init__.py:100}}
Jul 29 08:00:52.449256 np0000006071 devstack@g-api.service[103086]: DEBUG glance.async_.taskflow_executor [-] Flow 'api_image_import' (cf5a5d4d-a54d-4f0b-940a-cac1b7f8b3d3) transitioned into state 'RUNNING' from state 'PENDING' {{(pid=103086) _flow_receiver /opt/stack/data/venv/lib/python3.12/site-packages/taskflow/listeners/logging.py:160}}
Jul 29 08:00:52.451100 np0000006071 devstack@g-api.service[103086]: DEBUG glance.async_.taskflow_executor [-] Task 'api_image_import-ImageLock-a6c4026f-ef23-4de4-98ae-faba89b32e02' (6d934db1-6b8c-4826-bdd9-c00ad68c0f90) transitioned into state 'RUNNING' from state 'PENDING' {{(pid=103086) _task_receiver /opt/stack/data/venv/lib/python3.12/site-packages/taskflow/listeners/logging.py:242}}
Jul 29 08:00:52.457776 np0000006071 devstack@g-api.service[103086]: DEBUG glance.async_.flows.api_image_import [-] Image e6d26aa2-c1ac-4b78-bbff-74ad415209e5 import task a6c4026f-ef23-4de4-98ae-faba89b32e02 lock confirmed {{(pid=103086) execute /opt/stack/glance/glance/async_/flows/api_image_import.py:497}}
Jul 29 08:00:52.458570 np0000006071 devstack@g-api.service[103086]: DEBUG glance.async_.taskflow_executor [-] Task 'api_image_import-ImageLock-a6c4026f-ef23-4de4-98ae-faba89b32e02' (6d934db1-6b8c-4826-bdd9-c00ad68c0f90) transitioned into state 'SUCCESS' from state 'RUNNING' with result 'None' {{(pid=103086) _task_receiver /opt/stack/data/venv/lib/python3.12/site-packages/taskflow/listeners/logging.py:218}}
Jul 29 08:00:52.459288 np0000006071 devstack@g-api.service[103086]: DEBUG glance.async_.taskflow_executor [-] Task 'api_image_import-ConfigureStaging-a6c4026f-ef23-4de4-98ae-faba89b32e02' (60a8cd72-a692-4dcb-bf70-dd032450937b) transitioned into state 'RUNNING' from state 'PENDING' {{(pid=103086) _task_receiver /opt/stack/data/venv/lib/python3.12/site-packages/taskflow/listeners/logging.py:242}}
Jul 29 08:00:52.460010 np0000006071 devstack@g-api.service[103086]: DEBUG glance.async_.taskflow_executor [-] Task 'api_image_import-ConfigureStaging-a6c4026f-ef23-4de4-98ae-faba89b32e02' (60a8cd72-a692-4dcb-bf70-dd032450937b) transitioned into state 'SUCCESS' from state 'RUNNING' with result 'file:///tmp/staging/e6d26aa2-c1ac-4b78-bbff-74ad415209e5' {{(pid=103086) _task_receiver /opt/stack/data/venv/lib/python3.12/site-packages/taskflow/listeners/logging.py:218}}
Jul 29 08:00:52.460623 np0000006071 devstack@g-api.service[103086]: DEBUG glance.async_.taskflow_executor [-] Task 'api_image_import--ImportToStore-a6c4026f-ef23-4de4-98ae-faba89b32e02' (e1b4d077-6c51-4b4c-9823-4293fc0e5781) transitioned into state 'RUNNING' from state 'PENDING' {{(pid=103086) _task_receiver /opt/stack/data/venv/lib/python3.12/site-packages/taskflow/listeners/logging.py:242}}
Jul 29 08:00:52.465715 np0000006071 devstack@g-api.service[103086]: INFO glance.common.scripts.image_import.main [-] Task a6c4026f-ef23-4de4-98ae-faba89b32e02: Got image data uri file:///tmp/staging/e6d26aa2-c1ac-4b78-bbff-74ad415209e5 to be imported
Jul 29 08:00:52.467099 np0000006071 devstack@g-api.service[103086]: DEBUG glance.location [-] Enabling in-flight format inspection for qcow2 {{(pid=103086) set_data /opt/stack/glance/glance/location.py:596}}
Jul 29 08:00:52.467434 np0000006071 devstack@g-api.service[103086]: DEBUG glance_store.backend [-] Attempting to import store swift {{(pid=103086) _load_store /opt/stack/data/venv/lib/python3.12/site-packages/glance_store/backend.py:215}}
Jul 29 08:00:52.468673 np0000006071 devstack@g-api.service[103086]: DEBUG glance_store.capabilities [-] Store glance_store._drivers.swift.store.SingleTenantStore doesn't support updating dynamic storage capabilities. Please overwrite 'update_capabilities' method of the store to implement updating logics if needed. {{(pid=103086) update_capabilities /opt/stack/data/venv/lib/python3.12/site-packages/glance_store/capabilities.py:91}}
Jul 29 08:00:52.468745 np0000006071 devstack@g-api.service[103086]: DEBUG glance_store.driver [-] Late loading location class glance_store._drivers.swift.store.StoreLocation {{(pid=103086) get_store_location_class /opt/stack/data/venv/lib/python3.12/site-packages/glance_store/driver.py:134}}
Jul 29 08:00:52.468819 np0000006071 devstack@g-api.service[103086]: DEBUG glance_store.location [-] Registering scheme swift+https with {'store': , 'location_class': , 'store_entry': 'swift'} {{(pid=103086) register_scheme_map /opt/stack/data/venv/lib/python3.12/site-packages/glance_store/location.py:146}}
Jul 29 08:00:52.468866 np0000006071 devstack@g-api.service[103086]: DEBUG glance_store.location [-] Registering scheme swift+https with {'store': , 'location_class': , 'store_entry': 'swift'} {{(pid=103086) register_scheme_map /opt/stack/data/venv/lib/python3.12/site-packages/glance_store/location.py:146}}
Jul 29 08:00:52.468934 np0000006071 devstack@g-api.service[103086]: DEBUG glance_store.location [-] Registering scheme swift with {'store': , 'location_class': , 'store_entry': 'swift'} {{(pid=103086) register_scheme_map /opt/stack/data/venv/lib/python3.12/site-packages/glance_store/location.py:146}}
Jul 29 08:00:52.468999 np0000006071 devstack@g-api.service[103086]: DEBUG glance_store.location [-] Registering scheme swift+https with {'store': , 'location_class': , 'store_entry': 'swift'} {{(pid=103086) register_scheme_map /opt/stack/data/venv/lib/python3.12/site-packages/glance_store/location.py:146}}
Jul 29 08:00:52.469052 np0000006071 devstack@g-api.service[103086]: DEBUG glance_store.location [-] Registering scheme swift with {'store': , 'location_class': , 'store_entry': 'swift'} {{(pid=103086) register_scheme_map /opt/stack/data/venv/lib/python3.12/site-packages/glance_store/location.py:146}}
Jul 29 08:00:52.469174 np0000006071 devstack@g-api.service[103086]: DEBUG glance_store.location [-] Registering scheme swift+http with {'store': , 'location_class': , 'store_entry': 'swift'} {{(pid=103086) register_scheme_map /opt/stack/data/venv/lib/python3.12/site-packages/glance_store/location.py:146}}
Jul 29 08:00:52.469174 np0000006071 devstack@g-api.service[103086]: DEBUG glance_store.location [-] Registering scheme swift+https with {'store': , 'location_class': , 'store_entry': 'swift'} {{(pid=103086) register_scheme_map /opt/stack/data/venv/lib/python3.12/site-packages/glance_store/location.py:146}}
Jul 29 08:00:52.469242 np0000006071 devstack@g-api.service[103086]: DEBUG glance_store.location [-] Registering scheme swift with {'store': , 'location_class': , 'store_entry': 'swift'} {{(pid=103086) register_scheme_map /opt/stack/data/venv/lib/python3.12/site-packages/glance_store/location.py:146}}
Jul 29 08:00:52.469242 np0000006071 devstack@g-api.service[103086]: DEBUG glance_store.location [-] Registering scheme swift+http with {'store': , 'location_class': , 'store_entry': 'swift'} {{(pid=103086) register_scheme_map /opt/stack/data/venv/lib/python3.12/site-packages/glance_store/location.py:146}}
Jul 29 08:00:52.469285 np0000006071 devstack@g-api.service[103086]: DEBUG glance_store.location [-] Registering scheme swift+config with {'store': , 'location_class': , 'store_entry': 'swift'} {{(pid=103086) register_scheme_map /opt/stack/data/venv/lib/python3.12/site-packages/glance_store/location.py:146}}
Jul 29 08:00:52.934811 np0000006071 devstack@g-api.service[103086]: INFO swiftclient [-] REQ: curl -i https://10.4.3.114:8080/v1/AUTH_631616f42a3d48f281dc840d9d1cf16b/glance -I -H "X-Auth-Token: gAAAAABqabM0R6zy..."
Jul 29 08:00:52.934880 np0000006071 devstack@g-api.service[103086]: INFO swiftclient [-] RESP STATUS: 404 Not Found
Jul 29 08:00:52.935041 np0000006071 devstack@g-api.service[103086]: INFO swiftclient [-] RESP HEADERS: {'Date': 'Wed, 29 Jul 2026 08:00:52 GMT', 'Server': 'Apache/2.4.58 (Ubuntu)', 'Content-Type': 'text/html; charset=UTF-8', 'X-Trans-Id': 'tx52abb7e7814e43f683611-006a69b334', 'X-Openstack-Request-Id': 'tx52abb7e7814e43f683611-006a69b334', 'Connection': 'close'}
Jul 29 08:00:52.935255 np0000006071 devstack@g-api.service[103086]: INFO glance_store._drivers.swift.store [-] Creating swift container glance
Jul 29 08:00:53.011264 np0000006071 devstack@g-api.service[103086]: DEBUG swiftclient [-] REQ: curl -i https://10.4.3.114:8080/v1/AUTH_631616f42a3d48f281dc840d9d1cf16b/glance -X PUT -H "X-Auth-Token: gAAAAABqabM0R6zy..." -H "Content-Length: 0" {{(pid=103086) http_log /opt/stack/data/venv/lib/python3.12/site-packages/swiftclient/client.py:160}}
Jul 29 08:00:53.011365 np0000006071 devstack@g-api.service[103086]: DEBUG swiftclient [-] RESP STATUS: 201 Created {{(pid=103086) http_log /opt/stack/data/venv/lib/python3.12/site-packages/swiftclient/client.py:161}}
Jul 29 08:00:53.011499 np0000006071 devstack@g-api.service[103086]: DEBUG swiftclient [-] RESP HEADERS: {'Date': 'Wed, 29 Jul 2026 08:00:53 GMT', 'Server': 'Apache/2.4.58 (Ubuntu)', 'Content-Type': 'text/html; charset=UTF-8', 'Content-Length': '0', 'X-Trans-Id': 'txec444e7c2bab4ed7b5397-006a69b334', 'X-Openstack-Request-Id': 'txec444e7c2bab4ed7b5397-006a69b334', 'Connection': 'close'} {{(pid=103086) http_log /opt/stack/data/venv/lib/python3.12/site-packages/swiftclient/client.py:162}}
Jul 29 08:00:53.011656 np0000006071 devstack@g-api.service[103086]: DEBUG glance_store._drivers.swift.store [-] Adding image object 'e6d26aa2-c1ac-4b78-bbff-74ad415209e5' to Swift {{(pid=103086) add /opt/stack/data/venv/lib/python3.12/site-packages/glance_store/_drivers/swift/store.py:970}}
Jul 29 08:00:53.018340 np0000006071 devstack@g-api.service[103086]: DEBUG oslo_utils.imageutils.format_inspector [-] Format inspector for vmdk does not match, excluding from consideration (Signature KDMV not found: b'QFI\xfb') {{(pid=103086) _process_chunk /opt/stack/data/venv/lib/python3.12/site-packages/oslo_utils/imageutils/format_inspector.py:1758}}
Jul 29 08:00:53.022193 np0000006071 devstack@g-api.service[103086]: DEBUG oslo_utils.imageutils.format_inspector [-] Format inspector for vhdx does not match, excluding from consideration (Region signature not found at 30000) {{(pid=103086) _process_chunk /opt/stack/data/venv/lib/python3.12/site-packages/oslo_utils/imageutils/format_inspector.py:1758}}
Jul 29 08:00:53.327956 np0000006071 devstack@g-api.service[103086]: DEBUG swiftclient [-] REQ: curl -i https://10.4.3.114:8080/v1/AUTH_631616f42a3d48f281dc840d9d1cf16b/glance/e6d26aa2-c1ac-4b78-bbff-74ad415209e5 -X PUT -H "X-Auth-Token: gAAAAABqabM0R6zy..." -H "Content-Length: 21430272" {{(pid=103086) http_log /opt/stack/data/venv/lib/python3.12/site-packages/swiftclient/client.py:160}}
Jul 29 08:00:53.328056 np0000006071 devstack@g-api.service[103086]: DEBUG swiftclient [-] RESP STATUS: 201 Created {{(pid=103086) http_log /opt/stack/data/venv/lib/python3.12/site-packages/swiftclient/client.py:161}}
Jul 29 08:00:53.328173 np0000006071 devstack@g-api.service[103086]: DEBUG swiftclient [-] RESP HEADERS: {'Date': 'Wed, 29 Jul 2026 08:00:53 GMT', 'Server': 'Apache/2.4.58 (Ubuntu)', 'Content-Type': 'text/html; charset=UTF-8', 'Content-Length': '0', 'Etag': 'c8fc807773e5354afe61636071771906', 'Last-Modified': 'Wed, 29 Jul 2026 08:00:54 GMT', 'X-Trans-Id': 'tx96742c5f38664f25b43ca-006a69b335', 'X-Openstack-Request-Id': 'tx96742c5f38664f25b43ca-006a69b335', 'Connection': 'close'} {{(pid=103086) http_log /opt/stack/data/venv/lib/python3.12/site-packages/swiftclient/client.py:162}}
Jul 29 08:00:53.340509 np0000006071 devstack@g-api.service[103086]: INFO glance.location [-] Image format matched and virtual size computed: 117440512
Jul 29 08:00:53.347426 np0000006071 devstack@g-api.service[103086]: DEBUG glance.async_.flows.api_image_import [-] Image e6d26aa2-c1ac-4b78-bbff-74ad415209e5 status changing from importing to active {{(pid=103086) __exit__ /opt/stack/glance/glance/async_/flows/api_image_import.py:184}}
Jul 29 08:00:53.369918 np0000006071 devstack@g-api.service[103086]: DEBUG glance_store.backend [-] Attempting to import store swift {{(pid=103086) _load_store /opt/stack/data/venv/lib/python3.12/site-packages/glance_store/backend.py:215}}
Jul 29 08:00:53.371206 np0000006071 devstack@g-api.service[103086]: DEBUG glance_store.capabilities [-] Store glance_store._drivers.swift.store.SingleTenantStore doesn't support updating dynamic storage capabilities. Please overwrite 'update_capabilities' method of the store to implement updating logics if needed. {{(pid=103086) update_capabilities /opt/stack/data/venv/lib/python3.12/site-packages/glance_store/capabilities.py:91}}
Jul 29 08:00:53.371267 np0000006071 devstack@g-api.service[103086]: DEBUG glance_store.driver [-] Late loading location class glance_store._drivers.swift.store.StoreLocation {{(pid=103086) get_store_location_class /opt/stack/data/venv/lib/python3.12/site-packages/glance_store/driver.py:134}}
Jul 29 08:00:53.371343 np0000006071 devstack@g-api.service[103086]: DEBUG glance_store.location [-] Registering scheme swift+https with {'store': , 'location_class': , 'store_entry': 'swift'} {{(pid=103086) register_scheme_map /opt/stack/data/venv/lib/python3.12/site-packages/glance_store/location.py:146}}
Jul 29 08:00:53.371392 np0000006071 devstack@g-api.service[103086]: DEBUG glance_store.location [-] Registering scheme swift+https with {'store': , 'location_class': , 'store_entry': 'swift'} {{(pid=103086) register_scheme_map /opt/stack/data/venv/lib/python3.12/site-packages/glance_store/location.py:146}}
Jul 29 08:00:53.371454 np0000006071 devstack@g-api.service[103086]: DEBUG glance_store.location [-] Registering scheme swift with {'store': , 'location_class': , 'store_entry': 'swift'} {{(pid=103086) register_scheme_map /opt/stack/data/venv/lib/python3.12/site-packages/glance_store/location.py:146}}
Jul 29 08:00:53.371504 np0000006071 devstack@g-api.service[103086]: DEBUG glance_store.location [-] Registering scheme swift+https with {'store': , 'location_class': , 'store_entry': 'swift'} {{(pid=103086) register_scheme_map /opt/stack/data/venv/lib/python3.12/site-packages/glance_store/location.py:146}}
Jul 29 08:00:53.371541 np0000006071 devstack@g-api.service[103086]: DEBUG glance_store.location [-] Registering scheme swift with {'store': , 'location_class': , 'store_entry': 'swift'} {{(pid=103086) register_scheme_map /opt/stack/data/venv/lib/python3.12/site-packages/glance_store/location.py:146}}
Jul 29 08:00:53.371591 np0000006071 devstack@g-api.service[103086]: DEBUG glance_store.location [-] Registering scheme swift+http with {'store': , 'location_class': , 'store_entry': 'swift'} {{(pid=103086) register_scheme_map /opt/stack/data/venv/lib/python3.12/site-packages/glance_store/location.py:146}}
Jul 29 08:00:53.371672 np0000006071 devstack@g-api.service[103086]: DEBUG glance_store.location [-] Registering scheme swift+https with {'store': , 'location_class': , 'store_entry': 'swift'} {{(pid=103086) register_scheme_map /opt/stack/data/venv/lib/python3.12/site-packages/glance_store/location.py:146}}
