Jul 29 08:03:46.892657 np0000006071 devstack@n-api.service[87553]: DEBUG oslo_concurrency.lockutils [None req-2c84866b-2a67-4743-bff7-4fe4867d6c91 tempest-AttachVolumeNegativeTest-495497788 tempest-AttachVolumeNegativeTest-495497788-project-member] Acquiring lock "66c4089d-aabd-4bda-bc42-7acf738e33d0" by "nova.context.set_target_cell..get_or_set_cached_cell_and_set_connections" {{(pid=87553) inner /opt/stack/data/venv/lib/python3.12/site-packages/oslo_concurrency/lockutils.py:512}}
Jul 29 08:03:46.892940 np0000006071 devstack@n-api.service[87553]: DEBUG oslo_concurrency.lockutils [None req-2c84866b-2a67-4743-bff7-4fe4867d6c91 tempest-AttachVolumeNegativeTest-495497788 tempest-AttachVolumeNegativeTest-495497788-project-member] Lock "66c4089d-aabd-4bda-bc42-7acf738e33d0" acquired by "nova.context.set_target_cell..get_or_set_cached_cell_and_set_connections" :: waited 0.000s {{(pid=87553) inner /opt/stack/data/venv/lib/python3.12/site-packages/oslo_concurrency/lockutils.py:525}}
Jul 29 08:03:46.892940 np0000006071 devstack@n-api.service[87553]: DEBUG oslo_concurrency.lockutils [None req-2c84866b-2a67-4743-bff7-4fe4867d6c91 tempest-AttachVolumeNegativeTest-495497788 tempest-AttachVolumeNegativeTest-495497788-project-member] Lock "66c4089d-aabd-4bda-bc42-7acf738e33d0" "released" by "nova.context.set_target_cell..get_or_set_cached_cell_and_set_connections" :: held 0.000s {{(pid=87553) inner /opt/stack/data/venv/lib/python3.12/site-packages/oslo_concurrency/lockutils.py:544}}
Jul 29 08:03:47.137150 np0000006071 devstack@n-api.service[87555]: WARNING neutronclient.v2_0.client [None req-3e0d4059-d9f6-4af2-b27e-cddd2ff437e5 tempest-ServerActionsTestOtherA-413933907 tempest-ServerActionsTestOtherA-413933907-project-member] The python binding code in neutronclient is deprecated in favor of OpenstackSDK, please use that as this will be removed in a future release.
Jul 29 08:03:47.336258 np0000006071 devstack@n-api.service[87555]: DEBUG nova.virt.hardware [None req-3e0d4059-d9f6-4af2-b27e-cddd2ff437e5 tempest-ServerActionsTestOtherA-413933907 tempest-ServerActionsTestOtherA-413933907-project-member] Flavor limits 0:0:0 {{(pid=87555) get_cpu_topology_constraints /opt/stack/nova/nova/virt/hardware.py:516}}
Jul 29 08:03:47.336474 np0000006071 devstack@n-api.service[87555]: DEBUG nova.virt.hardware [None req-3e0d4059-d9f6-4af2-b27e-cddd2ff437e5 tempest-ServerActionsTestOtherA-413933907 tempest-ServerActionsTestOtherA-413933907-project-member] Image limits 0:0:0 {{(pid=87555) get_cpu_topology_constraints /opt/stack/nova/nova/virt/hardware.py:520}}
Jul 29 08:03:47.336829 np0000006071 devstack@n-api.service[87555]: DEBUG nova.virt.hardware [None req-3e0d4059-d9f6-4af2-b27e-cddd2ff437e5 tempest-ServerActionsTestOtherA-413933907 tempest-ServerActionsTestOtherA-413933907-project-member] Flavor pref 0:0:0 {{(pid=87555) get_cpu_topology_constraints /opt/stack/nova/nova/virt/hardware.py:556}}
Jul 29 08:03:47.337017 np0000006071 devstack@n-api.service[87555]: DEBUG nova.virt.hardware [None req-3e0d4059-d9f6-4af2-b27e-cddd2ff437e5 tempest-ServerActionsTestOtherA-413933907 tempest-ServerActionsTestOtherA-413933907-project-member] Image pref 0:0:0 {{(pid=87555) get_cpu_topology_constraints /opt/stack/nova/nova/virt/hardware.py:560}}
Jul 29 08:03:47.337130 np0000006071 devstack@n-api.service[87555]: DEBUG nova.virt.hardware [None req-3e0d4059-d9f6-4af2-b27e-cddd2ff437e5 tempest-ServerActionsTestOtherA-413933907 tempest-ServerActionsTestOtherA-413933907-project-member] Chose sockets=0, cores=0, threads=0; limits were sockets=65536, cores=65536, threads=65536 {{(pid=87555) get_cpu_topology_constraints /opt/stack/nova/nova/virt/hardware.py:598}}
Jul 29 08:03:47.347875 np0000006071 devstack@n-api.service[87555]: DEBUG oslo_concurrency.lockutils [None req-3e0d4059-d9f6-4af2-b27e-cddd2ff437e5 tempest-ServerActionsTestOtherA-413933907 tempest-ServerActionsTestOtherA-413933907-project-member] Acquiring lock "00000000-0000-0000-0000-000000000000" by "nova.context.set_target_cell..get_or_set_cached_cell_and_set_connections" {{(pid=87555) inner /opt/stack/data/venv/lib/python3.12/site-packages/oslo_concurrency/lockutils.py:512}}
Jul 29 08:03:47.348368 np0000006071 devstack@n-api.service[87555]: DEBUG oslo_concurrency.lockutils [None req-3e0d4059-d9f6-4af2-b27e-cddd2ff437e5 tempest-ServerActionsTestOtherA-413933907 tempest-ServerActionsTestOtherA-413933907-project-member] Lock "00000000-0000-0000-0000-000000000000" acquired by "nova.context.set_target_cell..get_or_set_cached_cell_and_set_connections" :: waited 0.000s {{(pid=87555) inner /opt/stack/data/venv/lib/python3.12/site-packages/oslo_concurrency/lockutils.py:525}}
Jul 29 08:03:47.348555 np0000006071 devstack@n-api.service[87555]: DEBUG oslo_concurrency.lockutils [None req-3e0d4059-d9f6-4af2-b27e-cddd2ff437e5 tempest-ServerActionsTestOtherA-413933907 tempest-ServerActionsTestOtherA-413933907-project-member] Lock "00000000-0000-0000-0000-000000000000" "released" by "nova.context.set_target_cell..get_or_set_cached_cell_and_set_connections" :: held 0.000s {{(pid=87555) inner /opt/stack/data/venv/lib/python3.12/site-packages/oslo_concurrency/lockutils.py:544}}
Jul 29 08:03:47.349194 np0000006071 devstack@n-api.service[87555]: DEBUG oslo_concurrency.lockutils [None req-3e0d4059-d9f6-4af2-b27e-cddd2ff437e5 tempest-ServerActionsTestOtherA-413933907 tempest-ServerActionsTestOtherA-413933907-project-member] Acquiring lock "66c4089d-aabd-4bda-bc42-7acf738e33d0" by "nova.context.set_target_cell..get_or_set_cached_cell_and_set_connections" {{(pid=87555) inner /opt/stack/data/venv/lib/python3.12/site-packages/oslo_concurrency/lockutils.py:512}}
Jul 29 08:03:47.349521 np0000006071 devstack@n-api.service[87555]: DEBUG oslo_concurrency.lockutils [None req-3e0d4059-d9f6-4af2-b27e-cddd2ff437e5 tempest-ServerActionsTestOtherA-413933907 tempest-ServerActionsTestOtherA-413933907-project-member] Lock "66c4089d-aabd-4bda-bc42-7acf738e33d0" acquired by "nova.context.set_target_cell..get_or_set_cached_cell_and_set_connections" :: waited 0.000s {{(pid=87555) inner /opt/stack/data/venv/lib/python3.12/site-packages/oslo_concurrency/lockutils.py:525}}
Jul 29 08:03:47.350206 np0000006071 devstack@n-api.service[87555]: DEBUG oslo_concurrency.lockutils [None req-3e0d4059-d9f6-4af2-b27e-cddd2ff437e5 tempest-ServerActionsTestOtherA-413933907 tempest-ServerActionsTestOtherA-413933907-project-member] Lock "66c4089d-aabd-4bda-bc42-7acf738e33d0" "released" by "nova.context.set_target_cell..get_or_set_cached_cell_and_set_connections" :: held 0.000s {{(pid=87555) inner /opt/stack/data/venv/lib/python3.12/site-packages/oslo_concurrency/lockutils.py:544}}
Jul 29 08:03:47.370436 np0000006071 devstack@n-api.service[87555]: DEBUG nova.quota [None req-3e0d4059-d9f6-4af2-b27e-cddd2ff437e5 tempest-ServerActionsTestOtherA-413933907 tempest-ServerActionsTestOtherA-413933907-project-member] Getting quotas for project 900a43da9eab4cf080a7d2c32c871252. Resources: {'cores', 'ram', 'instances'} {{(pid=87555) _get_quotas /opt/stack/nova/nova/quota.py:389}}
Jul 29 08:03:47.375418 np0000006071 devstack@n-api.service[87555]: DEBUG nova.quota [None req-3e0d4059-d9f6-4af2-b27e-cddd2ff437e5 tempest-ServerActionsTestOtherA-413933907 tempest-ServerActionsTestOtherA-413933907-project-member] Getting quotas for user acd06165b67049c58235dbd7b2c6fb4b and project 900a43da9eab4cf080a7d2c32c871252. Resources: {'cores', 'ram', 'instances'} {{(pid=87555) _get_quotas /opt/stack/nova/nova/quota.py:379}}
Jul 29 08:03:47.389783 np0000006071 devstack@n-api.service[87555]: DEBUG nova.compute.api [None req-3e0d4059-d9f6-4af2-b27e-cddd2ff437e5 tempest-ServerActionsTestOtherA-413933907 tempest-ServerActionsTestOtherA-413933907-project-member] Going to run 1 instances... {{(pid=87555) _provision_instances /opt/stack/nova/nova/compute/api.py:1480}}
Jul 29 08:03:47.392390 np0000006071 devstack@n-api.service[87555]: DEBUG nova.compute.api [None req-3e0d4059-d9f6-4af2-b27e-cddd2ff437e5 tempest-ServerActionsTestOtherA-413933907 tempest-ServerActionsTestOtherA-413933907-project-member] [instance: 93e5832e-4bf1-4623-b73b-199b96e59cd2] block_device_mapping [BlockDeviceMapping(attachment_id=,boot_index=0,connection_info=None,created_at=,delete_on_termination=True,deleted=,deleted_at=,destination_type='local',device_name=None,device_type='disk',disk_bus=None,encrypted=False,encryption_format=None,encryption_options=None,encryption_secret_uuid=None,guest_format=None,id=,image_id='74b8bbec-b543-4c74-a3d9-40db58bf9ced',instance=,instance_uuid=,no_device=False,snapshot_id=None,source_type='image',tag=None,updated_at=,uuid=,volume_id=None,volume_size=None,volume_type=None)] {{(pid=87555) _bdm_validate_set_size_and_instance /opt/stack/nova/nova/compute/api.py:1942}}
Jul 29 08:03:47.472788 np0000006071 devstack@n-api.service[87555]: INFO nova.api.openstack.requestlog [None req-3e0d4059-d9f6-4af2-b27e-cddd2ff437e5 tempest-ServerActionsTestOtherA-413933907 tempest-ServerActionsTestOtherA-413933907-project-member] 10.4.3.114 "POST /compute/v2.1/servers" status: 202 len: 406 microversion: 2.1 time: 1.049677
Jul 29 08:03:47.474003 np0000006071 devstack@n-api.service[87555]: [pid: 87555|app: 0|req: 37/148] 10.4.3.114 () {68 vars in 1265 bytes} [Wed Jul 29 08:03:46 2026] POST /compute/v2.1/servers => generated 406 bytes in 1051 msecs (HTTP/1.1 202) 10 headers in 451 bytes (1 switches on core 0)
Jul 29 08:03:47.490858 np0000006071 devstack@n-api.service[87555]: DEBUG nova.api.openstack.wsgi [None req-6e6c89ce-8fd7-41a5-a876-68305ba72929 tempest-ServerActionsTestOtherA-413933907 tempest-ServerActionsTestOtherA-413933907-project-member] Calling method '>' {{(pid=87555) _process_stack /opt/stack/nova/nova/api/openstack/wsgi.py:551}}
Jul 29 08:03:47.494877 np0000006071 devstack@n-api.service[87555]: DEBUG nova.compute.api [None req-6e6c89ce-8fd7-41a5-a876-68305ba72929 tempest-ServerActionsTestOtherA-413933907 tempest-ServerActionsTestOtherA-413933907-project-member] [instance: 93e5832e-4bf1-4623-b73b-199b96e59cd2] Fetching instance by UUID {{(pid=87555) get /opt/stack/nova/nova/compute/api.py:3068}}
Jul 29 08:03:47.512932 np0000006071 devstack@n-api.service[87555]: WARNING neutronclient.v2_0.client [None req-6e6c89ce-8fd7-41a5-a876-68305ba72929 tempest-ServerActionsTestOtherA-413933907 tempest-ServerActionsTestOtherA-413933907-project-member] The python binding code in neutronclient is deprecated in favor of OpenstackSDK, please use that as this will be removed in a future release.
Jul 29 08:03:47.615328 np0000006071 devstack@n-api.service[87555]: DEBUG nova.policy [None req-6e6c89ce-8fd7-41a5-a876-68305ba72929 tempest-ServerActionsTestOtherA-413933907 tempest-ServerActionsTestOtherA-413933907-project-member] Policy check for os_compute_api:os-extended-server-attributes failed with credentials {'is_admin': False, 'user_id': 'acd06165b67049c58235dbd7b2c6fb4b', 'user_domain_id': 'default', 'system_scope': None, 'domain_id': None, 'project_id': '900a43da9eab4cf080a7d2c32c871252', 'project_domain_id': 'default', 'roles': ['reader', 'member'], 'is_admin_project': True, 'service_user_id': None, 'service_user_domain_id': None, 'service_project_id': None, 'service_project_domain_id': None, 'service_roles': []} {{(pid=87555) authorize /opt/stack/nova/nova/policy.py:202}}
Jul 29 08:03:47.625493 np0000006071 devstack@n-api.service[87555]: INFO nova.api.openstack.requestlog [None req-6e6c89ce-8fd7-41a5-a876-68305ba72929 tempest-ServerActionsTestOtherA-413933907 tempest-ServerActionsTestOtherA-413933907-project-member] 10.4.3.114 "GET /compute/v2.1/servers/93e5832e-4bf1-4623-b73b-199b96e59cd2" status: 200 len: 1239 microversion: 2.1 time: 0.137641
Jul 29 08:03:47.626766 np0000006071 devstack@n-api.service[87555]: [pid: 87555|app: 0|req: 38/149] 10.4.3.114 () {66 vars in 1354 bytes} [Wed Jul 29 08:03:47 2026] GET /compute/v2.1/servers/93e5832e-4bf1-4623-b73b-199b96e59cd2 => generated 1239 bytes in 139 msecs (HTTP/1.1 200) 9 headers in 358 bytes (1 switches on core 0)
Jul 29 08:03:47.724871 np0000006071 devstack@n-api.service[87555]: DEBUG nova.api.openstack.wsgi [req-6432cbf6-784c-4d98-b9ea-9e581f65902a req-ce315775-e578-4299-8305-52e658e84342 service nova] Action: 'create', calling method: >, body: {"events": [{"name": "network-changed", "server_uuid": "d0dace0c-1094-44df-ab61-8ae456ad385e", "tag": "0cb7212f-60c7-4ac8-9bff-aa442e278e3f"}]} {{(pid=87555) _process_stack /opt/stack/nova/nova/api/openstack/wsgi.py:549}}
Jul 29 08:03:47.733104 np0000006071 devstack@n-api.service[87555]: DEBUG oslo_concurrency.lockutils [req-6432cbf6-784c-4d98-b9ea-9e581f65902a req-ce315775-e578-4299-8305-52e658e84342 service nova] Acquiring lock "66c4089d-aabd-4bda-bc42-7acf738e33d0" by "nova.context.set_target_cell..get_or_set_cached_cell_and_set_connections" {{(pid=87555) inner /opt/stack/data/venv/lib/python3.12/site-packages/oslo_concurrency/lockutils.py:512}}
Jul 29 08:03:47.733104 np0000006071 devstack@n-api.service[87555]: DEBUG oslo_concurrency.lockutils [req-6432cbf6-784c-4d98-b9ea-9e581f65902a req-ce315775-e578-4299-8305-52e658e84342 service nova] Lock "66c4089d-aabd-4bda-bc42-7acf738e33d0" acquired by "nova.context.set_target_cell..get_or_set_cached_cell_and_set_connections" :: waited 0.000s {{(pid=87555) inner /opt/stack/data/venv/lib/python3.12/site-packages/oslo_concurrency/lockutils.py:525}}
Jul 29 08:03:47.733104 np0000006071 devstack@n-api.service[87555]: DEBUG oslo_concurrency.lockutils [req-6432cbf6-784c-4d98-b9ea-9e581f65902a req-ce315775-e578-4299-8305-52e658e84342 service nova] Lock "66c4089d-aabd-4bda-bc42-7acf738e33d0" "released" by "nova.context.set_target_cell..get_or_set_cached_cell_and_set_connections" :: held 0.000s {{(pid=87555) inner /opt/stack/data/venv/lib/python3.12/site-packages/oslo_concurrency/lockutils.py:544}}
Jul 29 08:03:47.741042 np0000006071 devstack@n-api.service[87555]: INFO nova.api.openstack.compute.server_external_events [req-6432cbf6-784c-4d98-b9ea-9e581f65902a req-ce315775-e578-4299-8305-52e658e84342 service nova] Creating event network-changed:0cb7212f-60c7-4ac8-9bff-aa442e278e3f for instance d0dace0c-1094-44df-ab61-8ae456ad385e on np0000006071
Jul 29 08:03:47.741723 np0000006071 devstack@n-api.service[87555]: DEBUG nova.compute.rpcapi [req-6432cbf6-784c-4d98-b9ea-9e581f65902a req-ce315775-e578-4299-8305-52e658e84342 service nova] RPC: Sending the message to topic: compute-alt {{(pid=87555) prepare_for_alt_rpcserver /opt/stack/nova/nova/compute/rpcapi.py:595}}
Jul 29 08:03:47.746543 np0000006071 devstack@n-api.service[87555]: INFO nova.api.openstack.requestlog [req-6432cbf6-784c-4d98-b9ea-9e581f65902a req-ce315775-e578-4299-8305-52e658e84342 service nova] 10.4.3.114 "POST /compute/v2.1/os-server-external-events" status: 200 len: 179 microversion: 2.1 time: 0.023717
Jul 29 08:03:47.747261 np0000006071 devstack@n-api.service[87555]: [pid: 87555|app: 0|req: 39/150] 10.4.3.114 () {72 vars in 1432 bytes} [Wed Jul 29 08:03:47 2026] POST /compute/v2.1/os-server-external-events => generated 179 bytes in 25 msecs (HTTP/1.1 200) 9 headers in 357 bytes (1 switches on core 0)
Jul 29 08:03:48.009177 np0000006071 devstack@n-api.service[87554]: INFO nova.api.openstack.requestlog [None req-6147a2e3-05fe-45a0-bad1-e1c5496abdbd tempest-ServerActionsTestOtherB-1501270199 tempest-ServerActionsTestOtherB-1501270199-project-member] 10.4.3.114 "POST /compute/v2.1/servers/bcd2da8c-0102-4480-9783-3523e6735942/os-volume_attachments" status: 200 len: 194 microversion: 2.1 time: 1.193131
Jul 29 08:03:48.010402 np0000006071 devstack@n-api.service[87554]: [pid: 87554|app: 0|req: 38/151] 10.4.3.114 () {68 vars in 1441 bytes} [Wed Jul 29 08:03:46 2026] POST /compute/v2.1/servers/bcd2da8c-0102-4480-9783-3523e6735942/os-volume_attachments => generated 194 bytes in 1194 msecs (HTTP/1.1 200) 9 headers in 357 bytes (1 switches on core 0)
Jul 29 08:03:48.121914 np0000006071 devstack@n-api.service[87553]: INFO nova.api.openstack.requestlog [None req-2c84866b-2a67-4743-bff7-4fe4867d6c91 tempest-AttachVolumeNegativeTest-495497788 tempest-AttachVolumeNegativeTest-495497788-project-member] 10.4.3.114 "POST /compute/v2.1/servers/27d75560-cb6e-458c-bfc7-b5835be0c0c5/os-volume_attachments" status: 200 len: 194 microversion: 2.1 time: 1.240999
Jul 29 08:03:48.121914 np0000006071 devstack@n-api.service[87553]: [pid: 87553|app: 0|req: 40/152] 10.4.3.114 () {68 vars in 1441 bytes} [Wed Jul 29 08:03:46 2026] POST /compute/v2.1/servers/27d75560-cb6e-458c-bfc7-b5835be0c0c5/os-volume_attachments => generated 194 bytes in 1242 msecs (HTTP/1.1 200) 9 headers in 357 bytes (1 switches on core 0)
Jul 29 08:03:48.249646 np0000006071 devstack@n-api.service[87555]: DEBUG nova.api.openstack.wsgi [None req-f9aec61c-a220-4fcb-b042-7deef3cfa4a4 tempest-VolumesAssistedSnapshotsTest-135558273 tempest-VolumesAssistedSnapshotsTest-135558273-project-admin] Action: 'create', calling method: >, body: {"volumeAttachment": {"volumeId": "9cf7c2bb-81de-4ba9-8066-855fd215f8d3"}} {{(pid=87555) _process_stack /opt/stack/nova/nova/api/openstack/wsgi.py:549}}
Jul 29 08:03:48.251421 np0000006071 devstack@n-api.service[87555]: DEBUG nova.compute.api [None req-f9aec61c-a220-4fcb-b042-7deef3cfa4a4 tempest-VolumesAssistedSnapshotsTest-135558273 tempest-VolumesAssistedSnapshotsTest-135558273-project-admin] [instance: b7c1c74c-fc52-4ae2-a4c1-1498fa1cdd96] Fetching instance by UUID {{(pid=87555) get /opt/stack/nova/nova/compute/api.py:3068}}
Jul 29 08:03:48.257373 np0000006071 devstack@n-api.service[87555]: DEBUG oslo_concurrency.lockutils [None req-f9aec61c-a220-4fcb-b042-7deef3cfa4a4 tempest-VolumesAssistedSnapshotsTest-135558273 tempest-VolumesAssistedSnapshotsTest-135558273-project-admin] Acquiring lock "66c4089d-aabd-4bda-bc42-7acf738e33d0" by "nova.context.set_target_cell..get_or_set_cached_cell_and_set_connections" {{(pid=87555) inner /opt/stack/data/venv/lib/python3.12/site-packages/oslo_concurrency/lockutils.py:512}}
Jul 29 08:03:48.257516 np0000006071 devstack@n-api.service[87555]: DEBUG oslo_concurrency.lockutils [None req-f9aec61c-a220-4fcb-b042-7deef3cfa4a4 tempest-VolumesAssistedSnapshotsTest-135558273 tempest-VolumesAssistedSnapshotsTest-135558273-project-admin] Lock "66c4089d-aabd-4bda-bc42-7acf738e33d0" acquired by "nova.context.set_target_cell..get_or_set_cached_cell_and_set_connections" :: waited 0.001s {{(pid=87555) inner /opt/stack/data/venv/lib/python3.12/site-packages/oslo_concurrency/lockutils.py:525}}
Jul 29 08:03:48.257634 np0000006071 devstack@n-api.service[87555]: DEBUG oslo_concurrency.lockutils [None req-f9aec61c-a220-4fcb-b042-7deef3cfa4a4 tempest-VolumesAssistedSnapshotsTest-135558273 tempest-VolumesAssistedSnapshotsTest-135558273-project-admin] Lock "66c4089d-aabd-4bda-bc42-7acf738e33d0" "released" by "nova.context.set_target_cell..get_or_set_cached_cell_and_set_connections" :: held 0.000s {{(pid=87555) inner /opt/stack/data/venv/lib/python3.12/site-packages/oslo_concurrency/lockutils.py:544}}
Jul 29 08:03:48.258011 np0000006071 devstack@n-api.service[87555]: DEBUG oslo_concurrency.lockutils [None req-f9aec61c-a220-4fcb-b042-7deef3cfa4a4 tempest-VolumesAssistedSnapshotsTest-135558273 tempest-VolumesAssistedSnapshotsTest-135558273-project-admin] Acquiring lock "66c4089d-aabd-4bda-bc42-7acf738e33d0" by "nova.context.set_target_cell..get_or_set_cached_cell_and_set_connections" {{(pid=87555) inner /opt/stack/data/venv/lib/python3.12/site-packages/oslo_concurrency/lockutils.py:512}}
Jul 29 08:03:48.258229 np0000006071 devstack@n-api.service[87555]: DEBUG oslo_concurrency.lockutils [None req-f9aec61c-a220-4fcb-b042-7deef3cfa4a4 tempest-VolumesAssistedSnapshotsTest-135558273 tempest-VolumesAssistedSnapshotsTest-135558273-project-admin] Lock "66c4089d-aabd-4bda-bc42-7acf738e33d0" acquired by "nova.context.set_target_cell..get_or_set_cached_cell_and_set_connections" :: waited 0.000s {{(pid=87555) inner /opt/stack/data/venv/lib/python3.12/site-packages/oslo_concurrency/lockutils.py:525}}
Jul 29 08:03:48.261992 np0000006071 devstack@n-api.service[87555]: DEBUG oslo_concurrency.lockutils [None req-f9aec61c-a220-4fcb-b042-7deef3cfa4a4 tempest-VolumesAssistedSnapshotsTest-135558273 tempest-VolumesAssistedSnapshotsTest-135558273-project-admin] Lock "66c4089d-aabd-4bda-bc42-7acf738e33d0" "released" by "nova.context.set_target_cell..get_or_set_cached_cell_and_set_connections" :: held 0.000s {{(pid=87555) inner /opt/stack/data/venv/lib/python3.12/site-packages/oslo_concurrency/lockutils.py:544}}
Jul 29 08:03:48.398688 np0000006071 devstack@n-api.service[87554]: DEBUG nova.api.openstack.wsgi [None req-a2281cd8-c708-4589-b990-e8213e7412de tempest-AttachSCSIVolumeTestJSON-203524620 tempest-AttachSCSIVolumeTestJSON-203524620-project-member] Action: 'create', calling method: >, body: {"volumeAttachment": {"volumeId": "8db4f51c-4f92-4425-bf9d-ccd90abbf0bf"}} {{(pid=87554) _process_stack /opt/stack/nova/nova/api/openstack/wsgi.py:549}}
Jul 29 08:03:48.400162 np0000006071 devstack@n-api.service[87554]: DEBUG nova.compute.api [None req-a2281cd8-c708-4589-b990-e8213e7412de tempest-AttachSCSIVolumeTestJSON-203524620 tempest-AttachSCSIVolumeTestJSON-203524620-project-member] [instance: 12a4ed29-dfd2-4a60-9bd9-a302a4d8734b] Fetching instance by UUID {{(pid=87554) get /opt/stack/nova/nova/compute/api.py:3068}}
Jul 29 08:03:48.404496 np0000006071 devstack@n-api.service[87554]: DEBUG oslo_concurrency.lockutils [None req-a2281cd8-c708-4589-b990-e8213e7412de tempest-AttachSCSIVolumeTestJSON-203524620 tempest-AttachSCSIVolumeTestJSON-203524620-project-member] Acquiring lock "66c4089d-aabd-4bda-bc42-7acf738e33d0" by "nova.context.set_target_cell..get_or_set_cached_cell_and_set_connections" {{(pid=87554) inner /opt/stack/data/venv/lib/python3.12/site-packages/oslo_concurrency/lockutils.py:512}}
Jul 29 08:03:48.404597 np0000006071 devstack@n-api.service[87554]: DEBUG oslo_concurrency.lockutils [None req-a2281cd8-c708-4589-b990-e8213e7412de tempest-AttachSCSIVolumeTestJSON-203524620 tempest-AttachSCSIVolumeTestJSON-203524620-project-member] Lock "66c4089d-aabd-4bda-bc42-7acf738e33d0" acquired by "nova.context.set_target_cell..get_or_set_cached_cell_and_set_connections" :: waited 0.000s {{(pid=87554) inner /opt/stack/data/venv/lib/python3.12/site-packages/oslo_concurrency/lockutils.py:525}}
Jul 29 08:03:48.404778 np0000006071 devstack@n-api.service[87554]: DEBUG oslo_concurrency.lockutils [None req-a2281cd8-c708-4589-b990-e8213e7412de tempest-AttachSCSIVolumeTestJSON-203524620 tempest-AttachSCSIVolumeTestJSON-203524620-project-member] Lock "66c4089d-aabd-4bda-bc42-7acf738e33d0" "released" by "nova.context.set_target_cell..get_or_set_cached_cell_and_set_connections" :: held 0.000s {{(pid=87554) inner /opt/stack/data/venv/lib/python3.12/site-packages/oslo_concurrency/lockutils.py:544}}
Jul 29 08:03:48.405034 np0000006071 devstack@n-api.service[87554]: DEBUG oslo_concurrency.lockutils [None req-a2281cd8-c708-4589-b990-e8213e7412de tempest-AttachSCSIVolumeTestJSON-203524620 tempest-AttachSCSIVolumeTestJSON-203524620-project-member] Acquiring lock "66c4089d-aabd-4bda-bc42-7acf738e33d0" by "nova.context.set_target_cell..get_or_set_cached_cell_and_set_connections" {{(pid=87554) inner /opt/stack/data/venv/lib/python3.12/site-packages/oslo_concurrency/lockutils.py:512}}
Jul 29 08:03:48.405204 np0000006071 devstack@n-api.service[87554]: DEBUG oslo_concurrency.lockutils [None req-a2281cd8-c708-4589-b990-e8213e7412de tempest-AttachSCSIVolumeTestJSON-203524620 tempest-AttachSCSIVolumeTestJSON-203524620-project-member] Lock "66c4089d-aabd-4bda-bc42-7acf738e33d0" acquired by "nova.context.set_target_cell..get_or_set_cached_cell_and_set_connections" :: waited 0.000s {{(pid=87554) inner /opt/stack/data/venv/lib/python3.12/site-packages/oslo_concurrency/lockutils.py:525}}
Jul 29 08:03:48.405320 np0000006071 devstack@n-api.service[87554]: DEBUG oslo_concurrency.lockutils [None req-a2281cd8-c708-4589-b990-e8213e7412de tempest-AttachSCSIVolumeTestJSON-203524620 tempest-AttachSCSIVolumeTestJSON-203524620-project-member] Lock "66c4089d-aabd-4bda-bc42-7acf738e33d0" "released" by "nova.context.set_target_cell..get_or_set_cached_cell_and_set_connections" :: held 0.000s {{(pid=87554) inner /opt/stack/data/venv/lib/python3.12/site-packages/oslo_concurrency/lockutils.py:544}}
Jul 29 08:03:48.648172 np0000006071 devstack@n-api.service[87553]: DEBUG nova.api.openstack.wsgi [None req-d975f14a-4f69-4f65-9fb3-6a07c89ea1cd tempest-ServerActionsTestOtherA-413933907 tempest-ServerActionsTestOtherA-413933907-project-member] Calling method '>' {{(pid=87553) _process_stack /opt/stack/nova/nova/api/openstack/wsgi.py:551}}
Jul 29 08:03:48.649760 np0000006071 devstack@n-api.service[87553]: DEBUG nova.compute.api [None req-d975f14a-4f69-4f65-9fb3-6a07c89ea1cd tempest-ServerActionsTestOtherA-413933907 tempest-ServerActionsTestOtherA-413933907-project-member] [instance: 93e5832e-4bf1-4623-b73b-199b96e59cd2] Fetching instance by UUID {{(pid=87553) get /opt/stack/nova/nova/compute/api.py:3068}}
Jul 29 08:03:48.655415 np0000006071 devstack@n-api.service[87553]: DEBUG oslo_concurrency.lockutils [None req-d975f14a-4f69-4f65-9fb3-6a07c89ea1cd tempest-ServerActionsTestOtherA-413933907 tempest-ServerActionsTestOtherA-413933907-project-member] Acquiring lock "66c4089d-aabd-4bda-bc42-7acf738e33d0" by "nova.context.set_target_cell..get_or_set_cached_cell_and_set_connections" {{(pid=87553) inner /opt/stack/data/venv/lib/python3.12/site-packages/oslo_concurrency/lockutils.py:512}}
Jul 29 08:03:48.655636 np0000006071 devstack@n-api.service[87553]: DEBUG oslo_concurrency.lockutils [None req-d975f14a-4f69-4f65-9fb3-6a07c89ea1cd tempest-ServerActionsTestOtherA-413933907 tempest-ServerActionsTestOtherA-413933907-project-member] Lock "66c4089d-aabd-4bda-bc42-7acf738e33d0" acquired by "nova.context.set_target_cell..get_or_set_cached_cell_and_set_connections" :: waited 0.000s {{(pid=87553) inner /opt/stack/data/venv/lib/python3.12/site-packages/oslo_concurrency/lockutils.py:525}}
Jul 29 08:03:48.655788 np0000006071 devstack@n-api.service[87553]: DEBUG oslo_concurrency.lockutils [None req-d975f14a-4f69-4f65-9fb3-6a07c89ea1cd tempest-ServerActionsTestOtherA-413933907 tempest-ServerActionsTestOtherA-413933907-project-member] Lock "66c4089d-aabd-4bda-bc42-7acf738e33d0" "released" by "nova.context.set_target_cell..get_or_set_cached_cell_and_set_connections" :: held 0.000s {{(pid=87553) inner /opt/stack/data/venv/lib/python3.12/site-packages/oslo_concurrency/lockutils.py:544}}
Jul 29 08:03:48.656291 np0000006071 devstack@n-api.service[87553]: DEBUG oslo_concurrency.lockutils [None req-d975f14a-4f69-4f65-9fb3-6a07c89ea1cd tempest-ServerActionsTestOtherA-413933907 tempest-ServerActionsTestOtherA-413933907-project-member] Acquiring lock "66c4089d-aabd-4bda-bc42-7acf738e33d0" by "nova.context.set_target_cell..get_or_set_cached_cell_and_set_connections" {{(pid=87553) inner /opt/stack/data/venv/lib/python3.12/site-packages/oslo_concurrency/lockutils.py:512}}
Jul 29 08:03:48.656667 np0000006071 devstack@n-api.service[87553]: DEBUG oslo_concurrency.lockutils [None req-d975f14a-4f69-4f65-9fb3-6a07c89ea1cd tempest-ServerActionsTestOtherA-413933907 tempest-ServerActionsTestOtherA-413933907-project-member] Lock "66c4089d-aabd-4bda-bc42-7acf738e33d0" acquired by "nova.context.set_target_cell..get_or_set_cached_cell_and_set_connections" :: waited 0.000s {{(pid=87553) inner /opt/stack/data/venv/lib/python3.12/site-packages/oslo_concurrency/lockutils.py:525}}
Jul 29 08:03:48.657402 np0000006071 devstack@n-api.service[87553]: DEBUG oslo_concurrency.lockutils [None req-d975f14a-4f69-4f65-9fb3-6a07c89ea1cd tempest-ServerActionsTestOtherA-413933907 tempest-ServerActionsTestOtherA-413933907-project-member] Lock "66c4089d-aabd-4bda-bc42-7acf738e33d0" "released" by "nova.context.set_target_cell..get_or_set_cached_cell_and_set_connections" :: held 0.000s {{(pid=87553) inner /opt/stack/data/venv/lib/python3.12/site-packages/oslo_concurrency/lockutils.py:544}}
Jul 29 08:03:48.683332 np0000006071 devstack@n-api.service[87553]: WARNING neutronclient.v2_0.client [None req-d975f14a-4f69-4f65-9fb3-6a07c89ea1cd tempest-ServerActionsTestOtherA-413933907 tempest-ServerActionsTestOtherA-413933907-project-member] The python binding code in neutronclient is deprecated in favor of OpenstackSDK, please use that as this will be removed in a future release.
Jul 29 08:03:48.749588 np0000006071 devstack@n-api.service[87555]: INFO nova.api.openstack.requestlog [None req-f9aec61c-a220-4fcb-b042-7deef3cfa4a4 tempest-VolumesAssistedSnapshotsTest-135558273 tempest-VolumesAssistedSnapshotsTest-135558273-project-admin] 10.4.3.114 "POST /compute/v2.1/servers/b7c1c74c-fc52-4ae2-a4c1-1498fa1cdd96/os-volume_attachments" status: 200 len: 194 microversion: 2.1 time: 0.501795
Jul 29 08:03:48.750712 np0000006071 devstack@n-api.service[87555]: [pid: 87555|app: 0|req: 40/153] 10.4.3.114 () {68 vars in 1441 bytes} [Wed Jul 29 08:03:48 2026] POST /compute/v2.1/servers/b7c1c74c-fc52-4ae2-a4c1-1498fa1cdd96/os-volume_attachments => generated 194 bytes in 503 msecs (HTTP/1.1 200) 9 headers in 357 bytes (1 switches on core 0)
Jul 29 08:03:48.773024 np0000006071 devstack@n-api.service[87553]: DEBUG nova.policy [None req-d975f14a-4f69-4f65-9fb3-6a07c89ea1cd tempest-ServerActionsTestOtherA-413933907 tempest-ServerActionsTestOtherA-413933907-project-member] Policy check for os_compute_api:os-extended-server-attributes failed with credentials {'is_admin': False, 'user_id': 'acd06165b67049c58235dbd7b2c6fb4b', 'user_domain_id': 'default', 'system_scope': None, 'domain_id': None, 'project_id': '900a43da9eab4cf080a7d2c32c871252', 'project_domain_id': 'default', 'roles': ['reader', 'member'], 'is_admin_project': True, 'service_user_id': None, 'service_user_domain_id': None, 'service_project_id': None, 'service_project_domain_id': None, 'service_roles': []} {{(pid=87553) authorize /opt/stack/nova/nova/policy.py:202}}
Jul 29 08:03:48.779051 np0000006071 devstack@n-api.service[87554]: INFO nova.api.openstack.requestlog [None req-a2281cd8-c708-4589-b990-e8213e7412de tempest-AttachSCSIVolumeTestJSON-203524620 tempest-AttachSCSIVolumeTestJSON-203524620-project-member] 10.4.3.114 "POST /compute/v2.1/servers/12a4ed29-dfd2-4a60-9bd9-a302a4d8734b/os-volume_attachments" status: 200 len: 194 microversion: 2.1 time: 0.384325
Jul 29 08:03:48.780180 np0000006071 devstack@n-api.service[87554]: [pid: 87554|app: 0|req: 39/154] 10.4.3.114 () {68 vars in 1441 bytes} [Wed Jul 29 08:03:48 2026] POST /compute/v2.1/servers/12a4ed29-dfd2-4a60-9bd9-a302a4d8734b/os-volume_attachments => generated 194 bytes in 386 msecs (HTTP/1.1 200) 9 headers in 357 bytes (1 switches on core 0)
Jul 29 08:03:48.786323 np0000006071 devstack@n-api.service[87553]: INFO nova.api.openstack.requestlog [None req-d975f14a-4f69-4f65-9fb3-6a07c89ea1cd tempest-ServerActionsTestOtherA-413933907 tempest-ServerActionsTestOtherA-413933907-project-member] 10.4.3.114 "GET /compute/v2.1/servers/93e5832e-4bf1-4623-b73b-199b96e59cd2" status: 200 len: 1291 microversion: 2.1 time: 0.138587
Jul 29 08:03:48.786323 np0000006071 devstack@n-api.service[87553]: [pid: 87553|app: 0|req: 41/155] 10.4.3.114 () {66 vars in 1354 bytes} [Wed Jul 29 08:03:48 2026] GET /compute/v2.1/servers/93e5832e-4bf1-4623-b73b-199b96e59cd2 => generated 1291 bytes in 139 msecs (HTTP/1.1 200) 9 headers in 358 bytes (1 switches on core 0)
Jul 29 08:03:49.310108 np0000006071 devstack@n-api.service[87555]: DEBUG nova.api.openstack.wsgi [req-52435b6a-9697-4ff1-95a4-60c62593eea8 req-405be6e1-d661-4117-8844-bdf4184e1874 service nova] Action: 'create', calling method: >, body: {"events": [{"server_uuid": "d0dace0c-1094-44df-ab61-8ae456ad385e", "name": "network-vif-plugged", "status": "completed", "tag": "0cb7212f-60c7-4ac8-9bff-aa442e278e3f"}]} {{(pid=87555) _process_stack /opt/stack/nova/nova/api/openstack/wsgi.py:549}}
Jul 29 08:03:49.324332 np0000006071 devstack@n-api.service[87555]: DEBUG oslo_concurrency.lockutils [req-52435b6a-9697-4ff1-95a4-60c62593eea8 req-405be6e1-d661-4117-8844-bdf4184e1874 service nova] Acquiring lock "66c4089d-aabd-4bda-bc42-7acf738e33d0" by "nova.context.set_target_cell..get_or_set_cached_cell_and_set_connections" {{(pid=87555) inner /opt/stack/data/venv/lib/python3.12/site-packages/oslo_concurrency/lockutils.py:512}}
Jul 29 08:03:49.326209 np0000006071 devstack@n-api.service[87555]: DEBUG oslo_concurrency.lockutils [req-52435b6a-9697-4ff1-95a4-60c62593eea8 req-405be6e1-d661-4117-8844-bdf4184e1874 service nova] Lock "66c4089d-aabd-4bda-bc42-7acf738e33d0" acquired by "nova.context.set_target_cell..get_or_set_cached_cell_and_set_connections" :: waited 0.000s {{(pid=87555) inner /opt/stack/data/venv/lib/python3.12/site-packages/oslo_concurrency/lockutils.py:525}}
Jul 29 08:03:49.326209 np0000006071 devstack@n-api.service[87555]: DEBUG oslo_concurrency.lockutils [req-52435b6a-9697-4ff1-95a4-60c62593eea8 req-405be6e1-d661-4117-8844-bdf4184e1874 service nova] Lock "66c4089d-aabd-4bda-bc42-7acf738e33d0" "released" by "nova.context.set_target_cell..get_or_set_cached_cell_and_set_connections" :: held 0.001s {{(pid=87555) inner /opt/stack/data/venv/lib/python3.12/site-packages/oslo_concurrency/lockutils.py:544}}
Jul 29 08:03:49.334395 np0000006071 devstack@n-api.service[87555]: INFO nova.api.openstack.compute.server_external_events [req-52435b6a-9697-4ff1-95a4-60c62593eea8 req-405be6e1-d661-4117-8844-bdf4184e1874 service nova] Creating event network-vif-plugged:0cb7212f-60c7-4ac8-9bff-aa442e278e3f for instance d0dace0c-1094-44df-ab61-8ae456ad385e on np0000006071
Jul 29 08:03:49.334656 np0000006071 devstack@n-api.service[87555]: DEBUG nova.compute.rpcapi [req-52435b6a-9697-4ff1-95a4-60c62593eea8 req-405be6e1-d661-4117-8844-bdf4184e1874 service nova] RPC: Sending the message to topic: compute-alt {{(pid=87555) prepare_for_alt_rpcserver /opt/stack/nova/nova/compute/rpcapi.py:595}}
Jul 29 08:03:49.342468 np0000006071 devstack@n-api.service[87552]: DEBUG nova.compute.api [None req-0c83b562-4d9e-41a1-a29a-87adc08eec00 tempest-TaggedAttachmentsTest-1368562276 tempest-TaggedAttachmentsTest-1368562276-project-member] [instance: d0dace0c-1094-44df-ab61-8ae456ad385e] Fetching instance by UUID {{(pid=87552) get /opt/stack/nova/nova/compute/api.py:3068}}
Jul 29 08:03:49.348183 np0000006071 devstack@n-api.service[87555]: INFO nova.api.openstack.requestlog [req-52435b6a-9697-4ff1-95a4-60c62593eea8 req-405be6e1-d661-4117-8844-bdf4184e1874 service nova] 10.4.3.114 "POST /compute/v2.1/os-server-external-events" status: 200 len: 183 microversion: 2.1 time: 0.045177
Jul 29 08:03:49.348488 np0000006071 devstack@n-api.service[87555]: [pid: 87555|app: 0|req: 41/156] 10.4.3.114 () {72 vars in 1432 bytes} [Wed Jul 29 08:03:49 2026] POST /compute/v2.1/os-server-external-events => generated 183 bytes in 46 msecs (HTTP/1.1 200) 9 headers in 357 bytes (1 switches on core 0)
Jul 29 08:03:49.351211 np0000006071 devstack@n-api.service[87552]: DEBUG oslo_concurrency.lockutils [None req-0c83b562-4d9e-41a1-a29a-87adc08eec00 tempest-TaggedAttachmentsTest-1368562276 tempest-TaggedAttachmentsTest-1368562276-project-member] Acquiring lock "66c4089d-aabd-4bda-bc42-7acf738e33d0" by "nova.context.set_target_cell..get_or_set_cached_cell_and_set_connections" {{(pid=87552) inner /opt/stack/data/venv/lib/python3.12/site-packages/oslo_concurrency/lockutils.py:512}}
Jul 29 08:03:49.351575 np0000006071 devstack@n-api.service[87552]: DEBUG oslo_concurrency.lockutils [None req-0c83b562-4d9e-41a1-a29a-87adc08eec00 tempest-TaggedAttachmentsTest-1368562276 tempest-TaggedAttachmentsTest-1368562276-project-member] Lock "66c4089d-aabd-4bda-bc42-7acf738e33d0" acquired by "nova.context.set_target_cell..get_or_set_cached_cell_and_set_connections" :: waited 0.001s {{(pid=87552) inner /opt/stack/data/venv/lib/python3.12/site-packages/oslo_concurrency/lockutils.py:525}}
Jul 29 08:03:49.351762 np0000006071 devstack@n-api.service[87552]: DEBUG oslo_concurrency.lockutils [None req-0c83b562-4d9e-41a1-a29a-87adc08eec00 tempest-TaggedAttachmentsTest-1368562276 tempest-TaggedAttachmentsTest-1368562276-project-member] Lock "66c4089d-aabd-4bda-bc42-7acf738e33d0" "released" by "nova.context.set_target_cell..get_or_set_cached_cell_and_set_connections" :: held 0.000s {{(pid=87552) inner /opt/stack/data/venv/lib/python3.12/site-packages/oslo_concurrency/lockutils.py:544}}
Jul 29 08:03:49.352109 np0000006071 devstack@n-api.service[87552]: DEBUG oslo_concurrency.lockutils [None req-0c83b562-4d9e-41a1-a29a-87adc08eec00 tempest-TaggedAttachmentsTest-1368562276 tempest-TaggedAttachmentsTest-1368562276-project-member] Acquiring lock "66c4089d-aabd-4bda-bc42-7acf738e33d0" by "nova.context.set_target_cell..get_or_set_cached_cell_and_set_connections" {{(pid=87552) inner /opt/stack/data/venv/lib/python3.12/site-packages/oslo_concurrency/lockutils.py:512}}
Jul 29 08:03:49.352316 np0000006071 devstack@n-api.service[87552]: DEBUG oslo_concurrency.lockutils [None req-0c83b562-4d9e-41a1-a29a-87adc08eec00 tempest-TaggedAttachmentsTest-1368562276 tempest-TaggedAttachmentsTest-1368562276-project-member] Lock "66c4089d-aabd-4bda-bc42-7acf738e33d0" acquired by "nova.context.set_target_cell..get_or_set_cached_cell_and_set_connections" :: waited 0.000s {{(pid=87552) inner /opt/stack/data/venv/lib/python3.12/site-packages/oslo_concurrency/lockutils.py:525}}
Jul 29 08:03:49.352482 np0000006071 devstack@n-api.service[87552]: DEBUG oslo_concurrency.lockutils [None req-0c83b562-4d9e-41a1-a29a-87adc08eec00 tempest-TaggedAttachmentsTest-1368562276 tempest-TaggedAttachmentsTest-1368562276-project-member] Lock "66c4089d-aabd-4bda-bc42-7acf738e33d0" "released" by "nova.context.set_target_cell..get_or_set_cached_cell_and_set_connections" :: held 0.000s {{(pid=87552) inner /opt/stack/data/venv/lib/python3.12/site-packages/oslo_concurrency/lockutils.py:544}}
Jul 29 08:03:49.375404 np0000006071 devstack@n-api.service[87552]: WARNING neutronclient.v2_0.client [None req-0c83b562-4d9e-41a1-a29a-87adc08eec00 tempest-TaggedAttachmentsTest-1368562276 tempest-TaggedAttachmentsTest-1368562276-project-member] The python binding code in neutronclient is deprecated in favor of OpenstackSDK, please use that as this will be removed in a future release.
Jul 29 08:03:49.518866 np0000006071 devstack@n-api.service[87552]: INFO nova.api.openstack.requestlog [None req-0c83b562-4d9e-41a1-a29a-87adc08eec00 tempest-TaggedAttachmentsTest-1368562276 tempest-TaggedAttachmentsTest-1368562276-project-member] 10.4.3.114 "POST /compute/v2.1/servers/d0dace0c-1094-44df-ab61-8ae456ad385e/os-interface" status: 200 len: 282 microversion: 2.49 time: 3.855115
Jul 29 08:03:49.519297 np0000006071 devstack@n-api.service[87552]: [pid: 87552|app: 0|req: 36/157] 10.4.3.114 () {70 vars in 1455 bytes} [Wed Jul 29 08:03:45 2026] POST /compute/v2.1/servers/d0dace0c-1094-44df-ab61-8ae456ad385e/os-interface => generated 282 bytes in 3856 msecs (HTTP/1.1 200) 9 headers in 359 bytes (1 switches on core 0)
Jul 29 08:03:49.534419 np0000006071 devstack@n-api.service[87554]: DEBUG nova.api.openstack.wsgi [None req-61d0e31d-57fc-4e2d-ba54-33455d2b28b0 tempest-TaggedAttachmentsTest-1368562276 tempest-TaggedAttachmentsTest-1368562276-project-member] Action: 'create', calling method: >, body: {"volumeAttachment": {"volumeId": "d4b7fd56-0f23-49b7-8248-7cf34b64a3c1", "tag": "volume-tag"}} {{(pid=87554) _process_stack /opt/stack/nova/nova/api/openstack/wsgi.py:549}}
Jul 29 08:03:49.536474 np0000006071 devstack@n-api.service[87554]: DEBUG nova.compute.api [None req-61d0e31d-57fc-4e2d-ba54-33455d2b28b0 tempest-TaggedAttachmentsTest-1368562276 tempest-TaggedAttachmentsTest-1368562276-project-member] [instance: d0dace0c-1094-44df-ab61-8ae456ad385e] Fetching instance by UUID {{(pid=87554) get /opt/stack/nova/nova/compute/api.py:3068}}
Jul 29 08:03:49.546614 np0000006071 devstack@n-api.service[87554]: DEBUG oslo_concurrency.lockutils [None req-61d0e31d-57fc-4e2d-ba54-33455d2b28b0 tempest-TaggedAttachmentsTest-1368562276 tempest-TaggedAttachmentsTest-1368562276-project-member] Acquiring lock "66c4089d-aabd-4bda-bc42-7acf738e33d0" by "nova.context.set_target_cell..get_or_set_cached_cell_and_set_connections" {{(pid=87554) inner /opt/stack/data/venv/lib/python3.12/site-packages/oslo_concurrency/lockutils.py:512}}
Jul 29 08:03:49.546964 np0000006071 devstack@n-api.service[87554]: DEBUG oslo_concurrency.lockutils [None req-61d0e31d-57fc-4e2d-ba54-33455d2b28b0 tempest-TaggedAttachmentsTest-1368562276 tempest-TaggedAttachmentsTest-1368562276-project-member] Lock "66c4089d-aabd-4bda-bc42-7acf738e33d0" acquired by "nova.context.set_target_cell..get_or_set_cached_cell_and_set_connections" :: waited 0.000s {{(pid=87554) inner /opt/stack/data/venv/lib/python3.12/site-packages/oslo_concurrency/lockutils.py:525}}
Jul 29 08:03:49.547154 np0000006071 devstack@n-api.service[87554]: DEBUG oslo_concurrency.lockutils [None req-61d0e31d-57fc-4e2d-ba54-33455d2b28b0 tempest-TaggedAttachmentsTest-1368562276 tempest-TaggedAttachmentsTest-1368562276-project-member] Lock "66c4089d-aabd-4bda-bc42-7acf738e33d0" "released" by "nova.context.set_target_cell..get_or_set_cached_cell_and_set_connections" :: held 0.000s {{(pid=87554) inner /opt/stack/data/venv/lib/python3.12/site-packages/oslo_concurrency/lockutils.py:544}}
Jul 29 08:03:49.547514 np0000006071 devstack@n-api.service[87554]: DEBUG oslo_concurrency.lockutils [None req-61d0e31d-57fc-4e2d-ba54-33455d2b28b0 tempest-TaggedAttachmentsTest-1368562276 tempest-TaggedAttachmentsTest-1368562276-project-member] Acquiring lock "66c4089d-aabd-4bda-bc42-7acf738e33d0" by "nova.context.set_target_cell..get_or_set_cached_cell_and_set_connections" {{(pid=87554) inner /opt/stack/data/venv/lib/python3.12/site-packages/oslo_concurrency/lockutils.py:512}}
Jul 29 08:03:49.547735 np0000006071 devstack@n-api.service[87554]: DEBUG oslo_concurrency.lockutils [None req-61d0e31d-57fc-4e2d-ba54-33455d2b28b0 tempest-TaggedAttachmentsTest-1368562276 tempest-TaggedAttachmentsTest-1368562276-project-member] Lock "66c4089d-aabd-4bda-bc42-7acf738e33d0" acquired by "nova.context.set_target_cell..get_or_set_cached_cell_and_set_connections" :: waited 0.000s {{(pid=87554) inner /opt/stack/data/venv/lib/python3.12/site-packages/oslo_concurrency/lockutils.py:525}}
Jul 29 08:03:49.547891 np0000006071 devstack@n-api.service[87554]: DEBUG oslo_concurrency.lockutils [None req-61d0e31d-57fc-4e2d-ba54-33455d2b28b0 tempest-TaggedAttachmentsTest-1368562276 tempest-TaggedAttachmentsTest-1368562276-project-member] Lock "66c4089d-aabd-4bda-bc42-7acf738e33d0" "released" by "nova.context.set_target_cell..get_or_set_cached_cell_and_set_connections" :: held 0.000s {{(pid=87554) inner /opt/stack/data/venv/lib/python3.12/site-packages/oslo_concurrency/lockutils.py:544}}
Jul 29 08:03:49.806276 np0000006071 devstack@n-api.service[87553]: DEBUG nova.api.openstack.wsgi [None req-6a0c5b83-9701-45d7-8469-d63252591480 tempest-ServerActionsTestOtherA-413933907 tempest-ServerActionsTestOtherA-413933907-project-member] Calling method '>' {{(pid=87553) _process_stack /opt/stack/nova/nova/api/openstack/wsgi.py:551}}
Jul 29 08:03:49.808687 np0000006071 devstack@n-api.service[87553]: DEBUG nova.compute.api [None req-6a0c5b83-9701-45d7-8469-d63252591480 tempest-ServerActionsTestOtherA-413933907 tempest-ServerActionsTestOtherA-413933907-project-member] [instance: 93e5832e-4bf1-4623-b73b-199b96e59cd2] Fetching instance by UUID {{(pid=87553) get /opt/stack/nova/nova/compute/api.py:3068}}
Jul 29 08:03:49.820829 np0000006071 devstack@n-api.service[87553]: DEBUG oslo_concurrency.lockutils [None req-6a0c5b83-9701-45d7-8469-d63252591480 tempest-ServerActionsTestOtherA-413933907 tempest-ServerActionsTestOtherA-413933907-project-member] Acquiring lock "66c4089d-aabd-4bda-bc42-7acf738e33d0" by "nova.context.set_target_cell..get_or_set_cached_cell_and_set_connections" {{(pid=87553) inner /opt/stack/data/venv/lib/python3.12/site-packages/oslo_concurrency/lockutils.py:512}}
Jul 29 08:03:49.820829 np0000006071 devstack@n-api.service[87553]: DEBUG oslo_concurrency.lockutils [None req-6a0c5b83-9701-45d7-8469-d63252591480 tempest-ServerActionsTestOtherA-413933907 tempest-ServerActionsTestOtherA-413933907-project-member] Lock "66c4089d-aabd-4bda-bc42-7acf738e33d0" acquired by "nova.context.set_target_cell..get_or_set_cached_cell_and_set_connections" :: waited 0.001s {{(pid=87553) inner /opt/stack/data/venv/lib/python3.12/site-packages/oslo_concurrency/lockutils.py:525}}
Jul 29 08:03:49.821998 np0000006071 devstack@n-api.service[87553]: DEBUG oslo_concurrency.lockutils [None req-6a0c5b83-9701-45d7-8469-d63252591480 tempest-ServerActionsTestOtherA-413933907 tempest-ServerActionsTestOtherA-413933907-project-member] Lock "66c4089d-aabd-4bda-bc42-7acf738e33d0" "released" by "nova.context.set_target_cell..get_or_set_cached_cell_and_set_connections" :: held 0.000s {{(pid=87553) inner /opt/stack/data/venv/lib/python3.12/site-packages/oslo_concurrency/lockutils.py:544}}
Jul 29 08:03:49.824098 np0000006071 devstack@n-api.service[87553]: DEBUG oslo_concurrency.lockutils [None req-6a0c5b83-9701-45d7-8469-d63252591480 tempest-ServerActionsTestOtherA-413933907 tempest-ServerActionsTestOtherA-413933907-project-member] Acquiring lock "66c4089d-aabd-4bda-bc42-7acf738e33d0" by "nova.context.set_target_cell..get_or_set_cached_cell_and_set_connections" {{(pid=87553) inner /opt/stack/data/venv/lib/python3.12/site-packages/oslo_concurrency/lockutils.py:512}}
Jul 29 08:03:49.824098 np0000006071 devstack@n-api.service[87553]: DEBUG oslo_concurrency.lockutils [None req-6a0c5b83-9701-45d7-8469-d63252591480 tempest-ServerActionsTestOtherA-413933907 tempest-ServerActionsTestOtherA-413933907-project-member] Lock "66c4089d-aabd-4bda-bc42-7acf738e33d0" acquired by "nova.context.set_target_cell..get_or_set_cached_cell_and_set_connections" :: waited 0.001s {{(pid=87553) inner /opt/stack/data/venv/lib/python3.12/site-packages/oslo_concurrency/lockutils.py:525}}
Jul 29 08:03:49.824386 np0000006071 devstack@n-api.service[87553]: DEBUG oslo_concurrency.lockutils [None req-6a0c5b83-9701-45d7-8469-d63252591480 tempest-ServerActionsTestOtherA-413933907 tempest-ServerActionsTestOtherA-413933907-project-member] Lock "66c4089d-aabd-4bda-bc42-7acf738e33d0" "released" by "nova.context.set_target_cell..get_or_set_cached_cell_and_set_connections" :: held 0.001s {{(pid=87553) inner /opt/stack/data/venv/lib/python3.12/site-packages/oslo_concurrency/lockutils.py:544}}
Jul 29 08:03:49.853449 np0000006071 devstack@n-api.service[87553]: WARNING neutronclient.v2_0.client [None req-6a0c5b83-9701-45d7-8469-d63252591480 tempest-ServerActionsTestOtherA-413933907 tempest-ServerActionsTestOtherA-413933907-project-member] The python binding code in neutronclient is deprecated in favor of OpenstackSDK, please use that as this will be removed in a future release.
Jul 29 08:03:49.925949 np0000006071 devstack@n-api.service[87553]: DEBUG nova.policy [None req-6a0c5b83-9701-45d7-8469-d63252591480 tempest-ServerActionsTestOtherA-413933907 tempest-ServerActionsTestOtherA-413933907-project-member] Policy check for os_compute_api:os-extended-server-attributes failed with credentials {'is_admin': False, 'user_id': 'acd06165b67049c58235dbd7b2c6fb4b', 'user_domain_id': 'default', 'system_scope': None, 'domain_id': None, 'project_id': '900a43da9eab4cf080a7d2c32c871252', 'project_domain_id': 'default', 'roles': ['reader', 'member'], 'is_admin_project': True, 'service_user_id': None, 'service_user_domain_id': None, 'service_project_id': None, 'service_project_domain_id': None, 'service_roles': []} {{(pid=87553) authorize /opt/stack/nova/nova/policy.py:202}}
Jul 29 08:03:49.937138 np0000006071 devstack@n-api.service[87554]: INFO nova.api.openstack.requestlog [None req-61d0e31d-57fc-4e2d-ba54-33455d2b28b0 tempest-TaggedAttachmentsTest-1368562276 tempest-TaggedAttachmentsTest-1368562276-project-member] 10.4.3.114 "POST /compute/v2.1/servers/d0dace0c-1094-44df-ab61-8ae456ad385e/os-volume_attachments" status: 200 len: 194 microversion: 2.49 time: 0.403718
Jul 29 08:03:49.938134 np0000006071 devstack@n-api.service[87553]: INFO nova.api.openstack.requestlog [None req-6a0c5b83-9701-45d7-8469-d63252591480 tempest-ServerActionsTestOtherA-413933907 tempest-ServerActionsTestOtherA-413933907-project-member] 10.4.3.114 "GET /compute/v2.1/servers/93e5832e-4bf1-4623-b73b-199b96e59cd2" status: 200 len: 1297 microversion: 2.1 time: 0.132686
Jul 29 08:03:49.938134 np0000006071 devstack@n-api.service[87553]: [pid: 87553|app: 0|req: 42/159] 10.4.3.114 () {66 vars in 1354 bytes} [Wed Jul 29 08:03:49 2026] GET /compute/v2.1/servers/93e5832e-4bf1-4623-b73b-199b96e59cd2 => generated 1297 bytes in 133 msecs (HTTP/1.1 200) 9 headers in 358 bytes (1 switches on core 0)
Jul 29 08:03:49.938791 np0000006071 devstack@n-api.service[87554]: [pid: 87554|app: 0|req: 40/159] 10.4.3.114 () {70 vars in 1482 bytes} [Wed Jul 29 08:03:49 2026] POST /compute/v2.1/servers/d0dace0c-1094-44df-ab61-8ae456ad385e/os-volume_attachments => generated 194 bytes in 405 msecs (HTTP/1.1 200) 9 headers in 359 bytes (1 switches on core 0)
Jul 29 08:03:50.806862 np0000006071 devstack@n-api.service[87555]: DEBUG nova.api.openstack.wsgi [req-4881247e-faed-471c-93a6-3b5008280f36 req-acff7d0d-3053-4200-9e96-862667017902 service nova] Action: 'create', calling method: >, body: {"events": [{"name": "network-changed", "server_uuid": "93e5832e-4bf1-4623-b73b-199b96e59cd2", "tag": "afd8892b-5d88-401a-8b3d-f76495f458c0"}]} {{(pid=87555) _process_stack /opt/stack/nova/nova/api/openstack/wsgi.py:549}}
Jul 29 08:03:50.814988 np0000006071 devstack@n-api.service[87555]: DEBUG oslo_concurrency.lockutils [req-4881247e-faed-471c-93a6-3b5008280f36 req-acff7d0d-3053-4200-9e96-862667017902 service nova] Acquiring lock "66c4089d-aabd-4bda-bc42-7acf738e33d0" by "nova.context.set_target_cell..get_or_set_cached_cell_and_set_connections" {{(pid=87555) inner /opt/stack/data/venv/lib/python3.12/site-packages/oslo_concurrency/lockutils.py:512}}
