Jul 29 08:00:24.357835 np0000006071 nova-scheduler[96693]: DEBUG cotyledon.oslo_config_glue [-] workarounds.ensure_libvirt_rbd_instance_dir_cleanup = False {{(pid=96693) log_opt_values /opt/stack/data/venv/lib/python3.12/site-packages/oslo_config/cfg.py:3253}}
Jul 29 08:00:24.357835 np0000006071 nova-scheduler[96693]: DEBUG cotyledon.oslo_config_glue [-] workarounds.handle_virt_lifecycle_events = True {{(pid=96693) log_opt_values /opt/stack/data/venv/lib/python3.12/site-packages/oslo_config/cfg.py:3253}}
Jul 29 08:00:24.357835 np0000006071 nova-scheduler[96693]: DEBUG cotyledon.oslo_config_glue [-] workarounds.libvirt_disable_apic = False {{(pid=96693) log_opt_values /opt/stack/data/venv/lib/python3.12/site-packages/oslo_config/cfg.py:3253}}
Jul 29 08:00:24.357835 np0000006071 nova-scheduler[96693]: DEBUG cotyledon.oslo_config_glue [-] workarounds.never_download_image_if_on_rbd = False {{(pid=96693) log_opt_values /opt/stack/data/venv/lib/python3.12/site-packages/oslo_config/cfg.py:3253}}
Jul 29 08:00:24.357835 np0000006071 nova-scheduler[96693]: DEBUG cotyledon.oslo_config_glue [-] workarounds.qemu_monitor_announce_self_count = 3 {{(pid=96693) log_opt_values /opt/stack/data/venv/lib/python3.12/site-packages/oslo_config/cfg.py:3253}}
Jul 29 08:00:24.357835 np0000006071 nova-scheduler[96693]: DEBUG cotyledon.oslo_config_glue [-] workarounds.qemu_monitor_announce_self_interval = 1 {{(pid=96693) log_opt_values /opt/stack/data/venv/lib/python3.12/site-packages/oslo_config/cfg.py:3253}}
Jul 29 08:00:24.357835 np0000006071 nova-scheduler[96693]: DEBUG cotyledon.oslo_config_glue [-] workarounds.reserve_disk_resource_for_image_cache = False {{(pid=96693) log_opt_values /opt/stack/data/venv/lib/python3.12/site-packages/oslo_config/cfg.py:3253}}
Jul 29 08:00:24.357835 np0000006071 nova-scheduler[96693]: DEBUG cotyledon.oslo_config_glue [-] workarounds.skip_cpu_compare_at_startup = False {{(pid=96693) log_opt_values /opt/stack/data/venv/lib/python3.12/site-packages/oslo_config/cfg.py:3253}}
Jul 29 08:00:24.358082 np0000006071 nova-scheduler[96693]: DEBUG cotyledon.oslo_config_glue [-] workarounds.skip_cpu_compare_on_dest = False {{(pid=96693) log_opt_values /opt/stack/data/venv/lib/python3.12/site-packages/oslo_config/cfg.py:3253}}
Jul 29 08:00:24.358082 np0000006071 nova-scheduler[96693]: DEBUG cotyledon.oslo_config_glue [-] workarounds.skip_hypervisor_version_check_on_lm = False {{(pid=96693) log_opt_values /opt/stack/data/venv/lib/python3.12/site-packages/oslo_config/cfg.py:3253}}
Jul 29 08:00:24.358082 np0000006071 nova-scheduler[96693]: DEBUG cotyledon.oslo_config_glue [-] workarounds.skip_reserve_in_use_ironic_nodes = False {{(pid=96693) log_opt_values /opt/stack/data/venv/lib/python3.12/site-packages/oslo_config/cfg.py:3253}}
Jul 29 08:00:24.358082 np0000006071 nova-scheduler[96693]: DEBUG cotyledon.oslo_config_glue [-] workarounds.unified_limits_count_pcpu_as_vcpu = False {{(pid=96693) log_opt_values /opt/stack/data/venv/lib/python3.12/site-packages/oslo_config/cfg.py:3253}}
Jul 29 08:00:24.358082 np0000006071 nova-scheduler[96693]: DEBUG cotyledon.oslo_config_glue [-] workarounds.wait_for_vif_plugged_event_during_hard_reboot = [] {{(pid=96693) log_opt_values /opt/stack/data/venv/lib/python3.12/site-packages/oslo_config/cfg.py:3253}}
Jul 29 08:00:24.358082 np0000006071 nova-scheduler[96693]: DEBUG cotyledon.oslo_config_glue [-] wsgi.api_paste_config = /etc/nova/api-paste.ini {{(pid=96693) log_opt_values /opt/stack/data/venv/lib/python3.12/site-packages/oslo_config/cfg.py:3253}}
Jul 29 08:00:24.358082 np0000006071 nova-scheduler[96693]: DEBUG cotyledon.oslo_config_glue [-] wsgi.secure_proxy_ssl_header = None {{(pid=96693) log_opt_values /opt/stack/data/venv/lib/python3.12/site-packages/oslo_config/cfg.py:3253}}
Jul 29 08:00:24.358082 np0000006071 nova-scheduler[96693]: DEBUG cotyledon.oslo_config_glue [-] zvm.ca_file = None {{(pid=96693) log_opt_values /opt/stack/data/venv/lib/python3.12/site-packages/oslo_config/cfg.py:3253}}
Jul 29 08:00:24.358082 np0000006071 nova-scheduler[96693]: DEBUG cotyledon.oslo_config_glue [-] zvm.cloud_connector_url = None {{(pid=96693) log_opt_values /opt/stack/data/venv/lib/python3.12/site-packages/oslo_config/cfg.py:3253}}
Jul 29 08:00:24.358252 np0000006071 nova-scheduler[96693]: DEBUG cotyledon.oslo_config_glue [-] zvm.image_tmp_path = /opt/stack/data/nova/images {{(pid=96693) log_opt_values /opt/stack/data/venv/lib/python3.12/site-packages/oslo_config/cfg.py:3253}}
Jul 29 08:00:24.358252 np0000006071 nova-scheduler[96693]: DEBUG cotyledon.oslo_config_glue [-] zvm.reachable_timeout = 300 {{(pid=96693) log_opt_values /opt/stack/data/venv/lib/python3.12/site-packages/oslo_config/cfg.py:3253}}
Jul 29 08:00:24.358252 np0000006071 nova-scheduler[96693]: DEBUG cotyledon.oslo_config_glue [-] oslo_versionedobjects.fatal_exception_format_errors = False {{(pid=96693) log_opt_values /opt/stack/data/venv/lib/python3.12/site-packages/oslo_config/cfg.py:3253}}
Jul 29 08:00:24.358252 np0000006071 nova-scheduler[96693]: DEBUG cotyledon.oslo_config_glue [-] oslo_middleware.http_basic_auth_user_file = /etc/htpasswd {{(pid=96693) log_opt_values /opt/stack/data/venv/lib/python3.12/site-packages/oslo_config/cfg.py:3253}}
Jul 29 08:00:24.358252 np0000006071 nova-scheduler[96693]: DEBUG cotyledon.oslo_config_glue [-] oslo_messaging_metrics.metrics_buffer_size = 1000 {{(pid=96693) log_opt_values /opt/stack/data/venv/lib/python3.12/site-packages/oslo_config/cfg.py:3253}}
Jul 29 08:00:24.358252 np0000006071 nova-scheduler[96693]: DEBUG cotyledon.oslo_config_glue [-] oslo_messaging_metrics.metrics_enabled = False {{(pid=96693) log_opt_values /opt/stack/data/venv/lib/python3.12/site-packages/oslo_config/cfg.py:3253}}
Jul 29 08:00:24.358252 np0000006071 nova-scheduler[96693]: DEBUG cotyledon.oslo_config_glue [-] oslo_messaging_metrics.metrics_process_name = {{(pid=96693) log_opt_values /opt/stack/data/venv/lib/python3.12/site-packages/oslo_config/cfg.py:3253}}
Jul 29 08:00:24.358252 np0000006071 nova-scheduler[96693]: DEBUG cotyledon.oslo_config_glue [-] oslo_messaging_metrics.metrics_socket_file = /var/tmp/metrics_collector.sock {{(pid=96693) log_opt_values /opt/stack/data/venv/lib/python3.12/site-packages/oslo_config/cfg.py:3253}}
Jul 29 08:00:24.358450 np0000006071 nova-scheduler[96693]: DEBUG cotyledon.oslo_config_glue [-] oslo_messaging_metrics.metrics_thread_stop_timeout = 10 {{(pid=96693) log_opt_values /opt/stack/data/venv/lib/python3.12/site-packages/oslo_config/cfg.py:3253}}
Jul 29 08:00:24.358450 np0000006071 nova-scheduler[96693]: DEBUG cotyledon.oslo_config_glue [-] profiler.connection_string = messaging:// {{(pid=96693) log_opt_values /opt/stack/data/venv/lib/python3.12/site-packages/oslo_config/cfg.py:3253}}
Jul 29 08:00:24.358450 np0000006071 nova-scheduler[96693]: DEBUG cotyledon.oslo_config_glue [-] profiler.enabled = False {{(pid=96693) log_opt_values /opt/stack/data/venv/lib/python3.12/site-packages/oslo_config/cfg.py:3253}}
Jul 29 08:00:24.358450 np0000006071 nova-scheduler[96693]: DEBUG cotyledon.oslo_config_glue [-] profiler.es_doc_type = notification {{(pid=96693) log_opt_values /opt/stack/data/venv/lib/python3.12/site-packages/oslo_config/cfg.py:3253}}
Jul 29 08:00:24.358528 np0000006071 nova-scheduler[96699]: INFO dbcounter [None req-21ee9ce1-a37e-49bf-aa34-1c24b6f0c9d0 None None] Registered counter for database nova_cell0
Jul 29 08:00:24.358554 np0000006071 nova-scheduler[96693]: DEBUG cotyledon.oslo_config_glue [-] profiler.es_scroll_size = 10000 {{(pid=96693) log_opt_values /opt/stack/data/venv/lib/python3.12/site-packages/oslo_config/cfg.py:3253}}
Jul 29 08:00:24.358554 np0000006071 nova-scheduler[96693]: DEBUG cotyledon.oslo_config_glue [-] profiler.es_scroll_time = 2m {{(pid=96693) log_opt_values /opt/stack/data/venv/lib/python3.12/site-packages/oslo_config/cfg.py:3253}}
Jul 29 08:00:24.358554 np0000006071 nova-scheduler[96693]: DEBUG cotyledon.oslo_config_glue [-] profiler.filter_error_trace = False {{(pid=96693) log_opt_values /opt/stack/data/venv/lib/python3.12/site-packages/oslo_config/cfg.py:3253}}
Jul 29 08:00:24.358554 np0000006071 nova-scheduler[96693]: DEBUG cotyledon.oslo_config_glue [-] profiler.hmac_keys = **** {{(pid=96693) log_opt_values /opt/stack/data/venv/lib/python3.12/site-packages/oslo_config/cfg.py:3253}}
Jul 29 08:00:24.358554 np0000006071 nova-scheduler[96693]: DEBUG cotyledon.oslo_config_glue [-] profiler.sentinel_service_name = mymaster {{(pid=96693) log_opt_values /opt/stack/data/venv/lib/python3.12/site-packages/oslo_config/cfg.py:3253}}
Jul 29 08:00:24.358554 np0000006071 nova-scheduler[96693]: DEBUG cotyledon.oslo_config_glue [-] profiler.socket_timeout = 0.1 {{(pid=96693) log_opt_values /opt/stack/data/venv/lib/python3.12/site-packages/oslo_config/cfg.py:3253}}
Jul 29 08:00:24.358554 np0000006071 nova-scheduler[96693]: DEBUG cotyledon.oslo_config_glue [-] profiler.trace_requests = False {{(pid=96693) log_opt_values /opt/stack/data/venv/lib/python3.12/site-packages/oslo_config/cfg.py:3253}}
Jul 29 08:00:24.358554 np0000006071 nova-scheduler[96693]: DEBUG cotyledon.oslo_config_glue [-] profiler.trace_sqlalchemy = False {{(pid=96693) log_opt_values /opt/stack/data/venv/lib/python3.12/site-packages/oslo_config/cfg.py:3253}}
Jul 29 08:00:24.358554 np0000006071 nova-scheduler[96693]: DEBUG cotyledon.oslo_config_glue [-] profiler_jaeger.process_tags = {} {{(pid=96693) log_opt_values /opt/stack/data/venv/lib/python3.12/site-packages/oslo_config/cfg.py:3253}}
Jul 29 08:00:24.358753 np0000006071 nova-scheduler[96693]: DEBUG cotyledon.oslo_config_glue [-] profiler_jaeger.service_name_prefix = None {{(pid=96693) log_opt_values /opt/stack/data/venv/lib/python3.12/site-packages/oslo_config/cfg.py:3253}}
Jul 29 08:00:24.358753 np0000006071 nova-scheduler[96693]: DEBUG cotyledon.oslo_config_glue [-] profiler_otlp.service_name_prefix = None {{(pid=96693) log_opt_values /opt/stack/data/venv/lib/python3.12/site-packages/oslo_config/cfg.py:3253}}
Jul 29 08:00:24.358753 np0000006071 nova-scheduler[96693]: DEBUG cotyledon.oslo_config_glue [-] oslo_messaging_rabbit.amqp_auto_delete = False {{(pid=96693) log_opt_values /opt/stack/data/venv/lib/python3.12/site-packages/oslo_config/cfg.py:3253}}
Jul 29 08:00:24.358753 np0000006071 nova-scheduler[96693]: DEBUG cotyledon.oslo_config_glue [-] oslo_messaging_rabbit.amqp_durable_queues = False {{(pid=96693) log_opt_values /opt/stack/data/venv/lib/python3.12/site-packages/oslo_config/cfg.py:3253}}
Jul 29 08:00:24.358753 np0000006071 nova-scheduler[96693]: DEBUG cotyledon.oslo_config_glue [-] oslo_messaging_rabbit.conn_pool_min_size = 2 {{(pid=96693) log_opt_values /opt/stack/data/venv/lib/python3.12/site-packages/oslo_config/cfg.py:3253}}
Jul 29 08:00:24.358753 np0000006071 nova-scheduler[96693]: DEBUG cotyledon.oslo_config_glue [-] oslo_messaging_rabbit.conn_pool_ttl = 1200 {{(pid=96693) log_opt_values /opt/stack/data/venv/lib/python3.12/site-packages/oslo_config/cfg.py:3253}}
Jul 29 08:00:24.358753 np0000006071 nova-scheduler[96693]: DEBUG cotyledon.oslo_config_glue [-] oslo_messaging_rabbit.direct_mandatory_flag = True {{(pid=96693) log_opt_values /opt/stack/data/venv/lib/python3.12/site-packages/oslo_config/cfg.py:3253}}
Jul 29 08:00:24.358753 np0000006071 nova-scheduler[96693]: DEBUG cotyledon.oslo_config_glue [-] oslo_messaging_rabbit.enable_cancel_on_failover = False {{(pid=96693) log_opt_values /opt/stack/data/venv/lib/python3.12/site-packages/oslo_config/cfg.py:3253}}
Jul 29 08:00:24.358753 np0000006071 nova-scheduler[96693]: DEBUG cotyledon.oslo_config_glue [-] oslo_messaging_rabbit.heartbeat_rate = 3 {{(pid=96693) log_opt_values /opt/stack/data/venv/lib/python3.12/site-packages/oslo_config/cfg.py:3253}}
Jul 29 08:00:24.358969 np0000006071 nova-scheduler[96693]: DEBUG cotyledon.oslo_config_glue [-] oslo_messaging_rabbit.heartbeat_timeout_threshold = 60 {{(pid=96693) log_opt_values /opt/stack/data/venv/lib/python3.12/site-packages/oslo_config/cfg.py:3253}}
Jul 29 08:00:24.358969 np0000006071 nova-scheduler[96693]: DEBUG cotyledon.oslo_config_glue [-] oslo_messaging_rabbit.hostname = np0000006071 {{(pid=96693) log_opt_values /opt/stack/data/venv/lib/python3.12/site-packages/oslo_config/cfg.py:3253}}
Jul 29 08:00:24.358969 np0000006071 nova-scheduler[96693]: DEBUG cotyledon.oslo_config_glue [-] oslo_messaging_rabbit.kombu_compression = None {{(pid=96693) log_opt_values /opt/stack/data/venv/lib/python3.12/site-packages/oslo_config/cfg.py:3253}}
Jul 29 08:00:24.358969 np0000006071 nova-scheduler[96693]: DEBUG cotyledon.oslo_config_glue [-] oslo_messaging_rabbit.kombu_failover_strategy = round-robin {{(pid=96693) log_opt_values /opt/stack/data/venv/lib/python3.12/site-packages/oslo_config/cfg.py:3253}}
Jul 29 08:00:24.358969 np0000006071 nova-scheduler[96693]: DEBUG cotyledon.oslo_config_glue [-] oslo_messaging_rabbit.kombu_missing_consumer_retry_timeout = 60 {{(pid=96693) log_opt_values /opt/stack/data/venv/lib/python3.12/site-packages/oslo_config/cfg.py:3253}}
Jul 29 08:00:24.358969 np0000006071 nova-scheduler[96693]: DEBUG cotyledon.oslo_config_glue [-] oslo_messaging_rabbit.kombu_reconnect_delay = 1.0 {{(pid=96693) log_opt_values /opt/stack/data/venv/lib/python3.12/site-packages/oslo_config/cfg.py:3253}}
Jul 29 08:00:24.358969 np0000006071 nova-scheduler[96693]: DEBUG cotyledon.oslo_config_glue [-] oslo_messaging_rabbit.kombu_reconnect_splay = 0.0 {{(pid=96693) log_opt_values /opt/stack/data/venv/lib/python3.12/site-packages/oslo_config/cfg.py:3253}}
Jul 29 08:00:24.358969 np0000006071 nova-scheduler[96693]: DEBUG cotyledon.oslo_config_glue [-] oslo_messaging_rabbit.processname = nova-scheduler {{(pid=96693) log_opt_values /opt/stack/data/venv/lib/python3.12/site-packages/oslo_config/cfg.py:3253}}
Jul 29 08:00:24.358969 np0000006071 nova-scheduler[96693]: DEBUG cotyledon.oslo_config_glue [-] oslo_messaging_rabbit.rabbit_ha_queues = False {{(pid=96693) log_opt_values /opt/stack/data/venv/lib/python3.12/site-packages/oslo_config/cfg.py:3253}}
Jul 29 08:00:24.359154 np0000006071 nova-scheduler[96693]: DEBUG cotyledon.oslo_config_glue [-] oslo_messaging_rabbit.rabbit_interval_max = 30 {{(pid=96693) log_opt_values /opt/stack/data/venv/lib/python3.12/site-packages/oslo_config/cfg.py:3253}}
Jul 29 08:00:24.359154 np0000006071 nova-scheduler[96693]: DEBUG cotyledon.oslo_config_glue [-] oslo_messaging_rabbit.rabbit_login_method = AMQPLAIN {{(pid=96693) log_opt_values /opt/stack/data/venv/lib/python3.12/site-packages/oslo_config/cfg.py:3253}}
Jul 29 08:00:24.359154 np0000006071 nova-scheduler[96693]: DEBUG cotyledon.oslo_config_glue [-] oslo_messaging_rabbit.rabbit_qos_prefetch_count = 0 {{(pid=96693) log_opt_values /opt/stack/data/venv/lib/python3.12/site-packages/oslo_config/cfg.py:3253}}
Jul 29 08:00:24.359154 np0000006071 nova-scheduler[96693]: DEBUG cotyledon.oslo_config_glue [-] oslo_messaging_rabbit.rabbit_quorum_delivery_limit = 0 {{(pid=96693) log_opt_values /opt/stack/data/venv/lib/python3.12/site-packages/oslo_config/cfg.py:3253}}
Jul 29 08:00:24.359154 np0000006071 nova-scheduler[96693]: DEBUG cotyledon.oslo_config_glue [-] oslo_messaging_rabbit.rabbit_quorum_max_memory_bytes = 0 {{(pid=96693) log_opt_values /opt/stack/data/venv/lib/python3.12/site-packages/oslo_config/cfg.py:3253}}
Jul 29 08:00:24.359154 np0000006071 nova-scheduler[96693]: DEBUG cotyledon.oslo_config_glue [-] oslo_messaging_rabbit.rabbit_quorum_max_memory_length = 0 {{(pid=96693) log_opt_values /opt/stack/data/venv/lib/python3.12/site-packages/oslo_config/cfg.py:3253}}
Jul 29 08:00:24.359154 np0000006071 nova-scheduler[96693]: DEBUG cotyledon.oslo_config_glue [-] oslo_messaging_rabbit.rabbit_quorum_queue = False {{(pid=96693) log_opt_values /opt/stack/data/venv/lib/python3.12/site-packages/oslo_config/cfg.py:3253}}
Jul 29 08:00:24.359154 np0000006071 nova-scheduler[96693]: DEBUG cotyledon.oslo_config_glue [-] oslo_messaging_rabbit.rabbit_retry_backoff = 2 {{(pid=96693) log_opt_values /opt/stack/data/venv/lib/python3.12/site-packages/oslo_config/cfg.py:3253}}
Jul 29 08:00:24.359154 np0000006071 nova-scheduler[96693]: DEBUG cotyledon.oslo_config_glue [-] oslo_messaging_rabbit.rabbit_retry_interval = 1 {{(pid=96693) log_opt_values /opt/stack/data/venv/lib/python3.12/site-packages/oslo_config/cfg.py:3253}}
Jul 29 08:00:24.359409 np0000006071 nova-scheduler[96693]: DEBUG cotyledon.oslo_config_glue [-] oslo_messaging_rabbit.rabbit_stream_fanout = False {{(pid=96693) log_opt_values /opt/stack/data/venv/lib/python3.12/site-packages/oslo_config/cfg.py:3253}}
Jul 29 08:00:24.359409 np0000006071 nova-scheduler[96693]: DEBUG cotyledon.oslo_config_glue [-] oslo_messaging_rabbit.rabbit_transient_queues_ttl = 1800 {{(pid=96693) log_opt_values /opt/stack/data/venv/lib/python3.12/site-packages/oslo_config/cfg.py:3253}}
Jul 29 08:00:24.359409 np0000006071 nova-scheduler[96693]: DEBUG cotyledon.oslo_config_glue [-] oslo_messaging_rabbit.rabbit_transient_quorum_queue = False {{(pid=96693) log_opt_values /opt/stack/data/venv/lib/python3.12/site-packages/oslo_config/cfg.py:3253}}
Jul 29 08:00:24.359409 np0000006071 nova-scheduler[96693]: DEBUG cotyledon.oslo_config_glue [-] oslo_messaging_rabbit.rpc_conn_pool_size = 30 {{(pid=96693) log_opt_values /opt/stack/data/venv/lib/python3.12/site-packages/oslo_config/cfg.py:3253}}
Jul 29 08:00:24.359409 np0000006071 nova-scheduler[96693]: DEBUG cotyledon.oslo_config_glue [-] oslo_messaging_rabbit.ssl = False {{(pid=96693) log_opt_values /opt/stack/data/venv/lib/python3.12/site-packages/oslo_config/cfg.py:3253}}
Jul 29 08:00:24.359409 np0000006071 nova-scheduler[96693]: DEBUG cotyledon.oslo_config_glue [-] oslo_messaging_rabbit.ssl_ca_file = {{(pid=96693) log_opt_values /opt/stack/data/venv/lib/python3.12/site-packages/oslo_config/cfg.py:3253}}
Jul 29 08:00:24.359409 np0000006071 nova-scheduler[96693]: DEBUG cotyledon.oslo_config_glue [-] oslo_messaging_rabbit.ssl_cert_file = {{(pid=96693) log_opt_values /opt/stack/data/venv/lib/python3.12/site-packages/oslo_config/cfg.py:3253}}
Jul 29 08:00:24.359409 np0000006071 nova-scheduler[96693]: DEBUG cotyledon.oslo_config_glue [-] oslo_messaging_rabbit.ssl_enforce_fips_mode = False {{(pid=96693) log_opt_values /opt/stack/data/venv/lib/python3.12/site-packages/oslo_config/cfg.py:3253}}
Jul 29 08:00:24.359409 np0000006071 nova-scheduler[96693]: DEBUG cotyledon.oslo_config_glue [-] oslo_messaging_rabbit.ssl_enforce_hostname_verification = True {{(pid=96693) log_opt_values /opt/stack/data/venv/lib/python3.12/site-packages/oslo_config/cfg.py:3253}}
Jul 29 08:00:24.359591 np0000006071 nova-scheduler[96693]: DEBUG cotyledon.oslo_config_glue [-] oslo_messaging_rabbit.ssl_key_file = {{(pid=96693) log_opt_values /opt/stack/data/venv/lib/python3.12/site-packages/oslo_config/cfg.py:3253}}
Jul 29 08:00:24.359591 np0000006071 nova-scheduler[96693]: DEBUG cotyledon.oslo_config_glue [-] oslo_messaging_rabbit.ssl_version = {{(pid=96693) log_opt_values /opt/stack/data/venv/lib/python3.12/site-packages/oslo_config/cfg.py:3253}}
Jul 29 08:00:24.359591 np0000006071 nova-scheduler[96693]: DEBUG cotyledon.oslo_config_glue [-] oslo_messaging_rabbit.use_queue_manager = False {{(pid=96693) log_opt_values /opt/stack/data/venv/lib/python3.12/site-packages/oslo_config/cfg.py:3253}}
Jul 29 08:00:24.359591 np0000006071 nova-scheduler[96693]: DEBUG cotyledon.oslo_config_glue [-] oslo_messaging_notifications.driver = ['messagingv2'] {{(pid=96693) log_opt_values /opt/stack/data/venv/lib/python3.12/site-packages/oslo_config/cfg.py:3253}}
Jul 29 08:00:24.359591 np0000006071 nova-scheduler[96693]: DEBUG cotyledon.oslo_config_glue [-] oslo_messaging_notifications.retry = -1 {{(pid=96693) log_opt_values /opt/stack/data/venv/lib/python3.12/site-packages/oslo_config/cfg.py:3253}}
Jul 29 08:00:24.359591 np0000006071 nova-scheduler[96693]: DEBUG cotyledon.oslo_config_glue [-] oslo_messaging_notifications.topics = ['notifications'] {{(pid=96693) log_opt_values /opt/stack/data/venv/lib/python3.12/site-packages/oslo_config/cfg.py:3253}}
Jul 29 08:00:24.359591 np0000006071 nova-scheduler[96693]: DEBUG cotyledon.oslo_config_glue [-] oslo_messaging_notifications.transport_url = **** {{(pid=96693) log_opt_values /opt/stack/data/venv/lib/python3.12/site-packages/oslo_config/cfg.py:3253}}
Jul 29 08:00:24.359591 np0000006071 nova-scheduler[96693]: DEBUG cotyledon.oslo_config_glue [-] oslo_limit.auth_section = None {{(pid=96693) log_opt_values /opt/stack/data/venv/lib/python3.12/site-packages/oslo_config/cfg.py:3253}}
Jul 29 08:00:24.359591 np0000006071 nova-scheduler[96693]: DEBUG cotyledon.oslo_config_glue [-] oslo_limit.auth_type = None {{(pid=96693) log_opt_values /opt/stack/data/venv/lib/python3.12/site-packages/oslo_config/cfg.py:3253}}
Jul 29 08:00:24.359806 np0000006071 nova-scheduler[96693]: DEBUG cotyledon.oslo_config_glue [-] oslo_limit.cafile = None {{(pid=96693) log_opt_values /opt/stack/data/venv/lib/python3.12/site-packages/oslo_config/cfg.py:3253}}
Jul 29 08:00:24.359806 np0000006071 nova-scheduler[96693]: DEBUG cotyledon.oslo_config_glue [-] oslo_limit.certfile = None {{(pid=96693) log_opt_values /opt/stack/data/venv/lib/python3.12/site-packages/oslo_config/cfg.py:3253}}
Jul 29 08:00:24.359806 np0000006071 nova-scheduler[96693]: DEBUG cotyledon.oslo_config_glue [-] oslo_limit.collect_timing = False {{(pid=96693) log_opt_values /opt/stack/data/venv/lib/python3.12/site-packages/oslo_config/cfg.py:3253}}
Jul 29 08:00:24.359806 np0000006071 nova-scheduler[96693]: DEBUG cotyledon.oslo_config_glue [-] oslo_limit.connect_retries = None {{(pid=96693) log_opt_values /opt/stack/data/venv/lib/python3.12/site-packages/oslo_config/cfg.py:3253}}
Jul 29 08:00:24.359806 np0000006071 nova-scheduler[96693]: DEBUG cotyledon.oslo_config_glue [-] oslo_limit.connect_retry_delay = None {{(pid=96693) log_opt_values /opt/stack/data/venv/lib/python3.12/site-packages/oslo_config/cfg.py:3253}}
Jul 29 08:00:24.359806 np0000006071 nova-scheduler[96693]: DEBUG cotyledon.oslo_config_glue [-] oslo_limit.endpoint_id = None {{(pid=96693) log_opt_values /opt/stack/data/venv/lib/python3.12/site-packages/oslo_config/cfg.py:3253}}
Jul 29 08:00:24.359806 np0000006071 nova-scheduler[96693]: DEBUG cotyledon.oslo_config_glue [-] oslo_limit.endpoint_interface = public {{(pid=96693) log_opt_values /opt/stack/data/venv/lib/python3.12/site-packages/oslo_config/cfg.py:3253}}
Jul 29 08:00:24.359806 np0000006071 nova-scheduler[96693]: DEBUG cotyledon.oslo_config_glue [-] oslo_limit.endpoint_override = None {{(pid=96693) log_opt_values /opt/stack/data/venv/lib/python3.12/site-packages/oslo_config/cfg.py:3253}}
Jul 29 08:00:24.359806 np0000006071 nova-scheduler[96693]: DEBUG cotyledon.oslo_config_glue [-] oslo_limit.endpoint_region_name = None {{(pid=96693) log_opt_values /opt/stack/data/venv/lib/python3.12/site-packages/oslo_config/cfg.py:3253}}
Jul 29 08:00:24.360000 np0000006071 nova-scheduler[96693]: DEBUG cotyledon.oslo_config_glue [-] oslo_limit.endpoint_service_name = None {{(pid=96693) log_opt_values /opt/stack/data/venv/lib/python3.12/site-packages/oslo_config/cfg.py:3253}}
Jul 29 08:00:24.360000 np0000006071 nova-scheduler[96693]: DEBUG cotyledon.oslo_config_glue [-] oslo_limit.endpoint_service_type = None {{(pid=96693) log_opt_values /opt/stack/data/venv/lib/python3.12/site-packages/oslo_config/cfg.py:3253}}
Jul 29 08:00:24.360000 np0000006071 nova-scheduler[96693]: DEBUG cotyledon.oslo_config_glue [-] oslo_limit.insecure = False {{(pid=96693) log_opt_values /opt/stack/data/venv/lib/python3.12/site-packages/oslo_config/cfg.py:3253}}
Jul 29 08:00:24.360000 np0000006071 nova-scheduler[96693]: DEBUG cotyledon.oslo_config_glue [-] oslo_limit.keyfile = None {{(pid=96693) log_opt_values /opt/stack/data/venv/lib/python3.12/site-packages/oslo_config/cfg.py:3253}}
Jul 29 08:00:24.360000 np0000006071 nova-scheduler[96693]: DEBUG cotyledon.oslo_config_glue [-] oslo_limit.max_version = None {{(pid=96693) log_opt_values /opt/stack/data/venv/lib/python3.12/site-packages/oslo_config/cfg.py:3253}}
Jul 29 08:00:24.360000 np0000006071 nova-scheduler[96693]: DEBUG cotyledon.oslo_config_glue [-] oslo_limit.min_version = None {{(pid=96693) log_opt_values /opt/stack/data/venv/lib/python3.12/site-packages/oslo_config/cfg.py:3253}}
Jul 29 08:00:24.360000 np0000006071 nova-scheduler[96693]: DEBUG cotyledon.oslo_config_glue [-] oslo_limit.region_name = None {{(pid=96693) log_opt_values /opt/stack/data/venv/lib/python3.12/site-packages/oslo_config/cfg.py:3253}}
Jul 29 08:00:24.360000 np0000006071 nova-scheduler[96693]: DEBUG cotyledon.oslo_config_glue [-] oslo_limit.retriable_status_codes = None {{(pid=96693) log_opt_values /opt/stack/data/venv/lib/python3.12/site-packages/oslo_config/cfg.py:3253}}
Jul 29 08:00:24.360000 np0000006071 nova-scheduler[96693]: DEBUG cotyledon.oslo_config_glue [-] oslo_limit.service_name = None {{(pid=96693) log_opt_values /opt/stack/data/venv/lib/python3.12/site-packages/oslo_config/cfg.py:3253}}
Jul 29 08:00:24.360201 np0000006071 nova-scheduler[96693]: DEBUG cotyledon.oslo_config_glue [-] oslo_limit.service_type = None {{(pid=96693) log_opt_values /opt/stack/data/venv/lib/python3.12/site-packages/oslo_config/cfg.py:3253}}
Jul 29 08:00:24.360201 np0000006071 nova-scheduler[96693]: DEBUG cotyledon.oslo_config_glue [-] oslo_limit.split_loggers = False {{(pid=96693) log_opt_values /opt/stack/data/venv/lib/python3.12/site-packages/oslo_config/cfg.py:3253}}
Jul 29 08:00:24.360201 np0000006071 nova-scheduler[96693]: DEBUG cotyledon.oslo_config_glue [-] oslo_limit.status_code_retries = None {{(pid=96693) log_opt_values /opt/stack/data/venv/lib/python3.12/site-packages/oslo_config/cfg.py:3253}}
Jul 29 08:00:24.360201 np0000006071 nova-scheduler[96693]: DEBUG cotyledon.oslo_config_glue [-] oslo_limit.status_code_retry_delay = None {{(pid=96693) log_opt_values /opt/stack/data/venv/lib/python3.12/site-packages/oslo_config/cfg.py:3253}}
Jul 29 08:00:24.360201 np0000006071 nova-scheduler[96693]: DEBUG cotyledon.oslo_config_glue [-] oslo_limit.timeout = None {{(pid=96693) log_opt_values /opt/stack/data/venv/lib/python3.12/site-packages/oslo_config/cfg.py:3253}}
Jul 29 08:00:24.360201 np0000006071 nova-scheduler[96693]: DEBUG cotyledon.oslo_config_glue [-] oslo_limit.valid_interfaces = None {{(pid=96693) log_opt_values /opt/stack/data/venv/lib/python3.12/site-packages/oslo_config/cfg.py:3253}}
Jul 29 08:00:24.360201 np0000006071 nova-scheduler[96693]: DEBUG cotyledon.oslo_config_glue [-] oslo_limit.version = None {{(pid=96693) log_opt_values /opt/stack/data/venv/lib/python3.12/site-packages/oslo_config/cfg.py:3253}}
Jul 29 08:00:24.360201 np0000006071 nova-scheduler[96693]: DEBUG cotyledon.oslo_config_glue [-] oslo_reports.file_event_handler = None {{(pid=96693) log_opt_values /opt/stack/data/venv/lib/python3.12/site-packages/oslo_config/cfg.py:3253}}
Jul 29 08:00:24.360201 np0000006071 nova-scheduler[96693]: DEBUG cotyledon.oslo_config_glue [-] oslo_reports.file_event_handler_interval = 1 {{(pid=96693) log_opt_values /opt/stack/data/venv/lib/python3.12/site-packages/oslo_config/cfg.py:3253}}
Jul 29 08:00:24.360377 np0000006071 nova-scheduler[96693]: DEBUG cotyledon.oslo_config_glue [-] oslo_reports.log_dir = None {{(pid=96693) log_opt_values /opt/stack/data/venv/lib/python3.12/site-packages/oslo_config/cfg.py:3253}}
Jul 29 08:00:24.360377 np0000006071 nova-scheduler[96693]: DEBUG cotyledon.oslo_config_glue [-] ******************************************************************************** {{(pid=96693) log_opt_values /opt/stack/data/venv/lib/python3.12/site-packages/oslo_config/cfg.py:3260}}
Jul 29 08:00:24.360377 np0000006071 nova-scheduler[96693]: DEBUG cotyledon._service_worker [-] Run service ServiceWrapper(2) [96693] {{(pid=96693) wait_forever /opt/stack/data/venv/lib/python3.12/site-packages/cotyledon/_service_worker.py:218}}
Jul 29 08:00:24.360438 np0000006071 nova-scheduler[96688]: DEBUG dbcounter [-] [96688] Writer thread running {{(pid=96688) stat_writer /opt/stack/data/venv/lib/python3.12/site-packages/dbcounter.py:102}}
Jul 29 08:00:24.360493 np0000006071 nova-scheduler[96693]: INFO nova.service [-] Starting scheduler node (version 33.1.0)
Jul 29 08:00:24.360493 np0000006071 nova-scheduler[96693]: INFO dbcounter [None req-b7d8ff87-95a4-4fe4-8daf-f81b94a19c7a None None] Registered counter for database nova_cell0
Jul 29 08:00:24.362623 np0000006071 nova-scheduler[96688]: DEBUG nova.service [None req-a19cfde1-a15d-42c0-bddd-a6ae3b861fc2 None None] Creating RPC server for service: nova-scheduler on topic: scheduler {{(pid=96688) start /opt/stack/nova/nova/service.py:196}}
Jul 29 08:00:24.362956 np0000006071 nova-scheduler[96691]: DEBUG oslo_db.sqlalchemy.engines [None req-188d0c4a-1701-4aee-8276-ed267d8aebf6 None None] MySQL server mode set to STRICT_TRANS_TABLES,STRICT_ALL_TABLES,NO_ZERO_IN_DATE,NO_ZERO_DATE,ERROR_FOR_DIVISION_BY_ZERO,TRADITIONAL,NO_ENGINE_SUBSTITUTION {{(pid=96691) _check_effective_sql_mode /opt/stack/data/venv/lib/python3.12/site-packages/oslo_db/sqlalchemy/engines.py:325}}
Jul 29 08:00:24.374172 np0000006071 nova-scheduler[96691]: DEBUG dbcounter [-] [96691] Writer thread running {{(pid=96691) stat_writer /opt/stack/data/venv/lib/python3.12/site-packages/dbcounter.py:102}}
Jul 29 08:00:24.377460 np0000006071 nova-scheduler[96691]: DEBUG nova.service [None req-188d0c4a-1701-4aee-8276-ed267d8aebf6 None None] Creating RPC server for service: nova-scheduler on topic: scheduler {{(pid=96691) start /opt/stack/nova/nova/service.py:196}}
Jul 29 08:00:24.380374 np0000006071 nova-scheduler[96699]: DEBUG oslo_db.sqlalchemy.engines [None req-21ee9ce1-a37e-49bf-aa34-1c24b6f0c9d0 None None] MySQL server mode set to STRICT_TRANS_TABLES,STRICT_ALL_TABLES,NO_ZERO_IN_DATE,NO_ZERO_DATE,ERROR_FOR_DIVISION_BY_ZERO,TRADITIONAL,NO_ENGINE_SUBSTITUTION {{(pid=96699) _check_effective_sql_mode /opt/stack/data/venv/lib/python3.12/site-packages/oslo_db/sqlalchemy/engines.py:325}}
Jul 29 08:00:24.390194 np0000006071 nova-scheduler[96693]: DEBUG oslo_db.sqlalchemy.engines [None req-b7d8ff87-95a4-4fe4-8daf-f81b94a19c7a None None] MySQL server mode set to STRICT_TRANS_TABLES,STRICT_ALL_TABLES,NO_ZERO_IN_DATE,NO_ZERO_DATE,ERROR_FOR_DIVISION_BY_ZERO,TRADITIONAL,NO_ENGINE_SUBSTITUTION {{(pid=96693) _check_effective_sql_mode /opt/stack/data/venv/lib/python3.12/site-packages/oslo_db/sqlalchemy/engines.py:325}}
Jul 29 08:00:24.391410 np0000006071 nova-scheduler[96699]: DEBUG dbcounter [-] [96699] Writer thread running {{(pid=96699) stat_writer /opt/stack/data/venv/lib/python3.12/site-packages/dbcounter.py:102}}
Jul 29 08:00:24.394695 np0000006071 nova-scheduler[96699]: DEBUG nova.service [None req-21ee9ce1-a37e-49bf-aa34-1c24b6f0c9d0 None None] Creating RPC server for service: nova-scheduler on topic: scheduler {{(pid=96699) start /opt/stack/nova/nova/service.py:196}}
Jul 29 08:00:24.396267 np0000006071 nova-scheduler[96688]: DEBUG nova.service [None req-a19cfde1-a15d-42c0-bddd-a6ae3b861fc2 None None] Join ServiceGroup membership for this service scheduler {{(pid=96688) start /opt/stack/nova/nova/service.py:222}}
Jul 29 08:00:24.396649 np0000006071 nova-scheduler[96688]: DEBUG nova.servicegroup.drivers.db [None req-a19cfde1-a15d-42c0-bddd-a6ae3b861fc2 None None] DB_Driver: join new ServiceGroup member np0000006071 to the scheduler group, service = {{(pid=96688) join /opt/stack/nova/nova/servicegroup/drivers/db.py:44}}
Jul 29 08:00:24.397703 np0000006071 nova-scheduler[96691]: DEBUG nova.service [None req-188d0c4a-1701-4aee-8276-ed267d8aebf6 None None] Join ServiceGroup membership for this service scheduler {{(pid=96691) start /opt/stack/nova/nova/service.py:222}}
Jul 29 08:00:24.397897 np0000006071 nova-scheduler[96691]: DEBUG nova.servicegroup.drivers.db [None req-188d0c4a-1701-4aee-8276-ed267d8aebf6 None None] DB_Driver: join new ServiceGroup member np0000006071 to the scheduler group, service = {{(pid=96691) join /opt/stack/nova/nova/servicegroup/drivers/db.py:44}}
Jul 29 08:00:24.402562 np0000006071 nova-scheduler[96693]: DEBUG dbcounter [-] [96693] Writer thread running {{(pid=96693) stat_writer /opt/stack/data/venv/lib/python3.12/site-packages/dbcounter.py:102}}
Jul 29 08:00:24.405664 np0000006071 nova-scheduler[96693]: DEBUG nova.service [None req-b7d8ff87-95a4-4fe4-8daf-f81b94a19c7a None None] Creating RPC server for service: nova-scheduler on topic: scheduler {{(pid=96693) start /opt/stack/nova/nova/service.py:196}}
Jul 29 08:00:24.416564 np0000006071 nova-scheduler[96699]: DEBUG nova.service [None req-21ee9ce1-a37e-49bf-aa34-1c24b6f0c9d0 None None] Join ServiceGroup membership for this service scheduler {{(pid=96699) start /opt/stack/nova/nova/service.py:222}}
Jul 29 08:00:24.417019 np0000006071 nova-scheduler[96699]: DEBUG nova.servicegroup.drivers.db [None req-21ee9ce1-a37e-49bf-aa34-1c24b6f0c9d0 None None] DB_Driver: join new ServiceGroup member np0000006071 to the scheduler group, service = {{(pid=96699) join /opt/stack/nova/nova/servicegroup/drivers/db.py:44}}
Jul 29 08:00:24.424655 np0000006071 nova-scheduler[96693]: DEBUG nova.service [None req-b7d8ff87-95a4-4fe4-8daf-f81b94a19c7a None None] Join ServiceGroup membership for this service scheduler {{(pid=96693) start /opt/stack/nova/nova/service.py:222}}
Jul 29 08:00:24.424865 np0000006071 nova-scheduler[96693]: DEBUG nova.servicegroup.drivers.db [None req-b7d8ff87-95a4-4fe4-8daf-f81b94a19c7a None None] DB_Driver: join new ServiceGroup member np0000006071 to the scheduler group, service = {{(pid=96693) join /opt/stack/nova/nova/servicegroup/drivers/db.py:44}}
Jul 29 08:00:29.415686 np0000006071 nova-scheduler[96688]: DEBUG oslo.service.backend._threading.loopingcall [-] Fixed interval looping call 'nova.servicegroup.drivers.db.DbDriver._report_state' sleeping for 119.98 seconds {{(pid=96688) _run_loop /opt/stack/data/venv/lib/python3.12/site-packages/oslo_service/backend/_threading/loopingcall.py:125}}
Jul 29 08:00:29.416181 np0000006071 nova-scheduler[96691]: DEBUG oslo.service.backend._threading.loopingcall [-] Fixed interval looping call 'nova.servicegroup.drivers.db.DbDriver._report_state' sleeping for 119.98 seconds {{(pid=96691) _run_loop /opt/stack/data/venv/lib/python3.12/site-packages/oslo_service/backend/_threading/loopingcall.py:125}}
Jul 29 08:00:29.426465 np0000006071 nova-scheduler[96699]: DEBUG oslo.service.backend._threading.loopingcall [-] Fixed interval looping call 'nova.servicegroup.drivers.db.DbDriver._report_state' sleeping for 119.99 seconds {{(pid=96699) _run_loop /opt/stack/data/venv/lib/python3.12/site-packages/oslo_service/backend/_threading/loopingcall.py:125}}
Jul 29 08:00:29.437407 np0000006071 nova-scheduler[96693]: DEBUG oslo.service.backend._threading.loopingcall [-] Fixed interval looping call 'nova.servicegroup.drivers.db.DbDriver._report_state' sleeping for 119.99 seconds {{(pid=96693) _run_loop /opt/stack/data/venv/lib/python3.12/site-packages/oslo_service/backend/_threading/loopingcall.py:125}}
Jul 29 08:00:32.959699 np0000006071 nova-scheduler[95473]: DEBUG dbcounter [-] [95473] Writing DB stats nova_api:SELECT=3 {{(pid=95473) stat_writer /opt/stack/data/venv/lib/python3.12/site-packages/dbcounter.py:115}}
Jul 29 08:00:33.104651 np0000006071 nova-scheduler[95473]: DEBUG dbcounter [-] [95473] Writing DB stats nova_cell0:SELECT=1 {{(pid=95473) stat_writer /opt/stack/data/venv/lib/python3.12/site-packages/dbcounter.py:115}}
Jul 29 08:00:33.108148 np0000006071 nova-scheduler[95473]: DEBUG dbcounter [-] [95473] Writing DB stats nova_cell1:SELECT=1 {{(pid=95473) stat_writer /opt/stack/data/venv/lib/python3.12/site-packages/dbcounter.py:115}}
Jul 29 08:00:39.406134 np0000006071 nova-scheduler[96688]: DEBUG dbcounter [-] [96688] Writing DB stats nova_cell0:SELECT=4,nova_cell0:INSERT=1,nova_cell0:UPDATE=1 {{(pid=96688) stat_writer /opt/stack/data/venv/lib/python3.12/site-packages/dbcounter.py:115}}
Jul 29 08:00:39.412131 np0000006071 nova-scheduler[96691]: DEBUG dbcounter [-] [96691] Writing DB stats nova_cell0:SELECT=3,nova_cell0:UPDATE=1 {{(pid=96691) stat_writer /opt/stack/data/venv/lib/python3.12/site-packages/dbcounter.py:115}}
Jul 29 08:00:39.424014 np0000006071 nova-scheduler[96699]: DEBUG dbcounter [-] [96699] Writing DB stats nova_cell0:SELECT=3 {{(pid=96699) stat_writer /opt/stack/data/venv/lib/python3.12/site-packages/dbcounter.py:115}}
Jul 29 08:00:39.436113 np0000006071 nova-scheduler[96693]: DEBUG dbcounter [-] [96693] Writing DB stats nova_cell0:SELECT=3 {{(pid=96693) stat_writer /opt/stack/data/venv/lib/python3.12/site-packages/dbcounter.py:115}}
Jul 29 08:00:42.401120 np0000006071 nova-scheduler[96691]: DEBUG oslo.service.backend._threading.loopingcall [None req-01456294-114c-438b-b667-bea1a8b7696e None None] Dynamic interval looping call 'nova.service.Service.periodic_tasks' sleeping for 60.00 seconds {{(pid=96691) _run_loop /opt/stack/data/venv/lib/python3.12/site-packages/oslo_service/backend/_threading/loopingcall.py:125}}
Jul 29 08:00:53.418795 np0000006071 nova-scheduler[96699]: DEBUG oslo.service.backend._threading.loopingcall [None req-b74b92bd-8c44-47c6-90d1-894689ebdaf6 None None] Dynamic interval looping call 'nova.service.Service.periodic_tasks' sleeping for 60.00 seconds {{(pid=96699) _run_loop /opt/stack/data/venv/lib/python3.12/site-packages/oslo_service/backend/_threading/loopingcall.py:125}}
Jul 29 08:01:01.398540 np0000006071 nova-scheduler[96688]: DEBUG oslo.service.backend._threading.loopingcall [None req-301a3ddb-fc42-48b7-9b24-26ee68a95a5c None None] Dynamic interval looping call 'nova.service.Service.periodic_tasks' sleeping for 60.00 seconds {{(pid=96688) _run_loop /opt/stack/data/venv/lib/python3.12/site-packages/oslo_service/backend/_threading/loopingcall.py:125}}
Jul 29 08:01:18.427192 np0000006071 nova-scheduler[96693]: DEBUG oslo.service.backend._threading.loopingcall [None req-bd1017b1-c323-4eab-98fa-cac11704fa1c None None] Dynamic interval looping call 'nova.service.Service.periodic_tasks' sleeping for 60.00 seconds {{(pid=96693) _run_loop /opt/stack/data/venv/lib/python3.12/site-packages/oslo_service/backend/_threading/loopingcall.py:125}}
Jul 29 08:01:42.401737 np0000006071 nova-scheduler[96691]: DEBUG oslo.service.backend._threading.loopingcall [None req-01456294-114c-438b-b667-bea1a8b7696e None None] Dynamic interval looping call 'nova.service.Service.periodic_tasks' sleeping for 60.00 seconds {{(pid=96691) _run_loop /opt/stack/data/venv/lib/python3.12/site-packages/oslo_service/backend/_threading/loopingcall.py:125}}
Jul 29 08:01:53.419374 np0000006071 nova-scheduler[96699]: DEBUG oslo.service.backend._threading.loopingcall [None req-b74b92bd-8c44-47c6-90d1-894689ebdaf6 None None] Dynamic interval looping call 'nova.service.Service.periodic_tasks' sleeping for 60.00 seconds {{(pid=96699) _run_loop /opt/stack/data/venv/lib/python3.12/site-packages/oslo_service/backend/_threading/loopingcall.py:125}}
Jul 29 08:02:01.399077 np0000006071 nova-scheduler[96688]: DEBUG oslo.service.backend._threading.loopingcall [None req-301a3ddb-fc42-48b7-9b24-26ee68a95a5c None None] Dynamic interval looping call 'nova.service.Service.periodic_tasks' sleeping for 60.00 seconds {{(pid=96688) _run_loop /opt/stack/data/venv/lib/python3.12/site-packages/oslo_service/backend/_threading/loopingcall.py:125}}
Jul 29 08:02:18.427952 np0000006071 nova-scheduler[96693]: DEBUG oslo.service.backend._threading.loopingcall [None req-bd1017b1-c323-4eab-98fa-cac11704fa1c None None] Dynamic interval looping call 'nova.service.Service.periodic_tasks' sleeping for 60.00 seconds {{(pid=96693) _run_loop /opt/stack/data/venv/lib/python3.12/site-packages/oslo_service/backend/_threading/loopingcall.py:125}}
Jul 29 08:02:29.413185 np0000006071 nova-scheduler[96688]: DEBUG oslo.service.backend._threading.loopingcall [-] Fixed interval looping call 'nova.servicegroup.drivers.db.DbDriver._report_state' sleeping for 119.98 seconds {{(pid=96688) _run_loop /opt/stack/data/venv/lib/python3.12/site-packages/oslo_service/backend/_threading/loopingcall.py:125}}
Jul 29 08:02:29.419205 np0000006071 nova-scheduler[96691]: DEBUG oslo.service.backend._threading.loopingcall [-] Fixed interval looping call 'nova.servicegroup.drivers.db.DbDriver._report_state' sleeping for 119.98 seconds {{(pid=96691) _run_loop /opt/stack/data/venv/lib/python3.12/site-packages/oslo_service/backend/_threading/loopingcall.py:125}}
Jul 29 08:02:29.432949 np0000006071 nova-scheduler[96699]: DEBUG oslo.service.backend._threading.loopingcall [-] Fixed interval looping call 'nova.servicegroup.drivers.db.DbDriver._report_state' sleeping for 119.98 seconds {{(pid=96699) _run_loop /opt/stack/data/venv/lib/python3.12/site-packages/oslo_service/backend/_threading/loopingcall.py:125}}
Jul 29 08:02:29.438010 np0000006071 nova-scheduler[96693]: DEBUG oslo.service.backend._threading.loopingcall [-] Fixed interval looping call 'nova.servicegroup.drivers.db.DbDriver._report_state' sleeping for 119.99 seconds {{(pid=96693) _run_loop /opt/stack/data/venv/lib/python3.12/site-packages/oslo_service/backend/_threading/loopingcall.py:125}}
Jul 29 08:02:39.400269 np0000006071 nova-scheduler[96688]: DEBUG dbcounter [-] [96688] Writing DB stats nova_cell0:SELECT=1,nova_cell0:UPDATE=1 {{(pid=96688) stat_writer /opt/stack/data/venv/lib/python3.12/site-packages/dbcounter.py:115}}
Jul 29 08:02:39.401029 np0000006071 nova-scheduler[96691]: DEBUG dbcounter [-] [96691] Writing DB stats nova_cell0:SELECT=1,nova_cell0:UPDATE=1 {{(pid=96691) stat_writer /opt/stack/data/venv/lib/python3.12/site-packages/dbcounter.py:115}}
Jul 29 08:02:39.420955 np0000006071 nova-scheduler[96699]: DEBUG dbcounter [-] [96699] Writing DB stats nova_cell0:SELECT=1 {{(pid=96699) stat_writer /opt/stack/data/venv/lib/python3.12/site-packages/dbcounter.py:115}}
Jul 29 08:02:39.434187 np0000006071 nova-scheduler[96693]: DEBUG dbcounter [-] [96693] Writing DB stats nova_cell0:SELECT=1 {{(pid=96693) stat_writer /opt/stack/data/venv/lib/python3.12/site-packages/dbcounter.py:115}}
Jul 29 08:02:42.402893 np0000006071 nova-scheduler[96691]: DEBUG oslo.service.backend._threading.loopingcall [None req-01456294-114c-438b-b667-bea1a8b7696e None None] Dynamic interval looping call 'nova.service.Service.periodic_tasks' sleeping for 60.00 seconds {{(pid=96691) _run_loop /opt/stack/data/venv/lib/python3.12/site-packages/oslo_service/backend/_threading/loopingcall.py:125}}
Jul 29 08:02:49.234668 np0000006071 nova-scheduler[96688]: DEBUG nova.scheduler.manager [None req-f485c199-9a76-4f8a-8f45-68c395456062 tempest-AttachVolumeNegativeTest-495497788 tempest-AttachVolumeNegativeTest-495497788-project-member] Starting to schedule for instances: ['27d75560-cb6e-458c-bfc7-b5835be0c0c5'] {{(pid=96688) select_destinations /opt/stack/nova/nova/scheduler/manager.py:209}}
Jul 29 08:02:49.236911 np0000006071 nova-scheduler[96688]: DEBUG nova.scheduler.request_filter [None req-f485c199-9a76-4f8a-8f45-68c395456062 tempest-AttachVolumeNegativeTest-495497788 tempest-AttachVolumeNegativeTest-495497788-project-member] compute_status_filter request filter added forbidden trait COMPUTE_STATUS_DISABLED {{(pid=96688) compute_status_filter /opt/stack/nova/nova/scheduler/request_filter.py:253}}
Jul 29 08:02:49.236911 np0000006071 nova-scheduler[96688]: DEBUG nova.scheduler.request_filter [None req-f485c199-9a76-4f8a-8f45-68c395456062 tempest-AttachVolumeNegativeTest-495497788 tempest-AttachVolumeNegativeTest-495497788-project-member] Request filter 'compute_status_filter' took 0.0 seconds {{(pid=96688) wrapper /opt/stack/nova/nova/scheduler/request_filter.py:46}}
Jul 29 08:02:49.236911 np0000006071 nova-scheduler[96688]: DEBUG nova.scheduler.request_filter [None req-f485c199-9a76-4f8a-8f45-68c395456062 tempest-AttachVolumeNegativeTest-495497788 tempest-AttachVolumeNegativeTest-495497788-project-member] Request filter 'accelerators_filter' took 0.0 seconds {{(pid=96688) wrapper /opt/stack/nova/nova/scheduler/request_filter.py:46}}
Jul 29 08:02:49.238892 np0000006071 nova-scheduler[96688]: DEBUG nova.scheduler.request_filter [None req-f485c199-9a76-4f8a-8f45-68c395456062 tempest-AttachVolumeNegativeTest-495497788 tempest-AttachVolumeNegativeTest-495497788-project-member] Request filter 'packed_virtqueue_filter' took 0.0 seconds {{(pid=96688) wrapper /opt/stack/nova/nova/scheduler/request_filter.py:46}}
Jul 29 08:02:49.238892 np0000006071 nova-scheduler[96688]: DEBUG nova.scheduler.request_filter [None req-f485c199-9a76-4f8a-8f45-68c395456062 tempest-AttachVolumeNegativeTest-495497788 tempest-AttachVolumeNegativeTest-495497788-project-member] Request filter 'remote_managed_ports_filter' took 0.0 seconds {{(pid=96688) wrapper /opt/stack/nova/nova/scheduler/request_filter.py:46}}
Jul 29 08:02:49.238892 np0000006071 nova-scheduler[96688]: DEBUG nova.scheduler.request_filter [None req-f485c199-9a76-4f8a-8f45-68c395456062 tempest-AttachVolumeNegativeTest-495497788 tempest-AttachVolumeNegativeTest-495497788-project-member] ephemeral_encryption_filter skipped {{(pid=96688) ephemeral_encryption_filter /opt/stack/nova/nova/scheduler/request_filter.py:426}}
Jul 29 08:02:49.239464 np0000006071 nova-scheduler[96688]: DEBUG nova.scheduler.request_filter [None req-f485c199-9a76-4f8a-8f45-68c395456062 tempest-AttachVolumeNegativeTest-495497788 tempest-AttachVolumeNegativeTest-495497788-project-member] virtio_sound_filter skipped {{(pid=96688) virtio_sound_filter /opt/stack/nova/nova/scheduler/request_filter.py:460}}
Jul 29 08:02:49.239464 np0000006071 nova-scheduler[96688]: DEBUG nova.scheduler.request_filter [None req-f485c199-9a76-4f8a-8f45-68c395456062 tempest-AttachVolumeNegativeTest-495497788 tempest-AttachVolumeNegativeTest-495497788-project-member] tpm_secret_security_filter skipped {{(pid=96688) tpm_secret_security_filter /opt/stack/nova/nova/scheduler/request_filter.py:477}}
Jul 29 08:02:49.256038 np0000006071 nova-scheduler[96691]: DEBUG nova.scheduler.manager [None req-be68089a-c9f6-480e-8ec9-9c6b4d90e7a5 tempest-ServerActionsTestOtherA-413933907 tempest-ServerActionsTestOtherA-413933907-project-member] Starting to schedule for instances: ['1486130e-7d1c-4c9d-9471-556928857781'] {{(pid=96691) select_destinations /opt/stack/nova/nova/scheduler/manager.py:209}}
Jul 29 08:02:49.256893 np0000006071 nova-scheduler[96691]: DEBUG nova.scheduler.request_filter [None req-be68089a-c9f6-480e-8ec9-9c6b4d90e7a5 tempest-ServerActionsTestOtherA-413933907 tempest-ServerActionsTestOtherA-413933907-project-member] compute_status_filter request filter added forbidden trait COMPUTE_STATUS_DISABLED {{(pid=96691) compute_status_filter /opt/stack/nova/nova/scheduler/request_filter.py:253}}
Jul 29 08:02:49.257253 np0000006071 nova-scheduler[96691]: DEBUG nova.scheduler.request_filter [None req-be68089a-c9f6-480e-8ec9-9c6b4d90e7a5 tempest-ServerActionsTestOtherA-413933907 tempest-ServerActionsTestOtherA-413933907-project-member] Request filter 'compute_status_filter' took 0.0 seconds {{(pid=96691) wrapper /opt/stack/nova/nova/scheduler/request_filter.py:46}}
Jul 29 08:02:49.257539 np0000006071 nova-scheduler[96691]: DEBUG nova.scheduler.request_filter [None req-be68089a-c9f6-480e-8ec9-9c6b4d90e7a5 tempest-ServerActionsTestOtherA-413933907 tempest-ServerActionsTestOtherA-413933907-project-member] Request filter 'accelerators_filter' took 0.0 seconds {{(pid=96691) wrapper /opt/stack/nova/nova/scheduler/request_filter.py:46}}
Jul 29 08:02:49.257795 np0000006071 nova-scheduler[96691]: DEBUG nova.scheduler.request_filter [None req-be68089a-c9f6-480e-8ec9-9c6b4d90e7a5 tempest-ServerActionsTestOtherA-413933907 tempest-ServerActionsTestOtherA-413933907-project-member] Request filter 'packed_virtqueue_filter' took 0.0 seconds {{(pid=96691) wrapper /opt/stack/nova/nova/scheduler/request_filter.py:46}}
Jul 29 08:02:49.258511 np0000006071 nova-scheduler[96691]: DEBUG nova.scheduler.request_filter [None req-be68089a-c9f6-480e-8ec9-9c6b4d90e7a5 tempest-ServerActionsTestOtherA-413933907 tempest-ServerActionsTestOtherA-413933907-project-member] Request filter 'remote_managed_ports_filter' took 0.0 seconds {{(pid=96691) wrapper /opt/stack/nova/nova/scheduler/request_filter.py:46}}
Jul 29 08:02:49.258511 np0000006071 nova-scheduler[96691]: DEBUG nova.scheduler.request_filter [None req-be68089a-c9f6-480e-8ec9-9c6b4d90e7a5 tempest-ServerActionsTestOtherA-413933907 tempest-ServerActionsTestOtherA-413933907-project-member] ephemeral_encryption_filter skipped {{(pid=96691) ephemeral_encryption_filter /opt/stack/nova/nova/scheduler/request_filter.py:426}}
Jul 29 08:02:49.258560 np0000006071 nova-scheduler[96691]: DEBUG nova.scheduler.request_filter [None req-be68089a-c9f6-480e-8ec9-9c6b4d90e7a5 tempest-ServerActionsTestOtherA-413933907 tempest-ServerActionsTestOtherA-413933907-project-member] virtio_sound_filter skipped {{(pid=96691) virtio_sound_filter /opt/stack/nova/nova/scheduler/request_filter.py:460}}
Jul 29 08:02:49.258750 np0000006071 nova-scheduler[96691]: DEBUG nova.scheduler.request_filter [None req-be68089a-c9f6-480e-8ec9-9c6b4d90e7a5 tempest-ServerActionsTestOtherA-413933907 tempest-ServerActionsTestOtherA-413933907-project-member] tpm_secret_security_filter skipped {{(pid=96691) tpm_secret_security_filter /opt/stack/nova/nova/scheduler/request_filter.py:477}}
Jul 29 08:02:49.426771 np0000006071 nova-scheduler[96699]: DEBUG nova.scheduler.manager [None req-2b68d3ee-e80b-4585-8349-8f65f529f5c3 tempest-ServerActionsTestOtherB-1501270199 tempest-ServerActionsTestOtherB-1501270199-project-member] Starting to schedule for instances: ['bcd2da8c-0102-4480-9783-3523e6735942'] {{(pid=96699) select_destinations /opt/stack/nova/nova/scheduler/manager.py:209}}
Jul 29 08:02:49.427888 np0000006071 nova-scheduler[96699]: DEBUG nova.scheduler.request_filter [None req-2b68d3ee-e80b-4585-8349-8f65f529f5c3 tempest-ServerActionsTestOtherB-1501270199 tempest-ServerActionsTestOtherB-1501270199-project-member] compute_status_filter request filter added forbidden trait COMPUTE_STATUS_DISABLED {{(pid=96699) compute_status_filter /opt/stack/nova/nova/scheduler/request_filter.py:253}}
