May 14 08:29:13.364751 np0000000759 neutron-periodic-workers[88975]: DEBUG cotyledon.oslo_config_glue [-] ovn.bfd_min_tx = 100 {{(pid=88975) log_opt_values /opt/stack/data/venv/lib/python3.12/site-packages/oslo_config/cfg.py:3006}}
May 14 08:29:13.364751 np0000000759 neutron-periodic-workers[88975]: DEBUG cotyledon.oslo_config_glue [-] ovn.bfd_mult = 3 {{(pid=88975) log_opt_values /opt/stack/data/venv/lib/python3.12/site-packages/oslo_config/cfg.py:3006}}
May 14 08:29:13.364751 np0000000759 neutron-periodic-workers[88975]: DEBUG cotyledon.oslo_config_glue [-] ovn.broadcast_arps_to_all_routers = True {{(pid=88975) log_opt_values /opt/stack/data/venv/lib/python3.12/site-packages/oslo_config/cfg.py:3006}}
May 14 08:29:13.364751 np0000000759 neutron-periodic-workers[88975]: DEBUG cotyledon.oslo_config_glue [-] ovn.dhcp_default_lease_time = 43200 {{(pid=88975) log_opt_values /opt/stack/data/venv/lib/python3.12/site-packages/oslo_config/cfg.py:3006}}
May 14 08:29:13.364751 np0000000759 neutron-periodic-workers[88975]: DEBUG cotyledon.oslo_config_glue [-] ovn.disable_ovn_dhcp_for_baremetal_ports = False {{(pid=88975) log_opt_values /opt/stack/data/venv/lib/python3.12/site-packages/oslo_config/cfg.py:3006}}
May 14 08:29:13.364751 np0000000759 neutron-periodic-workers[88975]: DEBUG cotyledon.oslo_config_glue [-] ovn.dns_records_ovn_owned = False {{(pid=88975) log_opt_values /opt/stack/data/venv/lib/python3.12/site-packages/oslo_config/cfg.py:3006}}
May 14 08:29:13.364751 np0000000759 neutron-periodic-workers[88975]: DEBUG cotyledon.oslo_config_glue [-] ovn.dns_servers = [] {{(pid=88975) log_opt_values /opt/stack/data/venv/lib/python3.12/site-packages/oslo_config/cfg.py:3006}}
May 14 08:29:13.365078 np0000000759 neutron-periodic-workers[88975]: DEBUG cotyledon.oslo_config_glue [-] ovn.enable_distributed_floating_ip = False {{(pid=88975) log_opt_values /opt/stack/data/venv/lib/python3.12/site-packages/oslo_config/cfg.py:3006}}
May 14 08:29:13.365078 np0000000759 neutron-periodic-workers[88975]: DEBUG cotyledon.oslo_config_glue [-] ovn.fdb_age_threshold = 300 {{(pid=88975) log_opt_values /opt/stack/data/venv/lib/python3.12/site-packages/oslo_config/cfg.py:3006}}
May 14 08:29:13.365078 np0000000759 neutron-periodic-workers[88975]: DEBUG cotyledon.oslo_config_glue [-] ovn.ha_failover_strategy = normal {{(pid=88975) log_opt_values /opt/stack/data/venv/lib/python3.12/site-packages/oslo_config/cfg.py:3006}}
May 14 08:29:13.365078 np0000000759 neutron-periodic-workers[88975]: DEBUG cotyledon.oslo_config_glue [-] ovn.live_migration_activation_strategy = rarp {{(pid=88975) log_opt_values /opt/stack/data/venv/lib/python3.12/site-packages/oslo_config/cfg.py:3006}}
May 14 08:29:13.365078 np0000000759 neutron-periodic-workers[88975]: DEBUG cotyledon.oslo_config_glue [-] ovn.localnet_learn_fdb = False {{(pid=88975) log_opt_values /opt/stack/data/venv/lib/python3.12/site-packages/oslo_config/cfg.py:3006}}
May 14 08:29:13.365078 np0000000759 neutron-periodic-workers[88975]: DEBUG cotyledon.oslo_config_glue [-] ovn.mac_binding_age_threshold = 300 {{(pid=88975) log_opt_values /opt/stack/data/venv/lib/python3.12/site-packages/oslo_config/cfg.py:3006}}
May 14 08:29:13.365078 np0000000759 neutron-periodic-workers[88975]: DEBUG cotyledon.oslo_config_glue [-] ovn.neutron_sync_mode = log {{(pid=88975) log_opt_values /opt/stack/data/venv/lib/python3.12/site-packages/oslo_config/cfg.py:3006}}
May 14 08:29:13.365078 np0000000759 neutron-periodic-workers[88975]: DEBUG cotyledon.oslo_config_glue [-] ovn.ovn_dhcp4_global_options = {} {{(pid=88975) log_opt_values /opt/stack/data/venv/lib/python3.12/site-packages/oslo_config/cfg.py:3006}}
May 14 08:29:13.365078 np0000000759 neutron-periodic-workers[88975]: DEBUG cotyledon.oslo_config_glue [-] ovn.ovn_dhcp6_global_options = {} {{(pid=88975) log_opt_values /opt/stack/data/venv/lib/python3.12/site-packages/oslo_config/cfg.py:3006}}
May 14 08:29:13.365261 np0000000759 neutron-periodic-workers[88975]: DEBUG cotyledon.oslo_config_glue [-] ovn.ovn_l3_scheduler = leastloaded {{(pid=88975) log_opt_values /opt/stack/data/venv/lib/python3.12/site-packages/oslo_config/cfg.py:3006}}
May 14 08:29:13.365261 np0000000759 neutron-periodic-workers[88975]: DEBUG cotyledon.oslo_config_glue [-] ovn.ovn_metadata_enabled = True {{(pid=88975) log_opt_values /opt/stack/data/venv/lib/python3.12/site-packages/oslo_config/cfg.py:3006}}
May 14 08:29:13.365261 np0000000759 neutron-periodic-workers[88975]: DEBUG cotyledon.oslo_config_glue [-] ovn.ovn_nb_ca_cert = /opt/stack/data/CA/int-ca/ca-chain.pem {{(pid=88975) log_opt_values /opt/stack/data/venv/lib/python3.12/site-packages/oslo_config/cfg.py:3006}}
May 14 08:29:13.365261 np0000000759 neutron-periodic-workers[88975]: DEBUG cotyledon.oslo_config_glue [-] ovn.ovn_nb_certificate = /opt/stack/data/CA/int-ca/devstack-cert.crt {{(pid=88975) log_opt_values /opt/stack/data/venv/lib/python3.12/site-packages/oslo_config/cfg.py:3006}}
May 14 08:29:13.365261 np0000000759 neutron-periodic-workers[88975]: DEBUG cotyledon.oslo_config_glue [-] ovn.ovn_nb_connection = ['ssl:10.4.3.44:6641'] {{(pid=88975) log_opt_values /opt/stack/data/venv/lib/python3.12/site-packages/oslo_config/cfg.py:3006}}
May 14 08:29:13.365261 np0000000759 neutron-periodic-workers[88975]: DEBUG cotyledon.oslo_config_glue [-] ovn.ovn_nb_private_key = /opt/stack/data/CA/int-ca/private/devstack-cert.key {{(pid=88975) log_opt_values /opt/stack/data/venv/lib/python3.12/site-packages/oslo_config/cfg.py:3006}}
May 14 08:29:13.365261 np0000000759 neutron-periodic-workers[88975]: DEBUG cotyledon.oslo_config_glue [-] ovn.ovn_router_indirect_snat = False {{(pid=88975) log_opt_values /opt/stack/data/venv/lib/python3.12/site-packages/oslo_config/cfg.py:3006}}
May 14 08:29:13.365261 np0000000759 neutron-periodic-workers[88975]: DEBUG cotyledon.oslo_config_glue [-] ovn.ovn_sb_ca_cert = /opt/stack/data/CA/int-ca/ca-chain.pem {{(pid=88975) log_opt_values /opt/stack/data/venv/lib/python3.12/site-packages/oslo_config/cfg.py:3006}}
May 14 08:29:13.365446 np0000000759 neutron-periodic-workers[88975]: DEBUG cotyledon.oslo_config_glue [-] ovn.ovn_sb_certificate = /opt/stack/data/CA/int-ca/devstack-cert.crt {{(pid=88975) log_opt_values /opt/stack/data/venv/lib/python3.12/site-packages/oslo_config/cfg.py:3006}}
May 14 08:29:13.365446 np0000000759 neutron-periodic-workers[88975]: DEBUG cotyledon.oslo_config_glue [-] ovn.ovn_sb_connection = ['ssl:10.4.3.44:6642'] {{(pid=88975) log_opt_values /opt/stack/data/venv/lib/python3.12/site-packages/oslo_config/cfg.py:3006}}
May 14 08:29:13.365446 np0000000759 neutron-periodic-workers[88975]: DEBUG cotyledon.oslo_config_glue [-] ovn.ovn_sb_private_key = /opt/stack/data/CA/int-ca/private/devstack-cert.key {{(pid=88975) log_opt_values /opt/stack/data/venv/lib/python3.12/site-packages/oslo_config/cfg.py:3006}}
May 14 08:29:13.365446 np0000000759 neutron-periodic-workers[88975]: DEBUG cotyledon.oslo_config_glue [-] ovn.ovs_create_tap = False {{(pid=88975) log_opt_values /opt/stack/data/venv/lib/python3.12/site-packages/oslo_config/cfg.py:3006}}
May 14 08:29:13.365446 np0000000759 neutron-periodic-workers[88975]: DEBUG cotyledon.oslo_config_glue [-] ovn.ovsdb_connection_timeout = 180 {{(pid=88975) log_opt_values /opt/stack/data/venv/lib/python3.12/site-packages/oslo_config/cfg.py:3006}}
May 14 08:29:13.365446 np0000000759 neutron-periodic-workers[88975]: DEBUG cotyledon.oslo_config_glue [-] ovn.ovsdb_log_level = INFO {{(pid=88975) log_opt_values /opt/stack/data/venv/lib/python3.12/site-packages/oslo_config/cfg.py:3006}}
May 14 08:29:13.365446 np0000000759 neutron-periodic-workers[88975]: DEBUG cotyledon.oslo_config_glue [-] ovn.ovsdb_probe_interval = 60000 {{(pid=88975) log_opt_values /opt/stack/data/venv/lib/python3.12/site-packages/oslo_config/cfg.py:3006}}
May 14 08:29:13.365446 np0000000759 neutron-periodic-workers[88975]: DEBUG cotyledon.oslo_config_glue [-] ovn.ovsdb_retry_max_interval = 180 {{(pid=88975) log_opt_values /opt/stack/data/venv/lib/python3.12/site-packages/oslo_config/cfg.py:3006}}
May 14 08:29:13.365446 np0000000759 neutron-periodic-workers[88975]: DEBUG cotyledon.oslo_config_glue [-] ovn.stateless_nat_enabled = False {{(pid=88975) log_opt_values /opt/stack/data/venv/lib/python3.12/site-packages/oslo_config/cfg.py:3006}}
May 14 08:29:13.365759 np0000000759 neutron-periodic-workers[88975]: DEBUG cotyledon.oslo_config_glue [-] ovn.vhost_sock_dir = /var/run/openvswitch {{(pid=88975) log_opt_values /opt/stack/data/venv/lib/python3.12/site-packages/oslo_config/cfg.py:3006}}
May 14 08:29:13.365759 np0000000759 neutron-periodic-workers[88975]: DEBUG cotyledon.oslo_config_glue [-] OVS.bridge_mac_table_size = 50000 {{(pid=88975) log_opt_values /opt/stack/data/venv/lib/python3.12/site-packages/oslo_config/cfg.py:3006}}
May 14 08:29:13.365759 np0000000759 neutron-periodic-workers[88975]: DEBUG cotyledon.oslo_config_glue [-] OVS.igmp_flood = False {{(pid=88975) log_opt_values /opt/stack/data/venv/lib/python3.12/site-packages/oslo_config/cfg.py:3006}}
May 14 08:29:13.365759 np0000000759 neutron-periodic-workers[88975]: DEBUG cotyledon.oslo_config_glue [-] OVS.igmp_flood_reports = True {{(pid=88975) log_opt_values /opt/stack/data/venv/lib/python3.12/site-packages/oslo_config/cfg.py:3006}}
May 14 08:29:13.365759 np0000000759 neutron-periodic-workers[88975]: DEBUG cotyledon.oslo_config_glue [-] OVS.igmp_flood_unregistered = False {{(pid=88975) log_opt_values /opt/stack/data/venv/lib/python3.12/site-packages/oslo_config/cfg.py:3006}}
May 14 08:29:13.365759 np0000000759 neutron-periodic-workers[88975]: DEBUG cotyledon.oslo_config_glue [-] OVS.igmp_snooping_enable = False {{(pid=88975) log_opt_values /opt/stack/data/venv/lib/python3.12/site-packages/oslo_config/cfg.py:3006}}
May 14 08:29:13.365759 np0000000759 neutron-periodic-workers[88975]: DEBUG cotyledon.oslo_config_glue [-] OVS.ovsdb_timeout = 10 {{(pid=88975) log_opt_values /opt/stack/data/venv/lib/python3.12/site-packages/oslo_config/cfg.py:3006}}
May 14 08:29:13.365759 np0000000759 neutron-periodic-workers[88975]: DEBUG cotyledon.oslo_config_glue [-] ovn_nb_global.fdb_removal_limit = 0 {{(pid=88975) log_opt_values /opt/stack/data/venv/lib/python3.12/site-packages/oslo_config/cfg.py:3006}}
May 14 08:29:13.365759 np0000000759 neutron-periodic-workers[88975]: DEBUG cotyledon.oslo_config_glue [-] ovn_nb_global.ignore_lsp_down = False {{(pid=88975) log_opt_values /opt/stack/data/venv/lib/python3.12/site-packages/oslo_config/cfg.py:3006}}
May 14 08:29:13.366077 np0000000759 neutron-periodic-workers[88975]: DEBUG cotyledon.oslo_config_glue [-] ovn_nb_global.mac_binding_removal_limit = 0 {{(pid=88975) log_opt_values /opt/stack/data/venv/lib/python3.12/site-packages/oslo_config/cfg.py:3006}}
May 14 08:29:13.366077 np0000000759 neutron-periodic-workers[88975]: DEBUG cotyledon.oslo_config_glue [-] ******************************************************************************** {{(pid=88975) log_opt_values /opt/stack/data/venv/lib/python3.12/site-packages/oslo_config/cfg.py:3013}}
May 14 08:29:13.366077 np0000000759 neutron-periodic-workers[88975]: DEBUG cotyledon._service_worker [-] Run service ServiceWrapper(0) [88975] {{(pid=88975) wait_forever /opt/stack/data/venv/lib/python3.12/site-packages/cotyledon/_service_worker.py:218}}
May 14 08:29:23.031967 np0000000759 neutron-periodic-workers[88032]: DEBUG dbcounter [-] [88032] Writing DB stats neutron:SELECT=4 {{(pid=88032) stat_writer /opt/stack/data/venv/lib/python3.12/site-packages/dbcounter.py:115}}
May 14 08:29:59.327236 np0000000759 neutron-periodic-workers[88958]: DEBUG oslo_db.sqlalchemy.engines [None req-a3a3accb-af7e-48cf-8581-2643ab3213c2 None None] Parent process 88032 forked (88958) with an open database connection, which is being discarded and recreated. {{(pid=88958) checkout /opt/stack/data/venv/lib/python3.12/site-packages/oslo_db/sqlalchemy/engines.py:402}}
May 14 08:29:59.334228 np0000000759 neutron-periodic-workers[88958]: DEBUG dbcounter [-] [88958] Writer thread running {{(pid=88958) stat_writer /opt/stack/data/venv/lib/python3.12/site-packages/dbcounter.py:102}}
May 14 08:29:59.337443 np0000000759 neutron-periodic-workers[88958]: DEBUG neutron.db.agents_db [None req-a3a3accb-af7e-48cf-8581-2643ab3213c2 None None] Agent healthcheck: found 0 active agents {{(pid=88958) agent_health_check /opt/stack/neutron/neutron/db/agents_db.py:322}}
May 14 08:29:59.337691 np0000000759 neutron-periodic-workers[88958]: DEBUG oslo.service.backend._threading.loopingcall [None req-a3a3accb-af7e-48cf-8581-2643ab3213c2 None None] Fixed interval looping call 'neutron.plugins.ml2.plugin.AgentDbMixin.agent_health_check' sleeping for 36.99 seconds {{(pid=88958) _run_loop /opt/stack/data/venv/lib/python3.12/site-packages/oslo_service/backend/_threading/loopingcall.py:125}}
May 14 08:30:09.334764 np0000000759 neutron-periodic-workers[88958]: DEBUG dbcounter [-] [88958] Writing DB stats neutron:SELECT=1 {{(pid=88958) stat_writer /opt/stack/data/venv/lib/python3.12/site-packages/dbcounter.py:115}}
May 14 08:30:09.338787 np0000000759 neutron-periodic-workers[88937]: DEBUG dbcounter [-] [88937] Writer thread running {{(pid=88937) stat_writer /opt/stack/data/venv/lib/python3.12/site-packages/dbcounter.py:102}}
May 14 08:30:09.347479 np0000000759 neutron-periodic-workers[88937]: DEBUG oslo.service.backend._threading.loopingcall [None req-0896ef0f-6207-438c-b4bf-939570d2bba5 None None] Fixed interval looping call 'neutron.plugins.ml2.plugin.DhcpAgentSchedulerDbMixin.remove_networks_from_down_agents' sleeping for 36.98 seconds {{(pid=88937) _run_loop /opt/stack/data/venv/lib/python3.12/site-packages/oslo_service/backend/_threading/loopingcall.py:125}}
May 14 08:30:19.346389 np0000000759 neutron-periodic-workers[88937]: DEBUG dbcounter [-] [88937] Writing DB stats neutron:SELECT=3 {{(pid=88937) stat_writer /opt/stack/data/venv/lib/python3.12/site-packages/dbcounter.py:115}}
May 14 08:30:36.331138 np0000000759 neutron-periodic-workers[88958]: DEBUG neutron.db.agents_db [None req-a3a3accb-af7e-48cf-8581-2643ab3213c2 None None] Agent healthcheck: found 0 active agents {{(pid=88958) agent_health_check /opt/stack/neutron/neutron/db/agents_db.py:322}}
May 14 08:30:36.331857 np0000000759 neutron-periodic-workers[88958]: DEBUG oslo.service.backend._threading.loopingcall [None req-a3a3accb-af7e-48cf-8581-2643ab3213c2 None None] Fixed interval looping call 'neutron.plugins.ml2.plugin.AgentDbMixin.agent_health_check' sleeping for 37.00 seconds {{(pid=88958) _run_loop /opt/stack/data/venv/lib/python3.12/site-packages/oslo_service/backend/_threading/loopingcall.py:125}}
May 14 08:30:46.330030 np0000000759 neutron-periodic-workers[88958]: DEBUG dbcounter [-] [88958] Writing DB stats neutron:SELECT=1 {{(pid=88958) stat_writer /opt/stack/data/venv/lib/python3.12/site-packages/dbcounter.py:115}}
May 14 08:30:46.335121 np0000000759 neutron-periodic-workers[88937]: DEBUG oslo.service.backend._threading.loopingcall [None req-0896ef0f-6207-438c-b4bf-939570d2bba5 None None] Fixed interval looping call 'neutron.plugins.ml2.plugin.DhcpAgentSchedulerDbMixin.remove_networks_from_down_agents' sleeping for 36.99 seconds {{(pid=88937) _run_loop /opt/stack/data/venv/lib/python3.12/site-packages/oslo_service/backend/_threading/loopingcall.py:125}}
May 14 08:30:56.334241 np0000000759 neutron-periodic-workers[88937]: DEBUG dbcounter [-] [88937] Writing DB stats neutron:SELECT=3 {{(pid=88937) stat_writer /opt/stack/data/venv/lib/python3.12/site-packages/dbcounter.py:115}}
May 14 08:31:13.335011 np0000000759 neutron-periodic-workers[88958]: DEBUG neutron.db.agents_db [None req-a3a3accb-af7e-48cf-8581-2643ab3213c2 None None] Agent healthcheck: found 0 active agents {{(pid=88958) agent_health_check /opt/stack/neutron/neutron/db/agents_db.py:322}}
May 14 08:31:13.335553 np0000000759 neutron-periodic-workers[88958]: DEBUG oslo.service.backend._threading.loopingcall [None req-a3a3accb-af7e-48cf-8581-2643ab3213c2 None None] Fixed interval looping call 'neutron.plugins.ml2.plugin.AgentDbMixin.agent_health_check' sleeping for 37.00 seconds {{(pid=88958) _run_loop /opt/stack/data/venv/lib/python3.12/site-packages/oslo_service/backend/_threading/loopingcall.py:125}}
May 14 08:31:13.355837 np0000000759 neutron-periodic-workers[88965]: DEBUG dbcounter [-] [88965] Writer thread running {{(pid=88965) stat_writer /opt/stack/data/venv/lib/python3.12/site-packages/dbcounter.py:102}}
May 14 08:31:13.357504 np0000000759 neutron-periodic-workers[88965]: DEBUG oslo.service.backend._threading.loopingcall [None req-69aa020f-b9d3-4a68-b5de-8a3aebc1afd0 None None] Fixed interval looping call 'neutron.db.quota.driver_nolock.DbQuotaNoLockDriver._remove_expired_reservations' sleeping for 119.99 seconds {{(pid=88965) _run_loop /opt/stack/data/venv/lib/python3.12/site-packages/oslo_service/backend/_threading/loopingcall.py:125}}
May 14 08:31:23.330265 np0000000759 neutron-periodic-workers[88937]: DEBUG oslo.service.backend._threading.loopingcall [None req-0896ef0f-6207-438c-b4bf-939570d2bba5 None None] Fixed interval looping call 'neutron.plugins.ml2.plugin.DhcpAgentSchedulerDbMixin.remove_networks_from_down_agents' sleeping for 37.00 seconds {{(pid=88937) _run_loop /opt/stack/data/venv/lib/python3.12/site-packages/oslo_service/backend/_threading/loopingcall.py:125}}
May 14 08:31:23.334029 np0000000759 neutron-periodic-workers[88958]: DEBUG dbcounter [-] [88958] Writing DB stats neutron:SELECT=1 {{(pid=88958) stat_writer /opt/stack/data/venv/lib/python3.12/site-packages/dbcounter.py:115}}
May 14 08:31:23.356295 np0000000759 neutron-periodic-workers[88965]: DEBUG dbcounter [-] [88965] Writing DB stats neutron:DELETE=1 {{(pid=88965) stat_writer /opt/stack/data/venv/lib/python3.12/site-packages/dbcounter.py:115}}
May 14 08:31:33.329714 np0000000759 neutron-periodic-workers[88937]: DEBUG dbcounter [-] [88937] Writing DB stats neutron:SELECT=3 {{(pid=88937) stat_writer /opt/stack/data/venv/lib/python3.12/site-packages/dbcounter.py:115}}
May 14 08:31:50.339551 np0000000759 neutron-periodic-workers[88958]: DEBUG neutron.db.agents_db [None req-a3a3accb-af7e-48cf-8581-2643ab3213c2 None None] Agent healthcheck: found 0 active agents {{(pid=88958) agent_health_check /opt/stack/neutron/neutron/db/agents_db.py:322}}
May 14 08:31:50.340103 np0000000759 neutron-periodic-workers[88958]: DEBUG oslo.service.backend._threading.loopingcall [None req-a3a3accb-af7e-48cf-8581-2643ab3213c2 None None] Fixed interval looping call 'neutron.plugins.ml2.plugin.AgentDbMixin.agent_health_check' sleeping for 37.00 seconds {{(pid=88958) _run_loop /opt/stack/data/venv/lib/python3.12/site-packages/oslo_service/backend/_threading/loopingcall.py:125}}
May 14 08:32:00.335871 np0000000759 neutron-periodic-workers[88937]: DEBUG oslo.service.backend._threading.loopingcall [None req-0896ef0f-6207-438c-b4bf-939570d2bba5 None None] Fixed interval looping call 'neutron.plugins.ml2.plugin.DhcpAgentSchedulerDbMixin.remove_networks_from_down_agents' sleeping for 36.99 seconds {{(pid=88937) _run_loop /opt/stack/data/venv/lib/python3.12/site-packages/oslo_service/backend/_threading/loopingcall.py:125}}
May 14 08:32:00.338449 np0000000759 neutron-periodic-workers[88958]: DEBUG dbcounter [-] [88958] Writing DB stats neutron:SELECT=1 {{(pid=88958) stat_writer /opt/stack/data/venv/lib/python3.12/site-packages/dbcounter.py:115}}
May 14 08:32:10.335524 np0000000759 neutron-periodic-workers[88937]: DEBUG dbcounter [-] [88937] Writing DB stats neutron:SELECT=3 {{(pid=88937) stat_writer /opt/stack/data/venv/lib/python3.12/site-packages/dbcounter.py:115}}
May 14 08:32:27.343039 np0000000759 neutron-periodic-workers[88958]: DEBUG neutron.db.agents_db [None req-a3a3accb-af7e-48cf-8581-2643ab3213c2 None None] Agent healthcheck: found 0 active agents {{(pid=88958) agent_health_check /opt/stack/neutron/neutron/db/agents_db.py:322}}
May 14 08:32:27.343589 np0000000759 neutron-periodic-workers[88958]: DEBUG oslo.service.backend._threading.loopingcall [None req-a3a3accb-af7e-48cf-8581-2643ab3213c2 None None] Fixed interval looping call 'neutron.plugins.ml2.plugin.AgentDbMixin.agent_health_check' sleeping for 37.00 seconds {{(pid=88958) _run_loop /opt/stack/data/venv/lib/python3.12/site-packages/oslo_service/backend/_threading/loopingcall.py:125}}
May 14 08:32:37.333016 np0000000759 neutron-periodic-workers[88937]: DEBUG oslo.service.backend._threading.loopingcall [None req-0896ef0f-6207-438c-b4bf-939570d2bba5 None None] Fixed interval looping call 'neutron.plugins.ml2.plugin.DhcpAgentSchedulerDbMixin.remove_networks_from_down_agents' sleeping for 36.99 seconds {{(pid=88937) _run_loop /opt/stack/data/venv/lib/python3.12/site-packages/oslo_service/backend/_threading/loopingcall.py:125}}
May 14 08:32:37.343704 np0000000759 neutron-periodic-workers[88958]: DEBUG dbcounter [-] [88958] Writing DB stats neutron:SELECT=1 {{(pid=88958) stat_writer /opt/stack/data/venv/lib/python3.12/site-packages/dbcounter.py:115}}
May 14 08:32:47.331217 np0000000759 neutron-periodic-workers[88937]: DEBUG dbcounter [-] [88937] Writing DB stats neutron:SELECT=3 {{(pid=88937) stat_writer /opt/stack/data/venv/lib/python3.12/site-packages/dbcounter.py:115}}
May 14 08:33:04.350143 np0000000759 neutron-periodic-workers[88958]: DEBUG neutron.db.agents_db [None req-a3a3accb-af7e-48cf-8581-2643ab3213c2 None None] Agent healthcheck: found 0 active agents {{(pid=88958) agent_health_check /opt/stack/neutron/neutron/db/agents_db.py:322}}
May 14 08:33:04.350579 np0000000759 neutron-periodic-workers[88958]: DEBUG oslo.service.backend._threading.loopingcall [None req-a3a3accb-af7e-48cf-8581-2643ab3213c2 None None] Fixed interval looping call 'neutron.plugins.ml2.plugin.AgentDbMixin.agent_health_check' sleeping for 36.99 seconds {{(pid=88958) _run_loop /opt/stack/data/venv/lib/python3.12/site-packages/oslo_service/backend/_threading/loopingcall.py:125}}
May 14 08:33:13.353211 np0000000759 neutron-periodic-workers[88965]: DEBUG oslo.service.backend._threading.loopingcall [None req-69aa020f-b9d3-4a68-b5de-8a3aebc1afd0 None None] Fixed interval looping call 'neutron.db.quota.driver_nolock.DbQuotaNoLockDriver._remove_expired_reservations' sleeping for 119.99 seconds {{(pid=88965) _run_loop /opt/stack/data/venv/lib/python3.12/site-packages/oslo_service/backend/_threading/loopingcall.py:125}}
May 14 08:33:14.332415 np0000000759 neutron-periodic-workers[88937]: DEBUG oslo.service.backend._threading.loopingcall [None req-0896ef0f-6207-438c-b4bf-939570d2bba5 None None] Fixed interval looping call 'neutron.plugins.ml2.plugin.DhcpAgentSchedulerDbMixin.remove_networks_from_down_agents' sleeping for 36.99 seconds {{(pid=88937) _run_loop /opt/stack/data/venv/lib/python3.12/site-packages/oslo_service/backend/_threading/loopingcall.py:125}}
May 14 08:33:14.349259 np0000000759 neutron-periodic-workers[88958]: DEBUG dbcounter [-] [88958] Writing DB stats neutron:SELECT=1 {{(pid=88958) stat_writer /opt/stack/data/venv/lib/python3.12/site-packages/dbcounter.py:115}}
May 14 08:33:23.353779 np0000000759 neutron-periodic-workers[88965]: DEBUG dbcounter [-] [88965] Writing DB stats neutron:DELETE=1 {{(pid=88965) stat_writer /opt/stack/data/venv/lib/python3.12/site-packages/dbcounter.py:115}}
May 14 08:33:24.330786 np0000000759 neutron-periodic-workers[88937]: DEBUG dbcounter [-] [88937] Writing DB stats neutron:SELECT=3 {{(pid=88937) stat_writer /opt/stack/data/venv/lib/python3.12/site-packages/dbcounter.py:115}}
May 14 08:33:32.421671 np0000000759 neutron-periodic-workers[88975]: DEBUG dbcounter [-] [88975] Writer thread running {{(pid=88975) stat_writer /opt/stack/data/venv/lib/python3.12/site-packages/dbcounter.py:102}}
May 14 08:33:32.437658 np0000000759 neutron-periodic-workers[88975]: DEBUG oslo.service.backend._threading.loopingcall [None req-f1a33c76-b6d5-49be-b3b3-a0d9f806dac9 None None] Fixed interval looping call 'neutron.services.ovn_l3.plugin.L3_NAT_dbonly_mixin._clean_garbage' sleeping for 299.93 seconds {{(pid=88975) _run_loop /opt/stack/data/venv/lib/python3.12/site-packages/oslo_service/backend/_threading/loopingcall.py:125}}
May 14 08:33:41.345463 np0000000759 neutron-periodic-workers[88958]: DEBUG neutron.db.agents_db [None req-a3a3accb-af7e-48cf-8581-2643ab3213c2 None None] Agent healthcheck: found 0 active agents {{(pid=88958) agent_health_check /opt/stack/neutron/neutron/db/agents_db.py:322}}
May 14 08:33:41.346975 np0000000759 neutron-periodic-workers[88958]: DEBUG oslo.service.backend._threading.loopingcall [None req-a3a3accb-af7e-48cf-8581-2643ab3213c2 None None] Fixed interval looping call 'neutron.plugins.ml2.plugin.AgentDbMixin.agent_health_check' sleeping for 37.00 seconds {{(pid=88958) _run_loop /opt/stack/data/venv/lib/python3.12/site-packages/oslo_service/backend/_threading/loopingcall.py:125}}
May 14 08:33:51.333843 np0000000759 neutron-periodic-workers[88937]: DEBUG oslo.service.backend._threading.loopingcall [None req-0896ef0f-6207-438c-b4bf-939570d2bba5 None None] Fixed interval looping call 'neutron.plugins.ml2.plugin.DhcpAgentSchedulerDbMixin.remove_networks_from_down_agents' sleeping for 36.99 seconds {{(pid=88937) _run_loop /opt/stack/data/venv/lib/python3.12/site-packages/oslo_service/backend/_threading/loopingcall.py:125}}
May 14 08:33:51.347459 np0000000759 neutron-periodic-workers[88958]: DEBUG dbcounter [-] [88958] Writing DB stats neutron:SELECT=1 {{(pid=88958) stat_writer /opt/stack/data/venv/lib/python3.12/site-packages/dbcounter.py:115}}
May 14 08:33:52.422159 np0000000759 neutron-periodic-workers[88975]: DEBUG dbcounter [-] [88975] Writing DB stats neutron:SELECT=1 {{(pid=88975) stat_writer /opt/stack/data/venv/lib/python3.12/site-packages/dbcounter.py:115}}
May 14 08:34:01.332937 np0000000759 neutron-periodic-workers[88937]: DEBUG dbcounter [-] [88937] Writing DB stats neutron:SELECT=3 {{(pid=88937) stat_writer /opt/stack/data/venv/lib/python3.12/site-packages/dbcounter.py:115}}
May 14 08:34:18.353969 np0000000759 neutron-periodic-workers[88958]: DEBUG neutron.db.agents_db [None req-a3a3accb-af7e-48cf-8581-2643ab3213c2 None None] Agent healthcheck: found 0 active agents {{(pid=88958) agent_health_check /opt/stack/neutron/neutron/db/agents_db.py:322}}
May 14 08:34:18.354337 np0000000759 neutron-periodic-workers[88958]: DEBUG oslo.service.backend._threading.loopingcall [None req-a3a3accb-af7e-48cf-8581-2643ab3213c2 None None] Fixed interval looping call 'neutron.plugins.ml2.plugin.AgentDbMixin.agent_health_check' sleeping for 36.99 seconds {{(pid=88958) _run_loop /opt/stack/data/venv/lib/python3.12/site-packages/oslo_service/backend/_threading/loopingcall.py:125}}
May 14 08:34:28.354411 np0000000759 neutron-periodic-workers[88958]: DEBUG dbcounter [-] [88958] Writing DB stats neutron:SELECT=1 {{(pid=88958) stat_writer /opt/stack/data/venv/lib/python3.12/site-packages/dbcounter.py:115}}
May 14 08:34:28.356709 np0000000759 neutron-periodic-workers[88937]: DEBUG oslo.service.backend._threading.loopingcall [None req-0896ef0f-6207-438c-b4bf-939570d2bba5 None None] Fixed interval looping call 'neutron.plugins.ml2.plugin.DhcpAgentSchedulerDbMixin.remove_networks_from_down_agents' sleeping for 36.97 seconds {{(pid=88937) _run_loop /opt/stack/data/venv/lib/python3.12/site-packages/oslo_service/backend/_threading/loopingcall.py:125}}
May 14 08:34:38.348079 np0000000759 neutron-periodic-workers[88937]: DEBUG dbcounter [-] [88937] Writing DB stats neutron:SELECT=3 {{(pid=88937) stat_writer /opt/stack/data/venv/lib/python3.12/site-packages/dbcounter.py:115}}
May 14 08:34:55.349689 np0000000759 neutron-periodic-workers[88958]: DEBUG neutron.db.agents_db [None req-a3a3accb-af7e-48cf-8581-2643ab3213c2 None None] Agent healthcheck: found 0 active agents {{(pid=88958) agent_health_check /opt/stack/neutron/neutron/db/agents_db.py:322}}
May 14 08:34:55.350126 np0000000759 neutron-periodic-workers[88958]: DEBUG oslo.service.backend._threading.loopingcall [None req-a3a3accb-af7e-48cf-8581-2643ab3213c2 None None] Fixed interval looping call 'neutron.plugins.ml2.plugin.AgentDbMixin.agent_health_check' sleeping for 36.99 seconds {{(pid=88958) _run_loop /opt/stack/data/venv/lib/python3.12/site-packages/oslo_service/backend/_threading/loopingcall.py:125}}
May 14 08:35:05.341804 np0000000759 neutron-periodic-workers[88937]: DEBUG oslo.service.backend._threading.loopingcall [None req-0896ef0f-6207-438c-b4bf-939570d2bba5 None None] Fixed interval looping call 'neutron.plugins.ml2.plugin.DhcpAgentSchedulerDbMixin.remove_networks_from_down_agents' sleeping for 36.99 seconds {{(pid=88937) _run_loop /opt/stack/data/venv/lib/python3.12/site-packages/oslo_service/backend/_threading/loopingcall.py:125}}
May 14 08:35:05.347182 np0000000759 neutron-periodic-workers[88958]: DEBUG dbcounter [-] [88958] Writing DB stats neutron:SELECT=1 {{(pid=88958) stat_writer /opt/stack/data/venv/lib/python3.12/site-packages/dbcounter.py:115}}
May 14 08:35:13.346334 np0000000759 neutron-periodic-workers[88965]: DEBUG oslo.service.backend._threading.loopingcall [None req-69aa020f-b9d3-4a68-b5de-8a3aebc1afd0 None None] Fixed interval looping call 'neutron.db.quota.driver_nolock.DbQuotaNoLockDriver._remove_expired_reservations' sleeping for 120.00 seconds {{(pid=88965) _run_loop /opt/stack/data/venv/lib/python3.12/site-packages/oslo_service/backend/_threading/loopingcall.py:125}}
May 14 08:35:15.342749 np0000000759 neutron-periodic-workers[88937]: DEBUG dbcounter [-] [88937] Writing DB stats neutron:SELECT=3 {{(pid=88937) stat_writer /opt/stack/data/venv/lib/python3.12/site-packages/dbcounter.py:115}}
May 14 08:35:23.345471 np0000000759 neutron-periodic-workers[88965]: DEBUG dbcounter [-] [88965] Writing DB stats neutron:DELETE=1 {{(pid=88965) stat_writer /opt/stack/data/venv/lib/python3.12/site-packages/dbcounter.py:115}}
May 14 08:35:32.345092 np0000000759 neutron-periodic-workers[88958]: DEBUG neutron.db.agents_db [None req-a3a3accb-af7e-48cf-8581-2643ab3213c2 None None] Agent healthcheck: found 0 active agents {{(pid=88958) agent_health_check /opt/stack/neutron/neutron/db/agents_db.py:322}}
May 14 08:35:32.345905 np0000000759 neutron-periodic-workers[88958]: DEBUG oslo.service.backend._threading.loopingcall [None req-a3a3accb-af7e-48cf-8581-2643ab3213c2 None None] Fixed interval looping call 'neutron.plugins.ml2.plugin.AgentDbMixin.agent_health_check' sleeping for 36.99 seconds {{(pid=88958) _run_loop /opt/stack/data/venv/lib/python3.12/site-packages/oslo_service/backend/_threading/loopingcall.py:125}}
May 14 08:35:42.340563 np0000000759 neutron-periodic-workers[88937]: DEBUG oslo.service.backend._threading.loopingcall [None req-0896ef0f-6207-438c-b4bf-939570d2bba5 None None] Fixed interval looping call 'neutron.plugins.ml2.plugin.DhcpAgentSchedulerDbMixin.remove_networks_from_down_agents' sleeping for 36.99 seconds {{(pid=88937) _run_loop /opt/stack/data/venv/lib/python3.12/site-packages/oslo_service/backend/_threading/loopingcall.py:125}}
May 14 08:35:42.345387 np0000000759 neutron-periodic-workers[88958]: DEBUG dbcounter [-] [88958] Writing DB stats neutron:SELECT=1 {{(pid=88958) stat_writer /opt/stack/data/venv/lib/python3.12/site-packages/dbcounter.py:115}}
May 14 08:35:52.339387 np0000000759 neutron-periodic-workers[88937]: DEBUG dbcounter [-] [88937] Writing DB stats neutron:SELECT=3 {{(pid=88937) stat_writer /opt/stack/data/venv/lib/python3.12/site-packages/dbcounter.py:115}}
May 14 08:36:09.340219 np0000000759 neutron-periodic-workers[88958]: DEBUG neutron.db.agents_db [None req-a3a3accb-af7e-48cf-8581-2643ab3213c2 None None] Agent healthcheck: found 0 active agents {{(pid=88958) agent_health_check /opt/stack/neutron/neutron/db/agents_db.py:322}}
May 14 08:36:09.340800 np0000000759 neutron-periodic-workers[88958]: DEBUG oslo.service.backend._threading.loopingcall [None req-a3a3accb-af7e-48cf-8581-2643ab3213c2 None None] Fixed interval looping call 'neutron.plugins.ml2.plugin.AgentDbMixin.agent_health_check' sleeping for 37.00 seconds {{(pid=88958) _run_loop /opt/stack/data/venv/lib/python3.12/site-packages/oslo_service/backend/_threading/loopingcall.py:125}}
May 14 08:36:19.336862 np0000000759 neutron-periodic-workers[88937]: DEBUG oslo.service.backend._threading.loopingcall [None req-0896ef0f-6207-438c-b4bf-939570d2bba5 None None] Fixed interval looping call 'neutron.plugins.ml2.plugin.DhcpAgentSchedulerDbMixin.remove_networks_from_down_agents' sleeping for 36.99 seconds {{(pid=88937) _run_loop /opt/stack/data/venv/lib/python3.12/site-packages/oslo_service/backend/_threading/loopingcall.py:125}}
May 14 08:36:19.338538 np0000000759 neutron-periodic-workers[88958]: DEBUG dbcounter [-] [88958] Writing DB stats neutron:SELECT=1 {{(pid=88958) stat_writer /opt/stack/data/venv/lib/python3.12/site-packages/dbcounter.py:115}}
May 14 08:36:29.337499 np0000000759 neutron-periodic-workers[88937]: DEBUG dbcounter [-] [88937] Writing DB stats neutron:SELECT=3 {{(pid=88937) stat_writer /opt/stack/data/venv/lib/python3.12/site-packages/dbcounter.py:115}}
May 14 08:36:46.349906 np0000000759 neutron-periodic-workers[88958]: DEBUG neutron.db.agents_db [None req-a3a3accb-af7e-48cf-8581-2643ab3213c2 None None] Agent healthcheck: found 0 active agents {{(pid=88958) agent_health_check /opt/stack/neutron/neutron/db/agents_db.py:322}}
May 14 08:36:46.350409 np0000000759 neutron-periodic-workers[88958]: DEBUG oslo.service.backend._threading.loopingcall [None req-a3a3accb-af7e-48cf-8581-2643ab3213c2 None None] Fixed interval looping call 'neutron.plugins.ml2.plugin.AgentDbMixin.agent_health_check' sleeping for 36.99 seconds {{(pid=88958) _run_loop /opt/stack/data/venv/lib/python3.12/site-packages/oslo_service/backend/_threading/loopingcall.py:125}}
May 14 08:36:56.332996 np0000000759 neutron-periodic-workers[88937]: DEBUG oslo.service.backend._threading.loopingcall [None req-0896ef0f-6207-438c-b4bf-939570d2bba5 None None] Fixed interval looping call 'neutron.plugins.ml2.plugin.DhcpAgentSchedulerDbMixin.remove_networks_from_down_agents' sleeping for 36.99 seconds {{(pid=88937) _run_loop /opt/stack/data/venv/lib/python3.12/site-packages/oslo_service/backend/_threading/loopingcall.py:125}}
May 14 08:36:56.344692 np0000000759 neutron-periodic-workers[88958]: DEBUG dbcounter [-] [88958] Writing DB stats neutron:SELECT=1 {{(pid=88958) stat_writer /opt/stack/data/venv/lib/python3.12/site-packages/dbcounter.py:115}}
May 14 08:37:06.332069 np0000000759 neutron-periodic-workers[88937]: DEBUG dbcounter [-] [88937] Writing DB stats neutron:SELECT=3 {{(pid=88937) stat_writer /opt/stack/data/venv/lib/python3.12/site-packages/dbcounter.py:115}}
May 14 08:37:13.349521 np0000000759 neutron-periodic-workers[88965]: DEBUG oslo.service.backend._threading.loopingcall [None req-69aa020f-b9d3-4a68-b5de-8a3aebc1afd0 None None] Fixed interval looping call 'neutron.db.quota.driver_nolock.DbQuotaNoLockDriver._remove_expired_reservations' sleeping for 120.00 seconds {{(pid=88965) _run_loop /opt/stack/data/venv/lib/python3.12/site-packages/oslo_service/backend/_threading/loopingcall.py:125}}
May 14 08:37:23.348749 np0000000759 neutron-periodic-workers[88958]: DEBUG neutron.db.agents_db [None req-a3a3accb-af7e-48cf-8581-2643ab3213c2 None None] Agent healthcheck: found 0 active agents {{(pid=88958) agent_health_check /opt/stack/neutron/neutron/db/agents_db.py:322}}
May 14 08:37:23.349246 np0000000759 neutron-periodic-workers[88958]: DEBUG oslo.service.backend._threading.loopingcall [None req-a3a3accb-af7e-48cf-8581-2643ab3213c2 None None] Fixed interval looping call 'neutron.plugins.ml2.plugin.AgentDbMixin.agent_health_check' sleeping for 36.99 seconds {{(pid=88958) _run_loop /opt/stack/data/venv/lib/python3.12/site-packages/oslo_service/backend/_threading/loopingcall.py:125}}
May 14 08:37:23.349433 np0000000759 neutron-periodic-workers[88965]: DEBUG dbcounter [-] [88965] Writing DB stats neutron:DELETE=1 {{(pid=88965) stat_writer /opt/stack/data/venv/lib/python3.12/site-packages/dbcounter.py:115}}
May 14 08:37:33.332276 np0000000759 neutron-periodic-workers[88937]: DEBUG oslo.service.backend._threading.loopingcall [None req-0896ef0f-6207-438c-b4bf-939570d2bba5 None None] Fixed interval looping call 'neutron.plugins.ml2.plugin.DhcpAgentSchedulerDbMixin.remove_networks_from_down_agents' sleeping for 36.99 seconds {{(pid=88937) _run_loop /opt/stack/data/venv/lib/python3.12/site-packages/oslo_service/backend/_threading/loopingcall.py:125}}
May 14 08:37:33.348632 np0000000759 neutron-periodic-workers[88958]: DEBUG dbcounter [-] [88958] Writing DB stats neutron:SELECT=1 {{(pid=88958) stat_writer /opt/stack/data/venv/lib/python3.12/site-packages/dbcounter.py:115}}
May 14 08:37:43.331552 np0000000759 neutron-periodic-workers[88937]: DEBUG dbcounter [-] [88937] Writing DB stats neutron:SELECT=3 {{(pid=88937) stat_writer /opt/stack/data/venv/lib/python3.12/site-packages/dbcounter.py:115}}
May 14 08:38:00.342705 np0000000759 neutron-periodic-workers[88958]: DEBUG neutron.db.agents_db [None req-a3a3accb-af7e-48cf-8581-2643ab3213c2 None None] Agent healthcheck: found 0 active agents {{(pid=88958) agent_health_check /opt/stack/neutron/neutron/db/agents_db.py:322}}
May 14 08:38:00.343154 np0000000759 neutron-periodic-workers[88958]: DEBUG oslo.service.backend._threading.loopingcall [None req-a3a3accb-af7e-48cf-8581-2643ab3213c2 None None] Fixed interval looping call 'neutron.plugins.ml2.plugin.AgentDbMixin.agent_health_check' sleeping for 37.00 seconds {{(pid=88958) _run_loop /opt/stack/data/venv/lib/python3.12/site-packages/oslo_service/backend/_threading/loopingcall.py:125}}
May 14 08:38:10.331862 np0000000759 neutron-periodic-workers[88937]: DEBUG oslo.service.backend._threading.loopingcall [None req-0896ef0f-6207-438c-b4bf-939570d2bba5 None None] Fixed interval looping call 'neutron.plugins.ml2.plugin.DhcpAgentSchedulerDbMixin.remove_networks_from_down_agents' sleeping for 36.99 seconds {{(pid=88937) _run_loop /opt/stack/data/venv/lib/python3.12/site-packages/oslo_service/backend/_threading/loopingcall.py:125}}
May 14 08:38:10.341684 np0000000759 neutron-periodic-workers[88958]: DEBUG dbcounter [-] [88958] Writing DB stats neutron:SELECT=1 {{(pid=88958) stat_writer /opt/stack/data/venv/lib/python3.12/site-packages/dbcounter.py:115}}
May 14 08:38:20.330866 np0000000759 neutron-periodic-workers[88937]: DEBUG dbcounter [-] [88937] Writing DB stats neutron:SELECT=3 {{(pid=88937) stat_writer /opt/stack/data/venv/lib/python3.12/site-packages/dbcounter.py:115}}
May 14 08:38:32.383066 np0000000759 neutron-periodic-workers[88975]: DEBUG oslo.service.backend._threading.loopingcall [None req-f1a33c76-b6d5-49be-b3b3-a0d9f806dac9 None None] Fixed interval looping call 'neutron.services.ovn_l3.plugin.L3_NAT_dbonly_mixin._clean_garbage' sleeping for 299.99 seconds {{(pid=88975) _run_loop /opt/stack/data/venv/lib/python3.12/site-packages/oslo_service/backend/_threading/loopingcall.py:125}}
May 14 08:38:37.351908 np0000000759 neutron-periodic-workers[88958]: DEBUG neutron.db.agents_db [None req-a3a3accb-af7e-48cf-8581-2643ab3213c2 None None] Agent healthcheck: found 0 active agents {{(pid=88958) agent_health_check /opt/stack/neutron/neutron/db/agents_db.py:322}}
May 14 08:38:37.352262 np0000000759 neutron-periodic-workers[88958]: DEBUG oslo.service.backend._threading.loopingcall [None req-a3a3accb-af7e-48cf-8581-2643ab3213c2 None None] Fixed interval looping call 'neutron.plugins.ml2.plugin.AgentDbMixin.agent_health_check' sleeping for 36.99 seconds {{(pid=88958) _run_loop /opt/stack/data/venv/lib/python3.12/site-packages/oslo_service/backend/_threading/loopingcall.py:125}}
May 14 08:38:42.372154 np0000000759 neutron-periodic-workers[88975]: DEBUG dbcounter [-] [88975] Writing DB stats neutron:SELECT=1 {{(pid=88975) stat_writer /opt/stack/data/venv/lib/python3.12/site-packages/dbcounter.py:115}}
May 14 08:38:47.327116 np0000000759 neutron-periodic-workers[88937]: DEBUG oslo.service.backend._threading.loopingcall [None req-0896ef0f-6207-438c-b4bf-939570d2bba5 None None] Fixed interval looping call 'neutron.plugins.ml2.plugin.DhcpAgentSchedulerDbMixin.remove_networks_from_down_agents' sleeping for 37.00 seconds {{(pid=88937) _run_loop /opt/stack/data/venv/lib/python3.12/site-packages/oslo_service/backend/_threading/loopingcall.py:125}}
May 14 08:38:47.347724 np0000000759 neutron-periodic-workers[88958]: DEBUG dbcounter [-] [88958] Writing DB stats neutron:SELECT=1 {{(pid=88958) stat_writer /opt/stack/data/venv/lib/python3.12/site-packages/dbcounter.py:115}}
May 14 08:38:57.326653 np0000000759 neutron-periodic-workers[88937]: DEBUG dbcounter [-] [88937] Writing DB stats neutron:SELECT=3 {{(pid=88937) stat_writer /opt/stack/data/venv/lib/python3.12/site-packages/dbcounter.py:115}}
May 14 08:39:13.357419 np0000000759 neutron-periodic-workers[88965]: DEBUG oslo.service.backend._threading.loopingcall [None req-69aa020f-b9d3-4a68-b5de-8a3aebc1afd0 None None] Fixed interval looping call 'neutron.db.quota.driver_nolock.DbQuotaNoLockDriver._remove_expired_reservations' sleeping for 119.99 seconds {{(pid=88965) _run_loop /opt/stack/data/venv/lib/python3.12/site-packages/oslo_service/backend/_threading/loopingcall.py:125}}
May 14 08:39:14.346258 np0000000759 neutron-periodic-workers[88958]: DEBUG neutron.db.agents_db [None req-a3a3accb-af7e-48cf-8581-2643ab3213c2 None None] Agent healthcheck: found 0 active agents {{(pid=88958) agent_health_check /opt/stack/neutron/neutron/db/agents_db.py:322}}
May 14 08:39:14.346900 np0000000759 neutron-periodic-workers[88958]: DEBUG oslo.service.backend._threading.loopingcall [None req-a3a3accb-af7e-48cf-8581-2643ab3213c2 None None] Fixed interval looping call 'neutron.plugins.ml2.plugin.AgentDbMixin.agent_health_check' sleeping for 37.00 seconds {{(pid=88958) _run_loop /opt/stack/data/venv/lib/python3.12/site-packages/oslo_service/backend/_threading/loopingcall.py:125}}
May 14 08:39:23.356651 np0000000759 neutron-periodic-workers[88965]: DEBUG dbcounter [-] [88965] Writing DB stats neutron:DELETE=1 {{(pid=88965) stat_writer /opt/stack/data/venv/lib/python3.12/site-packages/dbcounter.py:115}}
May 14 08:39:24.340560 np0000000759 neutron-periodic-workers[88937]: DEBUG oslo.service.backend._threading.loopingcall [None req-0896ef0f-6207-438c-b4bf-939570d2bba5 None None] Fixed interval looping call 'neutron.plugins.ml2.plugin.DhcpAgentSchedulerDbMixin.remove_networks_from_down_agents' sleeping for 36.99 seconds {{(pid=88937) _run_loop /opt/stack/data/venv/lib/python3.12/site-packages/oslo_service/backend/_threading/loopingcall.py:125}}
May 14 08:39:24.345252 np0000000759 neutron-periodic-workers[88958]: DEBUG dbcounter [-] [88958] Writing DB stats neutron:SELECT=1 {{(pid=88958) stat_writer /opt/stack/data/venv/lib/python3.12/site-packages/dbcounter.py:115}}
May 14 08:39:34.342989 np0000000759 neutron-periodic-workers[88937]: DEBUG dbcounter [-] [88937] Writing DB stats neutron:SELECT=3 {{(pid=88937) stat_writer /opt/stack/data/venv/lib/python3.12/site-packages/dbcounter.py:115}}
May 14 08:39:51.351700 np0000000759 neutron-periodic-workers[88958]: DEBUG neutron.db.agents_db [None req-a3a3accb-af7e-48cf-8581-2643ab3213c2 None None] Agent healthcheck: found 0 active agents {{(pid=88958) agent_health_check /opt/stack/neutron/neutron/db/agents_db.py:322}}
May 14 08:39:51.352179 np0000000759 neutron-periodic-workers[88958]: DEBUG oslo.service.backend._threading.loopingcall [None req-a3a3accb-af7e-48cf-8581-2643ab3213c2 None None] Fixed interval looping call 'neutron.plugins.ml2.plugin.AgentDbMixin.agent_health_check' sleeping for 36.99 seconds {{(pid=88958) _run_loop /opt/stack/data/venv/lib/python3.12/site-packages/oslo_service/backend/_threading/loopingcall.py:125}}
May 14 08:40:01.345664 np0000000759 neutron-periodic-workers[88937]: DEBUG oslo.service.backend._threading.loopingcall [None req-0896ef0f-6207-438c-b4bf-939570d2bba5 None None] Fixed interval looping call 'neutron.plugins.ml2.plugin.DhcpAgentSchedulerDbMixin.remove_networks_from_down_agents' sleeping for 36.99 seconds {{(pid=88937) _run_loop /opt/stack/data/venv/lib/python3.12/site-packages/oslo_service/backend/_threading/loopingcall.py:125}}
May 14 08:40:01.351311 np0000000759 neutron-periodic-workers[88958]: DEBUG dbcounter [-] [88958] Writing DB stats neutron:SELECT=1 {{(pid=88958) stat_writer /opt/stack/data/venv/lib/python3.12/site-packages/dbcounter.py:115}}
May 14 08:40:11.345019 np0000000759 neutron-periodic-workers[88937]: DEBUG dbcounter [-] [88937] Writing DB stats neutron:SELECT=3 {{(pid=88937) stat_writer /opt/stack/data/venv/lib/python3.12/site-packages/dbcounter.py:115}}
May 14 08:40:28.347121 np0000000759 neutron-periodic-workers[88958]: DEBUG neutron.db.agents_db [None req-a3a3accb-af7e-48cf-8581-2643ab3213c2 None None] Agent healthcheck: found 0 active agents {{(pid=88958) agent_health_check /opt/stack/neutron/neutron/db/agents_db.py:322}}
May 14 08:40:28.347121 np0000000759 neutron-periodic-workers[88958]: DEBUG oslo.service.backend._threading.loopingcall [None req-a3a3accb-af7e-48cf-8581-2643ab3213c2 None None] Fixed interval looping call 'neutron.plugins.ml2.plugin.AgentDbMixin.agent_health_check' sleeping for 37.00 seconds {{(pid=88958) _run_loop /opt/stack/data/venv/lib/python3.12/site-packages/oslo_service/backend/_threading/loopingcall.py:125}}
May 14 08:40:38.344351 np0000000759 neutron-periodic-workers[88937]: DEBUG oslo.service.backend._threading.loopingcall [None req-0896ef0f-6207-438c-b4bf-939570d2bba5 None None] Fixed interval looping call 'neutron.plugins.ml2.plugin.DhcpAgentSchedulerDbMixin.remove_networks_from_down_agents' sleeping for 36.99 seconds {{(pid=88937) _run_loop /opt/stack/data/venv/lib/python3.12/site-packages/oslo_service/backend/_threading/loopingcall.py:125}}
May 14 08:40:38.346455 np0000000759 neutron-periodic-workers[88958]: DEBUG dbcounter [-] [88958] Writing DB stats neutron:SELECT=1 {{(pid=88958) stat_writer /opt/stack/data/venv/lib/python3.12/site-packages/dbcounter.py:115}}
May 14 08:40:48.345662 np0000000759 neutron-periodic-workers[88937]: DEBUG dbcounter [-] [88937] Writing DB stats neutron:SELECT=3 {{(pid=88937) stat_writer /opt/stack/data/venv/lib/python3.12/site-packages/dbcounter.py:115}}
May 14 08:41:05.351175 np0000000759 neutron-periodic-workers[88958]: DEBUG neutron.db.agents_db [None req-a3a3accb-af7e-48cf-8581-2643ab3213c2 None None] Agent healthcheck: found 0 active agents {{(pid=88958) agent_health_check /opt/stack/neutron/neutron/db/agents_db.py:322}}
May 14 08:41:05.352439 np0000000759 neutron-periodic-workers[88958]: DEBUG oslo.service.backend._threading.loopingcall [None req-a3a3accb-af7e-48cf-8581-2643ab3213c2 None None] Fixed interval looping call 'neutron.plugins.ml2.plugin.AgentDbMixin.agent_health_check' sleeping for 37.00 seconds {{(pid=88958) _run_loop /opt/stack/data/venv/lib/python3.12/site-packages/oslo_service/backend/_threading/loopingcall.py:125}}
May 14 08:41:13.352982 np0000000759 neutron-periodic-workers[88965]: DEBUG oslo.service.backend._threading.loopingcall [None req-69aa020f-b9d3-4a68-b5de-8a3aebc1afd0 None None] Fixed interval looping call 'neutron.db.quota.driver_nolock.DbQuotaNoLockDriver._remove_expired_reservations' sleeping for 120.00 seconds {{(pid=88965) _run_loop /opt/stack/data/venv/lib/python3.12/site-packages/oslo_service/backend/_threading/loopingcall.py:125}}
May 14 08:41:15.350924 np0000000759 neutron-periodic-workers[88958]: DEBUG dbcounter [-] [88958] Writing DB stats neutron:SELECT=1 {{(pid=88958) stat_writer /opt/stack/data/venv/lib/python3.12/site-packages/dbcounter.py:115}}
May 14 08:41:15.352636 np0000000759 neutron-periodic-workers[88937]: DEBUG oslo.service.backend._threading.loopingcall [None req-0896ef0f-6207-438c-b4bf-939570d2bba5 None None] Fixed interval looping call 'neutron.plugins.ml2.plugin.DhcpAgentSchedulerDbMixin.remove_networks_from_down_agents' sleeping for 36.98 seconds {{(pid=88937) _run_loop /opt/stack/data/venv/lib/python3.12/site-packages/oslo_service/backend/_threading/loopingcall.py:125}}
May 14 08:41:23.353682 np0000000759 neutron-periodic-workers[88965]: DEBUG dbcounter [-] [88965] Writing DB stats neutron:DELETE=1 {{(pid=88965) stat_writer /opt/stack/data/venv/lib/python3.12/site-packages/dbcounter.py:115}}
May 14 08:41:25.349218 np0000000759 neutron-periodic-workers[88937]: DEBUG dbcounter [-] [88937] Writing DB stats neutron:SELECT=3 {{(pid=88937) stat_writer /opt/stack/data/venv/lib/python3.12/site-packages/dbcounter.py:115}}
May 14 08:41:42.357549 np0000000759 neutron-periodic-workers[88958]: DEBUG neutron.db.agents_db [None req-a3a3accb-af7e-48cf-8581-2643ab3213c2 None None] Agent healthcheck: found 0 active agents {{(pid=88958) agent_health_check /opt/stack/neutron/neutron/db/agents_db.py:322}}
May 14 08:41:42.358097 np0000000759 neutron-periodic-workers[88958]: DEBUG oslo.service.backend._threading.loopingcall [None req-a3a3accb-af7e-48cf-8581-2643ab3213c2 None None] Fixed interval looping call 'neutron.plugins.ml2.plugin.AgentDbMixin.agent_health_check' sleeping for 36.99 seconds {{(pid=88958) _run_loop /opt/stack/data/venv/lib/python3.12/site-packages/oslo_service/backend/_threading/loopingcall.py:125}}
May 14 08:41:52.340158 np0000000759 neutron-periodic-workers[88937]: DEBUG oslo.service.backend._threading.loopingcall [None req-0896ef0f-6207-438c-b4bf-939570d2bba5 None None] Fixed interval looping call 'neutron.plugins.ml2.plugin.DhcpAgentSchedulerDbMixin.remove_networks_from_down_agents' sleeping for 36.99 seconds {{(pid=88937) _run_loop /opt/stack/data/venv/lib/python3.12/site-packages/oslo_service/backend/_threading/loopingcall.py:125}}
May 14 08:41:52.357929 np0000000759 neutron-periodic-workers[88958]: DEBUG dbcounter [-] [88958] Writing DB stats neutron:SELECT=1 {{(pid=88958) stat_writer /opt/stack/data/venv/lib/python3.12/site-packages/dbcounter.py:115}}
May 14 08:42:02.339400 np0000000759 neutron-periodic-workers[88937]: DEBUG dbcounter [-] [88937] Writing DB stats neutron:SELECT=3 {{(pid=88937) stat_writer /opt/stack/data/venv/lib/python3.12/site-packages/dbcounter.py:115}}
