Aug 26 03:55:29.749090 np0000008132 devstack@g-api.service[99760]: DEBUG glance.api.middleware.version_negotiation [None req-970f7d44-9cfd-45e5-ad79-c0c437871b60 tempest-VolumesActionsTest-618899841 tempest-VolumesActionsTest-618899841-project-member] new path /v2/images/34665857-f305-4ab4-aa50-b2a0c87432b9 {{(pid=99760) process_request /opt/stack/glance/glance/api/middleware/version_negotiation.py:70}}
Aug 26 03:55:29.766731 np0000008132 devstack@g-api.service[99760]: [pid: 99760|app: 0|req: 33/100] 127.0.0.1 () {40 vars in 838 bytes} [Wed Aug 26 03:55:29 2026] GET /v2/images/34665857-f305-4ab4-aa50-b2a0c87432b9 => generated 649 bytes in 18 msecs (HTTP/1.1 200) 4 headers in 157 bytes (1 switches on core 0)
Aug 26 03:55:30.520995 np0000008132 devstack@g-api.service[99762]: DEBUG swiftclient [None req-a239f644-d8a7-43e7-b91c-8b6ceb493657 tempest-VolumesActionsTest-618899841 tempest-VolumesActionsTest-618899841-project-member] REQ: curl -i https://10.4.3.229:8080/v1/AUTH_212ee49ba1c043cfbc0b6e5d3e3ada7d/glance/34665857-f305-4ab4-aa50-b2a0c87432b9-00001 -X PUT -H "X-Auth-Token: gAAAAABqjmOvWM4C..." {{(pid=99762) http_log /opt/stack/data/venv/lib/python3.12/site-packages/swiftclient/client.py:160}}
Aug 26 03:55:30.521356 np0000008132 devstack@g-api.service[99762]: DEBUG swiftclient [None req-a239f644-d8a7-43e7-b91c-8b6ceb493657 tempest-VolumesActionsTest-618899841 tempest-VolumesActionsTest-618899841-project-member] RESP STATUS: 201 Created {{(pid=99762) http_log /opt/stack/data/venv/lib/python3.12/site-packages/swiftclient/client.py:161}}
Aug 26 03:55:30.521428 np0000008132 devstack@g-api.service[99762]: DEBUG swiftclient [None req-a239f644-d8a7-43e7-b91c-8b6ceb493657 tempest-VolumesActionsTest-618899841 tempest-VolumesActionsTest-618899841-project-member] RESP HEADERS: {'Date': 'Wed, 26 Aug 2026 03:55:30 GMT', 'Server': 'Apache/2.4.58 (Ubuntu)', 'Content-Type': 'text/html; charset=UTF-8', 'Content-Length': '0', 'Etag': 'eda9a9889837ac4bc81d6387d92c1bec', 'Last-Modified': 'Wed, 26 Aug 2026 03:55:29 GMT', 'X-Trans-Id': 'tx56a8751b8da74ffa9c406-006a8e63b0', 'X-Openstack-Request-Id': 'tx56a8751b8da74ffa9c406-006a8e63b0', 'Connection': 'close'} {{(pid=99762) http_log /opt/stack/data/venv/lib/python3.12/site-packages/swiftclient/client.py:162}}
Aug 26 03:55:30.521555 np0000008132 devstack@g-api.service[99762]: DEBUG glance_store._drivers.swift.store [None req-a239f644-d8a7-43e7-b91c-8b6ceb493657 tempest-VolumesActionsTest-618899841 tempest-VolumesActionsTest-618899841-project-member] Wrote chunk 34665857-f305-4ab4-aa50-b2a0c87432b9-00001 (1/?) of length 204800000 to Swift returning MD5 of content: eda9a9889837ac4bc81d6387d92c1bec {{(pid=99762) add /opt/stack/data/venv/lib/python3.12/site-packages/glance_store/_drivers/swift/store.py:1059}}
Aug 26 03:55:30.776851 np0000008132 devstack@g-api.service[99761]: DEBUG glance.api.middleware.version_negotiation [None req-b1374b9f-7d0e-4873-80d8-8ca30bfad636 tempest-VolumesActionsTest-618899841 tempest-VolumesActionsTest-618899841-project-member] Determining version of request: GET /v2/images/34665857-f305-4ab4-aa50-b2a0c87432b9 Accept: application/json {{(pid=99761) process_request /opt/stack/glance/glance/api/middleware/version_negotiation.py:44}}
Aug 26 03:55:30.777415 np0000008132 devstack@g-api.service[99761]: DEBUG glance.api.middleware.version_negotiation [None req-b1374b9f-7d0e-4873-80d8-8ca30bfad636 tempest-VolumesActionsTest-618899841 tempest-VolumesActionsTest-618899841-project-member] Using url versioning {{(pid=99761) process_request /opt/stack/glance/glance/api/middleware/version_negotiation.py:57}}
Aug 26 03:55:30.777415 np0000008132 devstack@g-api.service[99761]: DEBUG glance.api.middleware.version_negotiation [None req-b1374b9f-7d0e-4873-80d8-8ca30bfad636 tempest-VolumesActionsTest-618899841 tempest-VolumesActionsTest-618899841-project-member] Matched version: v2 {{(pid=99761) process_request /opt/stack/glance/glance/api/middleware/version_negotiation.py:69}}
Aug 26 03:55:30.777719 np0000008132 devstack@g-api.service[99761]: DEBUG glance.api.middleware.version_negotiation [None req-b1374b9f-7d0e-4873-80d8-8ca30bfad636 tempest-VolumesActionsTest-618899841 tempest-VolumesActionsTest-618899841-project-member] new path /v2/images/34665857-f305-4ab4-aa50-b2a0c87432b9 {{(pid=99761) process_request /opt/stack/glance/glance/api/middleware/version_negotiation.py:70}}
Aug 26 03:55:30.794112 np0000008132 devstack@g-api.service[99761]: [pid: 99761|app: 0|req: 35/101] 127.0.0.1 () {40 vars in 838 bytes} [Wed Aug 26 03:55:30 2026] GET /v2/images/34665857-f305-4ab4-aa50-b2a0c87432b9 => generated 649 bytes in 17 msecs (HTTP/1.1 200) 4 headers in 157 bytes (1 switches on core 0)
Aug 26 03:55:31.811314 np0000008132 devstack@g-api.service[99760]: DEBUG glance.api.middleware.version_negotiation [None req-45633a99-9fbb-4610-97b6-871fd3711388 tempest-VolumesActionsTest-618899841 tempest-VolumesActionsTest-618899841-project-member] Determining version of request: GET /v2/images/34665857-f305-4ab4-aa50-b2a0c87432b9 Accept: application/json {{(pid=99760) process_request /opt/stack/glance/glance/api/middleware/version_negotiation.py:44}}
Aug 26 03:55:31.811885 np0000008132 devstack@g-api.service[99760]: DEBUG glance.api.middleware.version_negotiation [None req-45633a99-9fbb-4610-97b6-871fd3711388 tempest-VolumesActionsTest-618899841 tempest-VolumesActionsTest-618899841-project-member] Using url versioning {{(pid=99760) process_request /opt/stack/glance/glance/api/middleware/version_negotiation.py:57}}
Aug 26 03:55:31.811885 np0000008132 devstack@g-api.service[99760]: DEBUG glance.api.middleware.version_negotiation [None req-45633a99-9fbb-4610-97b6-871fd3711388 tempest-VolumesActionsTest-618899841 tempest-VolumesActionsTest-618899841-project-member] Matched version: v2 {{(pid=99760) process_request /opt/stack/glance/glance/api/middleware/version_negotiation.py:69}}
Aug 26 03:55:31.811885 np0000008132 devstack@g-api.service[99760]: DEBUG glance.api.middleware.version_negotiation [None req-45633a99-9fbb-4610-97b6-871fd3711388 tempest-VolumesActionsTest-618899841 tempest-VolumesActionsTest-618899841-project-member] new path /v2/images/34665857-f305-4ab4-aa50-b2a0c87432b9 {{(pid=99760) process_request /opt/stack/glance/glance/api/middleware/version_negotiation.py:70}}
Aug 26 03:55:31.831350 np0000008132 devstack@g-api.service[99760]: [pid: 99760|app: 0|req: 34/102] 127.0.0.1 () {40 vars in 838 bytes} [Wed Aug 26 03:55:31 2026] GET /v2/images/34665857-f305-4ab4-aa50-b2a0c87432b9 => generated 649 bytes in 20 msecs (HTTP/1.1 200) 4 headers in 157 bytes (1 switches on core 0)
Aug 26 03:55:32.777313 np0000008132 devstack@g-api.service[99762]: DEBUG swiftclient [None req-a239f644-d8a7-43e7-b91c-8b6ceb493657 tempest-VolumesActionsTest-618899841 tempest-VolumesActionsTest-618899841-project-member] REQ: curl -i https://10.4.3.229:8080/v1/AUTH_212ee49ba1c043cfbc0b6e5d3e3ada7d/glance/34665857-f305-4ab4-aa50-b2a0c87432b9-00002 -X PUT -H "X-Auth-Token: gAAAAABqjmOvWM4C..." {{(pid=99762) http_log /opt/stack/data/venv/lib/python3.12/site-packages/swiftclient/client.py:160}}
Aug 26 03:55:32.777969 np0000008132 devstack@g-api.service[99762]: DEBUG swiftclient [None req-a239f644-d8a7-43e7-b91c-8b6ceb493657 tempest-VolumesActionsTest-618899841 tempest-VolumesActionsTest-618899841-project-member] RESP STATUS: 201 Created {{(pid=99762) http_log /opt/stack/data/venv/lib/python3.12/site-packages/swiftclient/client.py:161}}
Aug 26 03:55:32.777969 np0000008132 devstack@g-api.service[99762]: DEBUG swiftclient [None req-a239f644-d8a7-43e7-b91c-8b6ceb493657 tempest-VolumesActionsTest-618899841 tempest-VolumesActionsTest-618899841-project-member] RESP HEADERS: {'Date': 'Wed, 26 Aug 2026 03:55:32 GMT', 'Server': 'Apache/2.4.58 (Ubuntu)', 'Content-Type': 'text/html; charset=UTF-8', 'Content-Length': '0', 'Etag': 'eda9a9889837ac4bc81d6387d92c1bec', 'Last-Modified': 'Wed, 26 Aug 2026 03:55:31 GMT', 'X-Trans-Id': 'tx8eecf1c7e8cd4fc1a8057-006a8e63b2', 'X-Openstack-Request-Id': 'tx8eecf1c7e8cd4fc1a8057-006a8e63b2', 'Connection': 'close'} {{(pid=99762) http_log /opt/stack/data/venv/lib/python3.12/site-packages/swiftclient/client.py:162}}
Aug 26 03:55:32.777969 np0000008132 devstack@g-api.service[99762]: DEBUG glance_store._drivers.swift.store [None req-a239f644-d8a7-43e7-b91c-8b6ceb493657 tempest-VolumesActionsTest-618899841 tempest-VolumesActionsTest-618899841-project-member] Wrote chunk 34665857-f305-4ab4-aa50-b2a0c87432b9-00002 (2/?) of length 204800000 to Swift returning MD5 of content: eda9a9889837ac4bc81d6387d92c1bec {{(pid=99762) add /opt/stack/data/venv/lib/python3.12/site-packages/glance_store/_drivers/swift/store.py:1059}}
Aug 26 03:55:32.840971 np0000008132 devstack@g-api.service[99761]: DEBUG glance.api.middleware.version_negotiation [None req-8affc90b-6fb7-47aa-b8ff-cfe00505e062 tempest-VolumesActionsTest-618899841 tempest-VolumesActionsTest-618899841-project-member] Determining version of request: GET /v2/images/34665857-f305-4ab4-aa50-b2a0c87432b9 Accept: application/json {{(pid=99761) process_request /opt/stack/glance/glance/api/middleware/version_negotiation.py:44}}
Aug 26 03:55:32.841509 np0000008132 devstack@g-api.service[99761]: DEBUG glance.api.middleware.version_negotiation [None req-8affc90b-6fb7-47aa-b8ff-cfe00505e062 tempest-VolumesActionsTest-618899841 tempest-VolumesActionsTest-618899841-project-member] Using url versioning {{(pid=99761) process_request /opt/stack/glance/glance/api/middleware/version_negotiation.py:57}}
Aug 26 03:55:32.841509 np0000008132 devstack@g-api.service[99761]: DEBUG glance.api.middleware.version_negotiation [None req-8affc90b-6fb7-47aa-b8ff-cfe00505e062 tempest-VolumesActionsTest-618899841 tempest-VolumesActionsTest-618899841-project-member] Matched version: v2 {{(pid=99761) process_request /opt/stack/glance/glance/api/middleware/version_negotiation.py:69}}
Aug 26 03:55:32.841509 np0000008132 devstack@g-api.service[99761]: DEBUG glance.api.middleware.version_negotiation [None req-8affc90b-6fb7-47aa-b8ff-cfe00505e062 tempest-VolumesActionsTest-618899841 tempest-VolumesActionsTest-618899841-project-member] new path /v2/images/34665857-f305-4ab4-aa50-b2a0c87432b9 {{(pid=99761) process_request /opt/stack/glance/glance/api/middleware/version_negotiation.py:70}}
Aug 26 03:55:32.851856 np0000008132 devstack@g-api.service[99761]: [pid: 99761|app: 0|req: 36/103] 127.0.0.1 () {40 vars in 838 bytes} [Wed Aug 26 03:55:32 2026] GET /v2/images/34665857-f305-4ab4-aa50-b2a0c87432b9 => generated 649 bytes in 11 msecs (HTTP/1.1 200) 4 headers in 157 bytes (1 switches on core 0)
Aug 26 03:55:33.861895 np0000008132 devstack@g-api.service[99760]: DEBUG glance.api.middleware.version_negotiation [None req-878aa3c0-fb00-4b00-8937-5d36a0d75b93 tempest-VolumesActionsTest-618899841 tempest-VolumesActionsTest-618899841-project-member] Determining version of request: GET /v2/images/34665857-f305-4ab4-aa50-b2a0c87432b9 Accept: application/json {{(pid=99760) process_request /opt/stack/glance/glance/api/middleware/version_negotiation.py:44}}
Aug 26 03:55:33.863524 np0000008132 devstack@g-api.service[99760]: DEBUG glance.api.middleware.version_negotiation [None req-878aa3c0-fb00-4b00-8937-5d36a0d75b93 tempest-VolumesActionsTest-618899841 tempest-VolumesActionsTest-618899841-project-member] Using url versioning {{(pid=99760) process_request /opt/stack/glance/glance/api/middleware/version_negotiation.py:57}}
Aug 26 03:55:33.863800 np0000008132 devstack@g-api.service[99760]: DEBUG glance.api.middleware.version_negotiation [None req-878aa3c0-fb00-4b00-8937-5d36a0d75b93 tempest-VolumesActionsTest-618899841 tempest-VolumesActionsTest-618899841-project-member] Matched version: v2 {{(pid=99760) process_request /opt/stack/glance/glance/api/middleware/version_negotiation.py:69}}
Aug 26 03:55:33.863947 np0000008132 devstack@g-api.service[99760]: DEBUG glance.api.middleware.version_negotiation [None req-878aa3c0-fb00-4b00-8937-5d36a0d75b93 tempest-VolumesActionsTest-618899841 tempest-VolumesActionsTest-618899841-project-member] new path /v2/images/34665857-f305-4ab4-aa50-b2a0c87432b9 {{(pid=99760) process_request /opt/stack/glance/glance/api/middleware/version_negotiation.py:70}}
Aug 26 03:55:33.886695 np0000008132 devstack@g-api.service[99760]: [pid: 99760|app: 0|req: 35/104] 127.0.0.1 () {40 vars in 838 bytes} [Wed Aug 26 03:55:33 2026] GET /v2/images/34665857-f305-4ab4-aa50-b2a0c87432b9 => generated 649 bytes in 25 msecs (HTTP/1.1 200) 4 headers in 157 bytes (1 switches on core 0)
Aug 26 03:55:34.896233 np0000008132 devstack@g-api.service[99761]: DEBUG glance.api.middleware.version_negotiation [None req-0e029ef8-8d82-43de-b136-b1f6088452e6 tempest-VolumesActionsTest-618899841 tempest-VolumesActionsTest-618899841-project-member] Determining version of request: GET /v2/images/34665857-f305-4ab4-aa50-b2a0c87432b9 Accept: application/json {{(pid=99761) process_request /opt/stack/glance/glance/api/middleware/version_negotiation.py:44}}
Aug 26 03:55:34.896799 np0000008132 devstack@g-api.service[99761]: DEBUG glance.api.middleware.version_negotiation [None req-0e029ef8-8d82-43de-b136-b1f6088452e6 tempest-VolumesActionsTest-618899841 tempest-VolumesActionsTest-618899841-project-member] Using url versioning {{(pid=99761) process_request /opt/stack/glance/glance/api/middleware/version_negotiation.py:57}}
Aug 26 03:55:34.896799 np0000008132 devstack@g-api.service[99761]: DEBUG glance.api.middleware.version_negotiation [None req-0e029ef8-8d82-43de-b136-b1f6088452e6 tempest-VolumesActionsTest-618899841 tempest-VolumesActionsTest-618899841-project-member] Matched version: v2 {{(pid=99761) process_request /opt/stack/glance/glance/api/middleware/version_negotiation.py:69}}
Aug 26 03:55:34.896799 np0000008132 devstack@g-api.service[99761]: DEBUG glance.api.middleware.version_negotiation [None req-0e029ef8-8d82-43de-b136-b1f6088452e6 tempest-VolumesActionsTest-618899841 tempest-VolumesActionsTest-618899841-project-member] new path /v2/images/34665857-f305-4ab4-aa50-b2a0c87432b9 {{(pid=99761) process_request /opt/stack/glance/glance/api/middleware/version_negotiation.py:70}}
Aug 26 03:55:34.908089 np0000008132 devstack@g-api.service[99761]: [pid: 99761|app: 0|req: 37/105] 127.0.0.1 () {40 vars in 838 bytes} [Wed Aug 26 03:55:34 2026] GET /v2/images/34665857-f305-4ab4-aa50-b2a0c87432b9 => generated 649 bytes in 12 msecs (HTTP/1.1 200) 4 headers in 157 bytes (1 switches on core 0)
Aug 26 03:55:35.463546 np0000008132 devstack@g-api.service[99762]: DEBUG swiftclient [None req-a239f644-d8a7-43e7-b91c-8b6ceb493657 tempest-VolumesActionsTest-618899841 tempest-VolumesActionsTest-618899841-project-member] REQ: curl -i https://10.4.3.229:8080/v1/AUTH_212ee49ba1c043cfbc0b6e5d3e3ada7d/glance/34665857-f305-4ab4-aa50-b2a0c87432b9-00003 -X PUT -H "X-Auth-Token: gAAAAABqjmOvWM4C..." {{(pid=99762) http_log /opt/stack/data/venv/lib/python3.12/site-packages/swiftclient/client.py:160}}
Aug 26 03:55:35.464542 np0000008132 devstack@g-api.service[99762]: DEBUG swiftclient [None req-a239f644-d8a7-43e7-b91c-8b6ceb493657 tempest-VolumesActionsTest-618899841 tempest-VolumesActionsTest-618899841-project-member] RESP STATUS: 201 Created {{(pid=99762) http_log /opt/stack/data/venv/lib/python3.12/site-packages/swiftclient/client.py:161}}
Aug 26 03:55:35.464542 np0000008132 devstack@g-api.service[99762]: DEBUG swiftclient [None req-a239f644-d8a7-43e7-b91c-8b6ceb493657 tempest-VolumesActionsTest-618899841 tempest-VolumesActionsTest-618899841-project-member] RESP HEADERS: {'Date': 'Wed, 26 Aug 2026 03:55:35 GMT', 'Server': 'Apache/2.4.58 (Ubuntu)', 'Content-Type': 'text/html; charset=UTF-8', 'Content-Length': '0', 'Etag': 'eda9a9889837ac4bc81d6387d92c1bec', 'Last-Modified': 'Wed, 26 Aug 2026 03:55:33 GMT', 'X-Trans-Id': 'tx0710b53d7a944ca8af3d4-006a8e63b4', 'X-Openstack-Request-Id': 'tx0710b53d7a944ca8af3d4-006a8e63b4', 'Connection': 'close'} {{(pid=99762) http_log /opt/stack/data/venv/lib/python3.12/site-packages/swiftclient/client.py:162}}
Aug 26 03:55:35.464542 np0000008132 devstack@g-api.service[99762]: DEBUG glance_store._drivers.swift.store [None req-a239f644-d8a7-43e7-b91c-8b6ceb493657 tempest-VolumesActionsTest-618899841 tempest-VolumesActionsTest-618899841-project-member] Wrote chunk 34665857-f305-4ab4-aa50-b2a0c87432b9-00003 (3/?) of length 204800000 to Swift returning MD5 of content: eda9a9889837ac4bc81d6387d92c1bec {{(pid=99762) add /opt/stack/data/venv/lib/python3.12/site-packages/glance_store/_drivers/swift/store.py:1059}}
Aug 26 03:55:35.925619 np0000008132 devstack@g-api.service[99760]: DEBUG glance.api.middleware.version_negotiation [None req-78e32fd3-b338-4eb3-a3c7-6462f97f89b8 tempest-VolumesActionsTest-618899841 tempest-VolumesActionsTest-618899841-project-member] Determining version of request: GET /v2/images/34665857-f305-4ab4-aa50-b2a0c87432b9 Accept: application/json {{(pid=99760) process_request /opt/stack/glance/glance/api/middleware/version_negotiation.py:44}}
Aug 26 03:55:35.925619 np0000008132 devstack@g-api.service[99760]: DEBUG glance.api.middleware.version_negotiation [None req-78e32fd3-b338-4eb3-a3c7-6462f97f89b8 tempest-VolumesActionsTest-618899841 tempest-VolumesActionsTest-618899841-project-member] Using url versioning {{(pid=99760) process_request /opt/stack/glance/glance/api/middleware/version_negotiation.py:57}}
Aug 26 03:55:35.925619 np0000008132 devstack@g-api.service[99760]: DEBUG glance.api.middleware.version_negotiation [None req-78e32fd3-b338-4eb3-a3c7-6462f97f89b8 tempest-VolumesActionsTest-618899841 tempest-VolumesActionsTest-618899841-project-member] Matched version: v2 {{(pid=99760) process_request /opt/stack/glance/glance/api/middleware/version_negotiation.py:69}}
Aug 26 03:55:35.925619 np0000008132 devstack@g-api.service[99760]: DEBUG glance.api.middleware.version_negotiation [None req-78e32fd3-b338-4eb3-a3c7-6462f97f89b8 tempest-VolumesActionsTest-618899841 tempest-VolumesActionsTest-618899841-project-member] new path /v2/images/34665857-f305-4ab4-aa50-b2a0c87432b9 {{(pid=99760) process_request /opt/stack/glance/glance/api/middleware/version_negotiation.py:70}}
Aug 26 03:55:35.939842 np0000008132 devstack@g-api.service[99760]: [pid: 99760|app: 0|req: 36/106] 127.0.0.1 () {40 vars in 838 bytes} [Wed Aug 26 03:55:35 2026] GET /v2/images/34665857-f305-4ab4-aa50-b2a0c87432b9 => generated 649 bytes in 16 msecs (HTTP/1.1 200) 4 headers in 157 bytes (1 switches on core 0)
Aug 26 03:55:36.953854 np0000008132 devstack@g-api.service[99761]: DEBUG glance.api.middleware.version_negotiation [None req-e888a9e3-d5d6-4a5c-8520-21ab27491048 tempest-VolumesActionsTest-618899841 tempest-VolumesActionsTest-618899841-project-member] Determining version of request: GET /v2/images/34665857-f305-4ab4-aa50-b2a0c87432b9 Accept: application/json {{(pid=99761) process_request /opt/stack/glance/glance/api/middleware/version_negotiation.py:44}}
Aug 26 03:55:36.953854 np0000008132 devstack@g-api.service[99761]: DEBUG glance.api.middleware.version_negotiation [None req-e888a9e3-d5d6-4a5c-8520-21ab27491048 tempest-VolumesActionsTest-618899841 tempest-VolumesActionsTest-618899841-project-member] Using url versioning {{(pid=99761) process_request /opt/stack/glance/glance/api/middleware/version_negotiation.py:57}}
Aug 26 03:55:36.953854 np0000008132 devstack@g-api.service[99761]: DEBUG glance.api.middleware.version_negotiation [None req-e888a9e3-d5d6-4a5c-8520-21ab27491048 tempest-VolumesActionsTest-618899841 tempest-VolumesActionsTest-618899841-project-member] Matched version: v2 {{(pid=99761) process_request /opt/stack/glance/glance/api/middleware/version_negotiation.py:69}}
Aug 26 03:55:36.953854 np0000008132 devstack@g-api.service[99761]: DEBUG glance.api.middleware.version_negotiation [None req-e888a9e3-d5d6-4a5c-8520-21ab27491048 tempest-VolumesActionsTest-618899841 tempest-VolumesActionsTest-618899841-project-member] new path /v2/images/34665857-f305-4ab4-aa50-b2a0c87432b9 {{(pid=99761) process_request /opt/stack/glance/glance/api/middleware/version_negotiation.py:70}}
Aug 26 03:55:36.971209 np0000008132 devstack@g-api.service[99761]: [pid: 99761|app: 0|req: 38/107] 127.0.0.1 () {40 vars in 838 bytes} [Wed Aug 26 03:55:36 2026] GET /v2/images/34665857-f305-4ab4-aa50-b2a0c87432b9 => generated 649 bytes in 18 msecs (HTTP/1.1 200) 4 headers in 157 bytes (1 switches on core 0)
Aug 26 03:55:37.653678 np0000008132 devstack@g-api.service[99762]: DEBUG dbcounter [-] [99762] Writing DB stats glance:SELECT=16,glance:INSERT=1,glance:UPDATE=1 {{(pid=99762) stat_writer /opt/stack/data/venv/lib/python3.12/site-packages/dbcounter.py:115}}
Aug 26 03:55:37.982623 np0000008132 devstack@g-api.service[99760]: DEBUG glance.api.middleware.version_negotiation [None req-54b5a949-83b0-4106-91d5-ca7087408e81 tempest-VolumesActionsTest-618899841 tempest-VolumesActionsTest-618899841-project-member] Determining version of request: GET /v2/images/34665857-f305-4ab4-aa50-b2a0c87432b9 Accept: application/json {{(pid=99760) process_request /opt/stack/glance/glance/api/middleware/version_negotiation.py:44}}
Aug 26 03:55:37.983134 np0000008132 devstack@g-api.service[99760]: DEBUG glance.api.middleware.version_negotiation [None req-54b5a949-83b0-4106-91d5-ca7087408e81 tempest-VolumesActionsTest-618899841 tempest-VolumesActionsTest-618899841-project-member] Using url versioning {{(pid=99760) process_request /opt/stack/glance/glance/api/middleware/version_negotiation.py:57}}
Aug 26 03:55:37.983134 np0000008132 devstack@g-api.service[99760]: DEBUG glance.api.middleware.version_negotiation [None req-54b5a949-83b0-4106-91d5-ca7087408e81 tempest-VolumesActionsTest-618899841 tempest-VolumesActionsTest-618899841-project-member] Matched version: v2 {{(pid=99760) process_request /opt/stack/glance/glance/api/middleware/version_negotiation.py:69}}
Aug 26 03:55:37.983134 np0000008132 devstack@g-api.service[99760]: DEBUG glance.api.middleware.version_negotiation [None req-54b5a949-83b0-4106-91d5-ca7087408e81 tempest-VolumesActionsTest-618899841 tempest-VolumesActionsTest-618899841-project-member] new path /v2/images/34665857-f305-4ab4-aa50-b2a0c87432b9 {{(pid=99760) process_request /opt/stack/glance/glance/api/middleware/version_negotiation.py:70}}
Aug 26 03:55:37.995068 np0000008132 devstack@g-api.service[99760]: [pid: 99760|app: 0|req: 37/108] 127.0.0.1 () {40 vars in 838 bytes} [Wed Aug 26 03:55:37 2026] GET /v2/images/34665857-f305-4ab4-aa50-b2a0c87432b9 => generated 649 bytes in 12 msecs (HTTP/1.1 200) 4 headers in 157 bytes (1 switches on core 0)
Aug 26 03:55:38.106766 np0000008132 devstack@g-api.service[99762]: DEBUG swiftclient [None req-a239f644-d8a7-43e7-b91c-8b6ceb493657 tempest-VolumesActionsTest-618899841 tempest-VolumesActionsTest-618899841-project-member] REQ: curl -i https://10.4.3.229:8080/v1/AUTH_212ee49ba1c043cfbc0b6e5d3e3ada7d/glance/34665857-f305-4ab4-aa50-b2a0c87432b9-00004 -X PUT -H "X-Auth-Token: gAAAAABqjmOvWM4C..." {{(pid=99762) http_log /opt/stack/data/venv/lib/python3.12/site-packages/swiftclient/client.py:160}}
Aug 26 03:55:38.106909 np0000008132 devstack@g-api.service[99762]: DEBUG swiftclient [None req-a239f644-d8a7-43e7-b91c-8b6ceb493657 tempest-VolumesActionsTest-618899841 tempest-VolumesActionsTest-618899841-project-member] RESP STATUS: 201 Created {{(pid=99762) http_log /opt/stack/data/venv/lib/python3.12/site-packages/swiftclient/client.py:161}}
Aug 26 03:55:38.107101 np0000008132 devstack@g-api.service[99762]: DEBUG swiftclient [None req-a239f644-d8a7-43e7-b91c-8b6ceb493657 tempest-VolumesActionsTest-618899841 tempest-VolumesActionsTest-618899841-project-member] RESP HEADERS: {'Date': 'Wed, 26 Aug 2026 03:55:38 GMT', 'Server': 'Apache/2.4.58 (Ubuntu)', 'Content-Type': 'text/html; charset=UTF-8', 'Content-Length': '0', 'Etag': 'eda9a9889837ac4bc81d6387d92c1bec', 'Last-Modified': 'Wed, 26 Aug 2026 03:55:36 GMT', 'X-Trans-Id': 'tx714b98dfca1749e1913a3-006a8e63b7', 'X-Openstack-Request-Id': 'tx714b98dfca1749e1913a3-006a8e63b7', 'Connection': 'close'} {{(pid=99762) http_log /opt/stack/data/venv/lib/python3.12/site-packages/swiftclient/client.py:162}}
Aug 26 03:55:38.107214 np0000008132 devstack@g-api.service[99762]: DEBUG glance_store._drivers.swift.store [None req-a239f644-d8a7-43e7-b91c-8b6ceb493657 tempest-VolumesActionsTest-618899841 tempest-VolumesActionsTest-618899841-project-member] Wrote chunk 34665857-f305-4ab4-aa50-b2a0c87432b9-00004 (4/?) of length 204800000 to Swift returning MD5 of content: eda9a9889837ac4bc81d6387d92c1bec {{(pid=99762) add /opt/stack/data/venv/lib/python3.12/site-packages/glance_store/_drivers/swift/store.py:1059}}
Aug 26 03:55:39.009411 np0000008132 devstack@g-api.service[99761]: DEBUG glance.api.middleware.version_negotiation [None req-61393ba2-b896-4c38-8828-c5b53b493da6 tempest-VolumesActionsTest-618899841 tempest-VolumesActionsTest-618899841-project-member] Determining version of request: GET /v2/images/34665857-f305-4ab4-aa50-b2a0c87432b9 Accept: application/json {{(pid=99761) process_request /opt/stack/glance/glance/api/middleware/version_negotiation.py:44}}
Aug 26 03:55:39.009942 np0000008132 devstack@g-api.service[99761]: DEBUG glance.api.middleware.version_negotiation [None req-61393ba2-b896-4c38-8828-c5b53b493da6 tempest-VolumesActionsTest-618899841 tempest-VolumesActionsTest-618899841-project-member] Using url versioning {{(pid=99761) process_request /opt/stack/glance/glance/api/middleware/version_negotiation.py:57}}
Aug 26 03:55:39.009942 np0000008132 devstack@g-api.service[99761]: DEBUG glance.api.middleware.version_negotiation [None req-61393ba2-b896-4c38-8828-c5b53b493da6 tempest-VolumesActionsTest-618899841 tempest-VolumesActionsTest-618899841-project-member] Matched version: v2 {{(pid=99761) process_request /opt/stack/glance/glance/api/middleware/version_negotiation.py:69}}
Aug 26 03:55:39.009942 np0000008132 devstack@g-api.service[99761]: DEBUG glance.api.middleware.version_negotiation [None req-61393ba2-b896-4c38-8828-c5b53b493da6 tempest-VolumesActionsTest-618899841 tempest-VolumesActionsTest-618899841-project-member] new path /v2/images/34665857-f305-4ab4-aa50-b2a0c87432b9 {{(pid=99761) process_request /opt/stack/glance/glance/api/middleware/version_negotiation.py:70}}
Aug 26 03:55:39.031612 np0000008132 devstack@g-api.service[99761]: [pid: 99761|app: 0|req: 39/109] 127.0.0.1 () {40 vars in 838 bytes} [Wed Aug 26 03:55:39 2026] GET /v2/images/34665857-f305-4ab4-aa50-b2a0c87432b9 => generated 649 bytes in 22 msecs (HTTP/1.1 200) 4 headers in 157 bytes (1 switches on core 0)
Aug 26 03:55:39.109718 np0000008132 devstack@g-api.service[99760]: DEBUG glance.api.middleware.version_negotiation [None req-dac43920-2d99-434b-9623-a38bf558d69a tempest-VolumesActionsTest-618899841 tempest-VolumesActionsTest-618899841-project-member] Determining version of request: GET /v2/images/e2a8f83f-2c7b-4d79-bf36-bc60fd29951b Accept: */* {{(pid=99760) process_request /opt/stack/glance/glance/api/middleware/version_negotiation.py:44}}
Aug 26 03:55:39.110258 np0000008132 devstack@g-api.service[99760]: DEBUG glance.api.middleware.version_negotiation [None req-dac43920-2d99-434b-9623-a38bf558d69a tempest-VolumesActionsTest-618899841 tempest-VolumesActionsTest-618899841-project-member] Using url versioning {{(pid=99760) process_request /opt/stack/glance/glance/api/middleware/version_negotiation.py:57}}
Aug 26 03:55:39.110258 np0000008132 devstack@g-api.service[99760]: DEBUG glance.api.middleware.version_negotiation [None req-dac43920-2d99-434b-9623-a38bf558d69a tempest-VolumesActionsTest-618899841 tempest-VolumesActionsTest-618899841-project-member] Matched version: v2 {{(pid=99760) process_request /opt/stack/glance/glance/api/middleware/version_negotiation.py:69}}
Aug 26 03:55:39.110258 np0000008132 devstack@g-api.service[99760]: DEBUG glance.api.middleware.version_negotiation [None req-dac43920-2d99-434b-9623-a38bf558d69a tempest-VolumesActionsTest-618899841 tempest-VolumesActionsTest-618899841-project-member] new path /v2/images/e2a8f83f-2c7b-4d79-bf36-bc60fd29951b {{(pid=99760) process_request /opt/stack/glance/glance/api/middleware/version_negotiation.py:70}}
Aug 26 03:55:39.131800 np0000008132 devstack@g-api.service[99760]: [pid: 99760|app: 0|req: 38/110] 127.0.0.1 () {44 vars in 1115 bytes} [Wed Aug 26 03:55:39 2026] GET /v2/images/e2a8f83f-2c7b-4d79-bf36-bc60fd29951b => generated 1044 bytes in 22 msecs (HTTP/1.1 200) 4 headers in 158 bytes (1 switches on core 0)
Aug 26 03:55:39.176395 np0000008132 devstack@g-api.service[99761]: DEBUG glance.api.middleware.version_negotiation [None req-9a5062e4-67cf-4983-9b28-e21b90aba58c tempest-VolumesActionsTest-618899841 tempest-VolumesActionsTest-618899841-project-member] Determining version of request: GET /v2/schemas/image Accept: */* {{(pid=99761) process_request /opt/stack/glance/glance/api/middleware/version_negotiation.py:44}}
Aug 26 03:55:39.176810 np0000008132 devstack@g-api.service[99761]: DEBUG glance.api.middleware.version_negotiation [None req-9a5062e4-67cf-4983-9b28-e21b90aba58c tempest-VolumesActionsTest-618899841 tempest-VolumesActionsTest-618899841-project-member] Using url versioning {{(pid=99761) process_request /opt/stack/glance/glance/api/middleware/version_negotiation.py:57}}
Aug 26 03:55:39.176894 np0000008132 devstack@g-api.service[99761]: DEBUG glance.api.middleware.version_negotiation [None req-9a5062e4-67cf-4983-9b28-e21b90aba58c tempest-VolumesActionsTest-618899841 tempest-VolumesActionsTest-618899841-project-member] Matched version: v2 {{(pid=99761) process_request /opt/stack/glance/glance/api/middleware/version_negotiation.py:69}}
Aug 26 03:55:39.177189 np0000008132 devstack@g-api.service[99761]: DEBUG glance.api.middleware.version_negotiation [None req-9a5062e4-67cf-4983-9b28-e21b90aba58c tempest-VolumesActionsTest-618899841 tempest-VolumesActionsTest-618899841-project-member] new path /v2/schemas/image {{(pid=99761) process_request /opt/stack/glance/glance/api/middleware/version_negotiation.py:70}}
Aug 26 03:55:39.180850 np0000008132 devstack@g-api.service[99761]: [pid: 99761|app: 0|req: 40/111] 127.0.0.1 () {44 vars in 1055 bytes} [Wed Aug 26 03:55:39 2026] GET /v2/schemas/image => generated 6083 bytes in 5 msecs (HTTP/1.1 200) 4 headers in 158 bytes (1 switches on core 0)
Aug 26 03:55:40.042926 np0000008132 devstack@g-api.service[99760]: DEBUG glance.api.middleware.version_negotiation [None req-1e77c757-c6a8-4ac3-bcec-4bfa4256d466 tempest-ServerActionsTestOtherA-569965425 tempest-ServerActionsTestOtherA-569965425-project-member] Determining version of request: GET /v2/images/34665857-f305-4ab4-aa50-b2a0c87432b9 Accept: application/json {{(pid=99760) process_request /opt/stack/glance/glance/api/middleware/version_negotiation.py:44}}
Aug 26 03:55:40.042926 np0000008132 devstack@g-api.service[99760]: DEBUG glance.api.middleware.version_negotiation [None req-1e77c757-c6a8-4ac3-bcec-4bfa4256d466 tempest-ServerActionsTestOtherA-569965425 tempest-ServerActionsTestOtherA-569965425-project-member] Using url versioning {{(pid=99760) process_request /opt/stack/glance/glance/api/middleware/version_negotiation.py:57}}
Aug 26 03:55:40.043378 np0000008132 devstack@g-api.service[99760]: DEBUG glance.api.middleware.version_negotiation [None req-1e77c757-c6a8-4ac3-bcec-4bfa4256d466 tempest-ServerActionsTestOtherA-569965425 tempest-ServerActionsTestOtherA-569965425-project-member] Matched version: v2 {{(pid=99760) process_request /opt/stack/glance/glance/api/middleware/version_negotiation.py:69}}
Aug 26 03:55:40.043378 np0000008132 devstack@g-api.service[99760]: DEBUG glance.api.middleware.version_negotiation [None req-1e77c757-c6a8-4ac3-bcec-4bfa4256d466 tempest-ServerActionsTestOtherA-569965425 tempest-ServerActionsTestOtherA-569965425-project-member] new path /v2/images/34665857-f305-4ab4-aa50-b2a0c87432b9 {{(pid=99760) process_request /opt/stack/glance/glance/api/middleware/version_negotiation.py:70}}
Aug 26 03:55:40.065775 np0000008132 devstack@g-api.service[99760]: [pid: 99760|app: 0|req: 39/112] 127.0.0.1 () {40 vars in 838 bytes} [Wed Aug 26 03:55:40 2026] GET /v2/images/34665857-f305-4ab4-aa50-b2a0c87432b9 => generated 649 bytes in 23 msecs (HTTP/1.1 200) 4 headers in 157 bytes (1 switches on core 0)
Aug 26 03:55:40.464823 np0000008132 devstack@g-api.service[99762]: DEBUG swiftclient [None req-a239f644-d8a7-43e7-b91c-8b6ceb493657 tempest-VolumesActionsTest-618899841 tempest-VolumesActionsTest-618899841-project-member] REQ: curl -i https://10.4.3.229:8080/v1/AUTH_212ee49ba1c043cfbc0b6e5d3e3ada7d/glance/34665857-f305-4ab4-aa50-b2a0c87432b9-00005 -X PUT -H "X-Auth-Token: gAAAAABqjmOvWM4C..." {{(pid=99762) http_log /opt/stack/data/venv/lib/python3.12/site-packages/swiftclient/client.py:160}}
Aug 26 03:55:40.465146 np0000008132 devstack@g-api.service[99762]: DEBUG swiftclient [None req-a239f644-d8a7-43e7-b91c-8b6ceb493657 tempest-VolumesActionsTest-618899841 tempest-VolumesActionsTest-618899841-project-member] RESP STATUS: 201 Created {{(pid=99762) http_log /opt/stack/data/venv/lib/python3.12/site-packages/swiftclient/client.py:161}}
Aug 26 03:55:40.465146 np0000008132 devstack@g-api.service[99762]: DEBUG swiftclient [None req-a239f644-d8a7-43e7-b91c-8b6ceb493657 tempest-VolumesActionsTest-618899841 tempest-VolumesActionsTest-618899841-project-member] RESP HEADERS: {'Date': 'Wed, 26 Aug 2026 03:55:40 GMT', 'Server': 'Apache/2.4.58 (Ubuntu)', 'Content-Type': 'text/html; charset=UTF-8', 'Content-Length': '0', 'Etag': 'eda9a9889837ac4bc81d6387d92c1bec', 'Last-Modified': 'Wed, 26 Aug 2026 03:55:39 GMT', 'X-Trans-Id': 'txc9d5bcac40254478beb0f-006a8e63ba', 'X-Openstack-Request-Id': 'txc9d5bcac40254478beb0f-006a8e63ba', 'Connection': 'close'} {{(pid=99762) http_log /opt/stack/data/venv/lib/python3.12/site-packages/swiftclient/client.py:162}}
Aug 26 03:55:40.465287 np0000008132 devstack@g-api.service[99762]: DEBUG glance_store._drivers.swift.store [None req-a239f644-d8a7-43e7-b91c-8b6ceb493657 tempest-VolumesActionsTest-618899841 tempest-VolumesActionsTest-618899841-project-member] Wrote chunk 34665857-f305-4ab4-aa50-b2a0c87432b9-00005 (5/?) of length 204800000 to Swift returning MD5 of content: eda9a9889837ac4bc81d6387d92c1bec {{(pid=99762) add /opt/stack/data/venv/lib/python3.12/site-packages/glance_store/_drivers/swift/store.py:1059}}
Aug 26 03:55:41.076136 np0000008132 devstack@g-api.service[99761]: DEBUG glance.api.middleware.version_negotiation [None req-1e77c757-c6a8-4ac3-bcec-4bfa4256d466 tempest-ServerActionsTestOtherA-569965425 tempest-ServerActionsTestOtherA-569965425-project-member] Determining version of request: GET /v2/images/34665857-f305-4ab4-aa50-b2a0c87432b9 Accept: application/json {{(pid=99761) process_request /opt/stack/glance/glance/api/middleware/version_negotiation.py:44}}
Aug 26 03:55:41.076662 np0000008132 devstack@g-api.service[99761]: DEBUG glance.api.middleware.version_negotiation [None req-1e77c757-c6a8-4ac3-bcec-4bfa4256d466 tempest-ServerActionsTestOtherA-569965425 tempest-ServerActionsTestOtherA-569965425-project-member] Using url versioning {{(pid=99761) process_request /opt/stack/glance/glance/api/middleware/version_negotiation.py:57}}
Aug 26 03:55:41.076662 np0000008132 devstack@g-api.service[99761]: DEBUG glance.api.middleware.version_negotiation [None req-1e77c757-c6a8-4ac3-bcec-4bfa4256d466 tempest-ServerActionsTestOtherA-569965425 tempest-ServerActionsTestOtherA-569965425-project-member] Matched version: v2 {{(pid=99761) process_request /opt/stack/glance/glance/api/middleware/version_negotiation.py:69}}
Aug 26 03:55:41.076662 np0000008132 devstack@g-api.service[99761]: DEBUG glance.api.middleware.version_negotiation [None req-1e77c757-c6a8-4ac3-bcec-4bfa4256d466 tempest-ServerActionsTestOtherA-569965425 tempest-ServerActionsTestOtherA-569965425-project-member] new path /v2/images/34665857-f305-4ab4-aa50-b2a0c87432b9 {{(pid=99761) process_request /opt/stack/glance/glance/api/middleware/version_negotiation.py:70}}
Aug 26 03:55:41.089414 np0000008132 devstack@g-api.service[99761]: [pid: 99761|app: 0|req: 41/113] 127.0.0.1 () {40 vars in 838 bytes} [Wed Aug 26 03:55:41 2026] GET /v2/images/34665857-f305-4ab4-aa50-b2a0c87432b9 => generated 649 bytes in 13 msecs (HTTP/1.1 200) 4 headers in 157 bytes (1 switches on core 0)
Aug 26 03:55:41.094102 np0000008132 devstack@g-api.service[99762]: DEBUG swiftclient [None req-a239f644-d8a7-43e7-b91c-8b6ceb493657 tempest-VolumesActionsTest-618899841 tempest-VolumesActionsTest-618899841-project-member] REQ: curl -i https://10.4.3.229:8080/v1/AUTH_212ee49ba1c043cfbc0b6e5d3e3ada7d/glance/34665857-f305-4ab4-aa50-b2a0c87432b9-00006 -X PUT -H "X-Auth-Token: gAAAAABqjmOvWM4C..." {{(pid=99762) http_log /opt/stack/data/venv/lib/python3.12/site-packages/swiftclient/client.py:160}}
Aug 26 03:55:41.094211 np0000008132 devstack@g-api.service[99762]: DEBUG swiftclient [None req-a239f644-d8a7-43e7-b91c-8b6ceb493657 tempest-VolumesActionsTest-618899841 tempest-VolumesActionsTest-618899841-project-member] RESP STATUS: 201 Created {{(pid=99762) http_log /opt/stack/data/venv/lib/python3.12/site-packages/swiftclient/client.py:161}}
Aug 26 03:55:41.094367 np0000008132 devstack@g-api.service[99762]: DEBUG swiftclient [None req-a239f644-d8a7-43e7-b91c-8b6ceb493657 tempest-VolumesActionsTest-618899841 tempest-VolumesActionsTest-618899841-project-member] RESP HEADERS: {'Date': 'Wed, 26 Aug 2026 03:55:41 GMT', 'Server': 'Apache/2.4.58 (Ubuntu)', 'Content-Type': 'text/html; charset=UTF-8', 'Content-Length': '0', 'Etag': '708761f3b8777ec77058e63da08eeeb6', 'Last-Modified': 'Wed, 26 Aug 2026 03:55:41 GMT', 'X-Trans-Id': 'txe1839688551d4ebe8a67e-006a8e63bc', 'X-Openstack-Request-Id': 'txe1839688551d4ebe8a67e-006a8e63bc', 'Connection': 'close'} {{(pid=99762) http_log /opt/stack/data/venv/lib/python3.12/site-packages/swiftclient/client.py:162}}
Aug 26 03:55:41.094447 np0000008132 devstack@g-api.service[99762]: DEBUG glance_store._drivers.swift.store [None req-a239f644-d8a7-43e7-b91c-8b6ceb493657 tempest-VolumesActionsTest-618899841 tempest-VolumesActionsTest-618899841-project-member] Wrote chunk 34665857-f305-4ab4-aa50-b2a0c87432b9-00006 (6/?) of length 49741824 to Swift returning MD5 of content: 708761f3b8777ec77058e63da08eeeb6 {{(pid=99762) add /opt/stack/data/venv/lib/python3.12/site-packages/glance_store/_drivers/swift/store.py:1059}}
Aug 26 03:55:41.095588 np0000008132 devstack@g-api.service[99762]: DEBUG glance_store._drivers.swift.store [None req-a239f644-d8a7-43e7-b91c-8b6ceb493657 tempest-VolumesActionsTest-618899841 tempest-VolumesActionsTest-618899841-project-member] Not writing zero-length chunk. {{(pid=99762) add /opt/stack/data/venv/lib/python3.12/site-packages/glance_store/_drivers/swift/store.py:1028}}
Aug 26 03:55:41.135638 np0000008132 devstack@g-api.service[99762]: DEBUG swiftclient [None req-a239f644-d8a7-43e7-b91c-8b6ceb493657 tempest-VolumesActionsTest-618899841 tempest-VolumesActionsTest-618899841-project-member] REQ: curl -i https://10.4.3.229:8080/v1/AUTH_212ee49ba1c043cfbc0b6e5d3e3ada7d/glance/34665857-f305-4ab4-aa50-b2a0c87432b9 -X PUT -H "X-Object-Manifest: glance/34665857-f305-4ab4-aa50-b2a0c87432b9-" -H "X-Auth-Token: gAAAAABqjmOvWM4C..." -H "Content-Length: 0" {{(pid=99762) http_log /opt/stack/data/venv/lib/python3.12/site-packages/swiftclient/client.py:160}}
Aug 26 03:55:41.135831 np0000008132 devstack@g-api.service[99762]: DEBUG swiftclient [None req-a239f644-d8a7-43e7-b91c-8b6ceb493657 tempest-VolumesActionsTest-618899841 tempest-VolumesActionsTest-618899841-project-member] RESP STATUS: 201 Created {{(pid=99762) http_log /opt/stack/data/venv/lib/python3.12/site-packages/swiftclient/client.py:161}}
Aug 26 03:55:41.136060 np0000008132 devstack@g-api.service[99762]: DEBUG swiftclient [None req-a239f644-d8a7-43e7-b91c-8b6ceb493657 tempest-VolumesActionsTest-618899841 tempest-VolumesActionsTest-618899841-project-member] RESP HEADERS: {'Date': 'Wed, 26 Aug 2026 03:55:41 GMT', 'Server': 'Apache/2.4.58 (Ubuntu)', 'Content-Type': 'text/html; charset=UTF-8', 'Content-Length': '0', 'Etag': 'd41d8cd98f00b204e9800998ecf8427e', 'Last-Modified': 'Wed, 26 Aug 2026 03:55:42 GMT', 'X-Trans-Id': 'tx0d1a99a5954e4ae586102-006a8e63bd', 'X-Openstack-Request-Id': 'tx0d1a99a5954e4ae586102-006a8e63bd', 'Connection': 'close'} {{(pid=99762) http_log /opt/stack/data/venv/lib/python3.12/site-packages/swiftclient/client.py:162}}
Aug 26 03:55:41.136958 np0000008132 devstack@g-api.service[99762]: INFO glance.location [None req-a239f644-d8a7-43e7-b91c-8b6ceb493657 tempest-VolumesActionsTest-618899841 tempest-VolumesActionsTest-618899841-project-member] Image format matched and virtual size computed: 1073741824
Aug 26 03:55:41.185324 np0000008132 devstack@g-api.service[99762]: DEBUG glance_store.backend [None req-a239f644-d8a7-43e7-b91c-8b6ceb493657 tempest-VolumesActionsTest-618899841 tempest-VolumesActionsTest-618899841-project-member] Attempting to import store swift {{(pid=99762) _load_store /opt/stack/data/venv/lib/python3.12/site-packages/glance_store/backend.py:215}}
Aug 26 03:55:41.189619 np0000008132 devstack@g-api.service[99762]: DEBUG glance_store.capabilities [None req-a239f644-d8a7-43e7-b91c-8b6ceb493657 tempest-VolumesActionsTest-618899841 tempest-VolumesActionsTest-618899841-project-member] Store glance_store._drivers.swift.store.SingleTenantStore doesn't support updating dynamic storage capabilities. Please overwrite 'update_capabilities' method of the store to implement updating logics if needed. {{(pid=99762) update_capabilities /opt/stack/data/venv/lib/python3.12/site-packages/glance_store/capabilities.py:91}}
Aug 26 03:55:41.189619 np0000008132 devstack@g-api.service[99762]: DEBUG glance_store.driver [None req-a239f644-d8a7-43e7-b91c-8b6ceb493657 tempest-VolumesActionsTest-618899841 tempest-VolumesActionsTest-618899841-project-member] Late loading location class glance_store._drivers.swift.store.StoreLocation {{(pid=99762) get_store_location_class /opt/stack/data/venv/lib/python3.12/site-packages/glance_store/driver.py:134}}
Aug 26 03:55:41.189619 np0000008132 devstack@g-api.service[99762]: DEBUG glance_store.location [None req-a239f644-d8a7-43e7-b91c-8b6ceb493657 tempest-VolumesActionsTest-618899841 tempest-VolumesActionsTest-618899841-project-member] Registering scheme swift+https with {'store': , 'location_class': , 'store_entry': 'swift'} {{(pid=99762) register_scheme_map /opt/stack/data/venv/lib/python3.12/site-packages/glance_store/location.py:146}}
Aug 26 03:55:41.189619 np0000008132 devstack@g-api.service[99762]: DEBUG glance_store.location [None req-a239f644-d8a7-43e7-b91c-8b6ceb493657 tempest-VolumesActionsTest-618899841 tempest-VolumesActionsTest-618899841-project-member] Registering scheme swift+https with {'store': , 'location_class': , 'store_entry': 'swift'} {{(pid=99762) register_scheme_map /opt/stack/data/venv/lib/python3.12/site-packages/glance_store/location.py:146}}
Aug 26 03:55:41.189619 np0000008132 devstack@g-api.service[99762]: DEBUG glance_store.location [None req-a239f644-d8a7-43e7-b91c-8b6ceb493657 tempest-VolumesActionsTest-618899841 tempest-VolumesActionsTest-618899841-project-member] Registering scheme swift with {'store': , 'location_class': , 'store_entry': 'swift'} {{(pid=99762) register_scheme_map /opt/stack/data/venv/lib/python3.12/site-packages/glance_store/location.py:146}}
Aug 26 03:55:41.189619 np0000008132 devstack@g-api.service[99762]: DEBUG glance_store.location [None req-a239f644-d8a7-43e7-b91c-8b6ceb493657 tempest-VolumesActionsTest-618899841 tempest-VolumesActionsTest-618899841-project-member] Registering scheme swift+https with {'store': , 'location_class': , 'store_entry': 'swift'} {{(pid=99762) register_scheme_map /opt/stack/data/venv/lib/python3.12/site-packages/glance_store/location.py:146}}
Aug 26 03:55:41.189619 np0000008132 devstack@g-api.service[99762]: DEBUG glance_store.location [None req-a239f644-d8a7-43e7-b91c-8b6ceb493657 tempest-VolumesActionsTest-618899841 tempest-VolumesActionsTest-618899841-project-member] Registering scheme swift with {'store': , 'location_class': , 'store_entry': 'swift'} {{(pid=99762) register_scheme_map /opt/stack/data/venv/lib/python3.12/site-packages/glance_store/location.py:146}}
Aug 26 03:55:41.189619 np0000008132 devstack@g-api.service[99762]: DEBUG glance_store.location [None req-a239f644-d8a7-43e7-b91c-8b6ceb493657 tempest-VolumesActionsTest-618899841 tempest-VolumesActionsTest-618899841-project-member] Registering scheme swift+http with {'store': , 'location_class': , 'store_entry': 'swift'} {{(pid=99762) register_scheme_map /opt/stack/data/venv/lib/python3.12/site-packages/glance_store/location.py:146}}
Aug 26 03:55:41.190253 np0000008132 devstack@g-api.service[99762]: DEBUG glance_store.location [None req-a239f644-d8a7-43e7-b91c-8b6ceb493657 tempest-VolumesActionsTest-618899841 tempest-VolumesActionsTest-618899841-project-member] Registering scheme swift+https with {'store': , 'location_class': , 'store_entry': 'swift'} {{(pid=99762) register_scheme_map /opt/stack/data/venv/lib/python3.12/site-packages/glance_store/location.py:146}}
Aug 26 03:55:41.190447 np0000008132 devstack@g-api.service[99762]: DEBUG glance_store.location [None req-a239f644-d8a7-43e7-b91c-8b6ceb493657 tempest-VolumesActionsTest-618899841 tempest-VolumesActionsTest-618899841-project-member] Registering scheme swift with {'store': , 'location_class': , 'store_entry': 'swift'} {{(pid=99762) register_scheme_map /opt/stack/data/venv/lib/python3.12/site-packages/glance_store/location.py:146}}
Aug 26 03:55:41.190580 np0000008132 devstack@g-api.service[99762]: DEBUG glance_store.location [None req-a239f644-d8a7-43e7-b91c-8b6ceb493657 tempest-VolumesActionsTest-618899841 tempest-VolumesActionsTest-618899841-project-member] Registering scheme swift+http with {'store': , 'location_class': , 'store_entry': 'swift'} {{(pid=99762) register_scheme_map /opt/stack/data/venv/lib/python3.12/site-packages/glance_store/location.py:146}}
Aug 26 03:55:41.190734 np0000008132 devstack@g-api.service[99762]: DEBUG glance_store.location [None req-a239f644-d8a7-43e7-b91c-8b6ceb493657 tempest-VolumesActionsTest-618899841 tempest-VolumesActionsTest-618899841-project-member] Registering scheme swift+config with {'store': , 'location_class': , 'store_entry': 'swift'} {{(pid=99762) register_scheme_map /opt/stack/data/venv/lib/python3.12/site-packages/glance_store/location.py:146}}
Aug 26 03:55:41.190919 np0000008132 devstack@g-api.service[99762]: DEBUG glance_store.backend [None req-a239f644-d8a7-43e7-b91c-8b6ceb493657 tempest-VolumesActionsTest-618899841 tempest-VolumesActionsTest-618899841-project-member] Skipping store.set_acls... not implemented. {{(pid=99762) set_acls /opt/stack/data/venv/lib/python3.12/site-packages/glance_store/backend.py:507}}
Aug 26 03:55:41.193099 np0000008132 devstack@g-api.service[99762]: [pid: 99762|app: 0|req: 34/114] 127.0.0.1 () {46 vars in 1158 bytes} [Wed Aug 26 03:55:25 2026] PUT /v2/images/34665857-f305-4ab4-aa50-b2a0c87432b9/file => generated 0 bytes in 15264 msecs (HTTP/1.1 204) 4 headers in 171 bytes (1 switches on core 0)
Aug 26 03:55:41.208305 np0000008132 devstack@g-api.service[99760]: DEBUG glance.api.middleware.version_negotiation [None req-cfcdc539-828b-45fb-9ae4-c0c33b3a6ca8 tempest-VolumesActionsTest-618899841 tempest-VolumesActionsTest-618899841-project-member] Determining version of request: GET /v2/images/34665857-f305-4ab4-aa50-b2a0c87432b9 Accept: */* {{(pid=99760) process_request /opt/stack/glance/glance/api/middleware/version_negotiation.py:44}}
Aug 26 03:55:41.208872 np0000008132 devstack@g-api.service[99760]: DEBUG glance.api.middleware.version_negotiation [None req-cfcdc539-828b-45fb-9ae4-c0c33b3a6ca8 tempest-VolumesActionsTest-618899841 tempest-VolumesActionsTest-618899841-project-member] Using url versioning {{(pid=99760) process_request /opt/stack/glance/glance/api/middleware/version_negotiation.py:57}}
Aug 26 03:55:41.208872 np0000008132 devstack@g-api.service[99760]: DEBUG glance.api.middleware.version_negotiation [None req-cfcdc539-828b-45fb-9ae4-c0c33b3a6ca8 tempest-VolumesActionsTest-618899841 tempest-VolumesActionsTest-618899841-project-member] Matched version: v2 {{(pid=99760) process_request /opt/stack/glance/glance/api/middleware/version_negotiation.py:69}}
Aug 26 03:55:41.208872 np0000008132 devstack@g-api.service[99760]: DEBUG glance.api.middleware.version_negotiation [None req-cfcdc539-828b-45fb-9ae4-c0c33b3a6ca8 tempest-VolumesActionsTest-618899841 tempest-VolumesActionsTest-618899841-project-member] new path /v2/images/34665857-f305-4ab4-aa50-b2a0c87432b9 {{(pid=99760) process_request /opt/stack/glance/glance/api/middleware/version_negotiation.py:70}}
Aug 26 03:55:41.222298 np0000008132 devstack@g-api.service[99760]: [pid: 99760|app: 0|req: 40/115] 127.0.0.1 () {44 vars in 1115 bytes} [Wed Aug 26 03:55:41 2026] GET /v2/images/34665857-f305-4ab4-aa50-b2a0c87432b9 => generated 821 bytes in 14 msecs (HTTP/1.1 200) 4 headers in 157 bytes (1 switches on core 0)
Aug 26 03:55:41.235678 np0000008132 devstack@g-api.service[99761]: DEBUG glance.api.middleware.version_negotiation [None req-6a4d2102-6305-49df-bc4b-50dda4b0fd8c tempest-VolumesActionsTest-618899841 tempest-VolumesActionsTest-618899841-project-member] Determining version of request: GET /v2/schemas/image Accept: */* {{(pid=99761) process_request /opt/stack/glance/glance/api/middleware/version_negotiation.py:44}}
Aug 26 03:55:41.235895 np0000008132 devstack@g-api.service[99761]: DEBUG glance.api.middleware.version_negotiation [None req-6a4d2102-6305-49df-bc4b-50dda4b0fd8c tempest-VolumesActionsTest-618899841 tempest-VolumesActionsTest-618899841-project-member] Using url versioning {{(pid=99761) process_request /opt/stack/glance/glance/api/middleware/version_negotiation.py:57}}
