Jun 27 17:16:33.969999 np0000003839 devstack@g-api.service[99576]: DEBUG glance.api.middleware.version_negotiation [None req-25cf3382-cbb3-47a8-8093-cfea7fc8f36a tempest-VolumesBackupsTest-950674427 tempest-VolumesBackupsTest-950674427-project-member] Using url versioning {{(pid=99576) process_request /opt/stack/glance/glance/api/middleware/version_negotiation.py:57}}
Jun 27 17:16:33.970185 np0000003839 devstack@g-api.service[99576]: DEBUG glance.api.middleware.version_negotiation [None req-25cf3382-cbb3-47a8-8093-cfea7fc8f36a tempest-VolumesBackupsTest-950674427 tempest-VolumesBackupsTest-950674427-project-member] Matched version: v2 {{(pid=99576) process_request /opt/stack/glance/glance/api/middleware/version_negotiation.py:69}}
Jun 27 17:16:33.970355 np0000003839 devstack@g-api.service[99576]: DEBUG glance.api.middleware.version_negotiation [None req-25cf3382-cbb3-47a8-8093-cfea7fc8f36a tempest-VolumesBackupsTest-950674427 tempest-VolumesBackupsTest-950674427-project-member] new path /v2/schemas/image {{(pid=99576) process_request /opt/stack/glance/glance/api/middleware/version_negotiation.py:70}}
Jun 27 17:16:33.973297 np0000003839 devstack@g-api.service[99576]: [pid: 99576|app: 0|req: 117/343] 127.0.0.1 () {44 vars in 1055 bytes} [Sat Jun 27 17:16:33 2026] GET /v2/schemas/image => generated 6083 bytes in 4 msecs (HTTP/1.1 200) 4 headers in 158 bytes (1 switches on core 0)
Jun 27 17:16:33.984921 np0000003839 devstack@g-api.service[99577]: DEBUG glance.api.middleware.version_negotiation [None req-25cf3382-cbb3-47a8-8093-cfea7fc8f36a tempest-VolumesBackupsTest-950674427 tempest-VolumesBackupsTest-950674427-project-member] Determining version of request: GET /v2/schemas/image Accept: */* {{(pid=99577) process_request /opt/stack/glance/glance/api/middleware/version_negotiation.py:44}}
Jun 27 17:16:33.985195 np0000003839 devstack@g-api.service[99577]: DEBUG glance.api.middleware.version_negotiation [None req-25cf3382-cbb3-47a8-8093-cfea7fc8f36a tempest-VolumesBackupsTest-950674427 tempest-VolumesBackupsTest-950674427-project-member] Using url versioning {{(pid=99577) process_request /opt/stack/glance/glance/api/middleware/version_negotiation.py:57}}
Jun 27 17:16:33.985395 np0000003839 devstack@g-api.service[99577]: DEBUG glance.api.middleware.version_negotiation [None req-25cf3382-cbb3-47a8-8093-cfea7fc8f36a tempest-VolumesBackupsTest-950674427 tempest-VolumesBackupsTest-950674427-project-member] Matched version: v2 {{(pid=99577) process_request /opt/stack/glance/glance/api/middleware/version_negotiation.py:69}}
Jun 27 17:16:33.985485 np0000003839 devstack@g-api.service[99577]: DEBUG glance.api.middleware.version_negotiation [None req-25cf3382-cbb3-47a8-8093-cfea7fc8f36a tempest-VolumesBackupsTest-950674427 tempest-VolumesBackupsTest-950674427-project-member] new path /v2/schemas/image {{(pid=99577) process_request /opt/stack/glance/glance/api/middleware/version_negotiation.py:70}}
Jun 27 17:16:33.988105 np0000003839 devstack@g-api.service[99577]: [pid: 99577|app: 0|req: 112/344] 127.0.0.1 () {44 vars in 1055 bytes} [Sat Jun 27 17:16:33 2026] GET /v2/schemas/image => generated 6083 bytes in 3 msecs (HTTP/1.1 200) 4 headers in 158 bytes (1 switches on core 0)
Jun 27 17:16:34.011422 np0000003839 devstack@g-api.service[99575]: DEBUG glance.api.middleware.version_negotiation [None req-a586f58b-d927-44db-bd2f-4888ce75c1f9 tempest-AttachVolumeShelveTestJSON-1018193766 tempest-AttachVolumeShelveTestJSON-1018193766-project-member] Determining version of request: GET /v2/schemas/image Accept: */* {{(pid=99575) process_request /opt/stack/glance/glance/api/middleware/version_negotiation.py:44}}
Jun 27 17:16:34.011706 np0000003839 devstack@g-api.service[99575]: DEBUG glance.api.middleware.version_negotiation [None req-a586f58b-d927-44db-bd2f-4888ce75c1f9 tempest-AttachVolumeShelveTestJSON-1018193766 tempest-AttachVolumeShelveTestJSON-1018193766-project-member] Using url versioning {{(pid=99575) process_request /opt/stack/glance/glance/api/middleware/version_negotiation.py:57}}
Jun 27 17:16:34.011906 np0000003839 devstack@g-api.service[99575]: DEBUG glance.api.middleware.version_negotiation [None req-a586f58b-d927-44db-bd2f-4888ce75c1f9 tempest-AttachVolumeShelveTestJSON-1018193766 tempest-AttachVolumeShelveTestJSON-1018193766-project-member] Matched version: v2 {{(pid=99575) process_request /opt/stack/glance/glance/api/middleware/version_negotiation.py:69}}
Jun 27 17:16:34.012038 np0000003839 devstack@g-api.service[99575]: DEBUG glance.api.middleware.version_negotiation [None req-a586f58b-d927-44db-bd2f-4888ce75c1f9 tempest-AttachVolumeShelveTestJSON-1018193766 tempest-AttachVolumeShelveTestJSON-1018193766-project-member] new path /v2/schemas/image {{(pid=99575) process_request /opt/stack/glance/glance/api/middleware/version_negotiation.py:70}}
Jun 27 17:16:34.014922 np0000003839 devstack@g-api.service[99575]: [pid: 99575|app: 0|req: 116/345] 127.0.0.1 () {44 vars in 1055 bytes} [Sat Jun 27 17:16:34 2026] GET /v2/schemas/image => generated 6083 bytes in 3 msecs (HTTP/1.1 200) 4 headers in 158 bytes (1 switches on core 0)
Jun 27 17:16:34.016492 np0000003839 devstack@g-api.service[99576]: DEBUG glance.api.middleware.version_negotiation [None req-25cf3382-cbb3-47a8-8093-cfea7fc8f36a tempest-VolumesBackupsTest-950674427 tempest-VolumesBackupsTest-950674427-project-member] Determining version of request: GET /v2/images/b518123b-9cc1-481b-b4d7-9d78e4c26502 Accept: */* {{(pid=99576) process_request /opt/stack/glance/glance/api/middleware/version_negotiation.py:44}}
Jun 27 17:16:34.017101 np0000003839 devstack@g-api.service[99576]: DEBUG glance.api.middleware.version_negotiation [None req-25cf3382-cbb3-47a8-8093-cfea7fc8f36a tempest-VolumesBackupsTest-950674427 tempest-VolumesBackupsTest-950674427-project-member] Using url versioning {{(pid=99576) process_request /opt/stack/glance/glance/api/middleware/version_negotiation.py:57}}
Jun 27 17:16:34.017101 np0000003839 devstack@g-api.service[99576]: DEBUG glance.api.middleware.version_negotiation [None req-25cf3382-cbb3-47a8-8093-cfea7fc8f36a tempest-VolumesBackupsTest-950674427 tempest-VolumesBackupsTest-950674427-project-member] Matched version: v2 {{(pid=99576) process_request /opt/stack/glance/glance/api/middleware/version_negotiation.py:69}}
Jun 27 17:16:34.017101 np0000003839 devstack@g-api.service[99576]: DEBUG glance.api.middleware.version_negotiation [None req-25cf3382-cbb3-47a8-8093-cfea7fc8f36a tempest-VolumesBackupsTest-950674427 tempest-VolumesBackupsTest-950674427-project-member] new path /v2/images/b518123b-9cc1-481b-b4d7-9d78e4c26502 {{(pid=99576) process_request /opt/stack/glance/glance/api/middleware/version_negotiation.py:70}}
Jun 27 17:16:34.042024 np0000003839 devstack@g-api.service[99576]: [pid: 99576|app: 0|req: 118/346] 127.0.0.1 () {44 vars in 1115 bytes} [Sat Jun 27 17:16:34 2026] GET /v2/images/b518123b-9cc1-481b-b4d7-9d78e4c26502 => generated 1044 bytes in 25 msecs (HTTP/1.1 200) 4 headers in 158 bytes (1 switches on core 0)
Jun 27 17:16:34.055717 np0000003839 devstack@g-api.service[99577]: DEBUG glance.api.middleware.version_negotiation [None req-25cf3382-cbb3-47a8-8093-cfea7fc8f36a tempest-VolumesBackupsTest-950674427 tempest-VolumesBackupsTest-950674427-project-member] Determining version of request: GET /v2/schemas/image Accept: */* {{(pid=99577) process_request /opt/stack/glance/glance/api/middleware/version_negotiation.py:44}}
Jun 27 17:16:34.055867 np0000003839 devstack@g-api.service[99577]: DEBUG glance.api.middleware.version_negotiation [None req-25cf3382-cbb3-47a8-8093-cfea7fc8f36a tempest-VolumesBackupsTest-950674427 tempest-VolumesBackupsTest-950674427-project-member] Using url versioning {{(pid=99577) process_request /opt/stack/glance/glance/api/middleware/version_negotiation.py:57}}
Jun 27 17:16:34.055977 np0000003839 devstack@g-api.service[99577]: DEBUG glance.api.middleware.version_negotiation [None req-25cf3382-cbb3-47a8-8093-cfea7fc8f36a tempest-VolumesBackupsTest-950674427 tempest-VolumesBackupsTest-950674427-project-member] Matched version: v2 {{(pid=99577) process_request /opt/stack/glance/glance/api/middleware/version_negotiation.py:69}}
Jun 27 17:16:34.056077 np0000003839 devstack@g-api.service[99577]: DEBUG glance.api.middleware.version_negotiation [None req-25cf3382-cbb3-47a8-8093-cfea7fc8f36a tempest-VolumesBackupsTest-950674427 tempest-VolumesBackupsTest-950674427-project-member] new path /v2/schemas/image {{(pid=99577) process_request /opt/stack/glance/glance/api/middleware/version_negotiation.py:70}}
Jun 27 17:16:34.059149 np0000003839 devstack@g-api.service[99577]: [pid: 99577|app: 0|req: 113/347] 127.0.0.1 () {44 vars in 1055 bytes} [Sat Jun 27 17:16:34 2026] GET /v2/schemas/image => generated 6083 bytes in 3 msecs (HTTP/1.1 200) 4 headers in 158 bytes (1 switches on core 0)
Jun 27 17:16:34.683209 np0000003839 devstack@g-api.service[99575]: DEBUG glance.api.middleware.version_negotiation [None req-a586f58b-d927-44db-bd2f-4888ce75c1f9 tempest-AttachVolumeShelveTestJSON-1018193766 tempest-AttachVolumeShelveTestJSON-1018193766-project-member] Determining version of request: GET /versions Accept: */* {{(pid=99575) process_request /opt/stack/glance/glance/api/middleware/version_negotiation.py:44}}
Jun 27 17:16:34.683893 np0000003839 devstack@g-api.service[99575]: [pid: 99575|app: 0|req: 117/348] 127.0.0.1 () {44 vars in 1039 bytes} [Sat Jun 27 17:16:34 2026] GET /versions => generated 1407 bytes in 1 msecs (HTTP/1.1 200) 3 headers in 92 bytes (1 switches on core 0)
Jun 27 17:16:34.690703 np0000003839 devstack@g-api.service[99576]: DEBUG glance.api.middleware.version_negotiation [None req-25cf3382-cbb3-47a8-8093-cfea7fc8f36a tempest-VolumesBackupsTest-950674427 tempest-VolumesBackupsTest-950674427-project-member] Determining version of request: GET /v2/images/b518123b-9cc1-481b-b4d7-9d78e4c26502/locations Accept: */* {{(pid=99576) process_request /opt/stack/glance/glance/api/middleware/version_negotiation.py:44}}
Jun 27 17:16:34.691019 np0000003839 devstack@g-api.service[99576]: DEBUG glance.api.middleware.version_negotiation [None req-25cf3382-cbb3-47a8-8093-cfea7fc8f36a tempest-VolumesBackupsTest-950674427 tempest-VolumesBackupsTest-950674427-project-member] Using url versioning {{(pid=99576) process_request /opt/stack/glance/glance/api/middleware/version_negotiation.py:57}}
Jun 27 17:16:34.691019 np0000003839 devstack@g-api.service[99576]: DEBUG glance.api.middleware.version_negotiation [None req-25cf3382-cbb3-47a8-8093-cfea7fc8f36a tempest-VolumesBackupsTest-950674427 tempest-VolumesBackupsTest-950674427-project-member] Matched version: v2 {{(pid=99576) process_request /opt/stack/glance/glance/api/middleware/version_negotiation.py:69}}
Jun 27 17:16:34.691019 np0000003839 devstack@g-api.service[99576]: DEBUG glance.api.middleware.version_negotiation [None req-25cf3382-cbb3-47a8-8093-cfea7fc8f36a tempest-VolumesBackupsTest-950674427 tempest-VolumesBackupsTest-950674427-project-member] new path /v2/images/b518123b-9cc1-481b-b4d7-9d78e4c26502/locations {{(pid=99576) process_request /opt/stack/glance/glance/api/middleware/version_negotiation.py:70}}
Jun 27 17:16:34.790824 np0000003839 devstack@g-api.service[99576]: [pid: 99576|app: 0|req: 119/349] 127.0.0.1 () {44 vars in 1135 bytes} [Sat Jun 27 17:16:34 2026] GET /v2/images/b518123b-9cc1-481b-b4d7-9d78e4c26502/locations => generated 92 bytes in 100 msecs (HTTP/1.1 200) 4 headers in 156 bytes (1 switches on core 0)
Jun 27 17:16:34.798178 np0000003839 devstack@g-api.service[99577]: DEBUG glance.api.middleware.version_negotiation [None req-25cf3382-cbb3-47a8-8093-cfea7fc8f36a tempest-VolumesBackupsTest-950674427 tempest-VolumesBackupsTest-950674427-project-member] Determining version of request: GET /v2/images/b518123b-9cc1-481b-b4d7-9d78e4c26502 Accept: */* {{(pid=99577) process_request /opt/stack/glance/glance/api/middleware/version_negotiation.py:44}}
Jun 27 17:16:34.798317 np0000003839 devstack@g-api.service[99577]: DEBUG glance.api.middleware.version_negotiation [None req-25cf3382-cbb3-47a8-8093-cfea7fc8f36a tempest-VolumesBackupsTest-950674427 tempest-VolumesBackupsTest-950674427-project-member] Using url versioning {{(pid=99577) process_request /opt/stack/glance/glance/api/middleware/version_negotiation.py:57}}
Jun 27 17:16:34.798478 np0000003839 devstack@g-api.service[99577]: DEBUG glance.api.middleware.version_negotiation [None req-25cf3382-cbb3-47a8-8093-cfea7fc8f36a tempest-VolumesBackupsTest-950674427 tempest-VolumesBackupsTest-950674427-project-member] Matched version: v2 {{(pid=99577) process_request /opt/stack/glance/glance/api/middleware/version_negotiation.py:69}}
Jun 27 17:16:34.798595 np0000003839 devstack@g-api.service[99577]: DEBUG glance.api.middleware.version_negotiation [None req-25cf3382-cbb3-47a8-8093-cfea7fc8f36a tempest-VolumesBackupsTest-950674427 tempest-VolumesBackupsTest-950674427-project-member] new path /v2/images/b518123b-9cc1-481b-b4d7-9d78e4c26502 {{(pid=99577) process_request /opt/stack/glance/glance/api/middleware/version_negotiation.py:70}}
Jun 27 17:16:34.807738 np0000003839 devstack@g-api.service[99577]: [pid: 99577|app: 0|req: 114/350] 127.0.0.1 () {44 vars in 1115 bytes} [Sat Jun 27 17:16:34 2026] GET /v2/images/b518123b-9cc1-481b-b4d7-9d78e4c26502 => generated 1044 bytes in 10 msecs (HTTP/1.1 200) 4 headers in 158 bytes (1 switches on core 0)
Jun 27 17:16:34.830510 np0000003839 devstack@g-api.service[99575]: DEBUG glance.api.middleware.version_negotiation [None req-a586f58b-d927-44db-bd2f-4888ce75c1f9 tempest-AttachVolumeShelveTestJSON-1018193766 tempest-AttachVolumeShelveTestJSON-1018193766-project-member] Determining version of request: GET /v2/schemas/image Accept: */* {{(pid=99575) process_request /opt/stack/glance/glance/api/middleware/version_negotiation.py:44}}
Jun 27 17:16:34.830920 np0000003839 devstack@g-api.service[99575]: DEBUG glance.api.middleware.version_negotiation [None req-a586f58b-d927-44db-bd2f-4888ce75c1f9 tempest-AttachVolumeShelveTestJSON-1018193766 tempest-AttachVolumeShelveTestJSON-1018193766-project-member] Using url versioning {{(pid=99575) process_request /opt/stack/glance/glance/api/middleware/version_negotiation.py:57}}
Jun 27 17:16:34.830920 np0000003839 devstack@g-api.service[99575]: DEBUG glance.api.middleware.version_negotiation [None req-a586f58b-d927-44db-bd2f-4888ce75c1f9 tempest-AttachVolumeShelveTestJSON-1018193766 tempest-AttachVolumeShelveTestJSON-1018193766-project-member] Matched version: v2 {{(pid=99575) process_request /opt/stack/glance/glance/api/middleware/version_negotiation.py:69}}
Jun 27 17:16:34.831618 np0000003839 devstack@g-api.service[99575]: DEBUG glance.api.middleware.version_negotiation [None req-a586f58b-d927-44db-bd2f-4888ce75c1f9 tempest-AttachVolumeShelveTestJSON-1018193766 tempest-AttachVolumeShelveTestJSON-1018193766-project-member] new path /v2/schemas/image {{(pid=99575) process_request /opt/stack/glance/glance/api/middleware/version_negotiation.py:70}}
Jun 27 17:16:34.833866 np0000003839 devstack@g-api.service[99575]: [pid: 99575|app: 0|req: 118/351] 127.0.0.1 () {44 vars in 1055 bytes} [Sat Jun 27 17:16:34 2026] GET /v2/schemas/image => generated 6083 bytes in 3 msecs (HTTP/1.1 200) 4 headers in 158 bytes (1 switches on core 0)
Jun 27 17:16:34.844092 np0000003839 devstack@g-api.service[99576]: DEBUG glance.api.middleware.version_negotiation [None req-25cf3382-cbb3-47a8-8093-cfea7fc8f36a service glance] Determining version of request: GET /v2/schemas/image Accept: */* {{(pid=99576) process_request /opt/stack/glance/glance/api/middleware/version_negotiation.py:44}}
Jun 27 17:16:34.844367 np0000003839 devstack@g-api.service[99576]: DEBUG glance.api.middleware.version_negotiation [None req-25cf3382-cbb3-47a8-8093-cfea7fc8f36a service glance] Using url versioning {{(pid=99576) process_request /opt/stack/glance/glance/api/middleware/version_negotiation.py:57}}
Jun 27 17:16:34.844567 np0000003839 devstack@g-api.service[99576]: DEBUG glance.api.middleware.version_negotiation [None req-25cf3382-cbb3-47a8-8093-cfea7fc8f36a service glance] Matched version: v2 {{(pid=99576) process_request /opt/stack/glance/glance/api/middleware/version_negotiation.py:69}}
Jun 27 17:16:34.844724 np0000003839 devstack@g-api.service[99576]: DEBUG glance.api.middleware.version_negotiation [None req-25cf3382-cbb3-47a8-8093-cfea7fc8f36a service glance] new path /v2/schemas/image {{(pid=99576) process_request /opt/stack/glance/glance/api/middleware/version_negotiation.py:70}}
Jun 27 17:16:34.847414 np0000003839 devstack@g-api.service[99576]: [pid: 99576|app: 0|req: 120/352] 127.0.0.1 () {44 vars in 1055 bytes} [Sat Jun 27 17:16:34 2026] GET /v2/schemas/image => generated 6083 bytes in 3 msecs (HTTP/1.1 200) 4 headers in 158 bytes (1 switches on core 0)
Jun 27 17:16:39.187321 np0000003839 devstack@g-api.service[99577]: DEBUG glance.api.middleware.version_negotiation [None req-25cf3382-cbb3-47a8-8093-cfea7fc8f36a tempest-VolumesBackupsTest-950674427 tempest-VolumesBackupsTest-950674427-project-member] Determining version of request: POST /v2/images Accept: application/json {{(pid=99577) process_request /opt/stack/glance/glance/api/middleware/version_negotiation.py:44}}
Jun 27 17:16:39.190211 np0000003839 devstack@g-api.service[99577]: DEBUG glance.api.middleware.version_negotiation [None req-25cf3382-cbb3-47a8-8093-cfea7fc8f36a tempest-VolumesBackupsTest-950674427 tempest-VolumesBackupsTest-950674427-project-member] Using url versioning {{(pid=99577) process_request /opt/stack/glance/glance/api/middleware/version_negotiation.py:57}}
Jun 27 17:16:39.190211 np0000003839 devstack@g-api.service[99577]: DEBUG glance.api.middleware.version_negotiation [None req-25cf3382-cbb3-47a8-8093-cfea7fc8f36a tempest-VolumesBackupsTest-950674427 tempest-VolumesBackupsTest-950674427-project-member] Matched version: v2 {{(pid=99577) process_request /opt/stack/glance/glance/api/middleware/version_negotiation.py:69}}
Jun 27 17:16:39.190211 np0000003839 devstack@g-api.service[99577]: DEBUG glance.api.middleware.version_negotiation [None req-25cf3382-cbb3-47a8-8093-cfea7fc8f36a tempest-VolumesBackupsTest-950674427 tempest-VolumesBackupsTest-950674427-project-member] new path /v2/images {{(pid=99577) process_request /opt/stack/glance/glance/api/middleware/version_negotiation.py:70}}
Jun 27 17:16:40.028483 np0000003839 devstack@g-api.service[99577]: [pid: 99577|app: 0|req: 115/353] 127.0.0.1 () {42 vars in 786 bytes} [Sat Jun 27 17:16:39 2026] POST /v2/images => generated 658 bytes in 841 msecs (HTTP/1.1 201) 6 headers in 315 bytes (1 switches on core 0)
Jun 27 17:16:40.043483 np0000003839 devstack@g-api.service[99575]: DEBUG glance.api.middleware.version_negotiation [None req-25cf3382-cbb3-47a8-8093-cfea7fc8f36a tempest-VolumesBackupsTest-950674427 tempest-VolumesBackupsTest-950674427-project-member] Determining version of request: PUT /v2/images/df5789fe-4f2e-44ab-aa85-f36c2b8ccb97/file Accept: {{(pid=99575) process_request /opt/stack/glance/glance/api/middleware/version_negotiation.py:44}}
Jun 27 17:16:40.043988 np0000003839 devstack@g-api.service[99575]: DEBUG glance.api.middleware.version_negotiation [None req-25cf3382-cbb3-47a8-8093-cfea7fc8f36a tempest-VolumesBackupsTest-950674427 tempest-VolumesBackupsTest-950674427-project-member] Using url versioning {{(pid=99575) process_request /opt/stack/glance/glance/api/middleware/version_negotiation.py:57}}
Jun 27 17:16:40.043988 np0000003839 devstack@g-api.service[99575]: DEBUG glance.api.middleware.version_negotiation [None req-25cf3382-cbb3-47a8-8093-cfea7fc8f36a tempest-VolumesBackupsTest-950674427 tempest-VolumesBackupsTest-950674427-project-member] Matched version: v2 {{(pid=99575) process_request /opt/stack/glance/glance/api/middleware/version_negotiation.py:69}}
Jun 27 17:16:40.043988 np0000003839 devstack@g-api.service[99575]: DEBUG glance.api.middleware.version_negotiation [None req-25cf3382-cbb3-47a8-8093-cfea7fc8f36a tempest-VolumesBackupsTest-950674427 tempest-VolumesBackupsTest-950674427-project-member] new path /v2/images/df5789fe-4f2e-44ab-aa85-f36c2b8ccb97/file {{(pid=99575) process_request /opt/stack/glance/glance/api/middleware/version_negotiation.py:70}}
Jun 27 17:16:40.733281 np0000003839 devstack@g-api.service[99575]: INFO glance.api.v2.image_data [None req-652e6a89-e80e-4e70-a8aa-80ce9ba5114a tempest-VolumeImageDependencyTests-887137143 tempest-VolumeImageDependencyTests-887137143-project-member] Unable to create trust: no such option collect_timing in group [keystone_authtoken] Use the existing user token.
Jun 27 17:16:41.392907 np0000003839 devstack@g-api.service[99575]: DEBUG glance.location [None req-652e6a89-e80e-4e70-a8aa-80ce9ba5114a tempest-VolumeImageDependencyTests-887137143 tempest-VolumeImageDependencyTests-887137143-project-member] Enabling in-flight format inspection for raw {{(pid=99575) set_data /opt/stack/glance/glance/location.py:616}}
Jun 27 17:16:41.392907 np0000003839 devstack@g-api.service[99575]: DEBUG glance_store.backend [None req-652e6a89-e80e-4e70-a8aa-80ce9ba5114a tempest-VolumeImageDependencyTests-887137143 tempest-VolumeImageDependencyTests-887137143-project-member] Attempting to import store swift {{(pid=99575) _load_store /opt/stack/data/venv/lib/python3.12/site-packages/glance_store/backend.py:215}}
Jun 27 17:16:41.395187 np0000003839 devstack@g-api.service[99575]: DEBUG glance_store.capabilities [None req-652e6a89-e80e-4e70-a8aa-80ce9ba5114a tempest-VolumeImageDependencyTests-887137143 tempest-VolumeImageDependencyTests-887137143-project-member] Store glance_store._drivers.swift.store.SingleTenantStore doesn't support updating dynamic storage capabilities. Please overwrite 'update_capabilities' method of the store to implement updating logics if needed. {{(pid=99575) update_capabilities /opt/stack/data/venv/lib/python3.12/site-packages/glance_store/capabilities.py:91}}
Jun 27 17:16:41.395187 np0000003839 devstack@g-api.service[99575]: DEBUG glance_store.driver [None req-652e6a89-e80e-4e70-a8aa-80ce9ba5114a tempest-VolumeImageDependencyTests-887137143 tempest-VolumeImageDependencyTests-887137143-project-member] Late loading location class glance_store._drivers.swift.store.StoreLocation {{(pid=99575) get_store_location_class /opt/stack/data/venv/lib/python3.12/site-packages/glance_store/driver.py:134}}
Jun 27 17:16:41.395187 np0000003839 devstack@g-api.service[99575]: DEBUG glance_store.location [None req-652e6a89-e80e-4e70-a8aa-80ce9ba5114a tempest-VolumeImageDependencyTests-887137143 tempest-VolumeImageDependencyTests-887137143-project-member] Registering scheme swift+https with {'store': , 'location_class': , 'store_entry': 'swift'} {{(pid=99575) register_scheme_map /opt/stack/data/venv/lib/python3.12/site-packages/glance_store/location.py:146}}
Jun 27 17:16:41.395187 np0000003839 devstack@g-api.service[99575]: DEBUG glance_store.location [None req-652e6a89-e80e-4e70-a8aa-80ce9ba5114a tempest-VolumeImageDependencyTests-887137143 tempest-VolumeImageDependencyTests-887137143-project-member] Registering scheme swift+https with {'store': , 'location_class': , 'store_entry': 'swift'} {{(pid=99575) register_scheme_map /opt/stack/data/venv/lib/python3.12/site-packages/glance_store/location.py:146}}
Jun 27 17:16:41.395187 np0000003839 devstack@g-api.service[99575]: DEBUG glance_store.location [None req-652e6a89-e80e-4e70-a8aa-80ce9ba5114a tempest-VolumeImageDependencyTests-887137143 tempest-VolumeImageDependencyTests-887137143-project-member] Registering scheme swift with {'store': , 'location_class': , 'store_entry': 'swift'} {{(pid=99575) register_scheme_map /opt/stack/data/venv/lib/python3.12/site-packages/glance_store/location.py:146}}
Jun 27 17:16:41.395187 np0000003839 devstack@g-api.service[99575]: DEBUG glance_store.location [None req-652e6a89-e80e-4e70-a8aa-80ce9ba5114a tempest-VolumeImageDependencyTests-887137143 tempest-VolumeImageDependencyTests-887137143-project-member] Registering scheme swift+https with {'store': , 'location_class': , 'store_entry': 'swift'} {{(pid=99575) register_scheme_map /opt/stack/data/venv/lib/python3.12/site-packages/glance_store/location.py:146}}
Jun 27 17:16:41.395187 np0000003839 devstack@g-api.service[99575]: DEBUG glance_store.location [None req-652e6a89-e80e-4e70-a8aa-80ce9ba5114a tempest-VolumeImageDependencyTests-887137143 tempest-VolumeImageDependencyTests-887137143-project-member] Registering scheme swift with {'store': , 'location_class': , 'store_entry': 'swift'} {{(pid=99575) register_scheme_map /opt/stack/data/venv/lib/python3.12/site-packages/glance_store/location.py:146}}
Jun 27 17:16:41.395187 np0000003839 devstack@g-api.service[99575]: DEBUG glance_store.location [None req-652e6a89-e80e-4e70-a8aa-80ce9ba5114a tempest-VolumeImageDependencyTests-887137143 tempest-VolumeImageDependencyTests-887137143-project-member] Registering scheme swift+http with {'store': , 'location_class': , 'store_entry': 'swift'} {{(pid=99575) register_scheme_map /opt/stack/data/venv/lib/python3.12/site-packages/glance_store/location.py:146}}
Jun 27 17:16:41.395888 np0000003839 devstack@g-api.service[99575]: DEBUG glance_store.location [None req-652e6a89-e80e-4e70-a8aa-80ce9ba5114a tempest-VolumeImageDependencyTests-887137143 tempest-VolumeImageDependencyTests-887137143-project-member] Registering scheme swift+https with {'store': , 'location_class': , 'store_entry': 'swift'} {{(pid=99575) register_scheme_map /opt/stack/data/venv/lib/python3.12/site-packages/glance_store/location.py:146}}
Jun 27 17:16:41.395888 np0000003839 devstack@g-api.service[99575]: DEBUG glance_store.location [None req-652e6a89-e80e-4e70-a8aa-80ce9ba5114a tempest-VolumeImageDependencyTests-887137143 tempest-VolumeImageDependencyTests-887137143-project-member] Registering scheme swift with {'store': , 'location_class': , 'store_entry': 'swift'} {{(pid=99575) register_scheme_map /opt/stack/data/venv/lib/python3.12/site-packages/glance_store/location.py:146}}
Jun 27 17:16:41.395888 np0000003839 devstack@g-api.service[99575]: DEBUG glance_store.location [None req-652e6a89-e80e-4e70-a8aa-80ce9ba5114a tempest-VolumeImageDependencyTests-887137143 tempest-VolumeImageDependencyTests-887137143-project-member] Registering scheme swift+http with {'store': , 'location_class': , 'store_entry': 'swift'} {{(pid=99575) register_scheme_map /opt/stack/data/venv/lib/python3.12/site-packages/glance_store/location.py:146}}
Jun 27 17:16:41.395888 np0000003839 devstack@g-api.service[99575]: DEBUG glance_store.location [None req-652e6a89-e80e-4e70-a8aa-80ce9ba5114a tempest-VolumeImageDependencyTests-887137143 tempest-VolumeImageDependencyTests-887137143-project-member] Registering scheme swift+config with {'store': , 'location_class': , 'store_entry': 'swift'} {{(pid=99575) register_scheme_map /opt/stack/data/venv/lib/python3.12/site-packages/glance_store/location.py:146}}
Jun 27 17:16:41.717417 np0000003839 devstack@g-api.service[99575]: DEBUG swiftclient [None req-652e6a89-e80e-4e70-a8aa-80ce9ba5114a tempest-VolumeImageDependencyTests-887137143 tempest-VolumeImageDependencyTests-887137143-project-member] REQ: curl -i https://10.4.3.124:8080/v1/AUTH_2868e9e7f4fe41159854e170db15c2e1/glance -I -H "X-Auth-Token: gAAAAABqQAV5fgsV..." {{(pid=99575) http_log /opt/stack/data/venv/lib/python3.12/site-packages/swiftclient/client.py:160}}
Jun 27 17:16:41.717417 np0000003839 devstack@g-api.service[99575]: DEBUG swiftclient [None req-652e6a89-e80e-4e70-a8aa-80ce9ba5114a tempest-VolumeImageDependencyTests-887137143 tempest-VolumeImageDependencyTests-887137143-project-member] RESP STATUS: 204 No Content {{(pid=99575) http_log /opt/stack/data/venv/lib/python3.12/site-packages/swiftclient/client.py:161}}
Jun 27 17:16:41.717572 np0000003839 devstack@g-api.service[99575]: DEBUG swiftclient [None req-652e6a89-e80e-4e70-a8aa-80ce9ba5114a tempest-VolumeImageDependencyTests-887137143 tempest-VolumeImageDependencyTests-887137143-project-member] RESP HEADERS: {'Date': 'Sat, 27 Jun 2026 17:16:41 GMT', 'Server': 'Apache/2.4.58 (Ubuntu)', 'Content-Type': 'text/plain; charset=utf-8', 'X-Container-Object-Count': '7', 'X-Container-Bytes-Used': '141557760', 'X-Timestamp': '1782580107.65102', 'Last-Modified': 'Sat, 27 Jun 2026 17:08:28 GMT', 'Accept-Ranges': 'bytes', 'X-Storage-Policy': 'Policy-0', 'X-Container-Sharding': 'False', 'Vary': 'Accept', 'X-Trans-Id': 'tx65d48d66cfb74d298ae0f-006a400579', 'X-Openstack-Request-Id': 'tx65d48d66cfb74d298ae0f-006a400579', 'Connection': 'close'} {{(pid=99575) http_log /opt/stack/data/venv/lib/python3.12/site-packages/swiftclient/client.py:162}}
Jun 27 17:16:41.717860 np0000003839 devstack@g-api.service[99575]: DEBUG glance_store._drivers.swift.store [None req-652e6a89-e80e-4e70-a8aa-80ce9ba5114a tempest-VolumeImageDependencyTests-887137143 tempest-VolumeImageDependencyTests-887137143-project-member] Adding image object 'df5789fe-4f2e-44ab-aa85-f36c2b8ccb97' to Swift {{(pid=99575) add /opt/stack/data/venv/lib/python3.12/site-packages/glance_store/_drivers/swift/store.py:970}}
Jun 27 17:16:41.724835 np0000003839 devstack@g-api.service[99575]: DEBUG oslo_utils.imageutils.format_inspector [None req-652e6a89-e80e-4e70-a8aa-80ce9ba5114a tempest-VolumeImageDependencyTests-887137143 tempest-VolumeImageDependencyTests-887137143-project-member] Format inspector for vmdk does not match, excluding from consideration (Signature KDMV not found: b'\x98\xf0H\xa5') {{(pid=99575) _process_chunk /opt/stack/data/venv/lib/python3.12/site-packages/oslo_utils/imageutils/format_inspector.py:1758}}
Jun 27 17:16:41.758107 np0000003839 devstack@g-api.service[99575]: DEBUG swiftclient [None req-652e6a89-e80e-4e70-a8aa-80ce9ba5114a tempest-VolumeImageDependencyTests-887137143 tempest-VolumeImageDependencyTests-887137143-project-member] REQ: curl -i https://10.4.3.124:8080/v1/AUTH_2868e9e7f4fe41159854e170db15c2e1/glance/df5789fe-4f2e-44ab-aa85-f36c2b8ccb97 -X PUT -H "X-Auth-Token: gAAAAABqQAV5fgsV..." -H "Content-Length: 1024" {{(pid=99575) http_log /opt/stack/data/venv/lib/python3.12/site-packages/swiftclient/client.py:160}}
Jun 27 17:16:41.758857 np0000003839 devstack@g-api.service[99575]: DEBUG swiftclient [None req-652e6a89-e80e-4e70-a8aa-80ce9ba5114a tempest-VolumeImageDependencyTests-887137143 tempest-VolumeImageDependencyTests-887137143-project-member] RESP STATUS: 201 Created {{(pid=99575) http_log /opt/stack/data/venv/lib/python3.12/site-packages/swiftclient/client.py:161}}
Jun 27 17:16:41.758857 np0000003839 devstack@g-api.service[99575]: DEBUG swiftclient [None req-652e6a89-e80e-4e70-a8aa-80ce9ba5114a tempest-VolumeImageDependencyTests-887137143 tempest-VolumeImageDependencyTests-887137143-project-member] RESP HEADERS: {'Date': 'Sat, 27 Jun 2026 17:16:41 GMT', 'Server': 'Apache/2.4.58 (Ubuntu)', 'Content-Type': 'text/html; charset=UTF-8', 'Content-Length': '0', 'Etag': 'd75b8bed9d57ad776717d0d61fd3c575', 'Last-Modified': 'Sat, 27 Jun 2026 17:16:42 GMT', 'X-Trans-Id': 'txf73b059286af418f9faf3-006a400579', 'X-Openstack-Request-Id': 'txf73b059286af418f9faf3-006a400579', 'Connection': 'close'} {{(pid=99575) http_log /opt/stack/data/venv/lib/python3.12/site-packages/swiftclient/client.py:162}}
Jun 27 17:16:41.759009 np0000003839 devstack@g-api.service[99575]: INFO glance.location [None req-652e6a89-e80e-4e70-a8aa-80ce9ba5114a tempest-VolumeImageDependencyTests-887137143 tempest-VolumeImageDependencyTests-887137143-project-member] Image format matched and virtual size computed: 1024
Jun 27 17:16:41.797287 np0000003839 devstack@g-api.service[99576]: DEBUG glance.api.middleware.version_negotiation [None req-25cf3382-cbb3-47a8-8093-cfea7fc8f36a tempest-VolumesBackupsTest-950674427 tempest-VolumesBackupsTest-950674427-project-member] Determining version of request: GET /v2/images/8a3befa4-77ca-4b26-aa96-675429e711fd Accept: */* {{(pid=99576) process_request /opt/stack/glance/glance/api/middleware/version_negotiation.py:44}}
Jun 27 17:16:41.797287 np0000003839 devstack@g-api.service[99576]: DEBUG glance.api.middleware.version_negotiation [None req-25cf3382-cbb3-47a8-8093-cfea7fc8f36a tempest-VolumesBackupsTest-950674427 tempest-VolumesBackupsTest-950674427-project-member] Using url versioning {{(pid=99576) process_request /opt/stack/glance/glance/api/middleware/version_negotiation.py:57}}
Jun 27 17:16:41.797287 np0000003839 devstack@g-api.service[99576]: DEBUG glance.api.middleware.version_negotiation [None req-25cf3382-cbb3-47a8-8093-cfea7fc8f36a tempest-VolumesBackupsTest-950674427 tempest-VolumesBackupsTest-950674427-project-member] Matched version: v2 {{(pid=99576) process_request /opt/stack/glance/glance/api/middleware/version_negotiation.py:69}}
Jun 27 17:16:41.797287 np0000003839 devstack@g-api.service[99576]: DEBUG glance.api.middleware.version_negotiation [None req-25cf3382-cbb3-47a8-8093-cfea7fc8f36a tempest-VolumesBackupsTest-950674427 tempest-VolumesBackupsTest-950674427-project-member] new path /v2/images/8a3befa4-77ca-4b26-aa96-675429e711fd {{(pid=99576) process_request /opt/stack/glance/glance/api/middleware/version_negotiation.py:70}}
Jun 27 17:16:41.811129 np0000003839 devstack@g-api.service[99575]: DEBUG glance_store.backend [None req-652e6a89-e80e-4e70-a8aa-80ce9ba5114a tempest-VolumeImageDependencyTests-887137143 tempest-VolumeImageDependencyTests-887137143-project-member] Attempting to import store swift {{(pid=99575) _load_store /opt/stack/data/venv/lib/python3.12/site-packages/glance_store/backend.py:215}}
Jun 27 17:16:41.814424 np0000003839 devstack@g-api.service[99575]: DEBUG glance_store.capabilities [None req-652e6a89-e80e-4e70-a8aa-80ce9ba5114a tempest-VolumeImageDependencyTests-887137143 tempest-VolumeImageDependencyTests-887137143-project-member] Store glance_store._drivers.swift.store.SingleTenantStore doesn't support updating dynamic storage capabilities. Please overwrite 'update_capabilities' method of the store to implement updating logics if needed. {{(pid=99575) update_capabilities /opt/stack/data/venv/lib/python3.12/site-packages/glance_store/capabilities.py:91}}
Jun 27 17:16:41.814583 np0000003839 devstack@g-api.service[99575]: DEBUG glance_store.driver [None req-652e6a89-e80e-4e70-a8aa-80ce9ba5114a tempest-VolumeImageDependencyTests-887137143 tempest-VolumeImageDependencyTests-887137143-project-member] Late loading location class glance_store._drivers.swift.store.StoreLocation {{(pid=99575) get_store_location_class /opt/stack/data/venv/lib/python3.12/site-packages/glance_store/driver.py:134}}
Jun 27 17:16:41.814748 np0000003839 devstack@g-api.service[99575]: DEBUG glance_store.location [None req-652e6a89-e80e-4e70-a8aa-80ce9ba5114a tempest-VolumeImageDependencyTests-887137143 tempest-VolumeImageDependencyTests-887137143-project-member] Registering scheme swift+https with {'store': , 'location_class': , 'store_entry': 'swift'} {{(pid=99575) register_scheme_map /opt/stack/data/venv/lib/python3.12/site-packages/glance_store/location.py:146}}
Jun 27 17:16:41.814878 np0000003839 devstack@g-api.service[99575]: DEBUG glance_store.location [None req-652e6a89-e80e-4e70-a8aa-80ce9ba5114a tempest-VolumeImageDependencyTests-887137143 tempest-VolumeImageDependencyTests-887137143-project-member] Registering scheme swift+https with {'store': , 'location_class': , 'store_entry': 'swift'} {{(pid=99575) register_scheme_map /opt/stack/data/venv/lib/python3.12/site-packages/glance_store/location.py:146}}
Jun 27 17:16:41.814969 np0000003839 devstack@g-api.service[99575]: DEBUG glance_store.location [None req-652e6a89-e80e-4e70-a8aa-80ce9ba5114a tempest-VolumeImageDependencyTests-887137143 tempest-VolumeImageDependencyTests-887137143-project-member] Registering scheme swift with {'store': , 'location_class': , 'store_entry': 'swift'} {{(pid=99575) register_scheme_map /opt/stack/data/venv/lib/python3.12/site-packages/glance_store/location.py:146}}
Jun 27 17:16:41.815092 np0000003839 devstack@g-api.service[99575]: DEBUG glance_store.location [None req-652e6a89-e80e-4e70-a8aa-80ce9ba5114a tempest-VolumeImageDependencyTests-887137143 tempest-VolumeImageDependencyTests-887137143-project-member] Registering scheme swift+https with {'store': , 'location_class': , 'store_entry': 'swift'} {{(pid=99575) register_scheme_map /opt/stack/data/venv/lib/python3.12/site-packages/glance_store/location.py:146}}
Jun 27 17:16:41.815217 np0000003839 devstack@g-api.service[99575]: DEBUG glance_store.location [None req-652e6a89-e80e-4e70-a8aa-80ce9ba5114a tempest-VolumeImageDependencyTests-887137143 tempest-VolumeImageDependencyTests-887137143-project-member] Registering scheme swift with {'store': , 'location_class': , 'store_entry': 'swift'} {{(pid=99575) register_scheme_map /opt/stack/data/venv/lib/python3.12/site-packages/glance_store/location.py:146}}
Jun 27 17:16:41.815322 np0000003839 devstack@g-api.service[99575]: DEBUG glance_store.location [None req-652e6a89-e80e-4e70-a8aa-80ce9ba5114a tempest-VolumeImageDependencyTests-887137143 tempest-VolumeImageDependencyTests-887137143-project-member] Registering scheme swift+http with {'store': , 'location_class': , 'store_entry': 'swift'} {{(pid=99575) register_scheme_map /opt/stack/data/venv/lib/python3.12/site-packages/glance_store/location.py:146}}
Jun 27 17:16:41.815442 np0000003839 devstack@g-api.service[99575]: DEBUG glance_store.location [None req-652e6a89-e80e-4e70-a8aa-80ce9ba5114a tempest-VolumeImageDependencyTests-887137143 tempest-VolumeImageDependencyTests-887137143-project-member] Registering scheme swift+https with {'store': , 'location_class': , 'store_entry': 'swift'} {{(pid=99575) register_scheme_map /opt/stack/data/venv/lib/python3.12/site-packages/glance_store/location.py:146}}
Jun 27 17:16:41.815545 np0000003839 devstack@g-api.service[99575]: DEBUG glance_store.location [None req-652e6a89-e80e-4e70-a8aa-80ce9ba5114a tempest-VolumeImageDependencyTests-887137143 tempest-VolumeImageDependencyTests-887137143-project-member] Registering scheme swift with {'store': , 'location_class': , 'store_entry': 'swift'} {{(pid=99575) register_scheme_map /opt/stack/data/venv/lib/python3.12/site-packages/glance_store/location.py:146}}
Jun 27 17:16:41.816044 np0000003839 devstack@g-api.service[99575]: DEBUG glance_store.location [None req-652e6a89-e80e-4e70-a8aa-80ce9ba5114a tempest-VolumeImageDependencyTests-887137143 tempest-VolumeImageDependencyTests-887137143-project-member] Registering scheme swift+http with {'store': , 'location_class': , 'store_entry': 'swift'} {{(pid=99575) register_scheme_map /opt/stack/data/venv/lib/python3.12/site-packages/glance_store/location.py:146}}
Jun 27 17:16:41.816390 np0000003839 devstack@g-api.service[99575]: DEBUG glance_store.location [None req-652e6a89-e80e-4e70-a8aa-80ce9ba5114a tempest-VolumeImageDependencyTests-887137143 tempest-VolumeImageDependencyTests-887137143-project-member] Registering scheme swift+config with {'store': , 'location_class': , 'store_entry': 'swift'} {{(pid=99575) register_scheme_map /opt/stack/data/venv/lib/python3.12/site-packages/glance_store/location.py:146}}
Jun 27 17:16:41.816609 np0000003839 devstack@g-api.service[99575]: DEBUG glance_store.backend [None req-652e6a89-e80e-4e70-a8aa-80ce9ba5114a tempest-VolumeImageDependencyTests-887137143 tempest-VolumeImageDependencyTests-887137143-project-member] Skipping store.set_acls... not implemented. {{(pid=99575) set_acls /opt/stack/data/venv/lib/python3.12/site-packages/glance_store/backend.py:507}}
Jun 27 17:16:41.821517 np0000003839 devstack@g-api.service[99576]: [pid: 99576|app: 0|req: 121/355] 127.0.0.1 () {44 vars in 1115 bytes} [Sat Jun 27 17:16:41 2026] GET /v2/images/8a3befa4-77ca-4b26-aa96-675429e711fd => generated 1620 bytes in 25 msecs (HTTP/1.1 200) 4 headers in 158 bytes (1 switches on core 0)
Jun 27 17:16:41.822003 np0000003839 devstack@g-api.service[99575]: [pid: 99575|app: 0|req: 119/355] 127.0.0.1 () {40 vars in 847 bytes} [Sat Jun 27 17:16:40 2026] PUT /v2/images/df5789fe-4f2e-44ab-aa85-f36c2b8ccb97/file => generated 0 bytes in 1776 msecs (HTTP/1.1 204) 4 headers in 171 bytes (1 switches on core 0)
Jun 27 17:16:41.832401 np0000003839 devstack@g-api.service[99577]: DEBUG glance.api.middleware.version_negotiation [None req-e455722e-ceb8-4d2a-af16-36aea7f53208 tempest-VolumeImageDependencyTests-887137143 tempest-VolumeImageDependencyTests-887137143-project-member] Determining version of request: GET /v2/images/df5789fe-4f2e-44ab-aa85-f36c2b8ccb97 Accept: application/json {{(pid=99577) process_request /opt/stack/glance/glance/api/middleware/version_negotiation.py:44}}
Jun 27 17:16:41.832401 np0000003839 devstack@g-api.service[99577]: DEBUG glance.api.middleware.version_negotiation [None req-e455722e-ceb8-4d2a-af16-36aea7f53208 tempest-VolumeImageDependencyTests-887137143 tempest-VolumeImageDependencyTests-887137143-project-member] Using url versioning {{(pid=99577) process_request /opt/stack/glance/glance/api/middleware/version_negotiation.py:57}}
Jun 27 17:16:41.832401 np0000003839 devstack@g-api.service[99577]: DEBUG glance.api.middleware.version_negotiation [None req-e455722e-ceb8-4d2a-af16-36aea7f53208 tempest-VolumeImageDependencyTests-887137143 tempest-VolumeImageDependencyTests-887137143-project-member] Matched version: v2 {{(pid=99577) process_request /opt/stack/glance/glance/api/middleware/version_negotiation.py:69}}
Jun 27 17:16:41.832401 np0000003839 devstack@g-api.service[99577]: DEBUG glance.api.middleware.version_negotiation [None req-e455722e-ceb8-4d2a-af16-36aea7f53208 tempest-VolumeImageDependencyTests-887137143 tempest-VolumeImageDependencyTests-887137143-project-member] new path /v2/images/df5789fe-4f2e-44ab-aa85-f36c2b8ccb97 {{(pid=99577) process_request /opt/stack/glance/glance/api/middleware/version_negotiation.py:70}}
Jun 27 17:16:41.856621 np0000003839 devstack@g-api.service[99577]: [pid: 99577|app: 0|req: 116/356] 127.0.0.1 () {40 vars in 838 bytes} [Sat Jun 27 17:16:41 2026] GET /v2/images/df5789fe-4f2e-44ab-aa85-f36c2b8ccb97 => generated 818 bytes in 25 msecs (HTTP/1.1 200) 4 headers in 157 bytes (1 switches on core 0)
Jun 27 17:16:41.865537 np0000003839 devstack@g-api.service[99576]: DEBUG glance.api.middleware.version_negotiation [None req-3ef9cd7b-a126-4a9c-811d-492af1bbad6e tempest-AttachVolumeShelveTestJSON-1018193766 tempest-AttachVolumeShelveTestJSON-1018193766-project-member] Determining version of request: GET /v2/images/df5789fe-4f2e-44ab-aa85-f36c2b8ccb97 Accept: application/json {{(pid=99576) process_request /opt/stack/glance/glance/api/middleware/version_negotiation.py:44}}
Jun 27 17:16:41.865815 np0000003839 devstack@g-api.service[99576]: DEBUG glance.api.middleware.version_negotiation [None req-3ef9cd7b-a126-4a9c-811d-492af1bbad6e tempest-AttachVolumeShelveTestJSON-1018193766 tempest-AttachVolumeShelveTestJSON-1018193766-project-member] Using url versioning {{(pid=99576) process_request /opt/stack/glance/glance/api/middleware/version_negotiation.py:57}}
Jun 27 17:16:41.865969 np0000003839 devstack@g-api.service[99576]: DEBUG glance.api.middleware.version_negotiation [None req-3ef9cd7b-a126-4a9c-811d-492af1bbad6e tempest-AttachVolumeShelveTestJSON-1018193766 tempest-AttachVolumeShelveTestJSON-1018193766-project-member] Matched version: v2 {{(pid=99576) process_request /opt/stack/glance/glance/api/middleware/version_negotiation.py:69}}
Jun 27 17:16:41.866046 np0000003839 devstack@g-api.service[99576]: DEBUG glance.api.middleware.version_negotiation [None req-3ef9cd7b-a126-4a9c-811d-492af1bbad6e tempest-AttachVolumeShelveTestJSON-1018193766 tempest-AttachVolumeShelveTestJSON-1018193766-project-member] new path /v2/images/df5789fe-4f2e-44ab-aa85-f36c2b8ccb97 {{(pid=99576) process_request /opt/stack/glance/glance/api/middleware/version_negotiation.py:70}}
Jun 27 17:16:41.870182 np0000003839 devstack@g-api.service[99575]: DEBUG glance.api.middleware.version_negotiation [None req-652e6a89-e80e-4e70-a8aa-80ce9ba5114a tempest-VolumeImageDependencyTests-887137143 tempest-VolumeImageDependencyTests-887137143-project-member] Determining version of request: GET /v2/schemas/image Accept: */* {{(pid=99575) process_request /opt/stack/glance/glance/api/middleware/version_negotiation.py:44}}
Jun 27 17:16:41.870182 np0000003839 devstack@g-api.service[99575]: DEBUG glance.api.middleware.version_negotiation [None req-652e6a89-e80e-4e70-a8aa-80ce9ba5114a tempest-VolumeImageDependencyTests-887137143 tempest-VolumeImageDependencyTests-887137143-project-member] Using url versioning {{(pid=99575) process_request /opt/stack/glance/glance/api/middleware/version_negotiation.py:57}}
Jun 27 17:16:41.870182 np0000003839 devstack@g-api.service[99575]: DEBUG glance.api.middleware.version_negotiation [None req-652e6a89-e80e-4e70-a8aa-80ce9ba5114a tempest-VolumeImageDependencyTests-887137143 tempest-VolumeImageDependencyTests-887137143-project-member] Matched version: v2 {{(pid=99575) process_request /opt/stack/glance/glance/api/middleware/version_negotiation.py:69}}
Jun 27 17:16:41.870182 np0000003839 devstack@g-api.service[99575]: DEBUG glance.api.middleware.version_negotiation [None req-652e6a89-e80e-4e70-a8aa-80ce9ba5114a tempest-VolumeImageDependencyTests-887137143 tempest-VolumeImageDependencyTests-887137143-project-member] new path /v2/schemas/image {{(pid=99575) process_request /opt/stack/glance/glance/api/middleware/version_negotiation.py:70}}
Jun 27 17:16:41.878465 np0000003839 devstack@g-api.service[99575]: [pid: 99575|app: 0|req: 120/357] 127.0.0.1 () {44 vars in 1055 bytes} [Sat Jun 27 17:16:41 2026] GET /v2/schemas/image => generated 6083 bytes in 8 msecs (HTTP/1.1 200) 4 headers in 158 bytes (1 switches on core 0)
Jun 27 17:16:41.879528 np0000003839 devstack@g-api.service[99576]: [pid: 99576|app: 0|req: 122/358] 127.0.0.1 () {40 vars in 838 bytes} [Sat Jun 27 17:16:41 2026] GET /v2/images/df5789fe-4f2e-44ab-aa85-f36c2b8ccb97 => generated 818 bytes in 14 msecs (HTTP/1.1 200) 4 headers in 157 bytes (1 switches on core 0)
Jun 27 17:16:41.894820 np0000003839 devstack@g-api.service[99577]: DEBUG glance.api.middleware.version_negotiation [None req-18090ec6-8618-4d6b-86bf-5bfec80e976c tempest-VolumeImageDependencyTests-887137143 tempest-VolumeImageDependencyTests-887137143-project-member] Determining version of request: GET /v2/images/df5789fe-4f2e-44ab-aa85-f36c2b8ccb97 Accept: application/json {{(pid=99577) process_request /opt/stack/glance/glance/api/middleware/version_negotiation.py:44}}
Jun 27 17:16:41.895057 np0000003839 devstack@g-api.service[99577]: DEBUG glance.api.middleware.version_negotiation [None req-18090ec6-8618-4d6b-86bf-5bfec80e976c tempest-VolumeImageDependencyTests-887137143 tempest-VolumeImageDependencyTests-887137143-project-member] Using url versioning {{(pid=99577) process_request /opt/stack/glance/glance/api/middleware/version_negotiation.py:57}}
Jun 27 17:16:41.895327 np0000003839 devstack@g-api.service[99577]: DEBUG glance.api.middleware.version_negotiation [None req-18090ec6-8618-4d6b-86bf-5bfec80e976c tempest-VolumeImageDependencyTests-887137143 tempest-VolumeImageDependencyTests-887137143-project-member] Matched version: v2 {{(pid=99577) process_request /opt/stack/glance/glance/api/middleware/version_negotiation.py:69}}
Jun 27 17:16:41.895586 np0000003839 devstack@g-api.service[99577]: DEBUG glance.api.middleware.version_negotiation [None req-18090ec6-8618-4d6b-86bf-5bfec80e976c tempest-VolumeImageDependencyTests-887137143 tempest-VolumeImageDependencyTests-887137143-project-member] new path /v2/images/df5789fe-4f2e-44ab-aa85-f36c2b8ccb97 {{(pid=99577) process_request /opt/stack/glance/glance/api/middleware/version_negotiation.py:70}}
Jun 27 17:16:41.907244 np0000003839 devstack@g-api.service[99577]: [pid: 99577|app: 0|req: 117/359] 127.0.0.1 () {40 vars in 838 bytes} [Sat Jun 27 17:16:41 2026] GET /v2/images/df5789fe-4f2e-44ab-aa85-f36c2b8ccb97 => generated 818 bytes in 13 msecs (HTTP/1.1 200) 4 headers in 157 bytes (1 switches on core 0)
Jun 27 17:16:42.103800 np0000003839 devstack@g-api.service[99575]: DEBUG glance.api.middleware.version_negotiation [None req-3ef9cd7b-a126-4a9c-811d-492af1bbad6e tempest-AttachVolumeShelveTestJSON-1018193766 tempest-AttachVolumeShelveTestJSON-1018193766-project-member] Determining version of request: GET /v2/images/df5789fe-4f2e-44ab-aa85-f36c2b8ccb97 Accept: */* {{(pid=99575) process_request /opt/stack/glance/glance/api/middleware/version_negotiation.py:44}}
Jun 27 17:16:42.103800 np0000003839 devstack@g-api.service[99575]: DEBUG glance.api.middleware.version_negotiation [None req-3ef9cd7b-a126-4a9c-811d-492af1bbad6e tempest-AttachVolumeShelveTestJSON-1018193766 tempest-AttachVolumeShelveTestJSON-1018193766-project-member] Using url versioning {{(pid=99575) process_request /opt/stack/glance/glance/api/middleware/version_negotiation.py:57}}
Jun 27 17:16:42.103800 np0000003839 devstack@g-api.service[99575]: DEBUG glance.api.middleware.version_negotiation [None req-3ef9cd7b-a126-4a9c-811d-492af1bbad6e tempest-AttachVolumeShelveTestJSON-1018193766 tempest-AttachVolumeShelveTestJSON-1018193766-project-member] Matched version: v2 {{(pid=99575) process_request /opt/stack/glance/glance/api/middleware/version_negotiation.py:69}}
Jun 27 17:16:42.103800 np0000003839 devstack@g-api.service[99575]: DEBUG glance.api.middleware.version_negotiation [None req-3ef9cd7b-a126-4a9c-811d-492af1bbad6e tempest-AttachVolumeShelveTestJSON-1018193766 tempest-AttachVolumeShelveTestJSON-1018193766-project-member] new path /v2/images/df5789fe-4f2e-44ab-aa85-f36c2b8ccb97 {{(pid=99575) process_request /opt/stack/glance/glance/api/middleware/version_negotiation.py:70}}
Jun 27 17:16:42.179091 np0000003839 devstack@g-api.service[99576]: DEBUG glance.api.middleware.version_negotiation [None req-e1f2639a-0162-47c2-80be-e8c08286645d tempest-VolumeImageDependencyTests-887137143 tempest-VolumeImageDependencyTests-887137143-project-member] Determining version of request: PATCH /v2/images/fd553cab-c2b4-458c-8e6a-b3f420a0c3a3 Accept: {{(pid=99576) process_request /opt/stack/glance/glance/api/middleware/version_negotiation.py:44}}
