Aug 06 16:50:15.652664 np0000006674 devstack@g-api.service[99847]: DEBUG glance.api.middleware.version_negotiation [None req-c4a1b1ff-b4fa-4938-900d-9e613a750a98 tempest-VolumeAndVolumeTypeFromImageTest-298106351 tempest-VolumeAndVolumeTypeFromImageTest-298106351-project-member] Using url versioning {{(pid=99847) process_request /opt/stack/glance/glance/api/middleware/version_negotiation.py:57}}
Aug 06 16:50:15.652806 np0000006674 devstack@g-api.service[99847]: DEBUG glance.api.middleware.version_negotiation [None req-c4a1b1ff-b4fa-4938-900d-9e613a750a98 tempest-VolumeAndVolumeTypeFromImageTest-298106351 tempest-VolumeAndVolumeTypeFromImageTest-298106351-project-member] Matched version: v2 {{(pid=99847) process_request /opt/stack/glance/glance/api/middleware/version_negotiation.py:69}}
Aug 06 16:50:15.652935 np0000006674 devstack@g-api.service[99847]: DEBUG glance.api.middleware.version_negotiation [None req-c4a1b1ff-b4fa-4938-900d-9e613a750a98 tempest-VolumeAndVolumeTypeFromImageTest-298106351 tempest-VolumeAndVolumeTypeFromImageTest-298106351-project-member] new path /v2/images/5844a543-3ba5-4a79-be2a-b46b0b43e6fe {{(pid=99847) process_request /opt/stack/glance/glance/api/middleware/version_negotiation.py:70}}
Aug 06 16:50:15.669595 np0000006674 devstack@g-api.service[99847]: [pid: 99847|app: 0|req: 148/483] 127.0.0.1 () {44 vars in 1115 bytes} [Thu Aug 6 16:50:15 2026] GET /v2/images/5844a543-3ba5-4a79-be2a-b46b0b43e6fe => generated 898 bytes in 17 msecs (HTTP/1.1 200) 4 headers in 157 bytes (1 switches on core 0)
Aug 06 16:50:15.679406 np0000006674 devstack@g-api.service[99848]: DEBUG glance.api.middleware.version_negotiation [None req-c4a1b1ff-b4fa-4938-900d-9e613a750a98 tempest-VolumeAndVolumeTypeFromImageTest-298106351 tempest-VolumeAndVolumeTypeFromImageTest-298106351-project-member] Determining version of request: GET /v2/schemas/image Accept: */* {{(pid=99848) process_request /opt/stack/glance/glance/api/middleware/version_negotiation.py:44}}
Aug 06 16:50:15.679553 np0000006674 devstack@g-api.service[99848]: DEBUG glance.api.middleware.version_negotiation [None req-c4a1b1ff-b4fa-4938-900d-9e613a750a98 tempest-VolumeAndVolumeTypeFromImageTest-298106351 tempest-VolumeAndVolumeTypeFromImageTest-298106351-project-member] Using url versioning {{(pid=99848) process_request /opt/stack/glance/glance/api/middleware/version_negotiation.py:57}}
Aug 06 16:50:15.680390 np0000006674 devstack@g-api.service[99848]: DEBUG glance.api.middleware.version_negotiation [None req-c4a1b1ff-b4fa-4938-900d-9e613a750a98 tempest-VolumeAndVolumeTypeFromImageTest-298106351 tempest-VolumeAndVolumeTypeFromImageTest-298106351-project-member] Matched version: v2 {{(pid=99848) process_request /opt/stack/glance/glance/api/middleware/version_negotiation.py:69}}
Aug 06 16:50:15.680390 np0000006674 devstack@g-api.service[99848]: DEBUG glance.api.middleware.version_negotiation [None req-c4a1b1ff-b4fa-4938-900d-9e613a750a98 tempest-VolumeAndVolumeTypeFromImageTest-298106351 tempest-VolumeAndVolumeTypeFromImageTest-298106351-project-member] new path /v2/schemas/image {{(pid=99848) process_request /opt/stack/glance/glance/api/middleware/version_negotiation.py:70}}
Aug 06 16:50:15.682257 np0000006674 devstack@g-api.service[99848]: [pid: 99848|app: 0|req: 163/484] 127.0.0.1 () {44 vars in 1055 bytes} [Thu Aug 6 16:50:15 2026] GET /v2/schemas/image => generated 6083 bytes in 3 msecs (HTTP/1.1 200) 4 headers in 158 bytes (1 switches on core 0)
Aug 06 16:50:15.695789 np0000006674 devstack@g-api.service[99847]: DEBUG glance.api.middleware.version_negotiation [None req-c4a1b1ff-b4fa-4938-900d-9e613a750a98 tempest-VolumeAndVolumeTypeFromImageTest-298106351 tempest-VolumeAndVolumeTypeFromImageTest-298106351-project-member] Determining version of request: GET /v2/images/fb459b5a-d8a5-4c3a-9df9-28ed59258c21 Accept: application/json {{(pid=99847) process_request /opt/stack/glance/glance/api/middleware/version_negotiation.py:44}}
Aug 06 16:50:15.696292 np0000006674 devstack@g-api.service[99847]: DEBUG glance.api.middleware.version_negotiation [None req-c4a1b1ff-b4fa-4938-900d-9e613a750a98 tempest-VolumeAndVolumeTypeFromImageTest-298106351 tempest-VolumeAndVolumeTypeFromImageTest-298106351-project-member] Using url versioning {{(pid=99847) process_request /opt/stack/glance/glance/api/middleware/version_negotiation.py:57}}
Aug 06 16:50:15.696292 np0000006674 devstack@g-api.service[99847]: DEBUG glance.api.middleware.version_negotiation [None req-c4a1b1ff-b4fa-4938-900d-9e613a750a98 tempest-VolumeAndVolumeTypeFromImageTest-298106351 tempest-VolumeAndVolumeTypeFromImageTest-298106351-project-member] Matched version: v2 {{(pid=99847) process_request /opt/stack/glance/glance/api/middleware/version_negotiation.py:69}}
Aug 06 16:50:15.696292 np0000006674 devstack@g-api.service[99847]: DEBUG glance.api.middleware.version_negotiation [None req-c4a1b1ff-b4fa-4938-900d-9e613a750a98 tempest-VolumeAndVolumeTypeFromImageTest-298106351 tempest-VolumeAndVolumeTypeFromImageTest-298106351-project-member] new path /v2/images/fb459b5a-d8a5-4c3a-9df9-28ed59258c21 {{(pid=99847) process_request /opt/stack/glance/glance/api/middleware/version_negotiation.py:70}}
Aug 06 16:50:15.704753 np0000006674 devstack@g-api.service[99847]: [pid: 99847|app: 0|req: 149/485] 127.0.0.1 () {40 vars in 838 bytes} [Thu Aug 6 16:50:15 2026] GET /v2/images/fb459b5a-d8a5-4c3a-9df9-28ed59258c21 => generated 650 bytes in 9 msecs (HTTP/1.1 200) 4 headers in 157 bytes (1 switches on core 0)
Aug 06 16:50:16.043143 np0000006674 devstack@g-api.service[99846]: DEBUG glance.location [None req-71374963-e9dd-4127-ada7-c1ebbd7aae4d tempest-VolumesActionsTest-87683499 tempest-VolumesActionsTest-87683499-project-member] Enabling in-flight format inspection for raw {{(pid=99846) set_data /opt/stack/glance/glance/location.py:596}}
Aug 06 16:50:16.043574 np0000006674 devstack@g-api.service[99846]: DEBUG glance_store.backend [None req-71374963-e9dd-4127-ada7-c1ebbd7aae4d tempest-VolumesActionsTest-87683499 tempest-VolumesActionsTest-87683499-project-member] Attempting to import store swift {{(pid=99846) _load_store /opt/stack/data/venv/lib/python3.12/site-packages/glance_store/backend.py:215}}
Aug 06 16:50:16.045426 np0000006674 devstack@g-api.service[99846]: DEBUG glance_store.capabilities [None req-71374963-e9dd-4127-ada7-c1ebbd7aae4d tempest-VolumesActionsTest-87683499 tempest-VolumesActionsTest-87683499-project-member] Store glance_store._drivers.swift.store.SingleTenantStore doesn't support updating dynamic storage capabilities. Please overwrite 'update_capabilities' method of the store to implement updating logics if needed. {{(pid=99846) update_capabilities /opt/stack/data/venv/lib/python3.12/site-packages/glance_store/capabilities.py:91}}
Aug 06 16:50:16.045539 np0000006674 devstack@g-api.service[99846]: DEBUG glance_store.driver [None req-71374963-e9dd-4127-ada7-c1ebbd7aae4d tempest-VolumesActionsTest-87683499 tempest-VolumesActionsTest-87683499-project-member] Late loading location class glance_store._drivers.swift.store.StoreLocation {{(pid=99846) get_store_location_class /opt/stack/data/venv/lib/python3.12/site-packages/glance_store/driver.py:134}}
Aug 06 16:50:16.045719 np0000006674 devstack@g-api.service[99846]: DEBUG glance_store.location [None req-71374963-e9dd-4127-ada7-c1ebbd7aae4d tempest-VolumesActionsTest-87683499 tempest-VolumesActionsTest-87683499-project-member] Registering scheme swift+https with {'store': , 'location_class': , 'store_entry': 'swift'} {{(pid=99846) register_scheme_map /opt/stack/data/venv/lib/python3.12/site-packages/glance_store/location.py:146}}
Aug 06 16:50:16.045843 np0000006674 devstack@g-api.service[99846]: DEBUG glance_store.location [None req-71374963-e9dd-4127-ada7-c1ebbd7aae4d tempest-VolumesActionsTest-87683499 tempest-VolumesActionsTest-87683499-project-member] Registering scheme swift+https with {'store': , 'location_class': , 'store_entry': 'swift'} {{(pid=99846) register_scheme_map /opt/stack/data/venv/lib/python3.12/site-packages/glance_store/location.py:146}}
Aug 06 16:50:16.045843 np0000006674 devstack@g-api.service[99846]: DEBUG glance_store.location [None req-71374963-e9dd-4127-ada7-c1ebbd7aae4d tempest-VolumesActionsTest-87683499 tempest-VolumesActionsTest-87683499-project-member] Registering scheme swift with {'store': , 'location_class': , 'store_entry': 'swift'} {{(pid=99846) register_scheme_map /opt/stack/data/venv/lib/python3.12/site-packages/glance_store/location.py:146}}
Aug 06 16:50:16.046175 np0000006674 devstack@g-api.service[99846]: DEBUG glance_store.location [None req-71374963-e9dd-4127-ada7-c1ebbd7aae4d tempest-VolumesActionsTest-87683499 tempest-VolumesActionsTest-87683499-project-member] Registering scheme swift+https with {'store': , 'location_class': , 'store_entry': 'swift'} {{(pid=99846) register_scheme_map /opt/stack/data/venv/lib/python3.12/site-packages/glance_store/location.py:146}}
Aug 06 16:50:16.046335 np0000006674 devstack@g-api.service[99846]: DEBUG glance_store.location [None req-71374963-e9dd-4127-ada7-c1ebbd7aae4d tempest-VolumesActionsTest-87683499 tempest-VolumesActionsTest-87683499-project-member] Registering scheme swift with {'store': , 'location_class': , 'store_entry': 'swift'} {{(pid=99846) register_scheme_map /opt/stack/data/venv/lib/python3.12/site-packages/glance_store/location.py:146}}
Aug 06 16:50:16.046503 np0000006674 devstack@g-api.service[99846]: DEBUG glance_store.location [None req-71374963-e9dd-4127-ada7-c1ebbd7aae4d tempest-VolumesActionsTest-87683499 tempest-VolumesActionsTest-87683499-project-member] Registering scheme swift+http with {'store': , 'location_class': , 'store_entry': 'swift'} {{(pid=99846) register_scheme_map /opt/stack/data/venv/lib/python3.12/site-packages/glance_store/location.py:146}}
Aug 06 16:50:16.046684 np0000006674 devstack@g-api.service[99846]: DEBUG glance_store.location [None req-71374963-e9dd-4127-ada7-c1ebbd7aae4d tempest-VolumesActionsTest-87683499 tempest-VolumesActionsTest-87683499-project-member] Registering scheme swift+https with {'store': , 'location_class': , 'store_entry': 'swift'} {{(pid=99846) register_scheme_map /opt/stack/data/venv/lib/python3.12/site-packages/glance_store/location.py:146}}
Aug 06 16:50:16.046879 np0000006674 devstack@g-api.service[99846]: DEBUG glance_store.location [None req-71374963-e9dd-4127-ada7-c1ebbd7aae4d tempest-VolumesActionsTest-87683499 tempest-VolumesActionsTest-87683499-project-member] Registering scheme swift with {'store': , 'location_class': , 'store_entry': 'swift'} {{(pid=99846) register_scheme_map /opt/stack/data/venv/lib/python3.12/site-packages/glance_store/location.py:146}}
Aug 06 16:50:16.047052 np0000006674 devstack@g-api.service[99846]: DEBUG glance_store.location [None req-71374963-e9dd-4127-ada7-c1ebbd7aae4d tempest-VolumesActionsTest-87683499 tempest-VolumesActionsTest-87683499-project-member] Registering scheme swift+http with {'store': , 'location_class': , 'store_entry': 'swift'} {{(pid=99846) register_scheme_map /opt/stack/data/venv/lib/python3.12/site-packages/glance_store/location.py:146}}
Aug 06 16:50:16.047223 np0000006674 devstack@g-api.service[99846]: DEBUG glance_store.location [None req-71374963-e9dd-4127-ada7-c1ebbd7aae4d tempest-VolumesActionsTest-87683499 tempest-VolumesActionsTest-87683499-project-member] Registering scheme swift+config with {'store': , 'location_class': , 'store_entry': 'swift'} {{(pid=99846) register_scheme_map /opt/stack/data/venv/lib/python3.12/site-packages/glance_store/location.py:146}}
Aug 06 16:50:16.139285 np0000006674 devstack@g-api.service[99846]: DEBUG swiftclient [None req-71374963-e9dd-4127-ada7-c1ebbd7aae4d tempest-VolumesActionsTest-87683499 tempest-VolumesActionsTest-87683499-project-member] REQ: curl -i https://10.4.3.161:8080/v1/AUTH_8f379f84780046e192a74dad57b1a4cd/glance -I -H "X-Auth-Token: gAAAAABqdLtImw0c..." {{(pid=99846) http_log /opt/stack/data/venv/lib/python3.12/site-packages/swiftclient/client.py:160}}
Aug 06 16:50:16.139382 np0000006674 devstack@g-api.service[99846]: DEBUG swiftclient [None req-71374963-e9dd-4127-ada7-c1ebbd7aae4d tempest-VolumesActionsTest-87683499 tempest-VolumesActionsTest-87683499-project-member] RESP STATUS: 204 No Content {{(pid=99846) http_log /opt/stack/data/venv/lib/python3.12/site-packages/swiftclient/client.py:161}}
Aug 06 16:50:16.139533 np0000006674 devstack@g-api.service[99846]: DEBUG swiftclient [None req-71374963-e9dd-4127-ada7-c1ebbd7aae4d tempest-VolumesActionsTest-87683499 tempest-VolumesActionsTest-87683499-project-member] RESP HEADERS: {'Date': 'Thu, 06 Aug 2026 16:50:16 GMT', 'Server': 'Apache/2.4.58 (Ubuntu)', 'Content-Type': 'text/plain; charset=utf-8', 'X-Container-Object-Count': '6', 'X-Container-Bytes-Used': '118424576', 'X-Timestamp': '1786034471.95259', 'Last-Modified': 'Thu, 06 Aug 2026 16:41:12 GMT', 'Accept-Ranges': 'bytes', 'X-Storage-Policy': 'Policy-0', 'X-Container-Sharding': 'False', 'Vary': 'Accept', 'X-Trans-Id': 'txb3dbd94dcd99489993f69-006a74bb48', 'X-Openstack-Request-Id': 'txb3dbd94dcd99489993f69-006a74bb48', 'Connection': 'close'} {{(pid=99846) http_log /opt/stack/data/venv/lib/python3.12/site-packages/swiftclient/client.py:162}}
Aug 06 16:50:16.139665 np0000006674 devstack@g-api.service[99846]: DEBUG glance_store._drivers.swift.store [None req-71374963-e9dd-4127-ada7-c1ebbd7aae4d tempest-VolumesActionsTest-87683499 tempest-VolumesActionsTest-87683499-project-member] Adding image object 'fb459b5a-d8a5-4c3a-9df9-28ed59258c21' to Swift {{(pid=99846) add /opt/stack/data/venv/lib/python3.12/site-packages/glance_store/_drivers/swift/store.py:970}}
Aug 06 16:50:16.139779 np0000006674 devstack@g-api.service[99846]: DEBUG glance_store._drivers.swift.store [None req-71374963-e9dd-4127-ada7-c1ebbd7aae4d tempest-VolumesActionsTest-87683499 tempest-VolumesActionsTest-87683499-project-member] Cannot determine image size because it is either not provided in the request or chunked-transfer encoding is used. Adding image as a segmented object to Swift. {{(pid=99846) add /opt/stack/data/venv/lib/python3.12/site-packages/glance_store/_drivers/swift/store.py:994}}
Aug 06 16:50:16.145947 np0000006674 devstack@g-api.service[99846]: DEBUG oslo_utils.imageutils.format_inspector [None req-71374963-e9dd-4127-ada7-c1ebbd7aae4d tempest-VolumesActionsTest-87683499 tempest-VolumesActionsTest-87683499-project-member] Format inspector for vmdk does not match, excluding from consideration (Signature KDMV not found: b'\x00\x00\x00\x00') {{(pid=99846) _process_chunk /opt/stack/data/venv/lib/python3.12/site-packages/oslo_utils/imageutils/format_inspector.py:1758}}
Aug 06 16:50:16.147761 np0000006674 devstack@g-api.service[99846]: DEBUG oslo_utils.imageutils.format_inspector [None req-71374963-e9dd-4127-ada7-c1ebbd7aae4d tempest-VolumesActionsTest-87683499 tempest-VolumesActionsTest-87683499-project-member] Format inspector for vhdx does not match, excluding from consideration (Region signature not found at 30000) {{(pid=99846) _process_chunk /opt/stack/data/venv/lib/python3.12/site-packages/oslo_utils/imageutils/format_inspector.py:1758}}
Aug 06 16:50:16.301412 np0000006674 devstack@g-api.service[99848]: DEBUG glance.api.middleware.version_negotiation [None req-c4a1b1ff-b4fa-4938-900d-9e613a750a98 tempest-VolumeAndVolumeTypeFromImageTest-298106351 tempest-VolumeAndVolumeTypeFromImageTest-298106351-project-member] Determining version of request: GET /v2/images/5844a543-3ba5-4a79-be2a-b46b0b43e6fe Accept: */* {{(pid=99848) process_request /opt/stack/glance/glance/api/middleware/version_negotiation.py:44}}
Aug 06 16:50:16.301412 np0000006674 devstack@g-api.service[99848]: DEBUG glance.api.middleware.version_negotiation [None req-c4a1b1ff-b4fa-4938-900d-9e613a750a98 tempest-VolumeAndVolumeTypeFromImageTest-298106351 tempest-VolumeAndVolumeTypeFromImageTest-298106351-project-member] Using url versioning {{(pid=99848) process_request /opt/stack/glance/glance/api/middleware/version_negotiation.py:57}}
Aug 06 16:50:16.302342 np0000006674 devstack@g-api.service[99848]: DEBUG glance.api.middleware.version_negotiation [None req-c4a1b1ff-b4fa-4938-900d-9e613a750a98 tempest-VolumeAndVolumeTypeFromImageTest-298106351 tempest-VolumeAndVolumeTypeFromImageTest-298106351-project-member] Matched version: v2 {{(pid=99848) process_request /opt/stack/glance/glance/api/middleware/version_negotiation.py:69}}
Aug 06 16:50:16.302342 np0000006674 devstack@g-api.service[99848]: DEBUG glance.api.middleware.version_negotiation [None req-c4a1b1ff-b4fa-4938-900d-9e613a750a98 tempest-VolumeAndVolumeTypeFromImageTest-298106351 tempest-VolumeAndVolumeTypeFromImageTest-298106351-project-member] new path /v2/images/5844a543-3ba5-4a79-be2a-b46b0b43e6fe {{(pid=99848) process_request /opt/stack/glance/glance/api/middleware/version_negotiation.py:70}}
Aug 06 16:50:16.327702 np0000006674 devstack@g-api.service[99848]: [pid: 99848|app: 0|req: 164/486] 127.0.0.1 () {44 vars in 1115 bytes} [Thu Aug 6 16:50:16 2026] GET /v2/images/5844a543-3ba5-4a79-be2a-b46b0b43e6fe => generated 898 bytes in 27 msecs (HTTP/1.1 200) 4 headers in 157 bytes (1 switches on core 0)
Aug 06 16:50:16.341399 np0000006674 devstack@g-api.service[99847]: DEBUG glance.api.middleware.version_negotiation [None req-98ac778f-556e-43fa-9fee-44b8bcdc3283 tempest-VolumesActionsTest-87683499 tempest-VolumesActionsTest-87683499-project-member] Determining version of request: GET /v2/schemas/image Accept: */* {{(pid=99847) process_request /opt/stack/glance/glance/api/middleware/version_negotiation.py:44}}
Aug 06 16:50:16.341983 np0000006674 devstack@g-api.service[99847]: DEBUG glance.api.middleware.version_negotiation [None req-98ac778f-556e-43fa-9fee-44b8bcdc3283 tempest-VolumesActionsTest-87683499 tempest-VolumesActionsTest-87683499-project-member] Using url versioning {{(pid=99847) process_request /opt/stack/glance/glance/api/middleware/version_negotiation.py:57}}
Aug 06 16:50:16.341983 np0000006674 devstack@g-api.service[99847]: DEBUG glance.api.middleware.version_negotiation [None req-98ac778f-556e-43fa-9fee-44b8bcdc3283 tempest-VolumesActionsTest-87683499 tempest-VolumesActionsTest-87683499-project-member] Matched version: v2 {{(pid=99847) process_request /opt/stack/glance/glance/api/middleware/version_negotiation.py:69}}
Aug 06 16:50:16.341983 np0000006674 devstack@g-api.service[99847]: DEBUG glance.api.middleware.version_negotiation [None req-98ac778f-556e-43fa-9fee-44b8bcdc3283 tempest-VolumesActionsTest-87683499 tempest-VolumesActionsTest-87683499-project-member] new path /v2/schemas/image {{(pid=99847) process_request /opt/stack/glance/glance/api/middleware/version_negotiation.py:70}}
Aug 06 16:50:16.348424 np0000006674 devstack@g-api.service[99847]: [pid: 99847|app: 0|req: 150/487] 127.0.0.1 () {44 vars in 1055 bytes} [Thu Aug 6 16:50:16 2026] GET /v2/schemas/image => generated 6083 bytes in 7 msecs (HTTP/1.1 200) 4 headers in 158 bytes (1 switches on core 0)
Aug 06 16:50:16.407565 np0000006674 devstack@g-api.service[99848]: DEBUG glance.api.middleware.version_negotiation [None req-c4a1b1ff-b4fa-4938-900d-9e613a750a98 tempest-VolumeAndVolumeTypeFromImageTest-298106351 tempest-VolumeAndVolumeTypeFromImageTest-298106351-project-member] Determining version of request: GET /v2/schemas/image Accept: */* {{(pid=99848) process_request /opt/stack/glance/glance/api/middleware/version_negotiation.py:44}}
Aug 06 16:50:16.407996 np0000006674 devstack@g-api.service[99848]: DEBUG glance.api.middleware.version_negotiation [None req-c4a1b1ff-b4fa-4938-900d-9e613a750a98 tempest-VolumeAndVolumeTypeFromImageTest-298106351 tempest-VolumeAndVolumeTypeFromImageTest-298106351-project-member] Using url versioning {{(pid=99848) process_request /opt/stack/glance/glance/api/middleware/version_negotiation.py:57}}
Aug 06 16:50:16.408067 np0000006674 devstack@g-api.service[99848]: DEBUG glance.api.middleware.version_negotiation [None req-c4a1b1ff-b4fa-4938-900d-9e613a750a98 tempest-VolumeAndVolumeTypeFromImageTest-298106351 tempest-VolumeAndVolumeTypeFromImageTest-298106351-project-member] Matched version: v2 {{(pid=99848) process_request /opt/stack/glance/glance/api/middleware/version_negotiation.py:69}}
Aug 06 16:50:16.408212 np0000006674 devstack@g-api.service[99848]: DEBUG glance.api.middleware.version_negotiation [None req-c4a1b1ff-b4fa-4938-900d-9e613a750a98 tempest-VolumeAndVolumeTypeFromImageTest-298106351 tempest-VolumeAndVolumeTypeFromImageTest-298106351-project-member] new path /v2/schemas/image {{(pid=99848) process_request /opt/stack/glance/glance/api/middleware/version_negotiation.py:70}}
Aug 06 16:50:16.411209 np0000006674 devstack@g-api.service[99848]: [pid: 99848|app: 0|req: 165/488] 127.0.0.1 () {44 vars in 1055 bytes} [Thu Aug 6 16:50:16 2026] GET /v2/schemas/image => generated 6083 bytes in 4 msecs (HTTP/1.1 200) 4 headers in 158 bytes (1 switches on core 0)
Aug 06 16:50:16.458396 np0000006674 devstack@g-api.service[99847]: DEBUG glance.api.middleware.version_negotiation [None req-c4a1b1ff-b4fa-4938-900d-9e613a750a98 tempest-VolumeAndVolumeTypeFromImageTest-298106351 tempest-VolumeAndVolumeTypeFromImageTest-298106351-project-member] Determining version of request: POST /v2/images Accept: */* {{(pid=99847) process_request /opt/stack/glance/glance/api/middleware/version_negotiation.py:44}}
Aug 06 16:50:16.458666 np0000006674 devstack@g-api.service[99847]: DEBUG glance.api.middleware.version_negotiation [None req-c4a1b1ff-b4fa-4938-900d-9e613a750a98 tempest-VolumeAndVolumeTypeFromImageTest-298106351 tempest-VolumeAndVolumeTypeFromImageTest-298106351-project-member] Using url versioning {{(pid=99847) process_request /opt/stack/glance/glance/api/middleware/version_negotiation.py:57}}
Aug 06 16:50:16.458723 np0000006674 devstack@g-api.service[99847]: DEBUG glance.api.middleware.version_negotiation [None req-c4a1b1ff-b4fa-4938-900d-9e613a750a98 tempest-VolumeAndVolumeTypeFromImageTest-298106351 tempest-VolumeAndVolumeTypeFromImageTest-298106351-project-member] Matched version: v2 {{(pid=99847) process_request /opt/stack/glance/glance/api/middleware/version_negotiation.py:69}}
Aug 06 16:50:16.458904 np0000006674 devstack@g-api.service[99847]: DEBUG glance.api.middleware.version_negotiation [None req-c4a1b1ff-b4fa-4938-900d-9e613a750a98 tempest-VolumeAndVolumeTypeFromImageTest-298106351 tempest-VolumeAndVolumeTypeFromImageTest-298106351-project-member] new path /v2/images {{(pid=99847) process_request /opt/stack/glance/glance/api/middleware/version_negotiation.py:70}}
Aug 06 16:50:16.718713 np0000006674 devstack@g-api.service[99848]: DEBUG glance.api.middleware.version_negotiation [None req-9671ef6c-a879-4e69-8155-41a059a498a9 tempest-AttachVolumeShelveTestJSON-481466504 tempest-AttachVolumeShelveTestJSON-481466504-project-member] Determining version of request: GET /v2/images/fb459b5a-d8a5-4c3a-9df9-28ed59258c21 Accept: application/json {{(pid=99848) process_request /opt/stack/glance/glance/api/middleware/version_negotiation.py:44}}
Aug 06 16:50:16.718713 np0000006674 devstack@g-api.service[99848]: DEBUG glance.api.middleware.version_negotiation [None req-9671ef6c-a879-4e69-8155-41a059a498a9 tempest-AttachVolumeShelveTestJSON-481466504 tempest-AttachVolumeShelveTestJSON-481466504-project-member] Using url versioning {{(pid=99848) process_request /opt/stack/glance/glance/api/middleware/version_negotiation.py:57}}
Aug 06 16:50:16.719888 np0000006674 devstack@g-api.service[99848]: DEBUG glance.api.middleware.version_negotiation [None req-9671ef6c-a879-4e69-8155-41a059a498a9 tempest-AttachVolumeShelveTestJSON-481466504 tempest-AttachVolumeShelveTestJSON-481466504-project-member] Matched version: v2 {{(pid=99848) process_request /opt/stack/glance/glance/api/middleware/version_negotiation.py:69}}
Aug 06 16:50:16.719888 np0000006674 devstack@g-api.service[99848]: DEBUG glance.api.middleware.version_negotiation [None req-9671ef6c-a879-4e69-8155-41a059a498a9 tempest-AttachVolumeShelveTestJSON-481466504 tempest-AttachVolumeShelveTestJSON-481466504-project-member] new path /v2/images/fb459b5a-d8a5-4c3a-9df9-28ed59258c21 {{(pid=99848) process_request /opt/stack/glance/glance/api/middleware/version_negotiation.py:70}}
Aug 06 16:50:16.735147 np0000006674 devstack@g-api.service[99848]: [pid: 99848|app: 0|req: 166/489] 127.0.0.1 () {40 vars in 838 bytes} [Thu Aug 6 16:50:16 2026] GET /v2/images/fb459b5a-d8a5-4c3a-9df9-28ed59258c21 => generated 650 bytes in 16 msecs (HTTP/1.1 200) 4 headers in 157 bytes (1 switches on core 0)
Aug 06 16:50:17.225480 np0000006674 devstack@g-api.service[99847]: [pid: 99847|app: 0|req: 151/490] 127.0.0.1 () {46 vars in 1055 bytes} [Thu Aug 6 16:50:16 2026] POST /v2/images => generated 1335 bytes in 767 msecs (HTTP/1.1 201) 6 headers in 316 bytes (1 switches on core 0)
Aug 06 16:50:17.737255 np0000006674 devstack@g-api.service[99848]: DEBUG glance.api.middleware.version_negotiation [None req-c213e839-1ebb-43fc-ba53-b968eb48d097 tempest-VolumesActionsTest-87683499 tempest-VolumesActionsTest-87683499-project-member] Determining version of request: GET /v2/images/53541fb9-464e-446c-9b28-43b0e09ae827 Accept: */* {{(pid=99848) process_request /opt/stack/glance/glance/api/middleware/version_negotiation.py:44}}
Aug 06 16:50:17.737255 np0000006674 devstack@g-api.service[99848]: DEBUG glance.api.middleware.version_negotiation [None req-c213e839-1ebb-43fc-ba53-b968eb48d097 tempest-VolumesActionsTest-87683499 tempest-VolumesActionsTest-87683499-project-member] Using url versioning {{(pid=99848) process_request /opt/stack/glance/glance/api/middleware/version_negotiation.py:57}}
Aug 06 16:50:17.737255 np0000006674 devstack@g-api.service[99848]: DEBUG glance.api.middleware.version_negotiation [None req-c213e839-1ebb-43fc-ba53-b968eb48d097 tempest-VolumesActionsTest-87683499 tempest-VolumesActionsTest-87683499-project-member] Matched version: v2 {{(pid=99848) process_request /opt/stack/glance/glance/api/middleware/version_negotiation.py:69}}
Aug 06 16:50:17.737255 np0000006674 devstack@g-api.service[99848]: DEBUG glance.api.middleware.version_negotiation [None req-c213e839-1ebb-43fc-ba53-b968eb48d097 tempest-VolumesActionsTest-87683499 tempest-VolumesActionsTest-87683499-project-member] new path /v2/images/53541fb9-464e-446c-9b28-43b0e09ae827 {{(pid=99848) process_request /opt/stack/glance/glance/api/middleware/version_negotiation.py:70}}
Aug 06 16:50:17.749922 np0000006674 devstack@g-api.service[99847]: DEBUG glance.api.middleware.version_negotiation [None req-9671ef6c-a879-4e69-8155-41a059a498a9 tempest-AttachVolumeShelveTestJSON-481466504 tempest-AttachVolumeShelveTestJSON-481466504-project-member] Determining version of request: GET /v2/images/fb459b5a-d8a5-4c3a-9df9-28ed59258c21 Accept: application/json {{(pid=99847) process_request /opt/stack/glance/glance/api/middleware/version_negotiation.py:44}}
Aug 06 16:50:17.751203 np0000006674 devstack@g-api.service[99847]: DEBUG glance.api.middleware.version_negotiation [None req-9671ef6c-a879-4e69-8155-41a059a498a9 tempest-AttachVolumeShelveTestJSON-481466504 tempest-AttachVolumeShelveTestJSON-481466504-project-member] Using url versioning {{(pid=99847) process_request /opt/stack/glance/glance/api/middleware/version_negotiation.py:57}}
Aug 06 16:50:17.751203 np0000006674 devstack@g-api.service[99847]: DEBUG glance.api.middleware.version_negotiation [None req-9671ef6c-a879-4e69-8155-41a059a498a9 tempest-AttachVolumeShelveTestJSON-481466504 tempest-AttachVolumeShelveTestJSON-481466504-project-member] Matched version: v2 {{(pid=99847) process_request /opt/stack/glance/glance/api/middleware/version_negotiation.py:69}}
Aug 06 16:50:17.751203 np0000006674 devstack@g-api.service[99847]: DEBUG glance.api.middleware.version_negotiation [None req-9671ef6c-a879-4e69-8155-41a059a498a9 tempest-AttachVolumeShelveTestJSON-481466504 tempest-AttachVolumeShelveTestJSON-481466504-project-member] new path /v2/images/fb459b5a-d8a5-4c3a-9df9-28ed59258c21 {{(pid=99847) process_request /opt/stack/glance/glance/api/middleware/version_negotiation.py:70}}
Aug 06 16:50:17.753743 np0000006674 devstack@g-api.service[99848]: [pid: 99848|app: 0|req: 167/491] 127.0.0.1 () {44 vars in 1115 bytes} [Thu Aug 6 16:50:17 2026] GET /v2/images/53541fb9-464e-446c-9b28-43b0e09ae827 => generated 1335 bytes in 17 msecs (HTTP/1.1 200) 4 headers in 158 bytes (1 switches on core 0)
Aug 06 16:50:17.771897 np0000006674 devstack@g-api.service[99847]: [pid: 99847|app: 0|req: 152/492] 127.0.0.1 () {40 vars in 838 bytes} [Thu Aug 6 16:50:17 2026] GET /v2/images/fb459b5a-d8a5-4c3a-9df9-28ed59258c21 => generated 650 bytes in 25 msecs (HTTP/1.1 200) 4 headers in 157 bytes (1 switches on core 0)
Aug 06 16:50:17.822018 np0000006674 devstack@g-api.service[99848]: DEBUG glance.api.middleware.version_negotiation [None req-9671ef6c-a879-4e69-8155-41a059a498a9 tempest-AttachVolumeShelveTestJSON-481466504 tempest-AttachVolumeShelveTestJSON-481466504-project-member] Determining version of request: GET /v2/schemas/image Accept: */* {{(pid=99848) process_request /opt/stack/glance/glance/api/middleware/version_negotiation.py:44}}
Aug 06 16:50:17.822178 np0000006674 devstack@g-api.service[99848]: DEBUG glance.api.middleware.version_negotiation [None req-9671ef6c-a879-4e69-8155-41a059a498a9 tempest-AttachVolumeShelveTestJSON-481466504 tempest-AttachVolumeShelveTestJSON-481466504-project-member] Using url versioning {{(pid=99848) process_request /opt/stack/glance/glance/api/middleware/version_negotiation.py:57}}
Aug 06 16:50:17.823886 np0000006674 devstack@g-api.service[99848]: DEBUG glance.api.middleware.version_negotiation [None req-9671ef6c-a879-4e69-8155-41a059a498a9 tempest-AttachVolumeShelveTestJSON-481466504 tempest-AttachVolumeShelveTestJSON-481466504-project-member] Matched version: v2 {{(pid=99848) process_request /opt/stack/glance/glance/api/middleware/version_negotiation.py:69}}
Aug 06 16:50:17.823886 np0000006674 devstack@g-api.service[99848]: DEBUG glance.api.middleware.version_negotiation [None req-9671ef6c-a879-4e69-8155-41a059a498a9 tempest-AttachVolumeShelveTestJSON-481466504 tempest-AttachVolumeShelveTestJSON-481466504-project-member] new path /v2/schemas/image {{(pid=99848) process_request /opt/stack/glance/glance/api/middleware/version_negotiation.py:70}}
Aug 06 16:50:17.829660 np0000006674 devstack@g-api.service[99848]: [pid: 99848|app: 0|req: 168/493] 127.0.0.1 () {44 vars in 1055 bytes} [Thu Aug 6 16:50:17 2026] GET /v2/schemas/image => generated 6083 bytes in 8 msecs (HTTP/1.1 200) 4 headers in 158 bytes (1 switches on core 0)
Aug 06 16:50:18.529660 np0000006674 devstack@g-api.service[99847]: DEBUG glance.api.middleware.version_negotiation [None req-9e3157bd-e4b7-458b-b0cb-f5eae38faaae tempest-VolumesActionsTest-87683499 tempest-VolumesActionsTest-87683499-project-member] Determining version of request: GET /v2/images/53541fb9-464e-446c-9b28-43b0e09ae827 Accept: */* {{(pid=99847) process_request /opt/stack/glance/glance/api/middleware/version_negotiation.py:44}}
Aug 06 16:50:18.530087 np0000006674 devstack@g-api.service[99847]: DEBUG glance.api.middleware.version_negotiation [None req-9e3157bd-e4b7-458b-b0cb-f5eae38faaae tempest-VolumesActionsTest-87683499 tempest-VolumesActionsTest-87683499-project-member] Using url versioning {{(pid=99847) process_request /opt/stack/glance/glance/api/middleware/version_negotiation.py:57}}
Aug 06 16:50:18.530117 np0000006674 devstack@g-api.service[99847]: DEBUG glance.api.middleware.version_negotiation [None req-9e3157bd-e4b7-458b-b0cb-f5eae38faaae tempest-VolumesActionsTest-87683499 tempest-VolumesActionsTest-87683499-project-member] Matched version: v2 {{(pid=99847) process_request /opt/stack/glance/glance/api/middleware/version_negotiation.py:69}}
Aug 06 16:50:18.530293 np0000006674 devstack@g-api.service[99847]: DEBUG glance.api.middleware.version_negotiation [None req-9e3157bd-e4b7-458b-b0cb-f5eae38faaae tempest-VolumesActionsTest-87683499 tempest-VolumesActionsTest-87683499-project-member] new path /v2/images/53541fb9-464e-446c-9b28-43b0e09ae827 {{(pid=99847) process_request /opt/stack/glance/glance/api/middleware/version_negotiation.py:70}}
Aug 06 16:50:18.544253 np0000006674 devstack@g-api.service[99847]: [pid: 99847|app: 0|req: 153/494] 127.0.0.1 () {44 vars in 1115 bytes} [Thu Aug 6 16:50:18 2026] GET /v2/images/53541fb9-464e-446c-9b28-43b0e09ae827 => generated 1335 bytes in 15 msecs (HTTP/1.1 200) 4 headers in 158 bytes (1 switches on core 0)
Aug 06 16:50:18.585151 np0000006674 devstack@g-api.service[99848]: DEBUG glance.api.middleware.version_negotiation [None req-9671ef6c-a879-4e69-8155-41a059a498a9 tempest-AttachVolumeShelveTestJSON-481466504 tempest-AttachVolumeShelveTestJSON-481466504-project-member] Determining version of request: GET /v2/schemas/image Accept: */* {{(pid=99848) process_request /opt/stack/glance/glance/api/middleware/version_negotiation.py:44}}
Aug 06 16:50:18.586066 np0000006674 devstack@g-api.service[99848]: DEBUG glance.api.middleware.version_negotiation [None req-9671ef6c-a879-4e69-8155-41a059a498a9 tempest-AttachVolumeShelveTestJSON-481466504 tempest-AttachVolumeShelveTestJSON-481466504-project-member] Using url versioning {{(pid=99848) process_request /opt/stack/glance/glance/api/middleware/version_negotiation.py:57}}
Aug 06 16:50:18.586066 np0000006674 devstack@g-api.service[99848]: DEBUG glance.api.middleware.version_negotiation [None req-9671ef6c-a879-4e69-8155-41a059a498a9 tempest-AttachVolumeShelveTestJSON-481466504 tempest-AttachVolumeShelveTestJSON-481466504-project-member] Matched version: v2 {{(pid=99848) process_request /opt/stack/glance/glance/api/middleware/version_negotiation.py:69}}
Aug 06 16:50:18.586066 np0000006674 devstack@g-api.service[99848]: DEBUG glance.api.middleware.version_negotiation [None req-9671ef6c-a879-4e69-8155-41a059a498a9 tempest-AttachVolumeShelveTestJSON-481466504 tempest-AttachVolumeShelveTestJSON-481466504-project-member] new path /v2/schemas/image {{(pid=99848) process_request /opt/stack/glance/glance/api/middleware/version_negotiation.py:70}}
Aug 06 16:50:18.588533 np0000006674 devstack@g-api.service[99848]: [pid: 99848|app: 0|req: 169/495] 127.0.0.1 () {44 vars in 1055 bytes} [Thu Aug 6 16:50:18 2026] GET /v2/schemas/image => generated 6083 bytes in 3 msecs (HTTP/1.1 200) 4 headers in 158 bytes (1 switches on core 0)
Aug 06 16:50:18.624507 np0000006674 devstack@g-api.service[99847]: DEBUG glance.api.middleware.version_negotiation [None req-9671ef6c-a879-4e69-8155-41a059a498a9 tempest-AttachVolumeShelveTestJSON-481466504 tempest-AttachVolumeShelveTestJSON-481466504-project-member] Determining version of request: GET /v2/schemas/image Accept: */* {{(pid=99847) process_request /opt/stack/glance/glance/api/middleware/version_negotiation.py:44}}
Aug 06 16:50:18.624799 np0000006674 devstack@g-api.service[99847]: DEBUG glance.api.middleware.version_negotiation [None req-9671ef6c-a879-4e69-8155-41a059a498a9 tempest-AttachVolumeShelveTestJSON-481466504 tempest-AttachVolumeShelveTestJSON-481466504-project-member] Using url versioning {{(pid=99847) process_request /opt/stack/glance/glance/api/middleware/version_negotiation.py:57}}
Aug 06 16:50:18.624977 np0000006674 devstack@g-api.service[99847]: DEBUG glance.api.middleware.version_negotiation [None req-9671ef6c-a879-4e69-8155-41a059a498a9 tempest-AttachVolumeShelveTestJSON-481466504 tempest-AttachVolumeShelveTestJSON-481466504-project-member] Matched version: v2 {{(pid=99847) process_request /opt/stack/glance/glance/api/middleware/version_negotiation.py:69}}
Aug 06 16:50:18.625091 np0000006674 devstack@g-api.service[99847]: DEBUG glance.api.middleware.version_negotiation [None req-9671ef6c-a879-4e69-8155-41a059a498a9 tempest-AttachVolumeShelveTestJSON-481466504 tempest-AttachVolumeShelveTestJSON-481466504-project-member] new path /v2/schemas/image {{(pid=99847) process_request /opt/stack/glance/glance/api/middleware/version_negotiation.py:70}}
Aug 06 16:50:18.629567 np0000006674 devstack@g-api.service[99847]: [pid: 99847|app: 0|req: 154/496] 127.0.0.1 () {44 vars in 1055 bytes} [Thu Aug 6 16:50:18 2026] GET /v2/schemas/image => generated 6083 bytes in 5 msecs (HTTP/1.1 200) 4 headers in 158 bytes (1 switches on core 0)
Aug 06 16:50:18.666583 np0000006674 devstack@g-api.service[99848]: DEBUG glance.api.middleware.version_negotiation [None req-9671ef6c-a879-4e69-8155-41a059a498a9 tempest-AttachVolumeShelveTestJSON-481466504 tempest-AttachVolumeShelveTestJSON-481466504-project-member] Determining version of request: PATCH /v2/images/53541fb9-464e-446c-9b28-43b0e09ae827 Accept: */* {{(pid=99848) process_request /opt/stack/glance/glance/api/middleware/version_negotiation.py:44}}
Aug 06 16:50:18.666583 np0000006674 devstack@g-api.service[99848]: DEBUG glance.api.middleware.version_negotiation [None req-9671ef6c-a879-4e69-8155-41a059a498a9 tempest-AttachVolumeShelveTestJSON-481466504 tempest-AttachVolumeShelveTestJSON-481466504-project-member] Using url versioning {{(pid=99848) process_request /opt/stack/glance/glance/api/middleware/version_negotiation.py:57}}
Aug 06 16:50:18.666583 np0000006674 devstack@g-api.service[99848]: DEBUG glance.api.middleware.version_negotiation [None req-9671ef6c-a879-4e69-8155-41a059a498a9 tempest-AttachVolumeShelveTestJSON-481466504 tempest-AttachVolumeShelveTestJSON-481466504-project-member] Matched version: v2 {{(pid=99848) process_request /opt/stack/glance/glance/api/middleware/version_negotiation.py:69}}
Aug 06 16:50:18.666583 np0000006674 devstack@g-api.service[99848]: DEBUG glance.api.middleware.version_negotiation [None req-9671ef6c-a879-4e69-8155-41a059a498a9 tempest-AttachVolumeShelveTestJSON-481466504 tempest-AttachVolumeShelveTestJSON-481466504-project-member] new path /v2/images/53541fb9-464e-446c-9b28-43b0e09ae827 {{(pid=99848) process_request /opt/stack/glance/glance/api/middleware/version_negotiation.py:70}}
Aug 06 16:50:18.763323 np0000006674 devstack@g-api.service[99846]: DEBUG swiftclient [None req-71374963-e9dd-4127-ada7-c1ebbd7aae4d tempest-VolumesActionsTest-87683499 tempest-VolumesActionsTest-87683499-project-member] REQ: curl -i https://10.4.3.161:8080/v1/AUTH_8f379f84780046e192a74dad57b1a4cd/glance/fb459b5a-d8a5-4c3a-9df9-28ed59258c21-00001 -X PUT -H "X-Auth-Token: gAAAAABqdLtImw0c..." {{(pid=99846) http_log /opt/stack/data/venv/lib/python3.12/site-packages/swiftclient/client.py:160}}
Aug 06 16:50:18.763323 np0000006674 devstack@g-api.service[99846]: DEBUG swiftclient [None req-71374963-e9dd-4127-ada7-c1ebbd7aae4d tempest-VolumesActionsTest-87683499 tempest-VolumesActionsTest-87683499-project-member] RESP STATUS: 201 Created {{(pid=99846) http_log /opt/stack/data/venv/lib/python3.12/site-packages/swiftclient/client.py:161}}
Aug 06 16:50:18.763323 np0000006674 devstack@g-api.service[99846]: DEBUG swiftclient [None req-71374963-e9dd-4127-ada7-c1ebbd7aae4d tempest-VolumesActionsTest-87683499 tempest-VolumesActionsTest-87683499-project-member] RESP HEADERS: {'Date': 'Thu, 06 Aug 2026 16:50:18 GMT', 'Server': 'Apache/2.4.58 (Ubuntu)', 'Content-Type': 'text/html; charset=UTF-8', 'Content-Length': '0', 'Etag': 'eda9a9889837ac4bc81d6387d92c1bec', 'Last-Modified': 'Thu, 06 Aug 2026 16:50:17 GMT', 'X-Trans-Id': 'tx7e7759815fc94425877f7-006a74bb48', 'X-Openstack-Request-Id': 'tx7e7759815fc94425877f7-006a74bb48', 'Connection': 'close'} {{(pid=99846) http_log /opt/stack/data/venv/lib/python3.12/site-packages/swiftclient/client.py:162}}
Aug 06 16:50:18.763323 np0000006674 devstack@g-api.service[99846]: DEBUG glance_store._drivers.swift.store [None req-71374963-e9dd-4127-ada7-c1ebbd7aae4d tempest-VolumesActionsTest-87683499 tempest-VolumesActionsTest-87683499-project-member] Wrote chunk fb459b5a-d8a5-4c3a-9df9-28ed59258c21-00001 (1/?) of length 204800000 to Swift returning MD5 of content: eda9a9889837ac4bc81d6387d92c1bec {{(pid=99846) add /opt/stack/data/venv/lib/python3.12/site-packages/glance_store/_drivers/swift/store.py:1059}}
Aug 06 16:50:18.790426 np0000006674 devstack@g-api.service[99847]: DEBUG glance.api.middleware.version_negotiation [None req-9671ef6c-a879-4e69-8155-41a059a498a9 tempest-AttachVolumeShelveTestJSON-481466504 tempest-AttachVolumeShelveTestJSON-481466504-project-member] Determining version of request: GET /v2/images/fb459b5a-d8a5-4c3a-9df9-28ed59258c21 Accept: application/json {{(pid=99847) process_request /opt/stack/glance/glance/api/middleware/version_negotiation.py:44}}
Aug 06 16:50:18.790426 np0000006674 devstack@g-api.service[99847]: DEBUG glance.api.middleware.version_negotiation [None req-9671ef6c-a879-4e69-8155-41a059a498a9 tempest-AttachVolumeShelveTestJSON-481466504 tempest-AttachVolumeShelveTestJSON-481466504-project-member] Using url versioning {{(pid=99847) process_request /opt/stack/glance/glance/api/middleware/version_negotiation.py:57}}
Aug 06 16:50:18.790426 np0000006674 devstack@g-api.service[99847]: DEBUG glance.api.middleware.version_negotiation [None req-9671ef6c-a879-4e69-8155-41a059a498a9 tempest-AttachVolumeShelveTestJSON-481466504 tempest-AttachVolumeShelveTestJSON-481466504-project-member] Matched version: v2 {{(pid=99847) process_request /opt/stack/glance/glance/api/middleware/version_negotiation.py:69}}
Aug 06 16:50:18.790426 np0000006674 devstack@g-api.service[99847]: DEBUG glance.api.middleware.version_negotiation [None req-9671ef6c-a879-4e69-8155-41a059a498a9 tempest-AttachVolumeShelveTestJSON-481466504 tempest-AttachVolumeShelveTestJSON-481466504-project-member] new path /v2/images/fb459b5a-d8a5-4c3a-9df9-28ed59258c21 {{(pid=99847) process_request /opt/stack/glance/glance/api/middleware/version_negotiation.py:70}}
Aug 06 16:50:18.801717 np0000006674 devstack@g-api.service[99847]: [pid: 99847|app: 0|req: 155/497] 127.0.0.1 () {40 vars in 838 bytes} [Thu Aug 6 16:50:18 2026] GET /v2/images/fb459b5a-d8a5-4c3a-9df9-28ed59258c21 => generated 650 bytes in 15 msecs (HTTP/1.1 200) 4 headers in 157 bytes (1 switches on core 0)
Aug 06 16:50:18.869196 np0000006674 devstack@g-api.service[99848]: [pid: 99848|app: 0|req: 170/498] 127.0.0.1 () {46 vars in 1158 bytes} [Thu Aug 6 16:50:18 2026] PATCH /v2/images/53541fb9-464e-446c-9b28-43b0e09ae827 => generated 1446 bytes in 203 msecs (HTTP/1.1 200) 4 headers in 158 bytes (1 switches on core 0)
Aug 06 16:50:18.907633 np0000006674 devstack@g-api.service[99847]: DEBUG glance.api.middleware.version_negotiation [None req-e487843a-49f3-4320-aaeb-2757050371de tempest-VolumesActionsTest-87683499 tempest-VolumesActionsTest-87683499-project-member] Determining version of request: GET /v2/images/53541fb9-464e-446c-9b28-43b0e09ae827 Accept: */* {{(pid=99847) process_request /opt/stack/glance/glance/api/middleware/version_negotiation.py:44}}
Aug 06 16:50:18.909548 np0000006674 devstack@g-api.service[99847]: DEBUG glance.api.middleware.version_negotiation [None req-e487843a-49f3-4320-aaeb-2757050371de tempest-VolumesActionsTest-87683499 tempest-VolumesActionsTest-87683499-project-member] Using url versioning {{(pid=99847) process_request /opt/stack/glance/glance/api/middleware/version_negotiation.py:57}}
Aug 06 16:50:18.909548 np0000006674 devstack@g-api.service[99847]: DEBUG glance.api.middleware.version_negotiation [None req-e487843a-49f3-4320-aaeb-2757050371de tempest-VolumesActionsTest-87683499 tempest-VolumesActionsTest-87683499-project-member] Matched version: v2 {{(pid=99847) process_request /opt/stack/glance/glance/api/middleware/version_negotiation.py:69}}
Aug 06 16:50:18.910126 np0000006674 devstack@g-api.service[99847]: DEBUG glance.api.middleware.version_negotiation [None req-e487843a-49f3-4320-aaeb-2757050371de tempest-VolumesActionsTest-87683499 tempest-VolumesActionsTest-87683499-project-member] new path /v2/images/53541fb9-464e-446c-9b28-43b0e09ae827 {{(pid=99847) process_request /opt/stack/glance/glance/api/middleware/version_negotiation.py:70}}
Aug 06 16:50:18.935587 np0000006674 devstack@g-api.service[99847]: [pid: 99847|app: 0|req: 156/499] 127.0.0.1 () {44 vars in 1115 bytes} [Thu Aug 6 16:50:18 2026] GET /v2/images/53541fb9-464e-446c-9b28-43b0e09ae827 => generated 1446 bytes in 28 msecs (HTTP/1.1 200) 4 headers in 158 bytes (1 switches on core 0)
Aug 06 16:50:18.982064 np0000006674 devstack@g-api.service[99848]: DEBUG glance.api.middleware.version_negotiation [None req-9671ef6c-a879-4e69-8155-41a059a498a9 tempest-AttachVolumeShelveTestJSON-481466504 tempest-AttachVolumeShelveTestJSON-481466504-project-member] Determining version of request: PUT /v2/images/53541fb9-464e-446c-9b28-43b0e09ae827/file Accept: */* {{(pid=99848) process_request /opt/stack/glance/glance/api/middleware/version_negotiation.py:44}}
Aug 06 16:50:18.982064 np0000006674 devstack@g-api.service[99848]: DEBUG glance.api.middleware.version_negotiation [None req-9671ef6c-a879-4e69-8155-41a059a498a9 tempest-AttachVolumeShelveTestJSON-481466504 tempest-AttachVolumeShelveTestJSON-481466504-project-member] Using url versioning {{(pid=99848) process_request /opt/stack/glance/glance/api/middleware/version_negotiation.py:57}}
Aug 06 16:50:18.982064 np0000006674 devstack@g-api.service[99848]: DEBUG glance.api.middleware.version_negotiation [None req-9671ef6c-a879-4e69-8155-41a059a498a9 tempest-AttachVolumeShelveTestJSON-481466504 tempest-AttachVolumeShelveTestJSON-481466504-project-member] Matched version: v2 {{(pid=99848) process_request /opt/stack/glance/glance/api/middleware/version_negotiation.py:69}}
Aug 06 16:50:18.982768 np0000006674 devstack@g-api.service[99848]: DEBUG glance.api.middleware.version_negotiation [None req-9671ef6c-a879-4e69-8155-41a059a498a9 tempest-AttachVolumeShelveTestJSON-481466504 tempest-AttachVolumeShelveTestJSON-481466504-project-member] new path /v2/images/53541fb9-464e-446c-9b28-43b0e09ae827/file {{(pid=99848) process_request /opt/stack/glance/glance/api/middleware/version_negotiation.py:70}}
Aug 06 16:50:19.513372 np0000006674 devstack@g-api.service[99848]: INFO glance.api.v2.image_data [None req-9671ef6c-a879-4e69-8155-41a059a498a9 tempest-AttachVolumeShelveTestJSON-481466504 tempest-AttachVolumeShelveTestJSON-481466504-project-member] Unable to create trust: no such option collect_timing in group [keystone_authtoken] Use the existing user token.
Aug 06 16:50:19.812412 np0000006674 devstack@g-api.service[99847]: DEBUG glance.api.middleware.version_negotiation [None req-9671ef6c-a879-4e69-8155-41a059a498a9 tempest-AttachVolumeShelveTestJSON-481466504 tempest-AttachVolumeShelveTestJSON-481466504-project-member] Determining version of request: GET /v2/images/fb459b5a-d8a5-4c3a-9df9-28ed59258c21 Accept: application/json {{(pid=99847) process_request /opt/stack/glance/glance/api/middleware/version_negotiation.py:44}}
Aug 06 16:50:19.812916 np0000006674 devstack@g-api.service[99847]: DEBUG glance.api.middleware.version_negotiation [None req-9671ef6c-a879-4e69-8155-41a059a498a9 tempest-AttachVolumeShelveTestJSON-481466504 tempest-AttachVolumeShelveTestJSON-481466504-project-member] Using url versioning {{(pid=99847) process_request /opt/stack/glance/glance/api/middleware/version_negotiation.py:57}}
Aug 06 16:50:19.812916 np0000006674 devstack@g-api.service[99847]: DEBUG glance.api.middleware.version_negotiation [None req-9671ef6c-a879-4e69-8155-41a059a498a9 tempest-AttachVolumeShelveTestJSON-481466504 tempest-AttachVolumeShelveTestJSON-481466504-project-member] Matched version: v2 {{(pid=99847) process_request /opt/stack/glance/glance/api/middleware/version_negotiation.py:69}}
Aug 06 16:50:19.812916 np0000006674 devstack@g-api.service[99847]: DEBUG glance.api.middleware.version_negotiation [None req-9671ef6c-a879-4e69-8155-41a059a498a9 tempest-AttachVolumeShelveTestJSON-481466504 tempest-AttachVolumeShelveTestJSON-481466504-project-member] new path /v2/images/fb459b5a-d8a5-4c3a-9df9-28ed59258c21 {{(pid=99847) process_request /opt/stack/glance/glance/api/middleware/version_negotiation.py:70}}
Aug 06 16:50:19.826565 np0000006674 devstack@g-api.service[99847]: [pid: 99847|app: 0|req: 157/500] 127.0.0.1 () {40 vars in 838 bytes} [Thu Aug 6 16:50:19 2026] GET /v2/images/fb459b5a-d8a5-4c3a-9df9-28ed59258c21 => generated 650 bytes in 14 msecs (HTTP/1.1 200) 4 headers in 157 bytes (1 switches on core 0)
Aug 06 16:50:19.902877 np0000006674 devstack@g-api.service[99847]: DEBUG glance.api.middleware.version_negotiation [None req-24405ba8-3ed8-4c45-b104-86cdadfe78a1 tempest-VolumesActionsTest-87683499 tempest-VolumesActionsTest-87683499-project-member] Determining version of request: DELETE /v2/images/5844a543-3ba5-4a79-be2a-b46b0b43e6fe Accept: application/json {{(pid=99847) process_request /opt/stack/glance/glance/api/middleware/version_negotiation.py:44}}
Aug 06 16:50:19.902877 np0000006674 devstack@g-api.service[99847]: DEBUG glance.api.middleware.version_negotiation [None req-24405ba8-3ed8-4c45-b104-86cdadfe78a1 tempest-VolumesActionsTest-87683499 tempest-VolumesActionsTest-87683499-project-member] Using url versioning {{(pid=99847) process_request /opt/stack/glance/glance/api/middleware/version_negotiation.py:57}}
Aug 06 16:50:19.902877 np0000006674 devstack@g-api.service[99847]: DEBUG glance.api.middleware.version_negotiation [None req-24405ba8-3ed8-4c45-b104-86cdadfe78a1 tempest-VolumesActionsTest-87683499 tempest-VolumesActionsTest-87683499-project-member] Matched version: v2 {{(pid=99847) process_request /opt/stack/glance/glance/api/middleware/version_negotiation.py:69}}
Aug 06 16:50:19.902877 np0000006674 devstack@g-api.service[99847]: DEBUG glance.api.middleware.version_negotiation [None req-24405ba8-3ed8-4c45-b104-86cdadfe78a1 tempest-VolumesActionsTest-87683499 tempest-VolumesActionsTest-87683499-project-member] new path /v2/images/5844a543-3ba5-4a79-be2a-b46b0b43e6fe {{(pid=99847) process_request /opt/stack/glance/glance/api/middleware/version_negotiation.py:70}}
