Aug 06 16:40:24.978311 np0000006674 devstack@neutron-api.service[87701]: DEBUG neutron.plugins.ml2.drivers.ovn.mech_driver.ovsdb.ovsdb_monitor [-] Hash Ring: Node dc2e5694c26255b686f48d2703a7de07 (host: np0000006674) handling event "create" for row 473baa3f-2b97-44c4-b3fe-06debafea4d6 (table: Port_Group) {{(pid=87701) notify /opt/stack/neutron/neutron/plugins/ml2/drivers/ovn/mech_driver/ovsdb/ovsdb_monitor.py:1099}}
Aug 06 16:40:24.979068 np0000006674 devstack@neutron-api.service[87702]: DEBUG neutron.plugins.ml2.drivers.ovn.mech_driver.ovsdb.ovsdb_monitor [-] Hash Ring: Node aa4c911a36765174a63277c89738a59f (host: np0000006674) handling event "create" for row dbfec7f8-cb1e-494d-979e-fcf6ba59d040 (table: ACL) {{(pid=87702) notify /opt/stack/neutron/neutron/plugins/ml2/drivers/ovn/mech_driver/ovsdb/ovsdb_monitor.py:1099}}
Aug 06 16:40:25.000894 np0000006674 devstack@neutron-api.service[87700]: INFO neutron.db.ovn_revision_numbers_db [None req-34931dcf-100b-4f61-a6a5-92e4ca18b906 admin admin] Successfully bumped revision number for resource 7c6bbaa3-4a9c-4573-a56d-51cde348050b (type: security_groups) to 1
Aug 06 16:40:25.019611 np0000006674 devstack@neutron-api.service[87700]: INFO neutron.db.ovn_revision_numbers_db [None req-34931dcf-100b-4f61-a6a5-92e4ca18b906 admin admin] Successfully bumped revision number for resource 13e34da6-56e0-4496-bcdc-07b39e2e96fd (type: security_group_rules) to 0
Aug 06 16:40:25.031653 np0000006674 devstack@neutron-api.service[87700]: INFO neutron.db.ovn_revision_numbers_db [None req-34931dcf-100b-4f61-a6a5-92e4ca18b906 admin admin] Successfully bumped revision number for resource 414b6614-7d17-4d5f-ab49-973f149268e1 (type: security_group_rules) to 0
Aug 06 16:40:25.041333 np0000006674 devstack@neutron-api.service[87700]: INFO neutron.db.ovn_revision_numbers_db [None req-34931dcf-100b-4f61-a6a5-92e4ca18b906 admin admin] Successfully bumped revision number for resource b215aa48-a60e-4be5-9a1a-19989f9d7bb7 (type: security_group_rules) to 0
Aug 06 16:40:25.050151 np0000006674 devstack@neutron-api.service[87700]: INFO neutron.db.ovn_revision_numbers_db [None req-34931dcf-100b-4f61-a6a5-92e4ca18b906 admin admin] Successfully bumped revision number for resource b6969beb-7ae0-4e58-a20f-5de3d9834583 (type: security_group_rules) to 0
Aug 06 16:40:25.074614 np0000006674 devstack@neutron-api.service[87700]: DEBUG neutron.api.rpc.handlers.resources_rpc [None req-34931dcf-100b-4f61-a6a5-92e4ca18b906 admin admin] Pushing event updated for resources: {'SecurityGroup': ['ID=7c6bbaa3-4a9c-4573-a56d-51cde348050b,revision_number=1']} {{(pid=87700) push /opt/stack/neutron/neutron/api/rpc/handlers/resources_rpc.py:237}}
Aug 06 16:40:25.082050 np0000006674 devstack@neutron-api.service[87700]: DEBUG ovsdbapp.backend.ovs_idl.transaction [-] Running txn n=1 command(idx=0): CheckLivenessCommand(_result=None) {{(pid=87700) do_commit /opt/stack/data/venv/lib/python3.12/site-packages/ovsdbapp/backend/ovs_idl/transaction.py:89}}
Aug 06 16:40:25.085204 np0000006674 devstack@neutron-api.service[87702]: DEBUG neutron.plugins.ml2.drivers.ovn.mech_driver.ovsdb.ovsdb_monitor [-] Hash Ring: Node aa4c911a36765174a63277c89738a59f (host: np0000006674) handling event "update" for row 32bc3677-6c5d-45ea-9b61-6ca8d8039b3b (table: NB_Global) {{(pid=87702) notify /opt/stack/neutron/neutron/plugins/ml2/drivers/ovn/mech_driver/ovsdb/ovsdb_monitor.py:1099}}
Aug 06 16:40:25.085544 np0000006674 devstack@neutron-api.service[87700]: DEBUG neutron.plugins.ml2.drivers.ovn.mech_driver.ovsdb.ovsdb_monitor [-] Hash Ring: Node da993edb70e05a9eb1e45e71960bd148 (host: np0000006674) handling event "update" for row 32bc3677-6c5d-45ea-9b61-6ca8d8039b3b (table: NB_Global) {{(pid=87700) notify /opt/stack/neutron/neutron/plugins/ml2/drivers/ovn/mech_driver/ovsdb/ovsdb_monitor.py:1099}}
Aug 06 16:40:25.086330 np0000006674 devstack@neutron-api.service[87700]: DEBUG neutron.plugins.ml2.drivers.ovn.mech_driver.ovsdb.ovsdb_monitor [-] Hash Ring: Node da993edb70e05a9eb1e45e71960bd148 (host: np0000006674) handling event "update" for row 32bc3677-6c5d-45ea-9b61-6ca8d8039b3b (table: NB_Global) {{(pid=87700) notify /opt/stack/neutron/neutron/plugins/ml2/drivers/ovn/mech_driver/ovsdb/ovsdb_monitor.py:1099}}
Aug 06 16:40:25.087130 np0000006674 devstack@neutron-api.service[87700]: DEBUG neutron.plugins.ml2.drivers.ovn.mech_driver.ovsdb.ovsdb_monitor [-] Hash Ring: Node da993edb70e05a9eb1e45e71960bd148 (host: np0000006674) handling event "update" for row 32bc3677-6c5d-45ea-9b61-6ca8d8039b3b (table: NB_Global) {{(pid=87700) notify /opt/stack/neutron/neutron/plugins/ml2/drivers/ovn/mech_driver/ovsdb/ovsdb_monitor.py:1099}}
Aug 06 16:40:25.088535 np0000006674 devstack@neutron-api.service[87702]: DEBUG neutron.plugins.ml2.drivers.ovn.mech_driver.ovsdb.ovsdb_monitor [-] Hash Ring: Node aa4c911a36765174a63277c89738a59f (host: np0000006674) handling event "update" for row 32bc3677-6c5d-45ea-9b61-6ca8d8039b3b (table: NB_Global) {{(pid=87702) notify /opt/stack/neutron/neutron/plugins/ml2/drivers/ovn/mech_driver/ovsdb/ovsdb_monitor.py:1099}}
Aug 06 16:40:25.089699 np0000006674 devstack@neutron-api.service[87701]: DEBUG ovsdbapp.backend.ovs_idl.event [-] Matched UPDATE: ChassisAgentWriteEvent(events=('create', 'update'), table='Chassis_Private', conditions=None, old_conditions=None), priority=20 to row=Chassis_Private(uuid=7d9ca4a3-a94f-48e1-8de5-b3c51a254a59, chassis=0480fe3a-02de-4c3c-b9a9-dfa8a25db2a2, external_ids={'neutron:ovn-bridge': 'br-int', 'neutron:ovn-neutron-agent-id': 'e8013118-47cc-5c7a-bc2c-485e1becb794', 'neutron:ovn-neutron-agent-sb-cfg': '0'}, name='a99576fe-5d73-47d8-b030-f0881c547fb5', nb_cfg=1, nb_cfg_timestamp=1786034425085) old=Chassis_Private(uuid=7d9ca4a3-a94f-48e1-8de5-b3c51a254a59, nb_cfg=0, nb_cfg_timestamp=0) {{(pid=87701) matches /opt/stack/data/venv/lib/python3.12/site-packages/ovsdbapp/backend/ovs_idl/event.py:55}}
Aug 06 16:40:25.090259 np0000006674 devstack@neutron-api.service[87700]: DEBUG neutron.api.rpc.callbacks.version_manager [None req-34931dcf-100b-4f61-a6a5-92e4ca18b906 admin admin] Tracked resource versions report:
Aug 06 16:40:25.090259 np0000006674 devstack@neutron-api.service[87700]: pushed versions:
Aug 06 16:40:25.090259 np0000006674 devstack@neutron-api.service[87700]: { 'AddressGroup': {'1.2'},
Aug 06 16:40:25.090259 np0000006674 devstack@neutron-api.service[87700]: 'Agent': {'1.1'},
Aug 06 16:40:25.090259 np0000006674 devstack@neutron-api.service[87700]: 'ConntrackHelper': {'1.0'},
Aug 06 16:40:25.090259 np0000006674 devstack@neutron-api.service[87700]: 'LocalIPAssociation': {'1.0'},
Aug 06 16:40:25.090259 np0000006674 devstack@neutron-api.service[87700]: 'Log': {'1.0'},
Aug 06 16:40:25.090259 np0000006674 devstack@neutron-api.service[87700]: 'NDPProxy': {'1.0'},
Aug 06 16:40:25.090259 np0000006674 devstack@neutron-api.service[87700]: 'Network': {'1.3'},
Aug 06 16:40:25.090259 np0000006674 devstack@neutron-api.service[87700]: 'Port': {'1.11'},
Aug 06 16:40:25.090259 np0000006674 devstack@neutron-api.service[87700]: 'PortForwarding': {'1.3'},
Aug 06 16:40:25.090259 np0000006674 devstack@neutron-api.service[87700]: 'QosPolicy': {'1.10'},
Aug 06 16:40:25.090259 np0000006674 devstack@neutron-api.service[87700]: 'SecurityGroup': {'1.6'},
Aug 06 16:40:25.090259 np0000006674 devstack@neutron-api.service[87700]: 'SecurityGroupRule': {'1.3'},
Aug 06 16:40:25.090259 np0000006674 devstack@neutron-api.service[87700]: 'SubPort': {'1.0'},
Aug 06 16:40:25.090259 np0000006674 devstack@neutron-api.service[87700]: 'Subnet': {'1.2'},
Aug 06 16:40:25.090259 np0000006674 devstack@neutron-api.service[87700]: 'Trunk': {'1.1'}}
Aug 06 16:40:25.090259 np0000006674 devstack@neutron-api.service[87700]: consumer versions:
Aug 06 16:40:25.090259 np0000006674 devstack@neutron-api.service[87700]: {}
Aug 06 16:40:25.090259 np0000006674 devstack@neutron-api.service[87700]: {{(pid=87700) report /opt/stack/neutron/neutron/api/rpc/callbacks/version_manager.py:183}}
Aug 06 16:40:25.090833 np0000006674 devstack@neutron-api.service[87702]: DEBUG ovsdbapp.backend.ovs_idl.event [-] Matched UPDATE: ChassisAgentWriteEvent(events=('create', 'update'), table='Chassis_Private', conditions=None, old_conditions=None), priority=20 to row=Chassis_Private(uuid=7d9ca4a3-a94f-48e1-8de5-b3c51a254a59, chassis=0480fe3a-02de-4c3c-b9a9-dfa8a25db2a2, external_ids={'neutron:ovn-bridge': 'br-int', 'neutron:ovn-neutron-agent-id': 'e8013118-47cc-5c7a-bc2c-485e1becb794', 'neutron:ovn-neutron-agent-sb-cfg': '0'}, name='a99576fe-5d73-47d8-b030-f0881c547fb5', nb_cfg=1, nb_cfg_timestamp=1786034425085) old=Chassis_Private(uuid=7d9ca4a3-a94f-48e1-8de5-b3c51a254a59, nb_cfg=0, nb_cfg_timestamp=0) {{(pid=87702) matches /opt/stack/data/venv/lib/python3.12/site-packages/ovsdbapp/backend/ovs_idl/event.py:55}}
Aug 06 16:40:25.092266 np0000006674 devstack@neutron-api.service[87702]: DEBUG neutron.plugins.ml2.drivers.ovn.mech_driver.ovsdb.ovsdb_monitor [-] Hash Ring: Node aa4c911a36765174a63277c89738a59f (host: np0000006674) handling event "update" for row 32bc3677-6c5d-45ea-9b61-6ca8d8039b3b (table: NB_Global) {{(pid=87702) notify /opt/stack/neutron/neutron/plugins/ml2/drivers/ovn/mech_driver/ovsdb/ovsdb_monitor.py:1099}}
Aug 06 16:40:25.093695 np0000006674 devstack@neutron-api.service[87701]: DEBUG ovsdbapp.backend.ovs_idl.event [-] Matched UPDATE: ChassisOVNAgentWriteEvent(events=('create', 'update'), table='Chassis_Private', conditions=None, old_conditions=None), priority=20 to row=Chassis_Private(uuid=7d9ca4a3-a94f-48e1-8de5-b3c51a254a59, chassis=0480fe3a-02de-4c3c-b9a9-dfa8a25db2a2, external_ids={'neutron:ovn-bridge': 'br-int', 'neutron:ovn-neutron-agent-id': 'e8013118-47cc-5c7a-bc2c-485e1becb794', 'neutron:ovn-neutron-agent-sb-cfg': '1'}, name='a99576fe-5d73-47d8-b030-f0881c547fb5', nb_cfg=1, nb_cfg_timestamp=1786034425085) old=Chassis_Private(uuid=7d9ca4a3-a94f-48e1-8de5-b3c51a254a59, external_ids={'neutron:ovn-bridge': 'br-int', 'neutron:ovn-neutron-agent-id': 'e8013118-47cc-5c7a-bc2c-485e1becb794', 'neutron:ovn-neutron-agent-sb-cfg': '0'}) {{(pid=87701) matches /opt/stack/data/venv/lib/python3.12/site-packages/ovsdbapp/backend/ovs_idl/event.py:55}}
Aug 06 16:40:25.094863 np0000006674 devstack@neutron-api.service[87702]: DEBUG neutron.plugins.ml2.drivers.ovn.mech_driver.ovsdb.ovsdb_monitor [-] Hash Ring: Node aa4c911a36765174a63277c89738a59f (host: np0000006674) handling event "update" for row 32bc3677-6c5d-45ea-9b61-6ca8d8039b3b (table: NB_Global) {{(pid=87702) notify /opt/stack/neutron/neutron/plugins/ml2/drivers/ovn/mech_driver/ovsdb/ovsdb_monitor.py:1099}}
Aug 06 16:40:25.095271 np0000006674 devstack@neutron-api.service[87700]: DEBUG neutron.plugins.ml2.drivers.ovn.mech_driver.ovsdb.ovsdb_monitor [-] Hash Ring: Node da993edb70e05a9eb1e45e71960bd148 (host: np0000006674) handling event "update" for row 32bc3677-6c5d-45ea-9b61-6ca8d8039b3b (table: NB_Global) {{(pid=87700) notify /opt/stack/neutron/neutron/plugins/ml2/drivers/ovn/mech_driver/ovsdb/ovsdb_monitor.py:1099}}
Aug 06 16:40:25.095830 np0000006674 devstack@neutron-api.service[87702]: DEBUG neutron.common.ovn.hash_ring_manager [-] Allow caching, nodes 3>=3 {{(pid=87702) _wait_startup_before_caching /opt/stack/neutron/neutron/common/ovn/hash_ring_manager.py:71}}
Aug 06 16:40:25.096021 np0000006674 devstack@neutron-api.service[87702]: DEBUG neutron.plugins.ml2.drivers.ovn.mech_driver.ovsdb.ovsdb_monitor [-] Hash Ring: Node aa4c911a36765174a63277c89738a59f (host: np0000006674) handling event "update" for row 7d9ca4a3-a94f-48e1-8de5-b3c51a254a59 (table: Chassis_Private) {{(pid=87702) notify /opt/stack/neutron/neutron/plugins/ml2/drivers/ovn/mech_driver/ovsdb/ovsdb_monitor.py:1099}}
Aug 06 16:40:25.096316 np0000006674 devstack@neutron-api.service[87700]: DEBUG ovsdbapp.backend.ovs_idl.event [-] Matched UPDATE: ChassisAgentWriteEvent(events=('create', 'update'), table='Chassis_Private', conditions=None, old_conditions=None), priority=20 to row=Chassis_Private(uuid=7d9ca4a3-a94f-48e1-8de5-b3c51a254a59, chassis=0480fe3a-02de-4c3c-b9a9-dfa8a25db2a2, external_ids={'neutron:ovn-bridge': 'br-int', 'neutron:ovn-neutron-agent-id': 'e8013118-47cc-5c7a-bc2c-485e1becb794', 'neutron:ovn-neutron-agent-sb-cfg': '0'}, name='a99576fe-5d73-47d8-b030-f0881c547fb5', nb_cfg=1, nb_cfg_timestamp=1786034425085) old=Chassis_Private(uuid=7d9ca4a3-a94f-48e1-8de5-b3c51a254a59, nb_cfg=0, nb_cfg_timestamp=0) {{(pid=87700) matches /opt/stack/data/venv/lib/python3.12/site-packages/ovsdbapp/backend/ovs_idl/event.py:55}}
Aug 06 16:40:25.097231 np0000006674 devstack@neutron-api.service[87702]: DEBUG ovsdbapp.backend.ovs_idl.event [-] Matched UPDATE: ChassisOVNAgentWriteEvent(events=('create', 'update'), table='Chassis_Private', conditions=None, old_conditions=None), priority=20 to row=Chassis_Private(uuid=7d9ca4a3-a94f-48e1-8de5-b3c51a254a59, chassis=0480fe3a-02de-4c3c-b9a9-dfa8a25db2a2, external_ids={'neutron:ovn-bridge': 'br-int', 'neutron:ovn-neutron-agent-id': 'e8013118-47cc-5c7a-bc2c-485e1becb794', 'neutron:ovn-neutron-agent-sb-cfg': '1'}, name='a99576fe-5d73-47d8-b030-f0881c547fb5', nb_cfg=1, nb_cfg_timestamp=1786034425085) old=Chassis_Private(uuid=7d9ca4a3-a94f-48e1-8de5-b3c51a254a59, external_ids={'neutron:ovn-bridge': 'br-int', 'neutron:ovn-neutron-agent-id': 'e8013118-47cc-5c7a-bc2c-485e1becb794', 'neutron:ovn-neutron-agent-sb-cfg': '0'}) {{(pid=87702) matches /opt/stack/data/venv/lib/python3.12/site-packages/ovsdbapp/backend/ovs_idl/event.py:55}}
Aug 06 16:40:25.097488 np0000006674 devstack@neutron-api.service[87702]: DEBUG neutron.plugins.ml2.drivers.ovn.mech_driver.ovsdb.ovsdb_monitor [-] Hash Ring: Node aa4c911a36765174a63277c89738a59f (host: np0000006674) handling event "update" for row 7d9ca4a3-a94f-48e1-8de5-b3c51a254a59 (table: Chassis_Private) {{(pid=87702) notify /opt/stack/neutron/neutron/plugins/ml2/drivers/ovn/mech_driver/ovsdb/ovsdb_monitor.py:1099}}
Aug 06 16:40:25.101444 np0000006674 devstack@neutron-api.service[87700]: DEBUG neutron.common.ovn.hash_ring_manager [-] Allow caching, nodes 3>=3 {{(pid=87700) _wait_startup_before_caching /opt/stack/neutron/neutron/common/ovn/hash_ring_manager.py:71}}
Aug 06 16:40:25.101610 np0000006674 devstack@neutron-api.service[87700]: DEBUG neutron.plugins.ml2.drivers.ovn.mech_driver.ovsdb.ovsdb_monitor [-] Hash Ring: Node da993edb70e05a9eb1e45e71960bd148 (host: np0000006674) handling event "update" for row 7d9ca4a3-a94f-48e1-8de5-b3c51a254a59 (table: Chassis_Private) {{(pid=87700) notify /opt/stack/neutron/neutron/plugins/ml2/drivers/ovn/mech_driver/ovsdb/ovsdb_monitor.py:1099}}
Aug 06 16:40:25.103010 np0000006674 devstack@neutron-api.service[87700]: DEBUG ovsdbapp.backend.ovs_idl.event [-] Matched UPDATE: ChassisOVNAgentWriteEvent(events=('create', 'update'), table='Chassis_Private', conditions=None, old_conditions=None), priority=20 to row=Chassis_Private(uuid=7d9ca4a3-a94f-48e1-8de5-b3c51a254a59, chassis=0480fe3a-02de-4c3c-b9a9-dfa8a25db2a2, external_ids={'neutron:ovn-bridge': 'br-int', 'neutron:ovn-neutron-agent-id': 'e8013118-47cc-5c7a-bc2c-485e1becb794', 'neutron:ovn-neutron-agent-sb-cfg': '1'}, name='a99576fe-5d73-47d8-b030-f0881c547fb5', nb_cfg=1, nb_cfg_timestamp=1786034425085) old=Chassis_Private(uuid=7d9ca4a3-a94f-48e1-8de5-b3c51a254a59, external_ids={'neutron:ovn-bridge': 'br-int', 'neutron:ovn-neutron-agent-id': 'e8013118-47cc-5c7a-bc2c-485e1becb794', 'neutron:ovn-neutron-agent-sb-cfg': '0'}) {{(pid=87700) matches /opt/stack/data/venv/lib/python3.12/site-packages/ovsdbapp/backend/ovs_idl/event.py:55}}
Aug 06 16:40:25.103313 np0000006674 devstack@neutron-api.service[87700]: DEBUG neutron.plugins.ml2.drivers.ovn.mech_driver.ovsdb.ovsdb_monitor [-] Hash Ring: Node da993edb70e05a9eb1e45e71960bd148 (host: np0000006674) handling event "update" for row 7d9ca4a3-a94f-48e1-8de5-b3c51a254a59 (table: Chassis_Private) {{(pid=87700) notify /opt/stack/neutron/neutron/plugins/ml2/drivers/ovn/mech_driver/ovsdb/ovsdb_monitor.py:1099}}
Aug 06 16:40:25.139125 np0000006674 devstack@neutron-api.service[87700]: DEBUG neutron.plugins.ml2.drivers.helpers [None req-34931dcf-100b-4f61-a6a5-92e4ca18b906 admin admin] geneve segment allocate from pool success with {'geneve_vni': 3541} {{(pid=87700) allocate_partially_specified_segment /opt/stack/neutron/neutron/plugins/ml2/drivers/helpers.py:142}}
Aug 06 16:40:25.148802 np0000006674 devstack@neutron-api.service[87700]: DEBUG neutron_lib.callbacks.manager [None req-34931dcf-100b-4f61-a6a5-92e4ca18b906 admin admin] Publish callbacks ['neutron.services.segments.db._add_segment_host_mapping_for_segment-8510861006912', 'neutron.plugins.ml2.plugin.Ml2Plugin._handle_segment_change-810516'] for segment (fb59e0c4-cec3-4982-9616-e82eced2f2a5), precommit_create {{(pid=87700) _notify_loop /opt/stack/data/venv/lib/python3.12/site-packages/neutron_lib/callbacks/manager.py:184}}
Aug 06 16:40:25.148984 np0000006674 devstack@neutron-api.service[87700]: INFO neutron.db.segments_db [None req-34931dcf-100b-4f61-a6a5-92e4ca18b906 admin admin] Added segment fb59e0c4-cec3-4982-9616-e82eced2f2a5 of type geneve for network 7420f086-db9f-4fc7-9173-209e9c503b81
Aug 06 16:40:25.187114 np0000006674 devstack@neutron-api.service[87700]: DEBUG neutron_lib.callbacks.manager [None req-34931dcf-100b-4f61-a6a5-92e4ca18b906 admin admin] Publish callbacks ['neutron.services.auto_allocate.db._ensure_external_network_default_value_callback-8510859369352'] for network (7420f086-db9f-4fc7-9173-209e9c503b81), precommit_create {{(pid=87700) _notify_loop /opt/stack/data/venv/lib/python3.12/site-packages/neutron_lib/callbacks/manager.py:184}}
Aug 06 16:40:25.204839 np0000006674 devstack@neutron-api.service[87700]: DEBUG neutron.plugins.ml2.drivers.ovn.mech_driver.mech_driver [None req-34931dcf-100b-4f61-a6a5-92e4ca18b906 admin admin] Validating network segment with type geneve, segmentation ID 3541, physical network None {{(pid=87700) _validate_network_segments /opt/stack/neutron/neutron/plugins/ml2/drivers/ovn/mech_driver/mech_driver.py:646}}
Aug 06 16:40:25.204964 np0000006674 devstack@neutron-api.service[87700]: DEBUG neutron.db.ovn_revision_numbers_db [None req-34931dcf-100b-4f61-a6a5-92e4ca18b906 admin admin] create_initial_revision uuid=7420f086-db9f-4fc7-9173-209e9c503b81, type=networks, rev=-1 {{(pid=87700) create_initial_revision /opt/stack/neutron/neutron/db/ovn_revision_numbers_db.py:98}}
Aug 06 16:40:25.218978 np0000006674 devstack@neutron-api.service[87700]: DEBUG neutron_lib.callbacks.manager [None req-34931dcf-100b-4f61-a6a5-92e4ca18b906 admin admin] Publish callbacks ['neutron.plugins.ml2.ovo_rpc._ObjectChangeHandler.handle_event-1098928'] for network (7420f086-db9f-4fc7-9173-209e9c503b81), after_create {{(pid=87700) _notify_loop /opt/stack/data/venv/lib/python3.12/site-packages/neutron_lib/callbacks/manager.py:184}}
Aug 06 16:40:25.274607 np0000006674 devstack@neutron-api.service[87700]: DEBUG neutron.api.rpc.handlers.resources_rpc [None req-34931dcf-100b-4f61-a6a5-92e4ca18b906 admin admin] Pushing event updated for resources: {'Network': ['ID=7420f086-db9f-4fc7-9173-209e9c503b81,revision_number=1']} {{(pid=87700) push /opt/stack/neutron/neutron/api/rpc/handlers/resources_rpc.py:237}}
Aug 06 16:40:25.282617 np0000006674 devstack@neutron-api.service[87700]: DEBUG ovsdbapp.backend.ovs_idl.transaction [-] Running txn n=1 command(idx=0): AddNetworkCommand(_result=None, network_uuid=7420f086-db9f-4fc7-9173-209e9c503b81, may_exist=True, columns={'external_ids': {'neutron:network_name': 'private', 'neutron:mtu': '1372', 'neutron:revision_number': '1', 'neutron:availability_zone_hints': '', 'neutron:provnet-network-type': 'geneve'}, 'other_config': {'mcast_snoop': 'false', 'mcast_flood_unregistered': 'false', 'vlan-passthru': 'false'}}) {{(pid=87700) do_commit /opt/stack/data/venv/lib/python3.12/site-packages/ovsdbapp/backend/ovs_idl/transaction.py:89}}
Aug 06 16:40:25.282785 np0000006674 devstack@neutron-api.service[87700]: DEBUG neutron.common.ovn.utils [-] OVS persist_uuid supported=True {{(pid=87700) ovs_persist_uuid_supported /opt/stack/neutron/neutron/common/ovn/utils.py:1565}}
Aug 06 16:40:25.285121 np0000006674 devstack@neutron-api.service[87700]: DEBUG neutron.plugins.ml2.drivers.ovn.mech_driver.ovsdb.ovsdb_monitor [-] Hash Ring: Node da993edb70e05a9eb1e45e71960bd148 (host: np0000006674) handling event "create" for row 7420f086-db9f-4fc7-9173-209e9c503b81 (table: Logical_Switch) {{(pid=87700) notify /opt/stack/neutron/neutron/plugins/ml2/drivers/ovn/mech_driver/ovsdb/ovsdb_monitor.py:1099}}
Aug 06 16:40:25.287654 np0000006674 devstack@neutron-api.service[87702]: DEBUG neutron.plugins.ml2.drivers.ovn.mech_driver.ovsdb.ovsdb_monitor [-] Hash Ring: Node aa4c911a36765174a63277c89738a59f (host: np0000006674) handling event "create" for row 7420f086-db9f-4fc7-9173-209e9c503b81 (table: Logical_Switch) {{(pid=87702) notify /opt/stack/neutron/neutron/plugins/ml2/drivers/ovn/mech_driver/ovsdb/ovsdb_monitor.py:1099}}
Aug 06 16:40:25.298005 np0000006674 devstack@neutron-api.service[87700]: DEBUG neutron.plugins.ml2.drivers.ovn.mech_driver.ovsdb.ovsdb_monitor [-] Hash Ring: Node da993edb70e05a9eb1e45e71960bd148 (host: np0000006674) handling event "create" for row a492a682-5d95-4923-b740-1c1be4146860 (table: Datapath_Binding) {{(pid=87700) notify /opt/stack/neutron/neutron/plugins/ml2/drivers/ovn/mech_driver/ovsdb/ovsdb_monitor.py:1099}}
Aug 06 16:40:25.317322 np0000006674 devstack@neutron-api.service[87700]: INFO neutron.db.ovn_revision_numbers_db [None req-34931dcf-100b-4f61-a6a5-92e4ca18b906 admin admin] Successfully bumped revision number for resource 7420f086-db9f-4fc7-9173-209e9c503b81 (type: networks) to 1
Aug 06 16:40:25.372158 np0000006674 devstack@neutron-api.service[87700]: DEBUG neutron_lib.callbacks.manager [None req-34931dcf-100b-4f61-a6a5-92e4ca18b906 admin admin] Publish callbacks ['neutron.plugins.ml2.plugin.SecurityGroupDbMixin._ensure_default_security_group_handler-236026'] for port (None), before_create {{(pid=87700) _notify_loop /opt/stack/data/venv/lib/python3.12/site-packages/neutron_lib/callbacks/manager.py:184}}
Aug 06 16:40:25.465077 np0000006674 devstack@neutron-api.service[87700]: DEBUG neutron_lib.callbacks.manager [None req-34931dcf-100b-4f61-a6a5-92e4ca18b906 admin admin] Publish callbacks ['neutron.plugins.ml2.drivers.ovn.mech_driver.mech_driver.OVNMechanismDriver._validate_allowed_address_pairs-474617'] for allowed_address_pair (354bef16-fbbe-4241-9d09-9db4d7207391), before_create {{(pid=87700) _notify_loop /opt/stack/data/venv/lib/python3.12/site-packages/neutron_lib/callbacks/manager.py:184}}
Aug 06 16:40:25.465556 np0000006674 devstack@neutron-api.service[87700]: DEBUG neutron_lib.callbacks.manager [None req-34931dcf-100b-4f61-a6a5-92e4ca18b906 admin admin] Publish callbacks [] for port (354bef16-fbbe-4241-9d09-9db4d7207391), precommit_create {{(pid=87700) _notify_loop /opt/stack/data/venv/lib/python3.12/site-packages/neutron_lib/callbacks/manager.py:184}}
Aug 06 16:40:25.465729 np0000006674 devstack@neutron-api.service[87700]: DEBUG neutron.plugins.ml2.drivers.ovn.mech_driver.mech_driver [None req-34931dcf-100b-4f61-a6a5-92e4ca18b906 admin admin] No provisioning block for port 354bef16-fbbe-4241-9d09-9db4d7207391 since it does not have a host {{(pid=87700) _is_port_provisioning_required /opt/stack/neutron/neutron/plugins/ml2/drivers/ovn/mech_driver/mech_driver.py:899}}
Aug 06 16:40:25.465829 np0000006674 devstack@neutron-api.service[87700]: DEBUG neutron.db.ovn_revision_numbers_db [None req-34931dcf-100b-4f61-a6a5-92e4ca18b906 admin admin] create_initial_revision uuid=354bef16-fbbe-4241-9d09-9db4d7207391, type=ports, rev=-1 {{(pid=87700) create_initial_revision /opt/stack/neutron/neutron/db/ovn_revision_numbers_db.py:98}}
Aug 06 16:40:25.523952 np0000006674 devstack@neutron-api.service[87700]: DEBUG neutron_lib.callbacks.manager [None req-34931dcf-100b-4f61-a6a5-92e4ca18b906 admin admin] Publish callbacks ['neutron.plugins.ml2.ovo_rpc._ObjectChangeHandler.handle_event-1098914'] for port (354bef16-fbbe-4241-9d09-9db4d7207391), after_create {{(pid=87700) _notify_loop /opt/stack/data/venv/lib/python3.12/site-packages/neutron_lib/callbacks/manager.py:184}}
Aug 06 16:40:25.584786 np0000006674 devstack@neutron-api.service[87700]: DEBUG neutron.api.rpc.handlers.resources_rpc [None req-34931dcf-100b-4f61-a6a5-92e4ca18b906 admin admin] Pushing event updated for resources: {'Port': ['ID=354bef16-fbbe-4241-9d09-9db4d7207391,revision_number=1']} {{(pid=87700) push /opt/stack/neutron/neutron/api/rpc/handlers/resources_rpc.py:237}}
Aug 06 16:40:25.615186 np0000006674 devstack@neutron-api.service[87700]: DEBUG neutron.plugins.ml2.drivers.ovn.mech_driver.ovsdb.commands [None req-34931dcf-100b-4f61-a6a5-92e4ca18b906 admin admin] Converting tag [] to a tag_request {{(pid=87700) _tag_column_to_tag_request /opt/stack/neutron/neutron/plugins/ml2/drivers/ovn/mech_driver/ovsdb/commands.py:227}}
Aug 06 16:40:25.615986 np0000006674 devstack@neutron-api.service[87700]: DEBUG ovsdbapp.backend.ovs_idl.transaction [-] Running txn n=1 command(idx=0): AddLSwitchPortCommand(_result=None, lport=354bef16-fbbe-4241-9d09-9db4d7207391, lswitch=neutron-7420f086-db9f-4fc7-9173-209e9c503b81, may_exist=True, network_uuid=7420f086-db9f-4fc7-9173-209e9c503b81, columns={'addresses': ['fa:16:3e:3d:06:b1'], 'external_ids': {'neutron:port_name': '', 'neutron:device_id': 'ovnmeta-7420f086-db9f-4fc7-9173-209e9c503b81', 'neutron:project_id': 'ace1bfe3e65b42feb84d8e0a6de0fbea', 'neutron:cidrs': '', 'neutron:device_owner': 'network:distributed', 'neutron:subnet_pool_addr_scope4': '', 'neutron:subnet_pool_addr_scope6': '', 'neutron:network_name': 'neutron-7420f086-db9f-4fc7-9173-209e9c503b81', 'neutron:security_group_ids': '', 'neutron:revision_number': '1', 'neutron:vnic_type': 'normal', 'neutron:port_capabilities': '', 'neutron:mtu': '1372'}, 'parent_name': [], 'enabled': True, 'options': {}, 'type': 'localport', 'port_security': [], 'dhcpv4_options': [], 'dhcpv6_options': [], 'tag_request': []}) {{(pid=87700) do_commit /opt/stack/data/venv/lib/python3.12/site-packages/ovsdbapp/backend/ovs_idl/transaction.py:89}}
Aug 06 16:40:25.616550 np0000006674 devstack@neutron-api.service[87700]: DEBUG ovsdbapp.backend.ovs_idl.transaction [-] Running txn n=1 command(idx=1): QoSDelCommand(_result=None, switch=neutron-7420f086-db9f-4fc7-9173-209e9c503b81, conditions=[('direction', '=', 'to-lport'), ('priority', '=', 2002), ('match', '=', 'outport == "354bef16-fbbe-4241-9d09-9db4d7207391"')], if_exists=True) {{(pid=87700) do_commit /opt/stack/data/venv/lib/python3.12/site-packages/ovsdbapp/backend/ovs_idl/transaction.py:89}}
Aug 06 16:40:25.616732 np0000006674 devstack@neutron-api.service[87700]: DEBUG ovsdbapp.backend.ovs_idl.transaction [-] Running txn n=1 command(idx=2): QoSDelCommand(_result=None, switch=neutron-7420f086-db9f-4fc7-9173-209e9c503b81, conditions=[('direction', '=', 'from-lport'), ('priority', '=', 2002), ('match', '=', 'inport == "354bef16-fbbe-4241-9d09-9db4d7207391"')], if_exists=True) {{(pid=87700) do_commit /opt/stack/data/venv/lib/python3.12/site-packages/ovsdbapp/backend/ovs_idl/transaction.py:89}}
Aug 06 16:40:25.619122 np0000006674 devstack@neutron-api.service[87700]: DEBUG neutron.plugins.ml2.drivers.ovn.mech_driver.ovsdb.ovsdb_monitor [-] Hash Ring: Node da993edb70e05a9eb1e45e71960bd148 (host: np0000006674) handling event "update" for row 7420f086-db9f-4fc7-9173-209e9c503b81 (table: Logical_Switch) {{(pid=87700) notify /opt/stack/neutron/neutron/plugins/ml2/drivers/ovn/mech_driver/ovsdb/ovsdb_monitor.py:1099}}
Aug 06 16:40:25.619367 np0000006674 devstack@neutron-api.service[87700]: DEBUG neutron.plugins.ml2.drivers.ovn.mech_driver.ovsdb.ovsdb_monitor [-] Hash Ring: Node da993edb70e05a9eb1e45e71960bd148 (host: np0000006674) handling event "create" for row cf90836c-c535-43c4-83b7-f942d645bfee (table: Logical_Switch_Port) {{(pid=87700) notify /opt/stack/neutron/neutron/plugins/ml2/drivers/ovn/mech_driver/ovsdb/ovsdb_monitor.py:1099}}
Aug 06 16:40:25.620432 np0000006674 devstack@neutron-api.service[87701]: DEBUG neutron.plugins.ml2.drivers.ovn.mech_driver.ovsdb.ovsdb_monitor [-] Hash Ring: Node dc2e5694c26255b686f48d2703a7de07 (host: np0000006674) handling event "create" for row cf90836c-c535-43c4-83b7-f942d645bfee (table: Logical_Switch_Port) {{(pid=87701) notify /opt/stack/neutron/neutron/plugins/ml2/drivers/ovn/mech_driver/ovsdb/ovsdb_monitor.py:1099}}
Aug 06 16:40:25.620919 np0000006674 devstack@neutron-api.service[87700]: DEBUG ovsdbapp.backend.ovs_idl.event [-] Matched CREATE: LogicalSwitchPortCreateEvent(events=('create',), table='Logical_Switch_Port', conditions=[], old_conditions=None), priority=20 to row=Logical_Switch_Port(uuid=cf90836c-c535-43c4-83b7-f942d645bfee, addresses=['fa:16:3e:3d:06:b1'], dhcpv4_options=[], dhcpv6_options=[], dynamic_addresses=[], enabled=True, external_ids={'neutron:cidrs': '', 'neutron:device_id': 'ovnmeta-7420f086-db9f-4fc7-9173-209e9c503b81', 'neutron:device_owner': 'network:distributed', 'neutron:mtu': '1372', 'neutron:network_name': 'neutron-7420f086-db9f-4fc7-9173-209e9c503b81', 'neutron:port_capabilities': '', 'neutron:port_name': '', 'neutron:project_id': 'ace1bfe3e65b42feb84d8e0a6de0fbea', 'neutron:revision_number': '1', 'neutron:security_group_ids': '', 'neutron:subnet_pool_addr_scope4': '', 'neutron:subnet_pool_addr_scope6': '', 'neutron:vnic_type': 'normal'}, ha_chassis_group=[], mirror_rules=[], name='354bef16-fbbe-4241-9d09-9db4d7207391', options={}, parent_name=[], port_security=[], tag=[], tag_request=[], type='localport', up=[]) old= {{(pid=87700) matches /opt/stack/data/venv/lib/python3.12/site-packages/ovsdbapp/backend/ovs_idl/event.py:55}}
Aug 06 16:40:25.621805 np0000006674 devstack@neutron-api.service[87701]: DEBUG ovsdbapp.backend.ovs_idl.event [-] Matched CREATE: LogicalSwitchPortCreateEvent(events=('create',), table='Logical_Switch_Port', conditions=[], old_conditions=None), priority=20 to row=Logical_Switch_Port(uuid=cf90836c-c535-43c4-83b7-f942d645bfee, addresses=['fa:16:3e:3d:06:b1'], dhcpv4_options=[], dhcpv6_options=[], dynamic_addresses=[], enabled=True, external_ids={'neutron:cidrs': '', 'neutron:device_id': 'ovnmeta-7420f086-db9f-4fc7-9173-209e9c503b81', 'neutron:device_owner': 'network:distributed', 'neutron:mtu': '1372', 'neutron:network_name': 'neutron-7420f086-db9f-4fc7-9173-209e9c503b81', 'neutron:port_capabilities': '', 'neutron:port_name': '', 'neutron:project_id': 'ace1bfe3e65b42feb84d8e0a6de0fbea', 'neutron:revision_number': '1', 'neutron:security_group_ids': '', 'neutron:subnet_pool_addr_scope4': '', 'neutron:subnet_pool_addr_scope6': '', 'neutron:vnic_type': 'normal'}, ha_chassis_group=[], mirror_rules=[], name='354bef16-fbbe-4241-9d09-9db4d7207391', options={}, parent_name=[], port_security=[], tag=[], tag_request=[], type='localport', up=[]) old= {{(pid=87701) matches /opt/stack/data/venv/lib/python3.12/site-packages/ovsdbapp/backend/ovs_idl/event.py:55}}
Aug 06 16:40:25.622022 np0000006674 devstack@neutron-api.service[87702]: DEBUG neutron.plugins.ml2.drivers.ovn.mech_driver.ovsdb.ovsdb_monitor [-] Hash Ring: Node aa4c911a36765174a63277c89738a59f (host: np0000006674) handling event "update" for row 7420f086-db9f-4fc7-9173-209e9c503b81 (table: Logical_Switch) {{(pid=87702) notify /opt/stack/neutron/neutron/plugins/ml2/drivers/ovn/mech_driver/ovsdb/ovsdb_monitor.py:1099}}
Aug 06 16:40:25.622148 np0000006674 devstack@neutron-api.service[87700]: INFO neutron.plugins.ml2.drivers.ovn.mech_driver.mech_driver [-] OVN reports status down for port: 354bef16-fbbe-4241-9d09-9db4d7207391
Aug 06 16:40:25.622280 np0000006674 devstack@neutron-api.service[87702]: DEBUG neutron.plugins.ml2.drivers.ovn.mech_driver.ovsdb.ovsdb_monitor [-] Hash Ring: Node aa4c911a36765174a63277c89738a59f (host: np0000006674) handling event "create" for row cf90836c-c535-43c4-83b7-f942d645bfee (table: Logical_Switch_Port) {{(pid=87702) notify /opt/stack/neutron/neutron/plugins/ml2/drivers/ovn/mech_driver/ovsdb/ovsdb_monitor.py:1099}}
Aug 06 16:40:25.622503 np0000006674 devstack@neutron-api.service[87700]: DEBUG neutron.plugins.ml2.drivers.ovn.mech_driver.ovsdb.ovsdb_monitor [-] Hash Ring: Node da993edb70e05a9eb1e45e71960bd148 (host: np0000006674) handling event "update" for row cf90836c-c535-43c4-83b7-f942d645bfee (table: Logical_Switch_Port) {{(pid=87700) notify /opt/stack/neutron/neutron/plugins/ml2/drivers/ovn/mech_driver/ovsdb/ovsdb_monitor.py:1099}}
Aug 06 16:40:25.623058 np0000006674 devstack@neutron-api.service[87701]: DEBUG neutron.plugins.ml2.drivers.ovn.mech_driver.ovsdb.ovsdb_monitor [-] Hash Ring: Node dc2e5694c26255b686f48d2703a7de07 (host: np0000006674) handling event "update" for row cf90836c-c535-43c4-83b7-f942d645bfee (table: Logical_Switch_Port) {{(pid=87701) notify /opt/stack/neutron/neutron/plugins/ml2/drivers/ovn/mech_driver/ovsdb/ovsdb_monitor.py:1099}}
Aug 06 16:40:25.623707 np0000006674 devstack@neutron-api.service[87702]: DEBUG ovsdbapp.backend.ovs_idl.event [-] Matched CREATE: LogicalSwitchPortCreateEvent(events=('create',), table='Logical_Switch_Port', conditions=[], old_conditions=None), priority=20 to row=Logical_Switch_Port(uuid=cf90836c-c535-43c4-83b7-f942d645bfee, addresses=['fa:16:3e:3d:06:b1'], dhcpv4_options=[], dhcpv6_options=[], dynamic_addresses=[], enabled=True, external_ids={'neutron:cidrs': '', 'neutron:device_id': 'ovnmeta-7420f086-db9f-4fc7-9173-209e9c503b81', 'neutron:device_owner': 'network:distributed', 'neutron:mtu': '1372', 'neutron:network_name': 'neutron-7420f086-db9f-4fc7-9173-209e9c503b81', 'neutron:port_capabilities': '', 'neutron:port_name': '', 'neutron:project_id': 'ace1bfe3e65b42feb84d8e0a6de0fbea', 'neutron:revision_number': '1', 'neutron:security_group_ids': '', 'neutron:subnet_pool_addr_scope4': '', 'neutron:subnet_pool_addr_scope6': '', 'neutron:vnic_type': 'normal'}, ha_chassis_group=[], mirror_rules=[], name='354bef16-fbbe-4241-9d09-9db4d7207391', options={}, parent_name=[], port_security=[], tag=[], tag_request=[], type='localport', up=[]) old= {{(pid=87702) matches /opt/stack/data/venv/lib/python3.12/site-packages/ovsdbapp/backend/ovs_idl/event.py:55}}
Aug 06 16:40:25.624547 np0000006674 devstack@neutron-api.service[87702]: INFO neutron.plugins.ml2.drivers.ovn.mech_driver.mech_driver [-] OVN reports status down for port: 354bef16-fbbe-4241-9d09-9db4d7207391
Aug 06 16:40:25.625230 np0000006674 devstack@neutron-api.service[87701]: INFO neutron.plugins.ml2.drivers.ovn.mech_driver.mech_driver [-] OVN reports status down for port: 354bef16-fbbe-4241-9d09-9db4d7207391
Aug 06 16:40:25.625359 np0000006674 devstack@neutron-api.service[87702]: DEBUG neutron.plugins.ml2.drivers.ovn.mech_driver.ovsdb.ovsdb_monitor [-] Hash Ring: Node aa4c911a36765174a63277c89738a59f (host: np0000006674) handling event "update" for row cf90836c-c535-43c4-83b7-f942d645bfee (table: Logical_Switch_Port) {{(pid=87702) notify /opt/stack/neutron/neutron/plugins/ml2/drivers/ovn/mech_driver/ovsdb/ovsdb_monitor.py:1099}}
Aug 06 16:40:25.627026 np0000006674 devstack@neutron-api.service[87702]: DEBUG neutron.plugins.ml2.drivers.ovn.mech_driver.ovsdb.ovsdb_monitor [-] Hash Ring: Node aa4c911a36765174a63277c89738a59f (host: np0000006674) handling event "create" for row 60989886-3d94-471a-829c-150f3ff49bc8 (table: Port_Binding) {{(pid=87702) notify /opt/stack/neutron/neutron/plugins/ml2/drivers/ovn/mech_driver/ovsdb/ovsdb_monitor.py:1099}}
Aug 06 16:40:25.633252 np0000006674 devstack@neutron-api.service[87701]: DEBUG neutron.plugins.ml2.drivers.ovn.mech_driver.ovsdb.ovsdb_monitor [-] Hash Ring: Node dc2e5694c26255b686f48d2703a7de07 (host: np0000006674) handling event "create" for row 60989886-3d94-471a-829c-150f3ff49bc8 (table: Port_Binding) {{(pid=87701) notify /opt/stack/neutron/neutron/plugins/ml2/drivers/ovn/mech_driver/ovsdb/ovsdb_monitor.py:1099}}
Aug 06 16:40:25.642386 np0000006674 devstack@neutron-api.service[87700]: DEBUG neutron.plugins.ml2.drivers.ovn.mech_driver.ovsdb.ovsdb_monitor [-] Hash Ring: Node da993edb70e05a9eb1e45e71960bd148 (host: np0000006674) handling event "create" for row 60989886-3d94-471a-829c-150f3ff49bc8 (table: Port_Binding) {{(pid=87700) notify /opt/stack/neutron/neutron/plugins/ml2/drivers/ovn/mech_driver/ovsdb/ovsdb_monitor.py:1099}}
Aug 06 16:40:25.674881 np0000006674 devstack@neutron-api.service[87700]: INFO neutron.db.ovn_revision_numbers_db [None req-34931dcf-100b-4f61-a6a5-92e4ca18b906 admin admin] Successfully bumped revision number for resource 354bef16-fbbe-4241-9d09-9db4d7207391 (type: ports) to 1
Aug 06 16:40:25.681178 np0000006674 devstack@neutron-api.service[87701]: DEBUG neutron.db.provisioning_blocks [None req-7eef64d2-8c4c-42ad-805a-78f4468b2b83 None None] Transition to ACTIVE for port object 354bef16-fbbe-4241-9d09-9db4d7207391 will not be triggered until provisioned by entity L2. {{(pid=87701) add_provisioning_component /opt/stack/neutron/neutron/db/provisioning_blocks.py:74}}
Aug 06 16:40:25.681423 np0000006674 devstack@neutron-api.service[87700]: DEBUG neutron.pecan_wsgi.hooks.policy_enforcement [None req-34931dcf-100b-4f61-a6a5-92e4ca18b906 admin admin] Attributes excluded by policy engine: ['standard_attr_id'] {{(pid=87700) _exclude_attributes_by_policy /opt/stack/neutron/neutron/pecan_wsgi/hooks/policy_enforcement.py:259}}
Aug 06 16:40:25.681782 np0000006674 devstack@neutron-api.service[87700]: DEBUG neutron_lib.callbacks.manager [None req-34931dcf-100b-4f61-a6a5-92e4ca18b906 admin admin] Publish callbacks [] for network (None), before_response {{(pid=87700) _notify_loop /opt/stack/data/venv/lib/python3.12/site-packages/neutron_lib/callbacks/manager.py:184}}
Aug 06 16:40:25.686571 np0000006674 devstack@neutron-api.service[87702]: DEBUG neutron_lib.db.api [None req-c660ac88-8037-461a-9a3e-f1441d94a5ff None None] Retry wrapper got retriable exception: Failed to create a duplicate ProvisioningBlock: for attribute(s) ['provisioningblocks.PRIMARY'] with value(s) 14-L2 {{(pid=87702) wrapped /opt/stack/data/venv/lib/python3.12/site-packages/neutron_lib/db/api.py:185}}
Aug 06 16:40:25.686776 np0000006674 devstack@neutron-api.service[87702]: DEBUG oslo_db.api [None req-c660ac88-8037-461a-9a3e-f1441d94a5ff None None] Performing DB retry for function neutron.db.provisioning_blocks.add_provisioning_component {{(pid=87702) wrapper /opt/stack/data/venv/lib/python3.12/site-packages/oslo_db/api.py:155}}
Aug 06 16:40:25.706733 np0000006674 devstack@neutron-api.service[87700]: [pid: 87700|app: 0|req: 3/5] 10.4.3.161 () {68 vars in 1326 bytes} [Thu Aug 6 16:40:24 2026] POST /networking/v2.0/networks => generated 680 bytes in 1130 msecs (HTTP/1.1 201) 4 headers in 162 bytes (1 switches on core 0)
Aug 06 16:40:25.720052 np0000006674 devstack@neutron-api.service[87701]: DEBUG neutron.plugins.ml2.plugin [None req-7eef64d2-8c4c-42ad-805a-78f4468b2b83 None None] Current status of the port 354bef16-fbbe-4241-9d09-9db4d7207391 is: DOWN; New status is: DOWN {{(pid=87701) _update_individual_port_db_status /opt/stack/neutron/neutron/plugins/ml2/plugin.py:2473}}
Aug 06 16:40:25.720678 np0000006674 devstack@neutron-api.service[87701]: INFO neutron.plugins.ml2.drivers.ovn.mech_driver.ovsdb.extensions.qos [None req-7eef64d2-8c4c-42ad-805a-78f4468b2b83 None None] Starting OVNClientQosExtension
Aug 06 16:40:25.720842 np0000006674 devstack@neutron-api.service[87701]: INFO neutron.plugins.ml2.drivers.ovn.mech_driver.ovsdb.extensions.placement [None req-7eef64d2-8c4c-42ad-805a-78f4468b2b83 None None] Starting OVNClientPlacementExtension
Aug 06 16:40:25.722759 np0000006674 devstack@neutron-api.service[87701]: DEBUG ovsdbapp.backend.ovs_idl.transaction [-] Running txn n=1 command(idx=0): DbRemoveCommand(_result=None, table=Logical_Switch_Port, record=354bef16-fbbe-4241-9d09-9db4d7207391, column=external_ids, values=('neutron:host_id',), keyvalues={}, if_exists=True) {{(pid=87701) do_commit /opt/stack/data/venv/lib/python3.12/site-packages/ovsdbapp/backend/ovs_idl/transaction.py:89}}
Aug 06 16:40:25.730246 np0000006674 devstack@neutron-api.service[87700]: DEBUG neutron.db.provisioning_blocks [None req-543476ed-89d2-4673-b970-9d11b8c2365f None None] Ignored duplicate provisioning block setup for port 354bef16-fbbe-4241-9d09-9db4d7207391 by entity L2. {{(pid=87700) add_provisioning_component /opt/stack/neutron/neutron/db/provisioning_blocks.py:69}}
Aug 06 16:40:25.761444 np0000006674 devstack@neutron-api.service[87700]: DEBUG neutron.plugins.ml2.plugin [None req-543476ed-89d2-4673-b970-9d11b8c2365f None None] Current status of the port 354bef16-fbbe-4241-9d09-9db4d7207391 is: DOWN; New status is: DOWN {{(pid=87700) _update_individual_port_db_status /opt/stack/neutron/neutron/plugins/ml2/plugin.py:2473}}
Aug 06 16:40:25.762700 np0000006674 devstack@neutron-api.service[87700]: DEBUG ovsdbapp.backend.ovs_idl.transaction [-] Running txn n=1 command(idx=0): DbRemoveCommand(_result=None, table=Logical_Switch_Port, record=354bef16-fbbe-4241-9d09-9db4d7207391, column=external_ids, values=('neutron:host_id',), keyvalues={}, if_exists=True) {{(pid=87700) do_commit /opt/stack/data/venv/lib/python3.12/site-packages/ovsdbapp/backend/ovs_idl/transaction.py:89}}
Aug 06 16:40:26.044332 np0000006674 devstack@neutron-api.service[87702]: DEBUG neutron.pecan_wsgi.hooks.policy_enforcement [None req-3af4aa46-7429-40e6-8d04-487bfe27e570 admin admin] Attributes excluded by policy engine: ['standard_attr_id'] {{(pid=87702) _exclude_attributes_by_policy /opt/stack/neutron/neutron/pecan_wsgi/hooks/policy_enforcement.py:259}}
Aug 06 16:40:26.045813 np0000006674 devstack@neutron-api.service[87702]: [pid: 87702|app: 0|req: 2/6] 10.4.3.161 () {64 vars in 1384 bytes} [Thu Aug 6 16:40:25 2026] GET /networking/v2.0/networks/7420f086-db9f-4fc7-9173-209e9c503b81 => generated 661 bytes in 58 msecs (HTTP/1.1 200) 4 headers in 157 bytes (1 switches on core 0)
Aug 06 16:40:26.056353 np0000006674 devstack@neutron-api.service[87701]: DEBUG neutron.api.wsgi [None req-62d2c9d5-3215-4172-a139-d6608f8b4cb0 admin admin] Missing Content-Type {{(pid=87701) get_content_type /opt/stack/neutron/neutron/api/wsgi.py:80}}
Aug 06 16:40:26.065935 np0000006674 devstack@neutron-api.service[87701]: [pid: 87701|app: 0|req: 2/7] 10.4.3.161 () {64 vars in 1393 bytes} [Thu Aug 6 16:40:26 2026] GET /networking/v2.0/subnetpools/480abe19-a950-440c-a160-5dbe35464572 => generated 533 bytes in 12 msecs (HTTP/1.1 200) 4 headers in 157 bytes (1 switches on core 0)
Aug 06 16:40:26.076526 np0000006674 devstack@neutron-api.service[87700]: DEBUG neutron.api.v2.base [None req-be382bdf-fbfe-48f1-98da-0eea02056e92 admin admin] Request body: {'subnet': {'name': 'private-subnet', 'network_id': '7420f086-db9f-4fc7-9173-209e9c503b81', 'ip_version': 4, 'gateway_ip': '10.1.0.1', 'subnetpool_id': '480abe19-a950-440c-a160-5dbe35464572'}} {{(pid=87700) prepare_request_body /opt/stack/neutron/neutron/api/v2/base.py:727}}
Aug 06 16:40:26.091228 np0000006674 devstack@neutron-api.service[87700]: DEBUG neutron.pecan_wsgi.hooks.quota_enforcement [None req-be382bdf-fbfe-48f1-98da-0eea02056e92 admin admin] Made reservation on behalf of ace1bfe3e65b42feb84d8e0a6de0fbea for: {'subnet': 1} {{(pid=87700) before /opt/stack/neutron/neutron/pecan_wsgi/hooks/quota_enforcement.py:66}}
Aug 06 16:40:26.093731 np0000006674 devstack@neutron-api.service[87700]: DEBUG neutron_lib.callbacks.manager [None req-be382bdf-fbfe-48f1-98da-0eea02056e92 admin admin] Publish callbacks [] for subnet (None), before_create {{(pid=87700) _notify_loop /opt/stack/data/venv/lib/python3.12/site-packages/neutron_lib/callbacks/manager.py:184}}
Aug 06 16:40:26.190592 np0000006674 devstack@neutron-api.service[87702]: DEBUG neutron.db.provisioning_blocks [None req-c660ac88-8037-461a-9a3e-f1441d94a5ff None None] Ignored duplicate provisioning block setup for port 354bef16-fbbe-4241-9d09-9db4d7207391 by entity L2. {{(pid=87702) add_provisioning_component /opt/stack/neutron/neutron/db/provisioning_blocks.py:69}}
Aug 06 16:40:26.227277 np0000006674 devstack@neutron-api.service[87702]: DEBUG neutron.plugins.ml2.plugin [None req-c660ac88-8037-461a-9a3e-f1441d94a5ff None None] Current status of the port 354bef16-fbbe-4241-9d09-9db4d7207391 is: DOWN; New status is: DOWN {{(pid=87702) _update_individual_port_db_status /opt/stack/neutron/neutron/plugins/ml2/plugin.py:2473}}
Aug 06 16:40:26.227907 np0000006674 devstack@neutron-api.service[87702]: INFO neutron.plugins.ml2.drivers.ovn.mech_driver.ovsdb.extensions.qos [None req-c660ac88-8037-461a-9a3e-f1441d94a5ff None None] Starting OVNClientQosExtension
Aug 06 16:40:26.228061 np0000006674 devstack@neutron-api.service[87702]: INFO neutron.plugins.ml2.drivers.ovn.mech_driver.ovsdb.extensions.placement [None req-c660ac88-8037-461a-9a3e-f1441d94a5ff None None] Starting OVNClientPlacementExtension
Aug 06 16:40:26.229567 np0000006674 devstack@neutron-api.service[87702]: DEBUG ovsdbapp.backend.ovs_idl.transaction [-] Running txn n=1 command(idx=0): DbRemoveCommand(_result=None, table=Logical_Switch_Port, record=354bef16-fbbe-4241-9d09-9db4d7207391, column=external_ids, values=('neutron:host_id',), keyvalues={}, if_exists=True) {{(pid=87702) do_commit /opt/stack/data/venv/lib/python3.12/site-packages/ovsdbapp/backend/ovs_idl/transaction.py:89}}
Aug 06 16:40:26.409758 np0000006674 devstack@neutron-api.service[87700]: DEBUG neutron.db.ovn_revision_numbers_db [None req-be382bdf-fbfe-48f1-98da-0eea02056e92 admin admin] create_initial_revision uuid=dc20dac0-7e19-42f5-9d88-7b695c7cc74f, type=subnets, rev=-1 {{(pid=87700) create_initial_revision /opt/stack/neutron/neutron/db/ovn_revision_numbers_db.py:98}}
Aug 06 16:40:26.413642 np0000006674 devstack@neutron-api.service[87700]: DEBUG neutron_lib.callbacks.manager [None req-be382bdf-fbfe-48f1-98da-0eea02056e92 admin admin] Publish callbacks ['neutron.plugins.ml2.ovo_rpc._ObjectChangeHandler.handle_event-1098924'] for subnet (dc20dac0-7e19-42f5-9d88-7b695c7cc74f), after_create {{(pid=87700) _notify_loop /opt/stack/data/venv/lib/python3.12/site-packages/neutron_lib/callbacks/manager.py:184}}
Aug 06 16:40:26.427655 np0000006674 devstack@neutron-api.service[87700]: DEBUG neutron.api.rpc.handlers.resources_rpc [None req-be382bdf-fbfe-48f1-98da-0eea02056e92 admin admin] Pushing event updated for resources: {'Subnet': ['ID=dc20dac0-7e19-42f5-9d88-7b695c7cc74f,revision_number=0']} {{(pid=87700) push /opt/stack/neutron/neutron/api/rpc/handlers/resources_rpc.py:237}}
Aug 06 16:40:26.496322 np0000006674 devstack@neutron-api.service[87700]: DEBUG neutron_lib.callbacks.manager [None req-be382bdf-fbfe-48f1-98da-0eea02056e92 admin admin] Publish callbacks ['neutron.plugins.ml2.plugin.SecurityGroupDbMixin._ensure_default_security_group_handler-236026', 'neutron.services.ovn_l3.plugin.OVNL3RouterPlugin._port_update-8510859368772', 'neutron.db.l3_db.L3_NAT_dbonly_mixin._prevent_internal_ip_change_for_fip-8510860884042'] for port (354bef16-fbbe-4241-9d09-9db4d7207391), before_update {{(pid=87700) _notify_loop /opt/stack/data/venv/lib/python3.12/site-packages/neutron_lib/callbacks/manager.py:184}}
Aug 06 16:40:26.587761 np0000006674 devstack@neutron-api.service[87700]: DEBUG neutron.db.db_base_plugin_common [None req-be382bdf-fbfe-48f1-98da-0eea02056e92 admin admin] Allocated IP 10.1.0.2 (7420f086-db9f-4fc7-9173-209e9c503b81/dc20dac0-7e19-42f5-9d88-7b695c7cc74f/354bef16-fbbe-4241-9d09-9db4d7207391) {{(pid=87700) _store_ip_allocation /opt/stack/neutron/neutron/db/db_base_plugin_common.py:131}}
Aug 06 16:40:26.669291 np0000006674 devstack@neutron-api.service[87700]: DEBUG neutron_lib.callbacks.manager [None req-be382bdf-fbfe-48f1-98da-0eea02056e92 admin admin] Publish callbacks [] for port (354bef16-fbbe-4241-9d09-9db4d7207391), precommit_update {{(pid=87700) _notify_loop /opt/stack/data/venv/lib/python3.12/site-packages/neutron_lib/callbacks/manager.py:184}}
Aug 06 16:40:26.669482 np0000006674 devstack@neutron-api.service[87700]: DEBUG neutron.plugins.ml2.drivers.ovn.mech_driver.mech_driver [None req-be382bdf-fbfe-48f1-98da-0eea02056e92 admin admin] No provisioning block for port 354bef16-fbbe-4241-9d09-9db4d7207391 since it does not have a host {{(pid=87700) _is_port_provisioning_required /opt/stack/neutron/neutron/plugins/ml2/drivers/ovn/mech_driver/mech_driver.py:899}}
Aug 06 16:40:26.677424 np0000006674 devstack@neutron-api.service[87700]: DEBUG neutron_lib.callbacks.manager [None req-be382bdf-fbfe-48f1-98da-0eea02056e92 admin admin] Publish callbacks ['neutron.plugins.ml2.ovo_rpc._ObjectChangeHandler.handle_event-1098914', 'neutron.services.ovn_l3.plugin.OVNL3RouterPlugin._port_update-8510859368772'] for port (354bef16-fbbe-4241-9d09-9db4d7207391), after_update {{(pid=87700) _notify_loop /opt/stack/data/venv/lib/python3.12/site-packages/neutron_lib/callbacks/manager.py:184}}
Aug 06 16:40:26.702324 np0000006674 devstack@neutron-api.service[87700]: DEBUG neutron.api.rpc.handlers.resources_rpc [None req-be382bdf-fbfe-48f1-98da-0eea02056e92 admin admin] Pushing event updated for resources: {'Port': ['ID=354bef16-fbbe-4241-9d09-9db4d7207391,revision_number=2']} {{(pid=87700) push /opt/stack/neutron/neutron/api/rpc/handlers/resources_rpc.py:237}}
Aug 06 16:40:26.816143 np0000006674 devstack@neutron-api.service[87700]: DEBUG neutron.plugins.ml2.drivers.ovn.mech_driver.ovsdb.commands [None req-be382bdf-fbfe-48f1-98da-0eea02056e92 admin admin] Converting tag [] to a tag_request {{(pid=87700) _tag_column_to_tag_request /opt/stack/neutron/neutron/plugins/ml2/drivers/ovn/mech_driver/ovsdb/commands.py:227}}
