May 15 19:02:54.590981 np0000000885 nova-scheduler[95268]: DEBUG cotyledon.oslo_config_glue [-] oslo_messaging_notifications.retry = -1 {{(pid=95268) log_opt_values /opt/stack/data/venv/lib/python3.12/site-packages/oslo_config/cfg.py:3006}}
May 15 19:02:54.591021 np0000000885 nova-scheduler[95265]: DEBUG oslo_db.sqlalchemy.engines [None req-5813df3b-2470-425c-a5bb-f25f77210cd7 None None] MySQL server mode set to STRICT_TRANS_TABLES,STRICT_ALL_TABLES,NO_ZERO_IN_DATE,NO_ZERO_DATE,ERROR_FOR_DIVISION_BY_ZERO,TRADITIONAL,NO_ENGINE_SUBSTITUTION {{(pid=95265) _check_effective_sql_mode /opt/stack/data/venv/lib/python3.12/site-packages/oslo_db/sqlalchemy/engines.py:325}}
May 15 19:02:54.591062 np0000000885 nova-scheduler[95268]: DEBUG cotyledon.oslo_config_glue [-] oslo_messaging_notifications.topics = ['notifications'] {{(pid=95268) log_opt_values /opt/stack/data/venv/lib/python3.12/site-packages/oslo_config/cfg.py:3006}}
May 15 19:02:54.591062 np0000000885 nova-scheduler[95268]: DEBUG cotyledon.oslo_config_glue [-] oslo_messaging_notifications.transport_url = **** {{(pid=95268) log_opt_values /opt/stack/data/venv/lib/python3.12/site-packages/oslo_config/cfg.py:3006}}
May 15 19:02:54.591062 np0000000885 nova-scheduler[95268]: DEBUG cotyledon.oslo_config_glue [-] oslo_limit.auth_section = None {{(pid=95268) log_opt_values /opt/stack/data/venv/lib/python3.12/site-packages/oslo_config/cfg.py:3006}}
May 15 19:02:54.591062 np0000000885 nova-scheduler[95268]: DEBUG cotyledon.oslo_config_glue [-] oslo_limit.auth_type = None {{(pid=95268) log_opt_values /opt/stack/data/venv/lib/python3.12/site-packages/oslo_config/cfg.py:3006}}
May 15 19:02:54.591062 np0000000885 nova-scheduler[95268]: DEBUG cotyledon.oslo_config_glue [-] oslo_limit.cafile = None {{(pid=95268) log_opt_values /opt/stack/data/venv/lib/python3.12/site-packages/oslo_config/cfg.py:3006}}
May 15 19:02:54.591062 np0000000885 nova-scheduler[95268]: DEBUG cotyledon.oslo_config_glue [-] oslo_limit.certfile = None {{(pid=95268) log_opt_values /opt/stack/data/venv/lib/python3.12/site-packages/oslo_config/cfg.py:3006}}
May 15 19:02:54.591062 np0000000885 nova-scheduler[95268]: DEBUG cotyledon.oslo_config_glue [-] oslo_limit.collect_timing = False {{(pid=95268) log_opt_values /opt/stack/data/venv/lib/python3.12/site-packages/oslo_config/cfg.py:3006}}
May 15 19:02:54.591062 np0000000885 nova-scheduler[95268]: DEBUG cotyledon.oslo_config_glue [-] oslo_limit.connect_retries = None {{(pid=95268) log_opt_values /opt/stack/data/venv/lib/python3.12/site-packages/oslo_config/cfg.py:3006}}
May 15 19:02:54.591062 np0000000885 nova-scheduler[95268]: DEBUG cotyledon.oslo_config_glue [-] oslo_limit.connect_retry_delay = None {{(pid=95268) log_opt_values /opt/stack/data/venv/lib/python3.12/site-packages/oslo_config/cfg.py:3006}}
May 15 19:02:54.591350 np0000000885 nova-scheduler[95268]: DEBUG cotyledon.oslo_config_glue [-] oslo_limit.endpoint_id = None {{(pid=95268) log_opt_values /opt/stack/data/venv/lib/python3.12/site-packages/oslo_config/cfg.py:3006}}
May 15 19:02:54.591350 np0000000885 nova-scheduler[95268]: DEBUG cotyledon.oslo_config_glue [-] oslo_limit.endpoint_interface = public {{(pid=95268) log_opt_values /opt/stack/data/venv/lib/python3.12/site-packages/oslo_config/cfg.py:3006}}
May 15 19:02:54.591350 np0000000885 nova-scheduler[95268]: DEBUG cotyledon.oslo_config_glue [-] oslo_limit.endpoint_override = None {{(pid=95268) log_opt_values /opt/stack/data/venv/lib/python3.12/site-packages/oslo_config/cfg.py:3006}}
May 15 19:02:54.591350 np0000000885 nova-scheduler[95268]: DEBUG cotyledon.oslo_config_glue [-] oslo_limit.endpoint_region_name = None {{(pid=95268) log_opt_values /opt/stack/data/venv/lib/python3.12/site-packages/oslo_config/cfg.py:3006}}
May 15 19:02:54.591350 np0000000885 nova-scheduler[95268]: DEBUG cotyledon.oslo_config_glue [-] oslo_limit.endpoint_service_name = None {{(pid=95268) log_opt_values /opt/stack/data/venv/lib/python3.12/site-packages/oslo_config/cfg.py:3006}}
May 15 19:02:54.591350 np0000000885 nova-scheduler[95268]: DEBUG cotyledon.oslo_config_glue [-] oslo_limit.endpoint_service_type = None {{(pid=95268) log_opt_values /opt/stack/data/venv/lib/python3.12/site-packages/oslo_config/cfg.py:3006}}
May 15 19:02:54.591350 np0000000885 nova-scheduler[95268]: DEBUG cotyledon.oslo_config_glue [-] oslo_limit.insecure = False {{(pid=95268) log_opt_values /opt/stack/data/venv/lib/python3.12/site-packages/oslo_config/cfg.py:3006}}
May 15 19:02:54.591350 np0000000885 nova-scheduler[95268]: DEBUG cotyledon.oslo_config_glue [-] oslo_limit.keyfile = None {{(pid=95268) log_opt_values /opt/stack/data/venv/lib/python3.12/site-packages/oslo_config/cfg.py:3006}}
May 15 19:02:54.591350 np0000000885 nova-scheduler[95268]: DEBUG cotyledon.oslo_config_glue [-] oslo_limit.max_version = None {{(pid=95268) log_opt_values /opt/stack/data/venv/lib/python3.12/site-packages/oslo_config/cfg.py:3006}}
May 15 19:02:54.591653 np0000000885 nova-scheduler[95268]: DEBUG cotyledon.oslo_config_glue [-] oslo_limit.min_version = None {{(pid=95268) log_opt_values /opt/stack/data/venv/lib/python3.12/site-packages/oslo_config/cfg.py:3006}}
May 15 19:02:54.591653 np0000000885 nova-scheduler[95268]: DEBUG cotyledon.oslo_config_glue [-] oslo_limit.region_name = None {{(pid=95268) log_opt_values /opt/stack/data/venv/lib/python3.12/site-packages/oslo_config/cfg.py:3006}}
May 15 19:02:54.591653 np0000000885 nova-scheduler[95268]: DEBUG cotyledon.oslo_config_glue [-] oslo_limit.retriable_status_codes = None {{(pid=95268) log_opt_values /opt/stack/data/venv/lib/python3.12/site-packages/oslo_config/cfg.py:3006}}
May 15 19:02:54.591653 np0000000885 nova-scheduler[95268]: DEBUG cotyledon.oslo_config_glue [-] oslo_limit.service_name = None {{(pid=95268) log_opt_values /opt/stack/data/venv/lib/python3.12/site-packages/oslo_config/cfg.py:3006}}
May 15 19:02:54.591653 np0000000885 nova-scheduler[95268]: DEBUG cotyledon.oslo_config_glue [-] oslo_limit.service_type = None {{(pid=95268) log_opt_values /opt/stack/data/venv/lib/python3.12/site-packages/oslo_config/cfg.py:3006}}
May 15 19:02:54.591653 np0000000885 nova-scheduler[95268]: DEBUG cotyledon.oslo_config_glue [-] oslo_limit.split_loggers = False {{(pid=95268) log_opt_values /opt/stack/data/venv/lib/python3.12/site-packages/oslo_config/cfg.py:3006}}
May 15 19:02:54.591653 np0000000885 nova-scheduler[95268]: DEBUG cotyledon.oslo_config_glue [-] oslo_limit.status_code_retries = None {{(pid=95268) log_opt_values /opt/stack/data/venv/lib/python3.12/site-packages/oslo_config/cfg.py:3006}}
May 15 19:02:54.591653 np0000000885 nova-scheduler[95268]: DEBUG cotyledon.oslo_config_glue [-] oslo_limit.status_code_retry_delay = None {{(pid=95268) log_opt_values /opt/stack/data/venv/lib/python3.12/site-packages/oslo_config/cfg.py:3006}}
May 15 19:02:54.591653 np0000000885 nova-scheduler[95268]: DEBUG cotyledon.oslo_config_glue [-] oslo_limit.timeout = None {{(pid=95268) log_opt_values /opt/stack/data/venv/lib/python3.12/site-packages/oslo_config/cfg.py:3006}}
May 15 19:02:54.591909 np0000000885 nova-scheduler[95268]: DEBUG cotyledon.oslo_config_glue [-] oslo_limit.valid_interfaces = None {{(pid=95268) log_opt_values /opt/stack/data/venv/lib/python3.12/site-packages/oslo_config/cfg.py:3006}}
May 15 19:02:54.591909 np0000000885 nova-scheduler[95268]: DEBUG cotyledon.oslo_config_glue [-] oslo_limit.version = None {{(pid=95268) log_opt_values /opt/stack/data/venv/lib/python3.12/site-packages/oslo_config/cfg.py:3006}}
May 15 19:02:54.591909 np0000000885 nova-scheduler[95268]: DEBUG cotyledon.oslo_config_glue [-] oslo_reports.file_event_handler = None {{(pid=95268) log_opt_values /opt/stack/data/venv/lib/python3.12/site-packages/oslo_config/cfg.py:3006}}
May 15 19:02:54.591909 np0000000885 nova-scheduler[95268]: DEBUG cotyledon.oslo_config_glue [-] oslo_reports.file_event_handler_interval = 1 {{(pid=95268) log_opt_values /opt/stack/data/venv/lib/python3.12/site-packages/oslo_config/cfg.py:3006}}
May 15 19:02:54.591909 np0000000885 nova-scheduler[95268]: DEBUG cotyledon.oslo_config_glue [-] oslo_reports.log_dir = None {{(pid=95268) log_opt_values /opt/stack/data/venv/lib/python3.12/site-packages/oslo_config/cfg.py:3006}}
May 15 19:02:54.591909 np0000000885 nova-scheduler[95268]: DEBUG cotyledon.oslo_config_glue [-] ******************************************************************************** {{(pid=95268) log_opt_values /opt/stack/data/venv/lib/python3.12/site-packages/oslo_config/cfg.py:3013}}
May 15 19:02:54.591909 np0000000885 nova-scheduler[95268]: DEBUG cotyledon._service_worker [-] Run service ServiceWrapper(2) [95268] {{(pid=95268) wait_forever /opt/stack/data/venv/lib/python3.12/site-packages/cotyledon/_service_worker.py:218}}
May 15 19:02:54.591909 np0000000885 nova-scheduler[95268]: INFO nova.service [-] Starting scheduler node (version 33.1.0)
May 15 19:02:54.592228 np0000000885 nova-scheduler[95263]: DEBUG nova.service [None req-5578685e-e26a-4e66-b62f-9f6c607ab009 None None] Creating RPC server for service: nova-scheduler on topic: scheduler {{(pid=95263) start /opt/stack/nova/nova/service.py:195}}
May 15 19:02:54.592277 np0000000885 nova-scheduler[95265]: DEBUG dbcounter [-] [95265] Writer thread running {{(pid=95265) stat_writer /opt/stack/data/venv/lib/python3.12/site-packages/dbcounter.py:102}}
May 15 19:02:54.592329 np0000000885 nova-scheduler[95268]: INFO dbcounter [None req-8bc40a75-9822-4647-95a7-9985ce77f034 None None] Registered counter for database nova_cell0
May 15 19:02:54.592374 np0000000885 nova-scheduler[95265]: DEBUG nova.service [None req-5813df3b-2470-425c-a5bb-f25f77210cd7 None None] Creating RPC server for service: nova-scheduler on topic: scheduler {{(pid=95265) start /opt/stack/nova/nova/service.py:195}}
May 15 19:02:54.594445 np0000000885 nova-scheduler[95268]: DEBUG oslo_db.sqlalchemy.engines [None req-8bc40a75-9822-4647-95a7-9985ce77f034 None None] MySQL server mode set to STRICT_TRANS_TABLES,STRICT_ALL_TABLES,NO_ZERO_IN_DATE,NO_ZERO_DATE,ERROR_FOR_DIVISION_BY_ZERO,TRADITIONAL,NO_ENGINE_SUBSTITUTION {{(pid=95268) _check_effective_sql_mode /opt/stack/data/venv/lib/python3.12/site-packages/oslo_db/sqlalchemy/engines.py:325}}
May 15 19:02:54.604229 np0000000885 nova-scheduler[95263]: DEBUG nova.service [None req-5578685e-e26a-4e66-b62f-9f6c607ab009 None None] Join ServiceGroup membership for this service scheduler {{(pid=95263) start /opt/stack/nova/nova/service.py:221}}
May 15 19:02:54.604403 np0000000885 nova-scheduler[95268]: DEBUG dbcounter [-] [95268] Writer thread running {{(pid=95268) stat_writer /opt/stack/data/venv/lib/python3.12/site-packages/dbcounter.py:102}}
May 15 19:02:54.604462 np0000000885 nova-scheduler[95263]: DEBUG nova.servicegroup.drivers.db [None req-5578685e-e26a-4e66-b62f-9f6c607ab009 None None] DB_Driver: join new ServiceGroup member np0000000885 to the scheduler group, service = {{(pid=95263) join /opt/stack/nova/nova/servicegroup/drivers/db.py:44}}
May 15 19:02:54.605633 np0000000885 nova-scheduler[95265]: DEBUG nova.service [None req-5813df3b-2470-425c-a5bb-f25f77210cd7 None None] Join ServiceGroup membership for this service scheduler {{(pid=95265) start /opt/stack/nova/nova/service.py:221}}
May 15 19:02:54.605993 np0000000885 nova-scheduler[95265]: DEBUG nova.servicegroup.drivers.db [None req-5813df3b-2470-425c-a5bb-f25f77210cd7 None None] DB_Driver: join new ServiceGroup member np0000000885 to the scheduler group, service = {{(pid=95265) join /opt/stack/nova/nova/servicegroup/drivers/db.py:44}}
May 15 19:02:54.607160 np0000000885 nova-scheduler[95268]: DEBUG nova.service [None req-8bc40a75-9822-4647-95a7-9985ce77f034 None None] Creating RPC server for service: nova-scheduler on topic: scheduler {{(pid=95268) start /opt/stack/nova/nova/service.py:195}}
May 15 19:02:54.622892 np0000000885 nova-scheduler[95268]: DEBUG nova.service [None req-8bc40a75-9822-4647-95a7-9985ce77f034 None None] Join ServiceGroup membership for this service scheduler {{(pid=95268) start /opt/stack/nova/nova/service.py:221}}
May 15 19:02:54.623130 np0000000885 nova-scheduler[95268]: DEBUG nova.servicegroup.drivers.db [None req-8bc40a75-9822-4647-95a7-9985ce77f034 None None] DB_Driver: join new ServiceGroup member np0000000885 to the scheduler group, service = {{(pid=95268) join /opt/stack/nova/nova/servicegroup/drivers/db.py:44}}
May 15 19:02:59.616303 np0000000885 nova-scheduler[95263]: DEBUG oslo.service.backend._threading.loopingcall [-] Fixed interval looping call 'nova.servicegroup.drivers.db.DbDriver._report_state' sleeping for 119.99 seconds {{(pid=95263) _run_loop /opt/stack/data/venv/lib/python3.12/site-packages/oslo_service/backend/_threading/loopingcall.py:125}}
May 15 19:02:59.618202 np0000000885 nova-scheduler[95265]: DEBUG oslo.service.backend._threading.loopingcall [-] Fixed interval looping call 'nova.servicegroup.drivers.db.DbDriver._report_state' sleeping for 119.99 seconds {{(pid=95265) _run_loop /opt/stack/data/venv/lib/python3.12/site-packages/oslo_service/backend/_threading/loopingcall.py:125}}
May 15 19:02:59.635075 np0000000885 nova-scheduler[95268]: DEBUG oslo.service.backend._threading.loopingcall [-] Fixed interval looping call 'nova.servicegroup.drivers.db.DbDriver._report_state' sleeping for 119.99 seconds {{(pid=95268) _run_loop /opt/stack/data/venv/lib/python3.12/site-packages/oslo_service/backend/_threading/loopingcall.py:125}}
May 15 19:03:01.606563 np0000000885 nova-scheduler[95263]: DEBUG oslo.service.backend._threading.loopingcall [None req-3a21816a-9f49-4d4b-94bf-0306b3571509 None None] Dynamic interval looping call 'nova.service.Service.periodic_tasks' sleeping for 60.00 seconds {{(pid=95263) _run_loop /opt/stack/data/venv/lib/python3.12/site-packages/oslo_service/backend/_threading/loopingcall.py:125}}
May 15 19:03:02.625090 np0000000885 nova-scheduler[95268]: DEBUG oslo.service.backend._threading.loopingcall [None req-924b8bb4-832f-4e60-9082-b51e060eb311 None None] Dynamic interval looping call 'nova.service.Service.periodic_tasks' sleeping for 60.00 seconds {{(pid=95268) _run_loop /opt/stack/data/venv/lib/python3.12/site-packages/oslo_service/backend/_threading/loopingcall.py:125}}
May 15 19:03:03.261069 np0000000885 nova-scheduler[94055]: DEBUG dbcounter [-] [94055] Writing DB stats nova_api:SELECT=3 {{(pid=94055) stat_writer /opt/stack/data/venv/lib/python3.12/site-packages/dbcounter.py:115}}
May 15 19:03:03.351801 np0000000885 nova-scheduler[94055]: DEBUG dbcounter [-] [94055] Writing DB stats nova_cell0:SELECT=1 {{(pid=94055) stat_writer /opt/stack/data/venv/lib/python3.12/site-packages/dbcounter.py:115}}
May 15 19:03:03.357763 np0000000885 nova-scheduler[94055]: DEBUG dbcounter [-] [94055] Writing DB stats nova_cell1:SELECT=1 {{(pid=94055) stat_writer /opt/stack/data/venv/lib/python3.12/site-packages/dbcounter.py:115}}
May 15 19:03:09.613388 np0000000885 nova-scheduler[95263]: DEBUG dbcounter [-] [95263] Writing DB stats nova_cell0:SELECT=4,nova_cell0:INSERT=1,nova_cell0:UPDATE=1 {{(pid=95263) stat_writer /opt/stack/data/venv/lib/python3.12/site-packages/dbcounter.py:115}}
May 15 19:03:09.617080 np0000000885 nova-scheduler[95265]: DEBUG dbcounter [-] [95265] Writing DB stats nova_cell0:SELECT=3,nova_cell0:UPDATE=1 {{(pid=95265) stat_writer /opt/stack/data/venv/lib/python3.12/site-packages/dbcounter.py:115}}
May 15 19:03:09.631895 np0000000885 nova-scheduler[95268]: DEBUG dbcounter [-] [95268] Writing DB stats nova_cell0:SELECT=3 {{(pid=95268) stat_writer /opt/stack/data/venv/lib/python3.12/site-packages/dbcounter.py:115}}
May 15 19:03:47.607924 np0000000885 nova-scheduler[95265]: DEBUG oslo.service.backend._threading.loopingcall [None req-95bb4e5c-2c93-49d9-842a-9d8be37a6be8 None None] Dynamic interval looping call 'nova.service.Service.periodic_tasks' sleeping for 60.00 seconds {{(pid=95265) _run_loop /opt/stack/data/venv/lib/python3.12/site-packages/oslo_service/backend/_threading/loopingcall.py:125}}
May 15 19:04:01.607076 np0000000885 nova-scheduler[95263]: DEBUG oslo.service.backend._threading.loopingcall [None req-3a21816a-9f49-4d4b-94bf-0306b3571509 None None] Dynamic interval looping call 'nova.service.Service.periodic_tasks' sleeping for 60.00 seconds {{(pid=95263) _run_loop /opt/stack/data/venv/lib/python3.12/site-packages/oslo_service/backend/_threading/loopingcall.py:125}}
May 15 19:04:02.625691 np0000000885 nova-scheduler[95268]: DEBUG oslo.service.backend._threading.loopingcall [None req-924b8bb4-832f-4e60-9082-b51e060eb311 None None] Dynamic interval looping call 'nova.service.Service.periodic_tasks' sleeping for 60.00 seconds {{(pid=95268) _run_loop /opt/stack/data/venv/lib/python3.12/site-packages/oslo_service/backend/_threading/loopingcall.py:125}}
May 15 19:04:47.608339 np0000000885 nova-scheduler[95265]: DEBUG oslo.service.backend._threading.loopingcall [None req-95bb4e5c-2c93-49d9-842a-9d8be37a6be8 None None] Dynamic interval looping call 'nova.service.Service.periodic_tasks' sleeping for 60.00 seconds {{(pid=95265) _run_loop /opt/stack/data/venv/lib/python3.12/site-packages/oslo_service/backend/_threading/loopingcall.py:125}}
May 15 19:04:59.612662 np0000000885 nova-scheduler[95263]: DEBUG oslo.service.backend._threading.loopingcall [-] Fixed interval looping call 'nova.servicegroup.drivers.db.DbDriver._report_state' sleeping for 119.99 seconds {{(pid=95263) _run_loop /opt/stack/data/venv/lib/python3.12/site-packages/oslo_service/backend/_threading/loopingcall.py:125}}
May 15 19:04:59.613118 np0000000885 nova-scheduler[95265]: DEBUG oslo.service.backend._threading.loopingcall [-] Fixed interval looping call 'nova.servicegroup.drivers.db.DbDriver._report_state' sleeping for 120.00 seconds {{(pid=95265) _run_loop /opt/stack/data/venv/lib/python3.12/site-packages/oslo_service/backend/_threading/loopingcall.py:125}}
May 15 19:04:59.628856 np0000000885 nova-scheduler[95268]: DEBUG oslo.service.backend._threading.loopingcall [-] Fixed interval looping call 'nova.servicegroup.drivers.db.DbDriver._report_state' sleeping for 120.00 seconds {{(pid=95268) _run_loop /opt/stack/data/venv/lib/python3.12/site-packages/oslo_service/backend/_threading/loopingcall.py:125}}
May 15 19:05:01.607657 np0000000885 nova-scheduler[95263]: DEBUG oslo.service.backend._threading.loopingcall [None req-3a21816a-9f49-4d4b-94bf-0306b3571509 None None] Dynamic interval looping call 'nova.service.Service.periodic_tasks' sleeping for 60.00 seconds {{(pid=95263) _run_loop /opt/stack/data/venv/lib/python3.12/site-packages/oslo_service/backend/_threading/loopingcall.py:125}}
May 15 19:05:02.626209 np0000000885 nova-scheduler[95268]: DEBUG oslo.service.backend._threading.loopingcall [None req-924b8bb4-832f-4e60-9082-b51e060eb311 None None] Dynamic interval looping call 'nova.service.Service.periodic_tasks' sleeping for 60.00 seconds {{(pid=95268) _run_loop /opt/stack/data/venv/lib/python3.12/site-packages/oslo_service/backend/_threading/loopingcall.py:125}}
May 15 19:05:09.610004 np0000000885 nova-scheduler[95263]: DEBUG dbcounter [-] [95263] Writing DB stats nova_cell0:SELECT=1,nova_cell0:UPDATE=1 {{(pid=95263) stat_writer /opt/stack/data/venv/lib/python3.12/site-packages/dbcounter.py:115}}
May 15 19:05:09.611972 np0000000885 nova-scheduler[95265]: DEBUG dbcounter [-] [95265] Writing DB stats nova_cell0:SELECT=1,nova_cell0:UPDATE=1 {{(pid=95265) stat_writer /opt/stack/data/venv/lib/python3.12/site-packages/dbcounter.py:115}}
May 15 19:05:09.627153 np0000000885 nova-scheduler[95268]: DEBUG dbcounter [-] [95268] Writing DB stats nova_cell0:SELECT=1 {{(pid=95268) stat_writer /opt/stack/data/venv/lib/python3.12/site-packages/dbcounter.py:115}}
May 15 19:05:47.609589 np0000000885 nova-scheduler[95265]: DEBUG oslo.service.backend._threading.loopingcall [None req-95bb4e5c-2c93-49d9-842a-9d8be37a6be8 None None] Dynamic interval looping call 'nova.service.Service.periodic_tasks' sleeping for 60.00 seconds {{(pid=95265) _run_loop /opt/stack/data/venv/lib/python3.12/site-packages/oslo_service/backend/_threading/loopingcall.py:125}}
May 15 19:06:01.612400 np0000000885 nova-scheduler[95263]: DEBUG oslo.service.backend._threading.loopingcall [None req-3a21816a-9f49-4d4b-94bf-0306b3571509 None None] Dynamic interval looping call 'nova.service.Service.periodic_tasks' sleeping for 60.00 seconds {{(pid=95263) _run_loop /opt/stack/data/venv/lib/python3.12/site-packages/oslo_service/backend/_threading/loopingcall.py:125}}
May 15 19:06:02.627030 np0000000885 nova-scheduler[95268]: DEBUG oslo.service.backend._threading.loopingcall [None req-924b8bb4-832f-4e60-9082-b51e060eb311 None None] Dynamic interval looping call 'nova.service.Service.periodic_tasks' sleeping for 60.00 seconds {{(pid=95268) _run_loop /opt/stack/data/venv/lib/python3.12/site-packages/oslo_service/backend/_threading/loopingcall.py:125}}
May 15 19:06:04.294460 np0000000885 nova-scheduler[95263]: DEBUG nova.scheduler.manager [None req-69893c7d-9d4b-4bfe-b073-dc31d3e0dc2d tempest-AttachSCSIVolumeTestJSON-474353159 tempest-AttachSCSIVolumeTestJSON-474353159-project-member] Starting to schedule for instances: ['7eccc3fe-d87c-476f-ae8f-a929df6743e1'] {{(pid=95263) select_destinations /opt/stack/nova/nova/scheduler/manager.py:210}}
May 15 19:06:04.295419 np0000000885 nova-scheduler[95263]: DEBUG nova.scheduler.request_filter [None req-69893c7d-9d4b-4bfe-b073-dc31d3e0dc2d tempest-AttachSCSIVolumeTestJSON-474353159 tempest-AttachSCSIVolumeTestJSON-474353159-project-member] compute_status_filter request filter added forbidden trait COMPUTE_STATUS_DISABLED {{(pid=95263) compute_status_filter /opt/stack/nova/nova/scheduler/request_filter.py:253}}
May 15 19:06:04.295686 np0000000885 nova-scheduler[95263]: DEBUG nova.scheduler.request_filter [None req-69893c7d-9d4b-4bfe-b073-dc31d3e0dc2d tempest-AttachSCSIVolumeTestJSON-474353159 tempest-AttachSCSIVolumeTestJSON-474353159-project-member] Request filter 'compute_status_filter' took 0.0 seconds {{(pid=95263) wrapper /opt/stack/nova/nova/scheduler/request_filter.py:46}}
May 15 19:06:04.295935 np0000000885 nova-scheduler[95263]: DEBUG nova.scheduler.request_filter [None req-69893c7d-9d4b-4bfe-b073-dc31d3e0dc2d tempest-AttachSCSIVolumeTestJSON-474353159 tempest-AttachSCSIVolumeTestJSON-474353159-project-member] Request filter 'accelerators_filter' took 0.0 seconds {{(pid=95263) wrapper /opt/stack/nova/nova/scheduler/request_filter.py:46}}
May 15 19:06:04.296169 np0000000885 nova-scheduler[95263]: DEBUG nova.scheduler.request_filter [None req-69893c7d-9d4b-4bfe-b073-dc31d3e0dc2d tempest-AttachSCSIVolumeTestJSON-474353159 tempest-AttachSCSIVolumeTestJSON-474353159-project-member] Request filter 'packed_virtqueue_filter' took 0.0 seconds {{(pid=95263) wrapper /opt/stack/nova/nova/scheduler/request_filter.py:46}}
May 15 19:06:04.296398 np0000000885 nova-scheduler[95263]: DEBUG nova.scheduler.request_filter [None req-69893c7d-9d4b-4bfe-b073-dc31d3e0dc2d tempest-AttachSCSIVolumeTestJSON-474353159 tempest-AttachSCSIVolumeTestJSON-474353159-project-member] Request filter 'remote_managed_ports_filter' took 0.0 seconds {{(pid=95263) wrapper /opt/stack/nova/nova/scheduler/request_filter.py:46}}
May 15 19:06:04.296562 np0000000885 nova-scheduler[95263]: DEBUG nova.scheduler.request_filter [None req-69893c7d-9d4b-4bfe-b073-dc31d3e0dc2d tempest-AttachSCSIVolumeTestJSON-474353159 tempest-AttachSCSIVolumeTestJSON-474353159-project-member] ephemeral_encryption_filter skipped {{(pid=95263) ephemeral_encryption_filter /opt/stack/nova/nova/scheduler/request_filter.py:426}}
May 15 19:06:04.296710 np0000000885 nova-scheduler[95263]: DEBUG nova.scheduler.request_filter [None req-69893c7d-9d4b-4bfe-b073-dc31d3e0dc2d tempest-AttachSCSIVolumeTestJSON-474353159 tempest-AttachSCSIVolumeTestJSON-474353159-project-member] virtio_sound_filter skipped {{(pid=95263) virtio_sound_filter /opt/stack/nova/nova/scheduler/request_filter.py:460}}
May 15 19:06:04.296855 np0000000885 nova-scheduler[95263]: DEBUG nova.scheduler.request_filter [None req-69893c7d-9d4b-4bfe-b073-dc31d3e0dc2d tempest-AttachSCSIVolumeTestJSON-474353159 tempest-AttachSCSIVolumeTestJSON-474353159-project-member] tpm_secret_security_filter skipped {{(pid=95263) tpm_secret_security_filter /opt/stack/nova/nova/scheduler/request_filter.py:477}}
May 15 19:06:04.905231 np0000000885 nova-scheduler[95263]: INFO nova.utils [None req-69893c7d-9d4b-4bfe-b073-dc31d3e0dc2d tempest-AttachSCSIVolumeTestJSON-474353159 tempest-AttachSCSIVolumeTestJSON-474353159-project-member] The cell worker thread pool ForkProcess-1.cell_worker is initialized
May 15 19:06:04.906312 np0000000885 nova-scheduler[95263]: DEBUG oslo_concurrency.lockutils [None req-69893c7d-9d4b-4bfe-b073-dc31d3e0dc2d tempest-AttachSCSIVolumeTestJSON-474353159 tempest-AttachSCSIVolumeTestJSON-474353159-project-member] Acquiring lock "1afcd009-faf5-4426-af8d-09354dfab4e2" by "nova.context.set_target_cell..get_or_set_cached_cell_and_set_connections" {{(pid=95263) inner /opt/stack/data/venv/lib/python3.12/site-packages/oslo_concurrency/lockutils.py:506}}
May 15 19:06:04.906312 np0000000885 nova-scheduler[95263]: DEBUG oslo_concurrency.lockutils [None req-69893c7d-9d4b-4bfe-b073-dc31d3e0dc2d tempest-AttachSCSIVolumeTestJSON-474353159 tempest-AttachSCSIVolumeTestJSON-474353159-project-member] Lock "1afcd009-faf5-4426-af8d-09354dfab4e2" acquired by "nova.context.set_target_cell..get_or_set_cached_cell_and_set_connections" :: waited 0.000s {{(pid=95263) inner /opt/stack/data/venv/lib/python3.12/site-packages/oslo_concurrency/lockutils.py:519}}
May 15 19:06:04.908211 np0000000885 nova-scheduler[95263]: DEBUG oslo_concurrency.lockutils [None req-69893c7d-9d4b-4bfe-b073-dc31d3e0dc2d tempest-AttachSCSIVolumeTestJSON-474353159 tempest-AttachSCSIVolumeTestJSON-474353159-project-member] Lock "1afcd009-faf5-4426-af8d-09354dfab4e2" "released" by "nova.context.set_target_cell..get_or_set_cached_cell_and_set_connections" :: held 0.002s {{(pid=95263) inner /opt/stack/data/venv/lib/python3.12/site-packages/oslo_concurrency/lockutils.py:538}}
May 15 19:06:04.909983 np0000000885 nova-scheduler[95263]: INFO dbcounter [None req-69893c7d-9d4b-4bfe-b073-dc31d3e0dc2d tempest-AttachSCSIVolumeTestJSON-474353159 tempest-AttachSCSIVolumeTestJSON-474353159-project-member] Registered counter for database nova_cell1
May 15 19:06:04.913850 np0000000885 nova-scheduler[95263]: DEBUG oslo_db.sqlalchemy.engines [None req-69893c7d-9d4b-4bfe-b073-dc31d3e0dc2d tempest-AttachSCSIVolumeTestJSON-474353159 tempest-AttachSCSIVolumeTestJSON-474353159-project-member] MySQL server mode set to STRICT_TRANS_TABLES,STRICT_ALL_TABLES,NO_ZERO_IN_DATE,NO_ZERO_DATE,ERROR_FOR_DIVISION_BY_ZERO,TRADITIONAL,NO_ENGINE_SUBSTITUTION {{(pid=95263) _check_effective_sql_mode /opt/stack/data/venv/lib/python3.12/site-packages/oslo_db/sqlalchemy/engines.py:325}}
May 15 19:06:04.918807 np0000000885 nova-scheduler[95263]: DEBUG dbcounter [-] [95263] Writer thread running {{(pid=95263) stat_writer /opt/stack/data/venv/lib/python3.12/site-packages/dbcounter.py:102}}
May 15 19:06:04.928937 np0000000885 nova-scheduler[95263]: DEBUG oslo_db.sqlalchemy.engines [None req-69893c7d-9d4b-4bfe-b073-dc31d3e0dc2d tempest-AttachSCSIVolumeTestJSON-474353159 tempest-AttachSCSIVolumeTestJSON-474353159-project-member] Parent process 94055 forked (95263) with an open database connection, which is being discarded and recreated. {{(pid=95263) checkout /opt/stack/data/venv/lib/python3.12/site-packages/oslo_db/sqlalchemy/engines.py:402}}
May 15 19:06:04.935215 np0000000885 nova-scheduler[95263]: DEBUG dbcounter [-] [95263] Writer thread running {{(pid=95263) stat_writer /opt/stack/data/venv/lib/python3.12/site-packages/dbcounter.py:102}}
May 15 19:06:04.937586 np0000000885 nova-scheduler[95263]: DEBUG oslo_concurrency.lockutils [None req-69893c7d-9d4b-4bfe-b073-dc31d3e0dc2d tempest-AttachSCSIVolumeTestJSON-474353159 tempest-AttachSCSIVolumeTestJSON-474353159-project-member] Acquiring lock "1afcd009-faf5-4426-af8d-09354dfab4e2" by "nova.context.set_target_cell..get_or_set_cached_cell_and_set_connections" {{(pid=95263) inner /opt/stack/data/venv/lib/python3.12/site-packages/oslo_concurrency/lockutils.py:506}}
May 15 19:06:04.937755 np0000000885 nova-scheduler[95263]: DEBUG oslo_concurrency.lockutils [None req-69893c7d-9d4b-4bfe-b073-dc31d3e0dc2d tempest-AttachSCSIVolumeTestJSON-474353159 tempest-AttachSCSIVolumeTestJSON-474353159-project-member] Lock "1afcd009-faf5-4426-af8d-09354dfab4e2" acquired by "nova.context.set_target_cell..get_or_set_cached_cell_and_set_connections" :: waited 0.000s {{(pid=95263) inner /opt/stack/data/venv/lib/python3.12/site-packages/oslo_concurrency/lockutils.py:519}}
May 15 19:06:04.937892 np0000000885 nova-scheduler[95263]: DEBUG oslo_concurrency.lockutils [None req-69893c7d-9d4b-4bfe-b073-dc31d3e0dc2d tempest-AttachSCSIVolumeTestJSON-474353159 tempest-AttachSCSIVolumeTestJSON-474353159-project-member] Lock "1afcd009-faf5-4426-af8d-09354dfab4e2" "released" by "nova.context.set_target_cell..get_or_set_cached_cell_and_set_connections" :: held 0.000s {{(pid=95263) inner /opt/stack/data/venv/lib/python3.12/site-packages/oslo_concurrency/lockutils.py:538}}
May 15 19:06:04.941247 np0000000885 nova-scheduler[95263]: DEBUG oslo_concurrency.lockutils [None req-69893c7d-9d4b-4bfe-b073-dc31d3e0dc2d tempest-AttachSCSIVolumeTestJSON-474353159 tempest-AttachSCSIVolumeTestJSON-474353159-project-member] Acquiring lock "('np0000000885', 'np0000000885')" by "nova.scheduler.host_manager.HostState.update.._locked_update" {{(pid=95263) inner /opt/stack/data/venv/lib/python3.12/site-packages/oslo_concurrency/lockutils.py:506}}
May 15 19:06:04.941247 np0000000885 nova-scheduler[95263]: DEBUG oslo_concurrency.lockutils [None req-69893c7d-9d4b-4bfe-b073-dc31d3e0dc2d tempest-AttachSCSIVolumeTestJSON-474353159 tempest-AttachSCSIVolumeTestJSON-474353159-project-member] Lock "('np0000000885', 'np0000000885')" acquired by "nova.scheduler.host_manager.HostState.update.._locked_update" :: waited 0.000s {{(pid=95263) inner /opt/stack/data/venv/lib/python3.12/site-packages/oslo_concurrency/lockutils.py:519}}
May 15 19:06:04.942425 np0000000885 nova-scheduler[95263]: DEBUG nova.scheduler.host_manager [None req-69893c7d-9d4b-4bfe-b073-dc31d3e0dc2d tempest-AttachSCSIVolumeTestJSON-474353159 tempest-AttachSCSIVolumeTestJSON-474353159-project-member] Update host state from compute node: ComputeNode(cpu_allocation_ratio=4.0,cpu_info='{"arch": "x86_64", "model": "EPYC-Milan", "vendor": "AMD", "topology": {"cells": 1, "sockets": 12, "cores": 1, "threads": 1}, "maxphysaddr": {"mode": "emulate", "bits": 40}, "features": ["avx", "npt", "erms", "svm", "fpu", "movbe", "stibp-always-on", "xsaveerptr", "misalignsse", "v-vmsave-vmload", "pcid", "sha-ni", "tsc-deadline", "cr8legacy", "pku", "3dnowprefetch", "stibp", "invpcid", "mce", "pse36", "abm", "mmx", "pge", "amd-psfd", "bmi1", "lfence-always-serializing", "ssbd", "msr", "smep", "lbrv", "xgetbv1", "f16c", "mca", "bmi2", "fsgsbase", "rdtscp", "flushbyasid", "clwb", "pat", "clzero", "nx", "fma", "xsaves", "sse", "lm", "xsaveopt", "pfthreshold", "ibrs", "apic", "sse4.2", "pse", "svme-addr-chk", "pdpe1gb", "pschange-mc-no", "x2apic", "pni", "tsc", "cmov", "tsc_adjust", "sse2", "smap", "xsave", "vpclmulqdq", "syscall", "popcnt", "lahf_lm", "mds-no", "no-nested-data-bp", "null-sel-clr-base", "rdctl-no", "arch-capabilities", "skip-l1dfl-vmentry", "spec-ctrl", "topoext", "cmp_legacy", "gds-no", "mmxext", "fxsr_opt", "sse4.1", "cx8", "pause-filter", "perfctr_core", "fxsr", "aes", "umip", "vme", "vgif", "clflushopt", "amd-stibp", "tsc-scale", "xsavec", "de", "mtrr", "fsrm", "rdpid", "osvw", "wbnoinvd", "clflush", "arat", "pclmuldq", "adx", "sep", "ssse3", "rdrand", "pae", "rdseed", "virt-ssbd", "cx16", "vaes", "sse4a", "amd-ssbd", "hypervisor", "nrip-save", "avx2", "vmcb-clean", "ibpb"]}',created_at=2026-05-15T19:03:19Z,current_workload=0,deleted=False,deleted_at=None,disk_allocation_ratio=1.0,disk_available_least=74,free_disk_gb=95,free_ram_mb=23518,host='np0000000885',host_ip=10.4.3.210,hypervisor_hostname='np0000000885',hypervisor_type='QEMU',hypervisor_version=8002002,id=1,local_gb=95,local_gb_used=0,mapped=1,memory_mb=24030,memory_mb_used=512,metrics='[]',numa_topology='{"nova_object.name": "NUMATopology", "nova_object.namespace": "nova", "nova_object.version": "1.2", "nova_object.data": {"cells": [{"nova_object.name": "NUMACell", "nova_object.namespace": "nova", "nova_object.version": "1.5", "nova_object.data": {"id": 0, "cpuset": [0, 1, 2, 3, 4, 5, 6, 7, 8, 9, 10, 11], "pcpuset": [0, 1, 2, 3, 4, 5, 6, 7, 8, 9, 10, 11], "memory": 24030, "cpu_usage": 0, "memory_usage": 0, "pinned_cpus": [], "siblings": [[6], [2], [5], [11], [8], [4], [1], [7], [10], [0], [3], [9]], "mempages": [{"nova_object.name": "NUMAPagesTopology", "nova_object.namespace": "nova", "nova_object.version": "1.1", "nova_object.data": {"size_kb": 4, "total": 6151797, "used": 0, "reserved": 0}, "nova_object.changes": ["used", "total", "reserved", "size_kb"]}, {"nova_object.name": "NUMAPagesTopology", "nova_object.namespace": "nova", "nova_object.version": "1.1", "nova_object.data": {"size_kb": 2048, "total": 0, "used": 0, "reserved": 0}, "nova_object.changes": ["used", "total", "reserved", "size_kb"]}, {"nova_object.name": "NUMAPagesTopology", "nova_object.namespace": "nova", "nova_object.version": "1.1", "nova_object.data": {"size_kb": 1048576, "total": 0, "used": 0, "reserved": 0}, "nova_object.changes": ["used", "total", "reserved", "size_kb"]}], "network_metadata": {"nova_object.name": "NetworkMetadata", "nova_object.namespace": "nova", "nova_object.version": "1.0", "nova_object.data": {"physnets": [], "tunneled": false}, "nova_object.changes": ["physnets", "tunneled"]}, "socket": null}, "nova_object.changes": ["memory", "cpuset", "network_metadata", "memory_usage", "id", "pcpuset", "socket", "cpu_usage", "pinned_cpus", "mempages", "siblings"]}]}, "nova_object.changes": ["cells"]}',pci_device_pools=PciDevicePoolList,ram_allocation_ratio=1.0,running_vms=0,service_id=2,stats={failed_builds='0',uptime=' 19:05:05 up 24 min, 2 users, load average: 1.87, 1.61, 0.89
May 15 19:06:04.942425 np0000000885 nova-scheduler[95263]: '},supported_hv_specs=[HVSpec,HVSpec,HVSpec,HVSpec,HVSpec,HVSpec,HVSpec,HVSpec,HVSpec,HVSpec,HVSpec,HVSpec,HVSpec,HVSpec,HVSpec,HVSpec,HVSpec,HVSpec,HVSpec,HVSpec,HVSpec,HVSpec,HVSpec,HVSpec,HVSpec],updated_at=2026-05-15T19:05:08Z,uuid=e033bd58-ff60-426a-bd01-9f5d3c873004,vcpus=12,vcpus_used=0) {{(pid=95263) _locked_update /opt/stack/nova/nova/scheduler/host_manager.py:168}}
May 15 19:06:04.943414 np0000000885 nova-scheduler[95263]: DEBUG nova.scheduler.host_manager [None req-69893c7d-9d4b-4bfe-b073-dc31d3e0dc2d tempest-AttachSCSIVolumeTestJSON-474353159 tempest-AttachSCSIVolumeTestJSON-474353159-project-member] Update host state with aggregates: [] {{(pid=95263) _locked_update /opt/stack/nova/nova/scheduler/host_manager.py:171}}
May 15 19:06:04.943853 np0000000885 nova-scheduler[95263]: DEBUG nova.scheduler.host_manager [None req-69893c7d-9d4b-4bfe-b073-dc31d3e0dc2d tempest-AttachSCSIVolumeTestJSON-474353159 tempest-AttachSCSIVolumeTestJSON-474353159-project-member] Update host state with service dict: {'id': 2, 'uuid': 'ad5b31de-7936-4758-8b15-85c932a9b0e5', 'host': 'np0000000885', 'binary': 'nova-compute', 'topic': 'compute', 'report_count': 2, 'disabled': False, 'disabled_reason': None, 'last_seen_up': datetime.datetime(2026, 5, 15, 19, 5, 28, tzinfo=datetime.timezone.utc), 'forced_down': False, 'version': 72, 'created_at': datetime.datetime(2026, 5, 15, 19, 3, 18, tzinfo=datetime.timezone.utc), 'updated_at': datetime.datetime(2026, 5, 15, 19, 5, 28, tzinfo=datetime.timezone.utc), 'deleted_at': None, 'deleted': False} {{(pid=95263) _locked_update /opt/stack/nova/nova/scheduler/host_manager.py:174}}
May 15 19:06:04.943853 np0000000885 nova-scheduler[95263]: DEBUG nova.scheduler.host_manager [None req-69893c7d-9d4b-4bfe-b073-dc31d3e0dc2d tempest-AttachSCSIVolumeTestJSON-474353159 tempest-AttachSCSIVolumeTestJSON-474353159-project-member] Update host state with instances: [] {{(pid=95263) _locked_update /opt/stack/nova/nova/scheduler/host_manager.py:177}}
May 15 19:06:04.943853 np0000000885 nova-scheduler[95263]: DEBUG oslo_concurrency.lockutils [None req-69893c7d-9d4b-4bfe-b073-dc31d3e0dc2d tempest-AttachSCSIVolumeTestJSON-474353159 tempest-AttachSCSIVolumeTestJSON-474353159-project-member] Lock "('np0000000885', 'np0000000885')" "released" by "nova.scheduler.host_manager.HostState.update.._locked_update" :: held 0.003s {{(pid=95263) inner /opt/stack/data/venv/lib/python3.12/site-packages/oslo_concurrency/lockutils.py:538}}
May 15 19:06:04.944495 np0000000885 nova-scheduler[95263]: DEBUG nova.filters [None req-69893c7d-9d4b-4bfe-b073-dc31d3e0dc2d tempest-AttachSCSIVolumeTestJSON-474353159 tempest-AttachSCSIVolumeTestJSON-474353159-project-member] Starting with 1 host(s) {{(pid=95263) get_filtered_objects /opt/stack/nova/nova/filters.py:70}}
May 15 19:06:04.944738 np0000000885 nova-scheduler[95263]: DEBUG nova.filters [None req-69893c7d-9d4b-4bfe-b073-dc31d3e0dc2d tempest-AttachSCSIVolumeTestJSON-474353159 tempest-AttachSCSIVolumeTestJSON-474353159-project-member] Filter ComputeFilter returned 1 host(s) {{(pid=95263) get_filtered_objects /opt/stack/nova/nova/filters.py:102}}
May 15 19:06:04.944986 np0000000885 nova-scheduler[95263]: DEBUG nova.filters [None req-69893c7d-9d4b-4bfe-b073-dc31d3e0dc2d tempest-AttachSCSIVolumeTestJSON-474353159 tempest-AttachSCSIVolumeTestJSON-474353159-project-member] Filter ComputeCapabilitiesFilter returned 1 host(s) {{(pid=95263) get_filtered_objects /opt/stack/nova/nova/filters.py:102}}
May 15 19:06:04.945224 np0000000885 nova-scheduler[95263]: DEBUG nova.filters [None req-69893c7d-9d4b-4bfe-b073-dc31d3e0dc2d tempest-AttachSCSIVolumeTestJSON-474353159 tempest-AttachSCSIVolumeTestJSON-474353159-project-member] Filter ImagePropertiesFilter returned 1 host(s) {{(pid=95263) get_filtered_objects /opt/stack/nova/nova/filters.py:102}}
May 15 19:06:04.945353 np0000000885 nova-scheduler[95263]: DEBUG nova.filters [None req-69893c7d-9d4b-4bfe-b073-dc31d3e0dc2d tempest-AttachSCSIVolumeTestJSON-474353159 tempest-AttachSCSIVolumeTestJSON-474353159-project-member] Filter ServerGroupAntiAffinityFilter returned 1 host(s) {{(pid=95263) get_filtered_objects /opt/stack/nova/nova/filters.py:102}}
May 15 19:06:04.945601 np0000000885 nova-scheduler[95263]: DEBUG nova.filters [None req-69893c7d-9d4b-4bfe-b073-dc31d3e0dc2d tempest-AttachSCSIVolumeTestJSON-474353159 tempest-AttachSCSIVolumeTestJSON-474353159-project-member] Filter ServerGroupAffinityFilter returned 1 host(s) {{(pid=95263) get_filtered_objects /opt/stack/nova/nova/filters.py:102}}
May 15 19:06:04.945601 np0000000885 nova-scheduler[95263]: DEBUG nova.filters [None req-69893c7d-9d4b-4bfe-b073-dc31d3e0dc2d tempest-AttachSCSIVolumeTestJSON-474353159 tempest-AttachSCSIVolumeTestJSON-474353159-project-member] Filter SameHostFilter returned 1 host(s) {{(pid=95263) get_filtered_objects /opt/stack/nova/nova/filters.py:102}}
May 15 19:06:04.945729 np0000000885 nova-scheduler[95263]: DEBUG nova.filters [None req-69893c7d-9d4b-4bfe-b073-dc31d3e0dc2d tempest-AttachSCSIVolumeTestJSON-474353159 tempest-AttachSCSIVolumeTestJSON-474353159-project-member] Filter DifferentHostFilter returned 1 host(s) {{(pid=95263) get_filtered_objects /opt/stack/nova/nova/filters.py:102}}
May 15 19:06:04.946191 np0000000885 nova-scheduler[95263]: DEBUG nova.scheduler.manager [None req-69893c7d-9d4b-4bfe-b073-dc31d3e0dc2d tempest-AttachSCSIVolumeTestJSON-474353159 tempest-AttachSCSIVolumeTestJSON-474353159-project-member] Filtered [(np0000000885, np0000000885) ram: 23518MB disk: 75776MB io_ops: 0 instances: 0, allocation_candidates: 1] {{(pid=95263) _get_sorted_hosts /opt/stack/nova/nova/scheduler/manager.py:743}}
May 15 19:06:04.946191 np0000000885 nova-scheduler[95263]: DEBUG nova.scheduler.manager [None req-69893c7d-9d4b-4bfe-b073-dc31d3e0dc2d tempest-AttachSCSIVolumeTestJSON-474353159 tempest-AttachSCSIVolumeTestJSON-474353159-project-member] Weighed [WeighedHost [host: (np0000000885, np0000000885) ram: 23518MB disk: 75776MB io_ops: 0 instances: 0, allocation_candidates: 1, weight: 0.0]] {{(pid=95263) _get_sorted_hosts /opt/stack/nova/nova/scheduler/manager.py:765}}
May 15 19:06:04.946191 np0000000885 nova-scheduler[95263]: DEBUG nova.scheduler.utils [None req-69893c7d-9d4b-4bfe-b073-dc31d3e0dc2d tempest-AttachSCSIVolumeTestJSON-474353159 tempest-AttachSCSIVolumeTestJSON-474353159-project-member] Attempting to claim resources in the placement API for instance 7eccc3fe-d87c-476f-ae8f-a929df6743e1 {{(pid=95263) claim_resources /opt/stack/nova/nova/scheduler/utils.py:1304}}
May 15 19:06:05.102276 np0000000885 nova-scheduler[95263]: DEBUG nova.scheduler.manager [None req-69893c7d-9d4b-4bfe-b073-dc31d3e0dc2d tempest-AttachSCSIVolumeTestJSON-474353159 tempest-AttachSCSIVolumeTestJSON-474353159-project-member] [instance: 7eccc3fe-d87c-476f-ae8f-a929df6743e1] Selected host: (np0000000885, np0000000885) ram: 23518MB disk: 75776MB io_ops: 0 instances: 0, allocation_candidates: 1 {{(pid=95263) _consume_selected_host /opt/stack/nova/nova/scheduler/manager.py:625}}
May 15 19:06:05.102630 np0000000885 nova-scheduler[95263]: DEBUG oslo_concurrency.lockutils [None req-69893c7d-9d4b-4bfe-b073-dc31d3e0dc2d tempest-AttachSCSIVolumeTestJSON-474353159 tempest-AttachSCSIVolumeTestJSON-474353159-project-member] Acquiring lock "('np0000000885', 'np0000000885')" by "nova.scheduler.host_manager.HostState.consume_from_request.._locked" {{(pid=95263) inner /opt/stack/data/venv/lib/python3.12/site-packages/oslo_concurrency/lockutils.py:506}}
May 15 19:06:05.102878 np0000000885 nova-scheduler[95263]: DEBUG oslo_concurrency.lockutils [None req-69893c7d-9d4b-4bfe-b073-dc31d3e0dc2d tempest-AttachSCSIVolumeTestJSON-474353159 tempest-AttachSCSIVolumeTestJSON-474353159-project-member] Lock "('np0000000885', 'np0000000885')" acquired by "nova.scheduler.host_manager.HostState.consume_from_request.._locked" :: waited 0.000s {{(pid=95263) inner /opt/stack/data/venv/lib/python3.12/site-packages/oslo_concurrency/lockutils.py:519}}
May 15 19:06:05.103102 np0000000885 nova-scheduler[95263]: DEBUG oslo_concurrency.lockutils [None req-69893c7d-9d4b-4bfe-b073-dc31d3e0dc2d tempest-AttachSCSIVolumeTestJSON-474353159 tempest-AttachSCSIVolumeTestJSON-474353159-project-member] Lock "('np0000000885', 'np0000000885')" "released" by "nova.scheduler.host_manager.HostState.consume_from_request.._locked" :: held 0.000s {{(pid=95263) inner /opt/stack/data/venv/lib/python3.12/site-packages/oslo_concurrency/lockutils.py:538}}
May 15 19:06:05.565087 np0000000885 nova-scheduler[95265]: DEBUG nova.scheduler.manager [None req-03e34492-c717-460a-8a61-7e63fec5d276 tempest-ServerActionsV293TestJSON-1133102123 tempest-ServerActionsV293TestJSON-1133102123-project-member] Starting to schedule for instances: ['73b71481-2f15-4a46-8829-cf11945c798f'] {{(pid=95265) select_destinations /opt/stack/nova/nova/scheduler/manager.py:210}}
May 15 19:06:05.566653 np0000000885 nova-scheduler[95265]: DEBUG nova.scheduler.request_filter [None req-03e34492-c717-460a-8a61-7e63fec5d276 tempest-ServerActionsV293TestJSON-1133102123 tempest-ServerActionsV293TestJSON-1133102123-project-member] compute_status_filter request filter added forbidden trait COMPUTE_STATUS_DISABLED {{(pid=95265) compute_status_filter /opt/stack/nova/nova/scheduler/request_filter.py:253}}
May 15 19:06:05.566859 np0000000885 nova-scheduler[95265]: DEBUG nova.scheduler.request_filter [None req-03e34492-c717-460a-8a61-7e63fec5d276 tempest-ServerActionsV293TestJSON-1133102123 tempest-ServerActionsV293TestJSON-1133102123-project-member] Request filter 'compute_status_filter' took 0.0 seconds {{(pid=95265) wrapper /opt/stack/nova/nova/scheduler/request_filter.py:46}}
May 15 19:06:05.567159 np0000000885 nova-scheduler[95265]: DEBUG nova.scheduler.request_filter [None req-03e34492-c717-460a-8a61-7e63fec5d276 tempest-ServerActionsV293TestJSON-1133102123 tempest-ServerActionsV293TestJSON-1133102123-project-member] Request filter 'accelerators_filter' took 0.0 seconds {{(pid=95265) wrapper /opt/stack/nova/nova/scheduler/request_filter.py:46}}
May 15 19:06:05.567416 np0000000885 nova-scheduler[95265]: DEBUG nova.scheduler.request_filter [None req-03e34492-c717-460a-8a61-7e63fec5d276 tempest-ServerActionsV293TestJSON-1133102123 tempest-ServerActionsV293TestJSON-1133102123-project-member] Request filter 'packed_virtqueue_filter' took 0.0 seconds {{(pid=95265) wrapper /opt/stack/nova/nova/scheduler/request_filter.py:46}}
May 15 19:06:05.567784 np0000000885 nova-scheduler[95265]: DEBUG nova.scheduler.request_filter [None req-03e34492-c717-460a-8a61-7e63fec5d276 tempest-ServerActionsV293TestJSON-1133102123 tempest-ServerActionsV293TestJSON-1133102123-project-member] Request filter 'remote_managed_ports_filter' took 0.0 seconds {{(pid=95265) wrapper /opt/stack/nova/nova/scheduler/request_filter.py:46}}
May 15 19:06:05.568010 np0000000885 nova-scheduler[95265]: DEBUG nova.scheduler.request_filter [None req-03e34492-c717-460a-8a61-7e63fec5d276 tempest-ServerActionsV293TestJSON-1133102123 tempest-ServerActionsV293TestJSON-1133102123-project-member] ephemeral_encryption_filter skipped {{(pid=95265) ephemeral_encryption_filter /opt/stack/nova/nova/scheduler/request_filter.py:426}}
May 15 19:06:05.568286 np0000000885 nova-scheduler[95265]: DEBUG nova.scheduler.request_filter [None req-03e34492-c717-460a-8a61-7e63fec5d276 tempest-ServerActionsV293TestJSON-1133102123 tempest-ServerActionsV293TestJSON-1133102123-project-member] virtio_sound_filter skipped {{(pid=95265) virtio_sound_filter /opt/stack/nova/nova/scheduler/request_filter.py:460}}
May 15 19:06:05.568349 np0000000885 nova-scheduler[95265]: DEBUG nova.scheduler.request_filter [None req-03e34492-c717-460a-8a61-7e63fec5d276 tempest-ServerActionsV293TestJSON-1133102123 tempest-ServerActionsV293TestJSON-1133102123-project-member] tpm_secret_security_filter skipped {{(pid=95265) tpm_secret_security_filter /opt/stack/nova/nova/scheduler/request_filter.py:477}}
May 15 19:06:05.740711 np0000000885 nova-scheduler[95265]: INFO nova.utils [None req-03e34492-c717-460a-8a61-7e63fec5d276 tempest-ServerActionsV293TestJSON-1133102123 tempest-ServerActionsV293TestJSON-1133102123-project-member] The cell worker thread pool ForkProcess-2.cell_worker is initialized
May 15 19:06:05.741240 np0000000885 nova-scheduler[95265]: DEBUG oslo_concurrency.lockutils [None req-03e34492-c717-460a-8a61-7e63fec5d276 tempest-ServerActionsV293TestJSON-1133102123 tempest-ServerActionsV293TestJSON-1133102123-project-member] Acquiring lock "1afcd009-faf5-4426-af8d-09354dfab4e2" by "nova.context.set_target_cell..get_or_set_cached_cell_and_set_connections" {{(pid=95265) inner /opt/stack/data/venv/lib/python3.12/site-packages/oslo_concurrency/lockutils.py:506}}
May 15 19:06:05.741575 np0000000885 nova-scheduler[95265]: DEBUG oslo_concurrency.lockutils [None req-03e34492-c717-460a-8a61-7e63fec5d276 tempest-ServerActionsV293TestJSON-1133102123 tempest-ServerActionsV293TestJSON-1133102123-project-member] Lock "1afcd009-faf5-4426-af8d-09354dfab4e2" acquired by "nova.context.set_target_cell..get_or_set_cached_cell_and_set_connections" :: waited 0.000s {{(pid=95265) inner /opt/stack/data/venv/lib/python3.12/site-packages/oslo_concurrency/lockutils.py:519}}
May 15 19:06:05.743430 np0000000885 nova-scheduler[95265]: DEBUG oslo_concurrency.lockutils [None req-03e34492-c717-460a-8a61-7e63fec5d276 tempest-ServerActionsV293TestJSON-1133102123 tempest-ServerActionsV293TestJSON-1133102123-project-member] Lock "1afcd009-faf5-4426-af8d-09354dfab4e2" "released" by "nova.context.set_target_cell..get_or_set_cached_cell_and_set_connections" :: held 0.002s {{(pid=95265) inner /opt/stack/data/venv/lib/python3.12/site-packages/oslo_concurrency/lockutils.py:538}}
May 15 19:06:05.745816 np0000000885 nova-scheduler[95265]: INFO dbcounter [None req-03e34492-c717-460a-8a61-7e63fec5d276 tempest-ServerActionsV293TestJSON-1133102123 tempest-ServerActionsV293TestJSON-1133102123-project-member] Registered counter for database nova_cell1
May 15 19:06:05.753251 np0000000885 nova-scheduler[95265]: DEBUG oslo_db.sqlalchemy.engines [None req-03e34492-c717-460a-8a61-7e63fec5d276 tempest-ServerActionsV293TestJSON-1133102123 tempest-ServerActionsV293TestJSON-1133102123-project-member] MySQL server mode set to STRICT_TRANS_TABLES,STRICT_ALL_TABLES,NO_ZERO_IN_DATE,NO_ZERO_DATE,ERROR_FOR_DIVISION_BY_ZERO,TRADITIONAL,NO_ENGINE_SUBSTITUTION {{(pid=95265) _check_effective_sql_mode /opt/stack/data/venv/lib/python3.12/site-packages/oslo_db/sqlalchemy/engines.py:325}}
May 15 19:06:05.761722 np0000000885 nova-scheduler[95265]: DEBUG dbcounter [-] [95265] Writer thread running {{(pid=95265) stat_writer /opt/stack/data/venv/lib/python3.12/site-packages/dbcounter.py:102}}
May 15 19:06:05.783168 np0000000885 nova-scheduler[95265]: DEBUG dbcounter [-] [95265] Writer thread running {{(pid=95265) stat_writer /opt/stack/data/venv/lib/python3.12/site-packages/dbcounter.py:102}}
May 15 19:06:05.787162 np0000000885 nova-scheduler[95265]: DEBUG oslo_concurrency.lockutils [None req-03e34492-c717-460a-8a61-7e63fec5d276 tempest-ServerActionsV293TestJSON-1133102123 tempest-ServerActionsV293TestJSON-1133102123-project-member] Acquiring lock "1afcd009-faf5-4426-af8d-09354dfab4e2" by "nova.context.set_target_cell..get_or_set_cached_cell_and_set_connections" {{(pid=95265) inner /opt/stack/data/venv/lib/python3.12/site-packages/oslo_concurrency/lockutils.py:506}}
