May 15 19:02:31.369780 np0000000885 neutron-periodic-workers[91697]: DEBUG cotyledon.oslo_config_glue [-] ovn.bfd_min_tx = 100 {{(pid=91697) log_opt_values /opt/stack/data/venv/lib/python3.12/site-packages/oslo_config/cfg.py:3006}}
May 15 19:02:31.369972 np0000000885 neutron-periodic-workers[91697]: DEBUG cotyledon.oslo_config_glue [-] ovn.bfd_mult = 3 {{(pid=91697) log_opt_values /opt/stack/data/venv/lib/python3.12/site-packages/oslo_config/cfg.py:3006}}
May 15 19:02:31.369972 np0000000885 neutron-periodic-workers[91697]: DEBUG cotyledon.oslo_config_glue [-] ovn.broadcast_arps_to_all_routers = True {{(pid=91697) log_opt_values /opt/stack/data/venv/lib/python3.12/site-packages/oslo_config/cfg.py:3006}}
May 15 19:02:31.369972 np0000000885 neutron-periodic-workers[91697]: DEBUG cotyledon.oslo_config_glue [-] ovn.dhcp_default_lease_time = 43200 {{(pid=91697) log_opt_values /opt/stack/data/venv/lib/python3.12/site-packages/oslo_config/cfg.py:3006}}
May 15 19:02:31.369972 np0000000885 neutron-periodic-workers[91697]: DEBUG cotyledon.oslo_config_glue [-] ovn.disable_ovn_dhcp_for_baremetal_ports = False {{(pid=91697) log_opt_values /opt/stack/data/venv/lib/python3.12/site-packages/oslo_config/cfg.py:3006}}
May 15 19:02:31.369972 np0000000885 neutron-periodic-workers[91697]: DEBUG cotyledon.oslo_config_glue [-] ovn.dns_records_ovn_owned = False {{(pid=91697) log_opt_values /opt/stack/data/venv/lib/python3.12/site-packages/oslo_config/cfg.py:3006}}
May 15 19:02:31.369972 np0000000885 neutron-periodic-workers[91697]: DEBUG cotyledon.oslo_config_glue [-] ovn.dns_servers = [] {{(pid=91697) log_opt_values /opt/stack/data/venv/lib/python3.12/site-packages/oslo_config/cfg.py:3006}}
May 15 19:02:31.369972 np0000000885 neutron-periodic-workers[91697]: DEBUG cotyledon.oslo_config_glue [-] ovn.enable_distributed_floating_ip = False {{(pid=91697) log_opt_values /opt/stack/data/venv/lib/python3.12/site-packages/oslo_config/cfg.py:3006}}
May 15 19:02:31.369972 np0000000885 neutron-periodic-workers[91697]: DEBUG cotyledon.oslo_config_glue [-] ovn.fdb_age_threshold = 300 {{(pid=91697) log_opt_values /opt/stack/data/venv/lib/python3.12/site-packages/oslo_config/cfg.py:3006}}
May 15 19:02:31.369972 np0000000885 neutron-periodic-workers[91697]: DEBUG cotyledon.oslo_config_glue [-] ovn.ha_failover_strategy = normal {{(pid=91697) log_opt_values /opt/stack/data/venv/lib/python3.12/site-packages/oslo_config/cfg.py:3006}}
May 15 19:02:31.370216 np0000000885 neutron-periodic-workers[91697]: DEBUG cotyledon.oslo_config_glue [-] ovn.live_migration_activation_strategy = rarp {{(pid=91697) log_opt_values /opt/stack/data/venv/lib/python3.12/site-packages/oslo_config/cfg.py:3006}}
May 15 19:02:31.370216 np0000000885 neutron-periodic-workers[91697]: DEBUG cotyledon.oslo_config_glue [-] ovn.localnet_learn_fdb = False {{(pid=91697) log_opt_values /opt/stack/data/venv/lib/python3.12/site-packages/oslo_config/cfg.py:3006}}
May 15 19:02:31.370216 np0000000885 neutron-periodic-workers[91697]: DEBUG cotyledon.oslo_config_glue [-] ovn.mac_binding_age_threshold = 300 {{(pid=91697) log_opt_values /opt/stack/data/venv/lib/python3.12/site-packages/oslo_config/cfg.py:3006}}
May 15 19:02:31.370216 np0000000885 neutron-periodic-workers[91697]: DEBUG cotyledon.oslo_config_glue [-] ovn.neutron_sync_mode = log {{(pid=91697) log_opt_values /opt/stack/data/venv/lib/python3.12/site-packages/oslo_config/cfg.py:3006}}
May 15 19:02:31.370216 np0000000885 neutron-periodic-workers[91697]: DEBUG cotyledon.oslo_config_glue [-] ovn.ovn_dhcp4_global_options = {} {{(pid=91697) log_opt_values /opt/stack/data/venv/lib/python3.12/site-packages/oslo_config/cfg.py:3006}}
May 15 19:02:31.370216 np0000000885 neutron-periodic-workers[91697]: DEBUG cotyledon.oslo_config_glue [-] ovn.ovn_dhcp6_global_options = {} {{(pid=91697) log_opt_values /opt/stack/data/venv/lib/python3.12/site-packages/oslo_config/cfg.py:3006}}
May 15 19:02:31.370216 np0000000885 neutron-periodic-workers[91697]: DEBUG cotyledon.oslo_config_glue [-] ovn.ovn_l3_scheduler = leastloaded {{(pid=91697) log_opt_values /opt/stack/data/venv/lib/python3.12/site-packages/oslo_config/cfg.py:3006}}
May 15 19:02:31.370216 np0000000885 neutron-periodic-workers[91697]: DEBUG cotyledon.oslo_config_glue [-] ovn.ovn_metadata_enabled = True {{(pid=91697) log_opt_values /opt/stack/data/venv/lib/python3.12/site-packages/oslo_config/cfg.py:3006}}
May 15 19:02:31.370216 np0000000885 neutron-periodic-workers[91697]: DEBUG cotyledon.oslo_config_glue [-] ovn.ovn_nb_ca_cert = /opt/stack/data/CA/int-ca/ca-chain.pem {{(pid=91697) log_opt_values /opt/stack/data/venv/lib/python3.12/site-packages/oslo_config/cfg.py:3006}}
May 15 19:02:31.370382 np0000000885 neutron-periodic-workers[91697]: DEBUG cotyledon.oslo_config_glue [-] ovn.ovn_nb_certificate = /opt/stack/data/CA/int-ca/devstack-cert.crt {{(pid=91697) log_opt_values /opt/stack/data/venv/lib/python3.12/site-packages/oslo_config/cfg.py:3006}}
May 15 19:02:31.370382 np0000000885 neutron-periodic-workers[91697]: DEBUG cotyledon.oslo_config_glue [-] ovn.ovn_nb_connection = ['ssl:10.4.3.210:6641'] {{(pid=91697) log_opt_values /opt/stack/data/venv/lib/python3.12/site-packages/oslo_config/cfg.py:3006}}
May 15 19:02:31.370382 np0000000885 neutron-periodic-workers[91697]: DEBUG cotyledon.oslo_config_glue [-] ovn.ovn_nb_private_key = /opt/stack/data/CA/int-ca/private/devstack-cert.key {{(pid=91697) log_opt_values /opt/stack/data/venv/lib/python3.12/site-packages/oslo_config/cfg.py:3006}}
May 15 19:02:31.370382 np0000000885 neutron-periodic-workers[91697]: DEBUG cotyledon.oslo_config_glue [-] ovn.ovn_router_indirect_snat = False {{(pid=91697) log_opt_values /opt/stack/data/venv/lib/python3.12/site-packages/oslo_config/cfg.py:3006}}
May 15 19:02:31.370382 np0000000885 neutron-periodic-workers[91697]: DEBUG cotyledon.oslo_config_glue [-] ovn.ovn_sb_ca_cert = /opt/stack/data/CA/int-ca/ca-chain.pem {{(pid=91697) log_opt_values /opt/stack/data/venv/lib/python3.12/site-packages/oslo_config/cfg.py:3006}}
May 15 19:02:31.370382 np0000000885 neutron-periodic-workers[91697]: DEBUG cotyledon.oslo_config_glue [-] ovn.ovn_sb_certificate = /opt/stack/data/CA/int-ca/devstack-cert.crt {{(pid=91697) log_opt_values /opt/stack/data/venv/lib/python3.12/site-packages/oslo_config/cfg.py:3006}}
May 15 19:02:31.370382 np0000000885 neutron-periodic-workers[91697]: DEBUG cotyledon.oslo_config_glue [-] ovn.ovn_sb_connection = ['ssl:10.4.3.210:6642'] {{(pid=91697) log_opt_values /opt/stack/data/venv/lib/python3.12/site-packages/oslo_config/cfg.py:3006}}
May 15 19:02:31.370382 np0000000885 neutron-periodic-workers[91697]: DEBUG cotyledon.oslo_config_glue [-] ovn.ovn_sb_private_key = /opt/stack/data/CA/int-ca/private/devstack-cert.key {{(pid=91697) log_opt_values /opt/stack/data/venv/lib/python3.12/site-packages/oslo_config/cfg.py:3006}}
May 15 19:02:31.370565 np0000000885 neutron-periodic-workers[91697]: DEBUG cotyledon.oslo_config_glue [-] ovn.ovs_create_tap = False {{(pid=91697) log_opt_values /opt/stack/data/venv/lib/python3.12/site-packages/oslo_config/cfg.py:3006}}
May 15 19:02:31.370565 np0000000885 neutron-periodic-workers[91697]: DEBUG cotyledon.oslo_config_glue [-] ovn.ovsdb_connection_timeout = 180 {{(pid=91697) log_opt_values /opt/stack/data/venv/lib/python3.12/site-packages/oslo_config/cfg.py:3006}}
May 15 19:02:31.370565 np0000000885 neutron-periodic-workers[91697]: DEBUG cotyledon.oslo_config_glue [-] ovn.ovsdb_log_level = INFO {{(pid=91697) log_opt_values /opt/stack/data/venv/lib/python3.12/site-packages/oslo_config/cfg.py:3006}}
May 15 19:02:31.370565 np0000000885 neutron-periodic-workers[91697]: DEBUG cotyledon.oslo_config_glue [-] ovn.ovsdb_probe_interval = 60000 {{(pid=91697) log_opt_values /opt/stack/data/venv/lib/python3.12/site-packages/oslo_config/cfg.py:3006}}
May 15 19:02:31.370565 np0000000885 neutron-periodic-workers[91697]: DEBUG cotyledon.oslo_config_glue [-] ovn.ovsdb_retry_max_interval = 180 {{(pid=91697) log_opt_values /opt/stack/data/venv/lib/python3.12/site-packages/oslo_config/cfg.py:3006}}
May 15 19:02:31.370565 np0000000885 neutron-periodic-workers[91697]: DEBUG cotyledon.oslo_config_glue [-] ovn.stateless_nat_enabled = False {{(pid=91697) log_opt_values /opt/stack/data/venv/lib/python3.12/site-packages/oslo_config/cfg.py:3006}}
May 15 19:02:31.370565 np0000000885 neutron-periodic-workers[91697]: DEBUG cotyledon.oslo_config_glue [-] ovn.vhost_sock_dir = /var/run/openvswitch {{(pid=91697) log_opt_values /opt/stack/data/venv/lib/python3.12/site-packages/oslo_config/cfg.py:3006}}
May 15 19:02:31.370565 np0000000885 neutron-periodic-workers[91697]: DEBUG cotyledon.oslo_config_glue [-] OVS.bridge_mac_table_size = 50000 {{(pid=91697) log_opt_values /opt/stack/data/venv/lib/python3.12/site-packages/oslo_config/cfg.py:3006}}
May 15 19:02:31.370565 np0000000885 neutron-periodic-workers[91697]: DEBUG cotyledon.oslo_config_glue [-] OVS.igmp_flood = False {{(pid=91697) log_opt_values /opt/stack/data/venv/lib/python3.12/site-packages/oslo_config/cfg.py:3006}}
May 15 19:02:31.370876 np0000000885 neutron-periodic-workers[91697]: DEBUG cotyledon.oslo_config_glue [-] OVS.igmp_flood_reports = True {{(pid=91697) log_opt_values /opt/stack/data/venv/lib/python3.12/site-packages/oslo_config/cfg.py:3006}}
May 15 19:02:31.370876 np0000000885 neutron-periodic-workers[91697]: DEBUG cotyledon.oslo_config_glue [-] OVS.igmp_flood_unregistered = False {{(pid=91697) log_opt_values /opt/stack/data/venv/lib/python3.12/site-packages/oslo_config/cfg.py:3006}}
May 15 19:02:31.370876 np0000000885 neutron-periodic-workers[91697]: DEBUG cotyledon.oslo_config_glue [-] OVS.igmp_snooping_enable = False {{(pid=91697) log_opt_values /opt/stack/data/venv/lib/python3.12/site-packages/oslo_config/cfg.py:3006}}
May 15 19:02:31.370876 np0000000885 neutron-periodic-workers[91697]: DEBUG cotyledon.oslo_config_glue [-] OVS.ovsdb_timeout = 10 {{(pid=91697) log_opt_values /opt/stack/data/venv/lib/python3.12/site-packages/oslo_config/cfg.py:3006}}
May 15 19:02:31.370876 np0000000885 neutron-periodic-workers[91697]: DEBUG cotyledon.oslo_config_glue [-] ovn_nb_global.fdb_removal_limit = 0 {{(pid=91697) log_opt_values /opt/stack/data/venv/lib/python3.12/site-packages/oslo_config/cfg.py:3006}}
May 15 19:02:31.370876 np0000000885 neutron-periodic-workers[91697]: DEBUG cotyledon.oslo_config_glue [-] ovn_nb_global.ignore_lsp_down = False {{(pid=91697) log_opt_values /opt/stack/data/venv/lib/python3.12/site-packages/oslo_config/cfg.py:3006}}
May 15 19:02:31.370876 np0000000885 neutron-periodic-workers[91697]: DEBUG cotyledon.oslo_config_glue [-] ovn_nb_global.mac_binding_removal_limit = 0 {{(pid=91697) log_opt_values /opt/stack/data/venv/lib/python3.12/site-packages/oslo_config/cfg.py:3006}}
May 15 19:02:31.370876 np0000000885 neutron-periodic-workers[91697]: DEBUG cotyledon.oslo_config_glue [-] ******************************************************************************** {{(pid=91697) log_opt_values /opt/stack/data/venv/lib/python3.12/site-packages/oslo_config/cfg.py:3013}}
May 15 19:02:31.370876 np0000000885 neutron-periodic-workers[91697]: DEBUG cotyledon._service_worker [-] Run service ServiceWrapper(0) [91697] {{(pid=91697) wait_forever /opt/stack/data/venv/lib/python3.12/site-packages/cotyledon/_service_worker.py:218}}
May 15 19:02:41.043438 np0000000885 neutron-periodic-workers[90579]: DEBUG dbcounter [-] [90579] Writing DB stats neutron:SELECT=4 {{(pid=90579) stat_writer /opt/stack/data/venv/lib/python3.12/site-packages/dbcounter.py:115}}
May 15 19:03:14.334698 np0000000885 neutron-periodic-workers[91662]: DEBUG oslo_db.sqlalchemy.engines [None req-a3b39d88-f234-4e20-a9a1-0f3a5ac06021 None None] Parent process 90579 forked (91662) with an open database connection, which is being discarded and recreated. {{(pid=91662) checkout /opt/stack/data/venv/lib/python3.12/site-packages/oslo_db/sqlalchemy/engines.py:402}}
May 15 19:03:14.340232 np0000000885 neutron-periodic-workers[91662]: DEBUG dbcounter [-] [91662] Writer thread running {{(pid=91662) stat_writer /opt/stack/data/venv/lib/python3.12/site-packages/dbcounter.py:102}}
May 15 19:03:14.348048 np0000000885 neutron-periodic-workers[91662]: DEBUG oslo.service.backend._threading.loopingcall [None req-a3b39d88-f234-4e20-a9a1-0f3a5ac06021 None None] Fixed interval looping call 'neutron.plugins.ml2.plugin.DhcpAgentSchedulerDbMixin.remove_networks_from_down_agents' sleeping for 36.98 seconds {{(pid=91662) _run_loop /opt/stack/data/venv/lib/python3.12/site-packages/oslo_service/backend/_threading/loopingcall.py:125}}
May 15 19:03:24.347220 np0000000885 neutron-periodic-workers[91662]: DEBUG dbcounter [-] [91662] Writing DB stats neutron:SELECT=3 {{(pid=91662) stat_writer /opt/stack/data/venv/lib/python3.12/site-packages/dbcounter.py:115}}
May 15 19:03:26.353535 np0000000885 neutron-periodic-workers[91667]: DEBUG dbcounter [-] [91667] Writer thread running {{(pid=91667) stat_writer /opt/stack/data/venv/lib/python3.12/site-packages/dbcounter.py:102}}
May 15 19:03:26.357022 np0000000885 neutron-periodic-workers[91667]: DEBUG neutron.db.agents_db [None req-d0294e07-8256-4a1d-a65f-39721c2d8882 None None] Agent healthcheck: found 0 active agents {{(pid=91667) agent_health_check /opt/stack/neutron/neutron/db/agents_db.py:322}}
May 15 19:03:26.357239 np0000000885 neutron-periodic-workers[91667]: DEBUG oslo.service.backend._threading.loopingcall [None req-d0294e07-8256-4a1d-a65f-39721c2d8882 None None] Fixed interval looping call 'neutron.plugins.ml2.plugin.AgentDbMixin.agent_health_check' sleeping for 36.98 seconds {{(pid=91667) _run_loop /opt/stack/data/venv/lib/python3.12/site-packages/oslo_service/backend/_threading/loopingcall.py:125}}
May 15 19:03:36.353951 np0000000885 neutron-periodic-workers[91667]: DEBUG dbcounter [-] [91667] Writing DB stats neutron:SELECT=1 {{(pid=91667) stat_writer /opt/stack/data/venv/lib/python3.12/site-packages/dbcounter.py:115}}
May 15 19:03:51.334284 np0000000885 neutron-periodic-workers[91662]: DEBUG oslo.service.backend._threading.loopingcall [None req-a3b39d88-f234-4e20-a9a1-0f3a5ac06021 None None] Fixed interval looping call 'neutron.plugins.ml2.plugin.DhcpAgentSchedulerDbMixin.remove_networks_from_down_agents' sleeping for 36.99 seconds {{(pid=91662) _run_loop /opt/stack/data/venv/lib/python3.12/site-packages/oslo_service/backend/_threading/loopingcall.py:125}}
May 15 19:04:01.333831 np0000000885 neutron-periodic-workers[91662]: DEBUG dbcounter [-] [91662] Writing DB stats neutron:SELECT=3 {{(pid=91662) stat_writer /opt/stack/data/venv/lib/python3.12/site-packages/dbcounter.py:115}}
May 15 19:04:03.340323 np0000000885 neutron-periodic-workers[91667]: DEBUG neutron.db.agents_db [None req-d0294e07-8256-4a1d-a65f-39721c2d8882 None None] Agent healthcheck: found 0 active agents {{(pid=91667) agent_health_check /opt/stack/neutron/neutron/db/agents_db.py:322}}
May 15 19:04:03.340323 np0000000885 neutron-periodic-workers[91667]: DEBUG oslo.service.backend._threading.loopingcall [None req-d0294e07-8256-4a1d-a65f-39721c2d8882 None None] Fixed interval looping call 'neutron.plugins.ml2.plugin.AgentDbMixin.agent_health_check' sleeping for 37.00 seconds {{(pid=91667) _run_loop /opt/stack/data/venv/lib/python3.12/site-packages/oslo_service/backend/_threading/loopingcall.py:125}}
May 15 19:04:13.339309 np0000000885 neutron-periodic-workers[91667]: DEBUG dbcounter [-] [91667] Writing DB stats neutron:SELECT=1 {{(pid=91667) stat_writer /opt/stack/data/venv/lib/python3.12/site-packages/dbcounter.py:115}}
May 15 19:04:28.330906 np0000000885 neutron-periodic-workers[91662]: DEBUG oslo.service.backend._threading.loopingcall [None req-a3b39d88-f234-4e20-a9a1-0f3a5ac06021 None None] Fixed interval looping call 'neutron.plugins.ml2.plugin.DhcpAgentSchedulerDbMixin.remove_networks_from_down_agents' sleeping for 36.99 seconds {{(pid=91662) _run_loop /opt/stack/data/venv/lib/python3.12/site-packages/oslo_service/backend/_threading/loopingcall.py:125}}
May 15 19:04:31.363217 np0000000885 neutron-periodic-workers[91683]: DEBUG dbcounter [-] [91683] Writer thread running {{(pid=91683) stat_writer /opt/stack/data/venv/lib/python3.12/site-packages/dbcounter.py:102}}
May 15 19:04:31.364853 np0000000885 neutron-periodic-workers[91683]: DEBUG oslo.service.backend._threading.loopingcall [None req-ed77bd4d-ccdd-402b-b9c3-b168219a35c3 None None] Fixed interval looping call 'neutron.db.quota.driver_nolock.DbQuotaNoLockDriver._remove_expired_reservations' sleeping for 119.99 seconds {{(pid=91683) _run_loop /opt/stack/data/venv/lib/python3.12/site-packages/oslo_service/backend/_threading/loopingcall.py:125}}
May 15 19:04:38.330176 np0000000885 neutron-periodic-workers[91662]: DEBUG dbcounter [-] [91662] Writing DB stats neutron:SELECT=3 {{(pid=91662) stat_writer /opt/stack/data/venv/lib/python3.12/site-packages/dbcounter.py:115}}
May 15 19:04:40.343582 np0000000885 neutron-periodic-workers[91667]: DEBUG neutron.db.agents_db [None req-d0294e07-8256-4a1d-a65f-39721c2d8882 None None] Agent healthcheck: found 0 active agents {{(pid=91667) agent_health_check /opt/stack/neutron/neutron/db/agents_db.py:322}}
May 15 19:04:40.343904 np0000000885 neutron-periodic-workers[91667]: DEBUG oslo.service.backend._threading.loopingcall [None req-d0294e07-8256-4a1d-a65f-39721c2d8882 None None] Fixed interval looping call 'neutron.plugins.ml2.plugin.AgentDbMixin.agent_health_check' sleeping for 37.00 seconds {{(pid=91667) _run_loop /opt/stack/data/venv/lib/python3.12/site-packages/oslo_service/backend/_threading/loopingcall.py:125}}
May 15 19:04:41.363705 np0000000885 neutron-periodic-workers[91683]: DEBUG dbcounter [-] [91683] Writing DB stats neutron:DELETE=1 {{(pid=91683) stat_writer /opt/stack/data/venv/lib/python3.12/site-packages/dbcounter.py:115}}
May 15 19:04:50.342569 np0000000885 neutron-periodic-workers[91667]: DEBUG dbcounter [-] [91667] Writing DB stats neutron:SELECT=1 {{(pid=91667) stat_writer /opt/stack/data/venv/lib/python3.12/site-packages/dbcounter.py:115}}
May 15 19:05:05.326444 np0000000885 neutron-periodic-workers[91662]: DEBUG oslo.service.backend._threading.loopingcall [None req-a3b39d88-f234-4e20-a9a1-0f3a5ac06021 None None] Fixed interval looping call 'neutron.plugins.ml2.plugin.DhcpAgentSchedulerDbMixin.remove_networks_from_down_agents' sleeping for 36.99 seconds {{(pid=91662) _run_loop /opt/stack/data/venv/lib/python3.12/site-packages/oslo_service/backend/_threading/loopingcall.py:125}}
May 15 19:05:15.326243 np0000000885 neutron-periodic-workers[91662]: DEBUG dbcounter [-] [91662] Writing DB stats neutron:SELECT=3 {{(pid=91662) stat_writer /opt/stack/data/venv/lib/python3.12/site-packages/dbcounter.py:115}}
May 15 19:05:17.347640 np0000000885 neutron-periodic-workers[91667]: DEBUG neutron.db.agents_db [None req-d0294e07-8256-4a1d-a65f-39721c2d8882 None None] Agent healthcheck: found 0 active agents {{(pid=91667) agent_health_check /opt/stack/neutron/neutron/db/agents_db.py:322}}
May 15 19:05:17.348004 np0000000885 neutron-periodic-workers[91667]: DEBUG oslo.service.backend._threading.loopingcall [None req-d0294e07-8256-4a1d-a65f-39721c2d8882 None None] Fixed interval looping call 'neutron.plugins.ml2.plugin.AgentDbMixin.agent_health_check' sleeping for 37.00 seconds {{(pid=91667) _run_loop /opt/stack/data/venv/lib/python3.12/site-packages/oslo_service/backend/_threading/loopingcall.py:125}}
May 15 19:05:27.346530 np0000000885 neutron-periodic-workers[91667]: DEBUG dbcounter [-] [91667] Writing DB stats neutron:SELECT=1 {{(pid=91667) stat_writer /opt/stack/data/venv/lib/python3.12/site-packages/dbcounter.py:115}}
May 15 19:05:42.322327 np0000000885 neutron-periodic-workers[91662]: DEBUG oslo.service.backend._threading.loopingcall [None req-a3b39d88-f234-4e20-a9a1-0f3a5ac06021 None None] Fixed interval looping call 'neutron.plugins.ml2.plugin.DhcpAgentSchedulerDbMixin.remove_networks_from_down_agents' sleeping for 36.99 seconds {{(pid=91662) _run_loop /opt/stack/data/venv/lib/python3.12/site-packages/oslo_service/backend/_threading/loopingcall.py:125}}
May 15 19:05:52.321577 np0000000885 neutron-periodic-workers[91662]: DEBUG dbcounter [-] [91662] Writing DB stats neutron:SELECT=3 {{(pid=91662) stat_writer /opt/stack/data/venv/lib/python3.12/site-packages/dbcounter.py:115}}
May 15 19:05:54.350824 np0000000885 neutron-periodic-workers[91667]: DEBUG neutron.db.agents_db [None req-d0294e07-8256-4a1d-a65f-39721c2d8882 None None] Agent healthcheck: found 0 active agents {{(pid=91667) agent_health_check /opt/stack/neutron/neutron/db/agents_db.py:322}}
May 15 19:05:54.351217 np0000000885 neutron-periodic-workers[91667]: DEBUG oslo.service.backend._threading.loopingcall [None req-d0294e07-8256-4a1d-a65f-39721c2d8882 None None] Fixed interval looping call 'neutron.plugins.ml2.plugin.AgentDbMixin.agent_health_check' sleeping for 37.00 seconds {{(pid=91667) _run_loop /opt/stack/data/venv/lib/python3.12/site-packages/oslo_service/backend/_threading/loopingcall.py:125}}
May 15 19:06:04.350181 np0000000885 neutron-periodic-workers[91667]: DEBUG dbcounter [-] [91667] Writing DB stats neutron:SELECT=1 {{(pid=91667) stat_writer /opt/stack/data/venv/lib/python3.12/site-packages/dbcounter.py:115}}
May 15 19:06:19.324723 np0000000885 neutron-periodic-workers[91662]: DEBUG oslo.service.backend._threading.loopingcall [None req-a3b39d88-f234-4e20-a9a1-0f3a5ac06021 None None] Fixed interval looping call 'neutron.plugins.ml2.plugin.DhcpAgentSchedulerDbMixin.remove_networks_from_down_agents' sleeping for 36.99 seconds {{(pid=91662) _run_loop /opt/stack/data/venv/lib/python3.12/site-packages/oslo_service/backend/_threading/loopingcall.py:125}}
May 15 19:06:29.323245 np0000000885 neutron-periodic-workers[91662]: DEBUG dbcounter [-] [91662] Writing DB stats neutron:SELECT=3 {{(pid=91662) stat_writer /opt/stack/data/venv/lib/python3.12/site-packages/dbcounter.py:115}}
May 15 19:06:31.356946 np0000000885 neutron-periodic-workers[91667]: DEBUG neutron.db.agents_db [None req-d0294e07-8256-4a1d-a65f-39721c2d8882 None None] Agent healthcheck: found 0 active agents {{(pid=91667) agent_health_check /opt/stack/neutron/neutron/db/agents_db.py:322}}
May 15 19:06:31.357325 np0000000885 neutron-periodic-workers[91667]: DEBUG oslo.service.backend._threading.loopingcall [None req-d0294e07-8256-4a1d-a65f-39721c2d8882 None None] Fixed interval looping call 'neutron.plugins.ml2.plugin.AgentDbMixin.agent_health_check' sleeping for 36.99 seconds {{(pid=91667) _run_loop /opt/stack/data/venv/lib/python3.12/site-packages/oslo_service/backend/_threading/loopingcall.py:125}}
May 15 19:06:31.361800 np0000000885 neutron-periodic-workers[91683]: DEBUG oslo.service.backend._threading.loopingcall [None req-ed77bd4d-ccdd-402b-b9c3-b168219a35c3 None None] Fixed interval looping call 'neutron.db.quota.driver_nolock.DbQuotaNoLockDriver._remove_expired_reservations' sleeping for 119.99 seconds {{(pid=91683) _run_loop /opt/stack/data/venv/lib/python3.12/site-packages/oslo_service/backend/_threading/loopingcall.py:125}}
May 15 19:06:33.422318 np0000000885 neutron-periodic-workers[91697]: DEBUG dbcounter [-] [91697] Writer thread running {{(pid=91697) stat_writer /opt/stack/data/venv/lib/python3.12/site-packages/dbcounter.py:102}}
May 15 19:06:33.435926 np0000000885 neutron-periodic-workers[91697]: DEBUG oslo.service.backend._threading.loopingcall [None req-d21df970-f243-4707-ad1d-f186c4347085 None None] Fixed interval looping call 'neutron.services.ovn_l3.plugin.L3_NAT_dbonly_mixin._clean_garbage' sleeping for 299.94 seconds {{(pid=91697) _run_loop /opt/stack/data/venv/lib/python3.12/site-packages/oslo_service/backend/_threading/loopingcall.py:125}}
May 15 19:06:41.355932 np0000000885 neutron-periodic-workers[91667]: DEBUG dbcounter [-] [91667] Writing DB stats neutron:SELECT=1 {{(pid=91667) stat_writer /opt/stack/data/venv/lib/python3.12/site-packages/dbcounter.py:115}}
May 15 19:06:41.360689 np0000000885 neutron-periodic-workers[91683]: DEBUG dbcounter [-] [91683] Writing DB stats neutron:DELETE=1 {{(pid=91683) stat_writer /opt/stack/data/venv/lib/python3.12/site-packages/dbcounter.py:115}}
May 15 19:06:53.422708 np0000000885 neutron-periodic-workers[91697]: DEBUG dbcounter [-] [91697] Writing DB stats neutron:SELECT=1 {{(pid=91697) stat_writer /opt/stack/data/venv/lib/python3.12/site-packages/dbcounter.py:115}}
May 15 19:06:56.331172 np0000000885 neutron-periodic-workers[91662]: DEBUG oslo.service.backend._threading.loopingcall [None req-a3b39d88-f234-4e20-a9a1-0f3a5ac06021 None None] Fixed interval looping call 'neutron.plugins.ml2.plugin.DhcpAgentSchedulerDbMixin.remove_networks_from_down_agents' sleeping for 36.98 seconds {{(pid=91662) _run_loop /opt/stack/data/venv/lib/python3.12/site-packages/oslo_service/backend/_threading/loopingcall.py:125}}
May 15 19:07:06.327010 np0000000885 neutron-periodic-workers[91662]: DEBUG dbcounter [-] [91662] Writing DB stats neutron:SELECT=3 {{(pid=91662) stat_writer /opt/stack/data/venv/lib/python3.12/site-packages/dbcounter.py:115}}
May 15 19:07:08.355563 np0000000885 neutron-periodic-workers[91667]: DEBUG neutron.db.agents_db [None req-d0294e07-8256-4a1d-a65f-39721c2d8882 None None] Agent healthcheck: found 0 active agents {{(pid=91667) agent_health_check /opt/stack/neutron/neutron/db/agents_db.py:322}}
May 15 19:07:08.356085 np0000000885 neutron-periodic-workers[91667]: DEBUG oslo.service.backend._threading.loopingcall [None req-d0294e07-8256-4a1d-a65f-39721c2d8882 None None] Fixed interval looping call 'neutron.plugins.ml2.plugin.AgentDbMixin.agent_health_check' sleeping for 36.99 seconds {{(pid=91667) _run_loop /opt/stack/data/venv/lib/python3.12/site-packages/oslo_service/backend/_threading/loopingcall.py:125}}
May 15 19:07:18.353765 np0000000885 neutron-periodic-workers[91667]: DEBUG dbcounter [-] [91667] Writing DB stats neutron:SELECT=1 {{(pid=91667) stat_writer /opt/stack/data/venv/lib/python3.12/site-packages/dbcounter.py:115}}
May 15 19:07:33.319051 np0000000885 neutron-periodic-workers[91662]: DEBUG oslo.service.backend._threading.loopingcall [None req-a3b39d88-f234-4e20-a9a1-0f3a5ac06021 None None] Fixed interval looping call 'neutron.plugins.ml2.plugin.DhcpAgentSchedulerDbMixin.remove_networks_from_down_agents' sleeping for 36.99 seconds {{(pid=91662) _run_loop /opt/stack/data/venv/lib/python3.12/site-packages/oslo_service/backend/_threading/loopingcall.py:125}}
May 15 19:07:43.317873 np0000000885 neutron-periodic-workers[91662]: DEBUG dbcounter [-] [91662] Writing DB stats neutron:SELECT=3 {{(pid=91662) stat_writer /opt/stack/data/venv/lib/python3.12/site-packages/dbcounter.py:115}}
May 15 19:07:45.350200 np0000000885 neutron-periodic-workers[91667]: DEBUG neutron.db.agents_db [None req-d0294e07-8256-4a1d-a65f-39721c2d8882 None None] Agent healthcheck: found 0 active agents {{(pid=91667) agent_health_check /opt/stack/neutron/neutron/db/agents_db.py:322}}
May 15 19:07:45.350200 np0000000885 neutron-periodic-workers[91667]: DEBUG oslo.service.backend._threading.loopingcall [None req-d0294e07-8256-4a1d-a65f-39721c2d8882 None None] Fixed interval looping call 'neutron.plugins.ml2.plugin.AgentDbMixin.agent_health_check' sleeping for 37.00 seconds {{(pid=91667) _run_loop /opt/stack/data/venv/lib/python3.12/site-packages/oslo_service/backend/_threading/loopingcall.py:125}}
May 15 19:07:55.349116 np0000000885 neutron-periodic-workers[91667]: DEBUG dbcounter [-] [91667] Writing DB stats neutron:SELECT=1 {{(pid=91667) stat_writer /opt/stack/data/venv/lib/python3.12/site-packages/dbcounter.py:115}}
May 15 19:08:10.317945 np0000000885 neutron-periodic-workers[91662]: DEBUG oslo.service.backend._threading.loopingcall [None req-a3b39d88-f234-4e20-a9a1-0f3a5ac06021 None None] Fixed interval looping call 'neutron.plugins.ml2.plugin.DhcpAgentSchedulerDbMixin.remove_networks_from_down_agents' sleeping for 36.99 seconds {{(pid=91662) _run_loop /opt/stack/data/venv/lib/python3.12/site-packages/oslo_service/backend/_threading/loopingcall.py:125}}
May 15 19:08:20.316197 np0000000885 neutron-periodic-workers[91662]: DEBUG dbcounter [-] [91662] Writing DB stats neutron:SELECT=3 {{(pid=91662) stat_writer /opt/stack/data/venv/lib/python3.12/site-packages/dbcounter.py:115}}
May 15 19:08:22.354260 np0000000885 neutron-periodic-workers[91667]: DEBUG neutron.db.agents_db [None req-d0294e07-8256-4a1d-a65f-39721c2d8882 None None] Agent healthcheck: found 0 active agents {{(pid=91667) agent_health_check /opt/stack/neutron/neutron/db/agents_db.py:322}}
May 15 19:08:22.354710 np0000000885 neutron-periodic-workers[91667]: DEBUG oslo.service.backend._threading.loopingcall [None req-d0294e07-8256-4a1d-a65f-39721c2d8882 None None] Fixed interval looping call 'neutron.plugins.ml2.plugin.AgentDbMixin.agent_health_check' sleeping for 37.00 seconds {{(pid=91667) _run_loop /opt/stack/data/venv/lib/python3.12/site-packages/oslo_service/backend/_threading/loopingcall.py:125}}
May 15 19:08:31.363037 np0000000885 neutron-periodic-workers[91683]: DEBUG oslo.service.backend._threading.loopingcall [None req-ed77bd4d-ccdd-402b-b9c3-b168219a35c3 None None] Fixed interval looping call 'neutron.db.quota.driver_nolock.DbQuotaNoLockDriver._remove_expired_reservations' sleeping for 119.99 seconds {{(pid=91683) _run_loop /opt/stack/data/venv/lib/python3.12/site-packages/oslo_service/backend/_threading/loopingcall.py:125}}
May 15 19:08:32.353408 np0000000885 neutron-periodic-workers[91667]: DEBUG dbcounter [-] [91667] Writing DB stats neutron:SELECT=1 {{(pid=91667) stat_writer /opt/stack/data/venv/lib/python3.12/site-packages/dbcounter.py:115}}
May 15 19:08:41.358377 np0000000885 neutron-periodic-workers[91683]: DEBUG dbcounter [-] [91683] Writing DB stats neutron:DELETE=1 {{(pid=91683) stat_writer /opt/stack/data/venv/lib/python3.12/site-packages/dbcounter.py:115}}
May 15 19:08:47.315870 np0000000885 neutron-periodic-workers[91662]: DEBUG oslo.service.backend._threading.loopingcall [None req-a3b39d88-f234-4e20-a9a1-0f3a5ac06021 None None] Fixed interval looping call 'neutron.plugins.ml2.plugin.DhcpAgentSchedulerDbMixin.remove_networks_from_down_agents' sleeping for 36.99 seconds {{(pid=91662) _run_loop /opt/stack/data/venv/lib/python3.12/site-packages/oslo_service/backend/_threading/loopingcall.py:125}}
May 15 19:08:57.314600 np0000000885 neutron-periodic-workers[91662]: DEBUG dbcounter [-] [91662] Writing DB stats neutron:SELECT=3 {{(pid=91662) stat_writer /opt/stack/data/venv/lib/python3.12/site-packages/dbcounter.py:115}}
May 15 19:08:59.359278 np0000000885 neutron-periodic-workers[91667]: DEBUG neutron.db.agents_db [None req-d0294e07-8256-4a1d-a65f-39721c2d8882 None None] Agent healthcheck: found 0 active agents {{(pid=91667) agent_health_check /opt/stack/neutron/neutron/db/agents_db.py:322}}
May 15 19:08:59.359823 np0000000885 neutron-periodic-workers[91667]: DEBUG oslo.service.backend._threading.loopingcall [None req-d0294e07-8256-4a1d-a65f-39721c2d8882 None None] Fixed interval looping call 'neutron.plugins.ml2.plugin.AgentDbMixin.agent_health_check' sleeping for 37.00 seconds {{(pid=91667) _run_loop /opt/stack/data/venv/lib/python3.12/site-packages/oslo_service/backend/_threading/loopingcall.py:125}}
May 15 19:09:09.357918 np0000000885 neutron-periodic-workers[91667]: DEBUG dbcounter [-] [91667] Writing DB stats neutron:SELECT=1 {{(pid=91667) stat_writer /opt/stack/data/venv/lib/python3.12/site-packages/dbcounter.py:115}}
May 15 19:09:24.312092 np0000000885 neutron-periodic-workers[91662]: DEBUG oslo.service.backend._threading.loopingcall [None req-a3b39d88-f234-4e20-a9a1-0f3a5ac06021 None None] Fixed interval looping call 'neutron.plugins.ml2.plugin.DhcpAgentSchedulerDbMixin.remove_networks_from_down_agents' sleeping for 36.99 seconds {{(pid=91662) _run_loop /opt/stack/data/venv/lib/python3.12/site-packages/oslo_service/backend/_threading/loopingcall.py:125}}
May 15 19:09:34.310425 np0000000885 neutron-periodic-workers[91662]: DEBUG dbcounter [-] [91662] Writing DB stats neutron:SELECT=3 {{(pid=91662) stat_writer /opt/stack/data/venv/lib/python3.12/site-packages/dbcounter.py:115}}
May 15 19:09:36.365751 np0000000885 neutron-periodic-workers[91667]: DEBUG neutron.db.agents_db [None req-d0294e07-8256-4a1d-a65f-39721c2d8882 None None] Agent healthcheck: found 0 active agents {{(pid=91667) agent_health_check /opt/stack/neutron/neutron/db/agents_db.py:322}}
May 15 19:09:36.365751 np0000000885 neutron-periodic-workers[91667]: DEBUG oslo.service.backend._threading.loopingcall [None req-d0294e07-8256-4a1d-a65f-39721c2d8882 None None] Fixed interval looping call 'neutron.plugins.ml2.plugin.AgentDbMixin.agent_health_check' sleeping for 36.99 seconds {{(pid=91667) _run_loop /opt/stack/data/venv/lib/python3.12/site-packages/oslo_service/backend/_threading/loopingcall.py:125}}
May 15 19:09:46.368177 np0000000885 neutron-periodic-workers[91667]: DEBUG dbcounter [-] [91667] Writing DB stats neutron:SELECT=1 {{(pid=91667) stat_writer /opt/stack/data/venv/lib/python3.12/site-packages/dbcounter.py:115}}
May 15 19:10:01.311514 np0000000885 neutron-periodic-workers[91662]: DEBUG oslo.service.backend._threading.loopingcall [None req-a3b39d88-f234-4e20-a9a1-0f3a5ac06021 None None] Fixed interval looping call 'neutron.plugins.ml2.plugin.DhcpAgentSchedulerDbMixin.remove_networks_from_down_agents' sleeping for 36.99 seconds {{(pid=91662) _run_loop /opt/stack/data/venv/lib/python3.12/site-packages/oslo_service/backend/_threading/loopingcall.py:125}}
May 15 19:10:11.310586 np0000000885 neutron-periodic-workers[91662]: DEBUG dbcounter [-] [91662] Writing DB stats neutron:SELECT=3 {{(pid=91662) stat_writer /opt/stack/data/venv/lib/python3.12/site-packages/dbcounter.py:115}}
May 15 19:10:13.370809 np0000000885 neutron-periodic-workers[91667]: DEBUG neutron.db.agents_db [None req-d0294e07-8256-4a1d-a65f-39721c2d8882 None None] Agent healthcheck: found 0 active agents {{(pid=91667) agent_health_check /opt/stack/neutron/neutron/db/agents_db.py:322}}
May 15 19:10:13.371326 np0000000885 neutron-periodic-workers[91667]: DEBUG oslo.service.backend._threading.loopingcall [None req-d0294e07-8256-4a1d-a65f-39721c2d8882 None None] Fixed interval looping call 'neutron.plugins.ml2.plugin.AgentDbMixin.agent_health_check' sleeping for 36.99 seconds {{(pid=91667) _run_loop /opt/stack/data/venv/lib/python3.12/site-packages/oslo_service/backend/_threading/loopingcall.py:125}}
May 15 19:10:23.366764 np0000000885 neutron-periodic-workers[91667]: DEBUG dbcounter [-] [91667] Writing DB stats neutron:SELECT=1 {{(pid=91667) stat_writer /opt/stack/data/venv/lib/python3.12/site-packages/dbcounter.py:115}}
May 15 19:10:31.357314 np0000000885 neutron-periodic-workers[91683]: DEBUG oslo.service.backend._threading.loopingcall [None req-ed77bd4d-ccdd-402b-b9c3-b168219a35c3 None None] Fixed interval looping call 'neutron.db.quota.driver_nolock.DbQuotaNoLockDriver._remove_expired_reservations' sleeping for 120.00 seconds {{(pid=91683) _run_loop /opt/stack/data/venv/lib/python3.12/site-packages/oslo_service/backend/_threading/loopingcall.py:125}}
May 15 19:10:38.307754 np0000000885 neutron-periodic-workers[91662]: DEBUG oslo.service.backend._threading.loopingcall [None req-a3b39d88-f234-4e20-a9a1-0f3a5ac06021 None None] Fixed interval looping call 'neutron.plugins.ml2.plugin.DhcpAgentSchedulerDbMixin.remove_networks_from_down_agents' sleeping for 36.99 seconds {{(pid=91662) _run_loop /opt/stack/data/venv/lib/python3.12/site-packages/oslo_service/backend/_threading/loopingcall.py:125}}
May 15 19:10:41.355743 np0000000885 neutron-periodic-workers[91683]: DEBUG dbcounter [-] [91683] Writing DB stats neutron:DELETE=1 {{(pid=91683) stat_writer /opt/stack/data/venv/lib/python3.12/site-packages/dbcounter.py:115}}
May 15 19:10:48.309135 np0000000885 neutron-periodic-workers[91662]: DEBUG dbcounter [-] [91662] Writing DB stats neutron:SELECT=3 {{(pid=91662) stat_writer /opt/stack/data/venv/lib/python3.12/site-packages/dbcounter.py:115}}
May 15 19:10:50.365654 np0000000885 neutron-periodic-workers[91667]: DEBUG neutron.db.agents_db [None req-d0294e07-8256-4a1d-a65f-39721c2d8882 None None] Agent healthcheck: found 0 active agents {{(pid=91667) agent_health_check /opt/stack/neutron/neutron/db/agents_db.py:322}}
May 15 19:10:50.366051 np0000000885 neutron-periodic-workers[91667]: DEBUG oslo.service.backend._threading.loopingcall [None req-d0294e07-8256-4a1d-a65f-39721c2d8882 None None] Fixed interval looping call 'neutron.plugins.ml2.plugin.AgentDbMixin.agent_health_check' sleeping for 37.00 seconds {{(pid=91667) _run_loop /opt/stack/data/venv/lib/python3.12/site-packages/oslo_service/backend/_threading/loopingcall.py:125}}
May 15 19:11:00.364849 np0000000885 neutron-periodic-workers[91667]: DEBUG dbcounter [-] [91667] Writing DB stats neutron:SELECT=1 {{(pid=91667) stat_writer /opt/stack/data/venv/lib/python3.12/site-packages/dbcounter.py:115}}
May 15 19:11:15.303934 np0000000885 neutron-periodic-workers[91662]: DEBUG oslo.service.backend._threading.loopingcall [None req-a3b39d88-f234-4e20-a9a1-0f3a5ac06021 None None] Fixed interval looping call 'neutron.plugins.ml2.plugin.DhcpAgentSchedulerDbMixin.remove_networks_from_down_agents' sleeping for 36.99 seconds {{(pid=91662) _run_loop /opt/stack/data/venv/lib/python3.12/site-packages/oslo_service/backend/_threading/loopingcall.py:125}}
May 15 19:11:25.302889 np0000000885 neutron-periodic-workers[91662]: DEBUG dbcounter [-] [91662] Writing DB stats neutron:SELECT=3 {{(pid=91662) stat_writer /opt/stack/data/venv/lib/python3.12/site-packages/dbcounter.py:115}}
May 15 19:11:27.369526 np0000000885 neutron-periodic-workers[91667]: DEBUG neutron.db.agents_db [None req-d0294e07-8256-4a1d-a65f-39721c2d8882 None None] Agent healthcheck: found 0 active agents {{(pid=91667) agent_health_check /opt/stack/neutron/neutron/db/agents_db.py:322}}
May 15 19:11:27.369526 np0000000885 neutron-periodic-workers[91667]: DEBUG oslo.service.backend._threading.loopingcall [None req-d0294e07-8256-4a1d-a65f-39721c2d8882 None None] Fixed interval looping call 'neutron.plugins.ml2.plugin.AgentDbMixin.agent_health_check' sleeping for 37.00 seconds {{(pid=91667) _run_loop /opt/stack/data/venv/lib/python3.12/site-packages/oslo_service/backend/_threading/loopingcall.py:125}}
May 15 19:11:33.387796 np0000000885 neutron-periodic-workers[91697]: DEBUG oslo.service.backend._threading.loopingcall [None req-d21df970-f243-4707-ad1d-f186c4347085 None None] Fixed interval looping call 'neutron.services.ovn_l3.plugin.L3_NAT_dbonly_mixin._clean_garbage' sleeping for 299.99 seconds {{(pid=91697) _run_loop /opt/stack/data/venv/lib/python3.12/site-packages/oslo_service/backend/_threading/loopingcall.py:125}}
May 15 19:11:37.370917 np0000000885 neutron-periodic-workers[91667]: DEBUG dbcounter [-] [91667] Writing DB stats neutron:SELECT=1 {{(pid=91667) stat_writer /opt/stack/data/venv/lib/python3.12/site-packages/dbcounter.py:115}}
May 15 19:11:43.379338 np0000000885 neutron-periodic-workers[91697]: DEBUG dbcounter [-] [91697] Writing DB stats neutron:SELECT=1 {{(pid=91697) stat_writer /opt/stack/data/venv/lib/python3.12/site-packages/dbcounter.py:115}}
May 15 19:11:52.300903 np0000000885 neutron-periodic-workers[91662]: DEBUG oslo.service.backend._threading.loopingcall [None req-a3b39d88-f234-4e20-a9a1-0f3a5ac06021 None None] Fixed interval looping call 'neutron.plugins.ml2.plugin.DhcpAgentSchedulerDbMixin.remove_networks_from_down_agents' sleeping for 36.99 seconds {{(pid=91662) _run_loop /opt/stack/data/venv/lib/python3.12/site-packages/oslo_service/backend/_threading/loopingcall.py:125}}
May 15 19:12:02.300331 np0000000885 neutron-periodic-workers[91662]: DEBUG dbcounter [-] [91662] Writing DB stats neutron:SELECT=3 {{(pid=91662) stat_writer /opt/stack/data/venv/lib/python3.12/site-packages/dbcounter.py:115}}
May 15 19:12:04.372320 np0000000885 neutron-periodic-workers[91667]: DEBUG neutron.db.agents_db [None req-d0294e07-8256-4a1d-a65f-39721c2d8882 None None] Agent healthcheck: found 0 active agents {{(pid=91667) agent_health_check /opt/stack/neutron/neutron/db/agents_db.py:322}}
May 15 19:12:04.372755 np0000000885 neutron-periodic-workers[91667]: DEBUG oslo.service.backend._threading.loopingcall [None req-d0294e07-8256-4a1d-a65f-39721c2d8882 None None] Fixed interval looping call 'neutron.plugins.ml2.plugin.AgentDbMixin.agent_health_check' sleeping for 37.00 seconds {{(pid=91667) _run_loop /opt/stack/data/venv/lib/python3.12/site-packages/oslo_service/backend/_threading/loopingcall.py:125}}
May 15 19:12:14.376357 np0000000885 neutron-periodic-workers[91667]: DEBUG dbcounter [-] [91667] Writing DB stats neutron:SELECT=1 {{(pid=91667) stat_writer /opt/stack/data/venv/lib/python3.12/site-packages/dbcounter.py:115}}
May 15 19:12:29.300504 np0000000885 neutron-periodic-workers[91662]: DEBUG oslo.service.backend._threading.loopingcall [None req-a3b39d88-f234-4e20-a9a1-0f3a5ac06021 None None] Fixed interval looping call 'neutron.plugins.ml2.plugin.DhcpAgentSchedulerDbMixin.remove_networks_from_down_agents' sleeping for 36.99 seconds {{(pid=91662) _run_loop /opt/stack/data/venv/lib/python3.12/site-packages/oslo_service/backend/_threading/loopingcall.py:125}}
May 15 19:12:31.361880 np0000000885 neutron-periodic-workers[91683]: DEBUG oslo.service.backend._threading.loopingcall [None req-ed77bd4d-ccdd-402b-b9c3-b168219a35c3 None None] Fixed interval looping call 'neutron.db.quota.driver_nolock.DbQuotaNoLockDriver._remove_expired_reservations' sleeping for 120.00 seconds {{(pid=91683) _run_loop /opt/stack/data/venv/lib/python3.12/site-packages/oslo_service/backend/_threading/loopingcall.py:125}}
May 15 19:12:39.298361 np0000000885 neutron-periodic-workers[91662]: DEBUG dbcounter [-] [91662] Writing DB stats neutron:SELECT=3 {{(pid=91662) stat_writer /opt/stack/data/venv/lib/python3.12/site-packages/dbcounter.py:115}}
May 15 19:12:41.359984 np0000000885 neutron-periodic-workers[91683]: DEBUG dbcounter [-] [91683] Writing DB stats neutron:DELETE=1 {{(pid=91683) stat_writer /opt/stack/data/venv/lib/python3.12/site-packages/dbcounter.py:115}}
May 15 19:12:41.376786 np0000000885 neutron-periodic-workers[91667]: DEBUG neutron.db.agents_db [None req-d0294e07-8256-4a1d-a65f-39721c2d8882 None None] Agent healthcheck: found 0 active agents {{(pid=91667) agent_health_check /opt/stack/neutron/neutron/db/agents_db.py:322}}
May 15 19:12:41.377183 np0000000885 neutron-periodic-workers[91667]: DEBUG oslo.service.backend._threading.loopingcall [None req-d0294e07-8256-4a1d-a65f-39721c2d8882 None None] Fixed interval looping call 'neutron.plugins.ml2.plugin.AgentDbMixin.agent_health_check' sleeping for 37.00 seconds {{(pid=91667) _run_loop /opt/stack/data/venv/lib/python3.12/site-packages/oslo_service/backend/_threading/loopingcall.py:125}}
May 15 19:12:51.376358 np0000000885 neutron-periodic-workers[91667]: DEBUG dbcounter [-] [91667] Writing DB stats neutron:SELECT=1 {{(pid=91667) stat_writer /opt/stack/data/venv/lib/python3.12/site-packages/dbcounter.py:115}}
May 15 19:13:06.304907 np0000000885 neutron-periodic-workers[91662]: DEBUG oslo.service.backend._threading.loopingcall [None req-a3b39d88-f234-4e20-a9a1-0f3a5ac06021 None None] Fixed interval looping call 'neutron.plugins.ml2.plugin.DhcpAgentSchedulerDbMixin.remove_networks_from_down_agents' sleeping for 36.99 seconds {{(pid=91662) _run_loop /opt/stack/data/venv/lib/python3.12/site-packages/oslo_service/backend/_threading/loopingcall.py:125}}
May 15 19:13:16.303916 np0000000885 neutron-periodic-workers[91662]: DEBUG dbcounter [-] [91662] Writing DB stats neutron:SELECT=3 {{(pid=91662) stat_writer /opt/stack/data/venv/lib/python3.12/site-packages/dbcounter.py:115}}
May 15 19:13:18.384628 np0000000885 neutron-periodic-workers[91667]: DEBUG neutron.db.agents_db [None req-d0294e07-8256-4a1d-a65f-39721c2d8882 None None] Agent healthcheck: found 0 active agents {{(pid=91667) agent_health_check /opt/stack/neutron/neutron/db/agents_db.py:322}}
May 15 19:13:18.384628 np0000000885 neutron-periodic-workers[91667]: DEBUG oslo.service.backend._threading.loopingcall [None req-d0294e07-8256-4a1d-a65f-39721c2d8882 None None] Fixed interval looping call 'neutron.plugins.ml2.plugin.AgentDbMixin.agent_health_check' sleeping for 36.99 seconds {{(pid=91667) _run_loop /opt/stack/data/venv/lib/python3.12/site-packages/oslo_service/backend/_threading/loopingcall.py:125}}
May 15 19:13:28.380966 np0000000885 neutron-periodic-workers[91667]: DEBUG dbcounter [-] [91667] Writing DB stats neutron:SELECT=1 {{(pid=91667) stat_writer /opt/stack/data/venv/lib/python3.12/site-packages/dbcounter.py:115}}
May 15 19:13:43.301859 np0000000885 neutron-periodic-workers[91662]: DEBUG oslo.service.backend._threading.loopingcall [None req-a3b39d88-f234-4e20-a9a1-0f3a5ac06021 None None] Fixed interval looping call 'neutron.plugins.ml2.plugin.DhcpAgentSchedulerDbMixin.remove_networks_from_down_agents' sleeping for 36.99 seconds {{(pid=91662) _run_loop /opt/stack/data/venv/lib/python3.12/site-packages/oslo_service/backend/_threading/loopingcall.py:125}}
May 15 19:13:53.300364 np0000000885 neutron-periodic-workers[91662]: DEBUG dbcounter [-] [91662] Writing DB stats neutron:SELECT=3 {{(pid=91662) stat_writer /opt/stack/data/venv/lib/python3.12/site-packages/dbcounter.py:115}}
May 15 19:13:55.379776 np0000000885 neutron-periodic-workers[91667]: DEBUG neutron.db.agents_db [None req-d0294e07-8256-4a1d-a65f-39721c2d8882 None None] Agent healthcheck: found 0 active agents {{(pid=91667) agent_health_check /opt/stack/neutron/neutron/db/agents_db.py:322}}
May 15 19:13:55.379776 np0000000885 neutron-periodic-workers[91667]: DEBUG oslo.service.backend._threading.loopingcall [None req-d0294e07-8256-4a1d-a65f-39721c2d8882 None None] Fixed interval looping call 'neutron.plugins.ml2.plugin.AgentDbMixin.agent_health_check' sleeping for 37.00 seconds {{(pid=91667) _run_loop /opt/stack/data/venv/lib/python3.12/site-packages/oslo_service/backend/_threading/loopingcall.py:125}}
May 15 19:14:05.379800 np0000000885 neutron-periodic-workers[91667]: DEBUG dbcounter [-] [91667] Writing DB stats neutron:SELECT=1 {{(pid=91667) stat_writer /opt/stack/data/venv/lib/python3.12/site-packages/dbcounter.py:115}}
May 15 19:14:20.299398 np0000000885 neutron-periodic-workers[91662]: DEBUG oslo.service.backend._threading.loopingcall [None req-a3b39d88-f234-4e20-a9a1-0f3a5ac06021 None None] Fixed interval looping call 'neutron.plugins.ml2.plugin.DhcpAgentSchedulerDbMixin.remove_networks_from_down_agents' sleeping for 36.99 seconds {{(pid=91662) _run_loop /opt/stack/data/venv/lib/python3.12/site-packages/oslo_service/backend/_threading/loopingcall.py:125}}
May 15 19:14:30.298342 np0000000885 neutron-periodic-workers[91662]: DEBUG dbcounter [-] [91662] Writing DB stats neutron:SELECT=3 {{(pid=91662) stat_writer /opt/stack/data/venv/lib/python3.12/site-packages/dbcounter.py:115}}
May 15 19:14:31.366984 np0000000885 neutron-periodic-workers[91683]: DEBUG oslo.service.backend._threading.loopingcall [None req-ed77bd4d-ccdd-402b-b9c3-b168219a35c3 None None] Fixed interval looping call 'neutron.db.quota.driver_nolock.DbQuotaNoLockDriver._remove_expired_reservations' sleeping for 120.00 seconds {{(pid=91683) _run_loop /opt/stack/data/venv/lib/python3.12/site-packages/oslo_service/backend/_threading/loopingcall.py:125}}
May 15 19:14:32.381729 np0000000885 neutron-periodic-workers[91667]: DEBUG neutron.db.agents_db [None req-d0294e07-8256-4a1d-a65f-39721c2d8882 None None] Agent healthcheck: found 0 active agents {{(pid=91667) agent_health_check /opt/stack/neutron/neutron/db/agents_db.py:322}}
May 15 19:14:32.382223 np0000000885 neutron-periodic-workers[91667]: DEBUG oslo.service.backend._threading.loopingcall [None req-d0294e07-8256-4a1d-a65f-39721c2d8882 None None] Fixed interval looping call 'neutron.plugins.ml2.plugin.AgentDbMixin.agent_health_check' sleeping for 37.00 seconds {{(pid=91667) _run_loop /opt/stack/data/venv/lib/python3.12/site-packages/oslo_service/backend/_threading/loopingcall.py:125}}
May 15 19:14:41.366979 np0000000885 neutron-periodic-workers[91683]: DEBUG dbcounter [-] [91683] Writing DB stats neutron:DELETE=1 {{(pid=91683) stat_writer /opt/stack/data/venv/lib/python3.12/site-packages/dbcounter.py:115}}
May 15 19:14:42.380395 np0000000885 neutron-periodic-workers[91667]: DEBUG dbcounter [-] [91667] Writing DB stats neutron:SELECT=1 {{(pid=91667) stat_writer /opt/stack/data/venv/lib/python3.12/site-packages/dbcounter.py:115}}
May 15 19:14:57.297966 np0000000885 neutron-periodic-workers[91662]: DEBUG oslo.service.backend._threading.loopingcall [None req-a3b39d88-f234-4e20-a9a1-0f3a5ac06021 None None] Fixed interval looping call 'neutron.plugins.ml2.plugin.DhcpAgentSchedulerDbMixin.remove_networks_from_down_agents' sleeping for 36.99 seconds {{(pid=91662) _run_loop /opt/stack/data/venv/lib/python3.12/site-packages/oslo_service/backend/_threading/loopingcall.py:125}}
May 15 19:15:07.296902 np0000000885 neutron-periodic-workers[91662]: DEBUG dbcounter [-] [91662] Writing DB stats neutron:SELECT=3 {{(pid=91662) stat_writer /opt/stack/data/venv/lib/python3.12/site-packages/dbcounter.py:115}}
May 15 19:15:09.386231 np0000000885 neutron-periodic-workers[91667]: DEBUG neutron.db.agents_db [None req-d0294e07-8256-4a1d-a65f-39721c2d8882 None None] Agent healthcheck: found 0 active agents {{(pid=91667) agent_health_check /opt/stack/neutron/neutron/db/agents_db.py:322}}
May 15 19:15:09.386689 np0000000885 neutron-periodic-workers[91667]: DEBUG oslo.service.backend._threading.loopingcall [None req-d0294e07-8256-4a1d-a65f-39721c2d8882 None None] Fixed interval looping call 'neutron.plugins.ml2.plugin.AgentDbMixin.agent_health_check' sleeping for 37.00 seconds {{(pid=91667) _run_loop /opt/stack/data/venv/lib/python3.12/site-packages/oslo_service/backend/_threading/loopingcall.py:125}}
May 15 19:15:19.385130 np0000000885 neutron-periodic-workers[91667]: DEBUG dbcounter [-] [91667] Writing DB stats neutron:SELECT=1 {{(pid=91667) stat_writer /opt/stack/data/venv/lib/python3.12/site-packages/dbcounter.py:115}}
