Jun 10 14:20:27.718353 np0000002507 devstack@g-api.service[102039]: DEBUG glance.api.middleware.version_negotiation [None req-bc2977c0-a7db-4aa2-83bb-0a0bc9f3cc21 tempest-TaggedBootDevicesTest_v242-1695495038 tempest-TaggedBootDevicesTest_v242-1695495038-project-member] Using url versioning {{(pid=102039) process_request /opt/stack/glance/glance/api/middleware/version_negotiation.py:57}}
Jun 10 14:20:27.718550 np0000002507 devstack@g-api.service[102039]: DEBUG glance.api.middleware.version_negotiation [None req-bc2977c0-a7db-4aa2-83bb-0a0bc9f3cc21 tempest-TaggedBootDevicesTest_v242-1695495038 tempest-TaggedBootDevicesTest_v242-1695495038-project-member] Matched version: v2 {{(pid=102039) process_request /opt/stack/glance/glance/api/middleware/version_negotiation.py:69}}
Jun 10 14:20:27.718809 np0000002507 devstack@g-api.service[102039]: DEBUG glance.api.middleware.version_negotiation [None req-bc2977c0-a7db-4aa2-83bb-0a0bc9f3cc21 tempest-TaggedBootDevicesTest_v242-1695495038 tempest-TaggedBootDevicesTest_v242-1695495038-project-member] new path /v2/schemas/image {{(pid=102039) process_request /opt/stack/glance/glance/api/middleware/version_negotiation.py:70}}
Jun 10 14:20:27.722456 np0000002507 devstack@g-api.service[102039]: [pid: 102039|app: 0|req: 56/188] 127.0.0.1 () {44 vars in 1055 bytes} [Wed Jun 10 14:20:27 2026] GET /v2/schemas/image => generated 6083 bytes in 4 msecs (HTTP/1.1 200) 4 headers in 158 bytes (1 switches on core 0)
Jun 10 14:20:27.734884 np0000002507 devstack@g-api.service[102038]: DEBUG glance.api.middleware.version_negotiation [None req-bc2977c0-a7db-4aa2-83bb-0a0bc9f3cc21 tempest-TaggedBootDevicesTest_v242-1695495038 tempest-TaggedBootDevicesTest_v242-1695495038-project-member] Determining version of request: GET /v2/schemas/image Accept: */* {{(pid=102038) process_request /opt/stack/glance/glance/api/middleware/version_negotiation.py:44}}
Jun 10 14:20:27.736808 np0000002507 devstack@g-api.service[102038]: DEBUG glance.api.middleware.version_negotiation [None req-bc2977c0-a7db-4aa2-83bb-0a0bc9f3cc21 tempest-TaggedBootDevicesTest_v242-1695495038 tempest-TaggedBootDevicesTest_v242-1695495038-project-member] Using url versioning {{(pid=102038) process_request /opt/stack/glance/glance/api/middleware/version_negotiation.py:57}}
Jun 10 14:20:27.736808 np0000002507 devstack@g-api.service[102038]: DEBUG glance.api.middleware.version_negotiation [None req-bc2977c0-a7db-4aa2-83bb-0a0bc9f3cc21 tempest-TaggedBootDevicesTest_v242-1695495038 tempest-TaggedBootDevicesTest_v242-1695495038-project-member] Matched version: v2 {{(pid=102038) process_request /opt/stack/glance/glance/api/middleware/version_negotiation.py:69}}
Jun 10 14:20:27.737808 np0000002507 devstack@g-api.service[102038]: DEBUG glance.api.middleware.version_negotiation [None req-bc2977c0-a7db-4aa2-83bb-0a0bc9f3cc21 tempest-TaggedBootDevicesTest_v242-1695495038 tempest-TaggedBootDevicesTest_v242-1695495038-project-member] new path /v2/schemas/image {{(pid=102038) process_request /opt/stack/glance/glance/api/middleware/version_negotiation.py:70}}
Jun 10 14:20:27.741225 np0000002507 devstack@g-api.service[102038]: [pid: 102038|app: 0|req: 69/189] 127.0.0.1 () {44 vars in 1055 bytes} [Wed Jun 10 14:20:27 2026] GET /v2/schemas/image => generated 6083 bytes in 6 msecs (HTTP/1.1 200) 4 headers in 158 bytes (1 switches on core 0)
Jun 10 14:20:28.247017 np0000002507 devstack@g-api.service[102039]: DEBUG glance.api.middleware.version_negotiation [None req-bc2977c0-a7db-4aa2-83bb-0a0bc9f3cc21 tempest-TaggedBootDevicesTest_v242-1695495038 tempest-TaggedBootDevicesTest_v242-1695495038-project-member] Determining version of request: GET /versions Accept: */* {{(pid=102039) process_request /opt/stack/glance/glance/api/middleware/version_negotiation.py:44}}
Jun 10 14:20:28.247017 np0000002507 devstack@g-api.service[102039]: [pid: 102039|app: 0|req: 57/190] 127.0.0.1 () {44 vars in 1039 bytes} [Wed Jun 10 14:20:28 2026] GET /versions => generated 1407 bytes in 1 msecs (HTTP/1.1 200) 3 headers in 92 bytes (1 switches on core 0)
Jun 10 14:20:28.256595 np0000002507 devstack@g-api.service[102038]: DEBUG glance.api.middleware.version_negotiation [None req-bc2977c0-a7db-4aa2-83bb-0a0bc9f3cc21 tempest-TaggedBootDevicesTest_v242-1695495038 tempest-TaggedBootDevicesTest_v242-1695495038-project-member] Determining version of request: GET /v2/images/4138dc99-b206-42e1-9333-71c2f08474fe/locations Accept: */* {{(pid=102038) process_request /opt/stack/glance/glance/api/middleware/version_negotiation.py:44}}
Jun 10 14:20:28.257035 np0000002507 devstack@g-api.service[102038]: DEBUG glance.api.middleware.version_negotiation [None req-bc2977c0-a7db-4aa2-83bb-0a0bc9f3cc21 tempest-TaggedBootDevicesTest_v242-1695495038 tempest-TaggedBootDevicesTest_v242-1695495038-project-member] Using url versioning {{(pid=102038) process_request /opt/stack/glance/glance/api/middleware/version_negotiation.py:57}}
Jun 10 14:20:28.257035 np0000002507 devstack@g-api.service[102038]: DEBUG glance.api.middleware.version_negotiation [None req-bc2977c0-a7db-4aa2-83bb-0a0bc9f3cc21 tempest-TaggedBootDevicesTest_v242-1695495038 tempest-TaggedBootDevicesTest_v242-1695495038-project-member] Matched version: v2 {{(pid=102038) process_request /opt/stack/glance/glance/api/middleware/version_negotiation.py:69}}
Jun 10 14:20:28.257035 np0000002507 devstack@g-api.service[102038]: DEBUG glance.api.middleware.version_negotiation [None req-bc2977c0-a7db-4aa2-83bb-0a0bc9f3cc21 tempest-TaggedBootDevicesTest_v242-1695495038 tempest-TaggedBootDevicesTest_v242-1695495038-project-member] new path /v2/images/4138dc99-b206-42e1-9333-71c2f08474fe/locations {{(pid=102038) process_request /opt/stack/glance/glance/api/middleware/version_negotiation.py:70}}
Jun 10 14:20:28.287387 np0000002507 devstack@g-api.service[102037]: INFO glance.api.v2.image_data [None req-43e0b9c5-1646-45d1-9560-17ebb2a806ce tempest-ServerBootFromVolumeStableRescueTest-392603713 tempest-ServerBootFromVolumeStableRescueTest-392603713-project-member] Unable to create trust: no such option collect_timing in group [keystone_authtoken] Use the existing user token.
Jun 10 14:20:28.343327 np0000002507 devstack@g-api.service[102038]: [pid: 102038|app: 0|req: 70/191] 127.0.0.1 () {44 vars in 1135 bytes} [Wed Jun 10 14:20:28 2026] GET /v2/images/4138dc99-b206-42e1-9333-71c2f08474fe/locations => generated 92 bytes in 87 msecs (HTTP/1.1 200) 4 headers in 156 bytes (1 switches on core 0)
Jun 10 14:20:28.356192 np0000002507 devstack@g-api.service[102039]: DEBUG glance.api.middleware.version_negotiation [None req-bc2977c0-a7db-4aa2-83bb-0a0bc9f3cc21 tempest-TaggedBootDevicesTest_v242-1695495038 tempest-TaggedBootDevicesTest_v242-1695495038-project-member] Determining version of request: GET /v2/images/4138dc99-b206-42e1-9333-71c2f08474fe Accept: */* {{(pid=102039) process_request /opt/stack/glance/glance/api/middleware/version_negotiation.py:44}}
Jun 10 14:20:28.356384 np0000002507 devstack@g-api.service[102039]: DEBUG glance.api.middleware.version_negotiation [None req-bc2977c0-a7db-4aa2-83bb-0a0bc9f3cc21 tempest-TaggedBootDevicesTest_v242-1695495038 tempest-TaggedBootDevicesTest_v242-1695495038-project-member] Using url versioning {{(pid=102039) process_request /opt/stack/glance/glance/api/middleware/version_negotiation.py:57}}
Jun 10 14:20:28.356594 np0000002507 devstack@g-api.service[102039]: DEBUG glance.api.middleware.version_negotiation [None req-bc2977c0-a7db-4aa2-83bb-0a0bc9f3cc21 tempest-TaggedBootDevicesTest_v242-1695495038 tempest-TaggedBootDevicesTest_v242-1695495038-project-member] Matched version: v2 {{(pid=102039) process_request /opt/stack/glance/glance/api/middleware/version_negotiation.py:69}}
Jun 10 14:20:28.356754 np0000002507 devstack@g-api.service[102039]: DEBUG glance.api.middleware.version_negotiation [None req-bc2977c0-a7db-4aa2-83bb-0a0bc9f3cc21 tempest-TaggedBootDevicesTest_v242-1695495038 tempest-TaggedBootDevicesTest_v242-1695495038-project-member] new path /v2/images/4138dc99-b206-42e1-9333-71c2f08474fe {{(pid=102039) process_request /opt/stack/glance/glance/api/middleware/version_negotiation.py:70}}
Jun 10 14:20:28.378370 np0000002507 devstack@g-api.service[102038]: DEBUG glance.api.middleware.version_negotiation [None req-bc2977c0-a7db-4aa2-83bb-0a0bc9f3cc21 service glance] Determining version of request: GET /v2/images/47aa8faf-147e-4de1-afe7-ea0ef4a9cb6e Accept: application/json {{(pid=102038) process_request /opt/stack/glance/glance/api/middleware/version_negotiation.py:44}}
Jun 10 14:20:28.378488 np0000002507 devstack@g-api.service[102039]: [pid: 102039|app: 0|req: 58/192] 127.0.0.1 () {44 vars in 1115 bytes} [Wed Jun 10 14:20:28 2026] GET /v2/images/4138dc99-b206-42e1-9333-71c2f08474fe => generated 1044 bytes in 22 msecs (HTTP/1.1 200) 4 headers in 158 bytes (1 switches on core 0)
Jun 10 14:20:28.378531 np0000002507 devstack@g-api.service[102038]: DEBUG glance.api.middleware.version_negotiation [None req-bc2977c0-a7db-4aa2-83bb-0a0bc9f3cc21 service glance] Using url versioning {{(pid=102038) process_request /opt/stack/glance/glance/api/middleware/version_negotiation.py:57}}
Jun 10 14:20:28.378666 np0000002507 devstack@g-api.service[102038]: DEBUG glance.api.middleware.version_negotiation [None req-bc2977c0-a7db-4aa2-83bb-0a0bc9f3cc21 service glance] Matched version: v2 {{(pid=102038) process_request /opt/stack/glance/glance/api/middleware/version_negotiation.py:69}}
Jun 10 14:20:28.378842 np0000002507 devstack@g-api.service[102038]: DEBUG glance.api.middleware.version_negotiation [None req-bc2977c0-a7db-4aa2-83bb-0a0bc9f3cc21 service glance] new path /v2/images/47aa8faf-147e-4de1-afe7-ea0ef4a9cb6e {{(pid=102038) process_request /opt/stack/glance/glance/api/middleware/version_negotiation.py:70}}
Jun 10 14:20:28.391774 np0000002507 devstack@g-api.service[102039]: DEBUG glance.api.middleware.version_negotiation [None req-bc2977c0-a7db-4aa2-83bb-0a0bc9f3cc21 tempest-TaggedBootDevicesTest_v242-1695495038 tempest-TaggedBootDevicesTest_v242-1695495038-project-member] Determining version of request: GET /v2/schemas/image Accept: */* {{(pid=102039) process_request /opt/stack/glance/glance/api/middleware/version_negotiation.py:44}}
Jun 10 14:20:28.392249 np0000002507 devstack@g-api.service[102039]: DEBUG glance.api.middleware.version_negotiation [None req-bc2977c0-a7db-4aa2-83bb-0a0bc9f3cc21 tempest-TaggedBootDevicesTest_v242-1695495038 tempest-TaggedBootDevicesTest_v242-1695495038-project-member] Using url versioning {{(pid=102039) process_request /opt/stack/glance/glance/api/middleware/version_negotiation.py:57}}
Jun 10 14:20:28.392249 np0000002507 devstack@g-api.service[102039]: DEBUG glance.api.middleware.version_negotiation [None req-bc2977c0-a7db-4aa2-83bb-0a0bc9f3cc21 tempest-TaggedBootDevicesTest_v242-1695495038 tempest-TaggedBootDevicesTest_v242-1695495038-project-member] Matched version: v2 {{(pid=102039) process_request /opt/stack/glance/glance/api/middleware/version_negotiation.py:69}}
Jun 10 14:20:28.392351 np0000002507 devstack@g-api.service[102039]: DEBUG glance.api.middleware.version_negotiation [None req-bc2977c0-a7db-4aa2-83bb-0a0bc9f3cc21 tempest-TaggedBootDevicesTest_v242-1695495038 tempest-TaggedBootDevicesTest_v242-1695495038-project-member] new path /v2/schemas/image {{(pid=102039) process_request /opt/stack/glance/glance/api/middleware/version_negotiation.py:70}}
Jun 10 14:20:28.396103 np0000002507 devstack@g-api.service[102039]: [pid: 102039|app: 0|req: 59/193] 127.0.0.1 () {44 vars in 1055 bytes} [Wed Jun 10 14:20:28 2026] GET /v2/schemas/image => generated 6083 bytes in 4 msecs (HTTP/1.1 200) 4 headers in 158 bytes (1 switches on core 0)
Jun 10 14:20:28.399695 np0000002507 devstack@g-api.service[102038]: [pid: 102038|app: 0|req: 71/194] 127.0.0.1 () {40 vars in 838 bytes} [Wed Jun 10 14:20:28 2026] GET /v2/images/47aa8faf-147e-4de1-afe7-ea0ef4a9cb6e => generated 1467 bytes in 21 msecs (HTTP/1.1 200) 4 headers in 158 bytes (1 switches on core 0)
Jun 10 14:20:28.411874 np0000002507 devstack@g-api.service[102039]: DEBUG glance.api.middleware.version_negotiation [None req-bc2977c0-a7db-4aa2-83bb-0a0bc9f3cc21 tempest-TaggedBootDevicesTest_v242-1695495038 tempest-TaggedBootDevicesTest_v242-1695495038-project-member] Determining version of request: GET /v2/schemas/image Accept: */* {{(pid=102039) process_request /opt/stack/glance/glance/api/middleware/version_negotiation.py:44}}
Jun 10 14:20:28.411874 np0000002507 devstack@g-api.service[102039]: DEBUG glance.api.middleware.version_negotiation [None req-bc2977c0-a7db-4aa2-83bb-0a0bc9f3cc21 tempest-TaggedBootDevicesTest_v242-1695495038 tempest-TaggedBootDevicesTest_v242-1695495038-project-member] Using url versioning {{(pid=102039) process_request /opt/stack/glance/glance/api/middleware/version_negotiation.py:57}}
Jun 10 14:20:28.411874 np0000002507 devstack@g-api.service[102039]: DEBUG glance.api.middleware.version_negotiation [None req-bc2977c0-a7db-4aa2-83bb-0a0bc9f3cc21 tempest-TaggedBootDevicesTest_v242-1695495038 tempest-TaggedBootDevicesTest_v242-1695495038-project-member] Matched version: v2 {{(pid=102039) process_request /opt/stack/glance/glance/api/middleware/version_negotiation.py:69}}
Jun 10 14:20:28.411874 np0000002507 devstack@g-api.service[102039]: DEBUG glance.api.middleware.version_negotiation [None req-bc2977c0-a7db-4aa2-83bb-0a0bc9f3cc21 tempest-TaggedBootDevicesTest_v242-1695495038 tempest-TaggedBootDevicesTest_v242-1695495038-project-member] new path /v2/schemas/image {{(pid=102039) process_request /opt/stack/glance/glance/api/middleware/version_negotiation.py:70}}
Jun 10 14:20:28.413226 np0000002507 devstack@g-api.service[102039]: [pid: 102039|app: 0|req: 60/195] 127.0.0.1 () {44 vars in 1055 bytes} [Wed Jun 10 14:20:28 2026] GET /v2/schemas/image => generated 6083 bytes in 4 msecs (HTTP/1.1 200) 4 headers in 158 bytes (1 switches on core 0)
Jun 10 14:20:29.127911 np0000002507 devstack@g-api.service[102037]: DEBUG glance.location [None req-43e0b9c5-1646-45d1-9560-17ebb2a806ce tempest-ServerBootFromVolumeStableRescueTest-392603713 tempest-ServerBootFromVolumeStableRescueTest-392603713-project-member] Enabling in-flight format inspection for qcow2 {{(pid=102037) set_data /opt/stack/glance/glance/location.py:616}}
Jun 10 14:20:29.128368 np0000002507 devstack@g-api.service[102037]: DEBUG glance_store.backend [None req-43e0b9c5-1646-45d1-9560-17ebb2a806ce tempest-ServerBootFromVolumeStableRescueTest-392603713 tempest-ServerBootFromVolumeStableRescueTest-392603713-project-member] Attempting to import store swift {{(pid=102037) _load_store /opt/stack/data/venv/lib/python3.12/site-packages/glance_store/backend.py:215}}
Jun 10 14:20:29.129867 np0000002507 devstack@g-api.service[102037]: DEBUG glance_store.capabilities [None req-43e0b9c5-1646-45d1-9560-17ebb2a806ce tempest-ServerBootFromVolumeStableRescueTest-392603713 tempest-ServerBootFromVolumeStableRescueTest-392603713-project-member] Store glance_store._drivers.swift.store.SingleTenantStore doesn't support updating dynamic storage capabilities. Please overwrite 'update_capabilities' method of the store to implement updating logics if needed. {{(pid=102037) update_capabilities /opt/stack/data/venv/lib/python3.12/site-packages/glance_store/capabilities.py:91}}
Jun 10 14:20:29.130008 np0000002507 devstack@g-api.service[102037]: DEBUG glance_store.driver [None req-43e0b9c5-1646-45d1-9560-17ebb2a806ce tempest-ServerBootFromVolumeStableRescueTest-392603713 tempest-ServerBootFromVolumeStableRescueTest-392603713-project-member] Late loading location class glance_store._drivers.swift.store.StoreLocation {{(pid=102037) get_store_location_class /opt/stack/data/venv/lib/python3.12/site-packages/glance_store/driver.py:134}}
Jun 10 14:20:29.130063 np0000002507 devstack@g-api.service[102037]: DEBUG glance_store.location [None req-43e0b9c5-1646-45d1-9560-17ebb2a806ce tempest-ServerBootFromVolumeStableRescueTest-392603713 tempest-ServerBootFromVolumeStableRescueTest-392603713-project-member] Registering scheme swift+https with {'store': , 'location_class': , 'store_entry': 'swift'} {{(pid=102037) register_scheme_map /opt/stack/data/venv/lib/python3.12/site-packages/glance_store/location.py:146}}
Jun 10 14:20:29.130130 np0000002507 devstack@g-api.service[102037]: DEBUG glance_store.location [None req-43e0b9c5-1646-45d1-9560-17ebb2a806ce tempest-ServerBootFromVolumeStableRescueTest-392603713 tempest-ServerBootFromVolumeStableRescueTest-392603713-project-member] Registering scheme swift+https with {'store': , 'location_class': , 'store_entry': 'swift'} {{(pid=102037) register_scheme_map /opt/stack/data/venv/lib/python3.12/site-packages/glance_store/location.py:146}}
Jun 10 14:20:29.130196 np0000002507 devstack@g-api.service[102037]: DEBUG glance_store.location [None req-43e0b9c5-1646-45d1-9560-17ebb2a806ce tempest-ServerBootFromVolumeStableRescueTest-392603713 tempest-ServerBootFromVolumeStableRescueTest-392603713-project-member] Registering scheme swift with {'store': , 'location_class': , 'store_entry': 'swift'} {{(pid=102037) register_scheme_map /opt/stack/data/venv/lib/python3.12/site-packages/glance_store/location.py:146}}
Jun 10 14:20:29.130315 np0000002507 devstack@g-api.service[102037]: DEBUG glance_store.location [None req-43e0b9c5-1646-45d1-9560-17ebb2a806ce tempest-ServerBootFromVolumeStableRescueTest-392603713 tempest-ServerBootFromVolumeStableRescueTest-392603713-project-member] Registering scheme swift+https with {'store': , 'location_class': , 'store_entry': 'swift'} {{(pid=102037) register_scheme_map /opt/stack/data/venv/lib/python3.12/site-packages/glance_store/location.py:146}}
Jun 10 14:20:29.130315 np0000002507 devstack@g-api.service[102037]: DEBUG glance_store.location [None req-43e0b9c5-1646-45d1-9560-17ebb2a806ce tempest-ServerBootFromVolumeStableRescueTest-392603713 tempest-ServerBootFromVolumeStableRescueTest-392603713-project-member] Registering scheme swift with {'store': , 'location_class': , 'store_entry': 'swift'} {{(pid=102037) register_scheme_map /opt/stack/data/venv/lib/python3.12/site-packages/glance_store/location.py:146}}
Jun 10 14:20:29.130465 np0000002507 devstack@g-api.service[102037]: DEBUG glance_store.location [None req-43e0b9c5-1646-45d1-9560-17ebb2a806ce tempest-ServerBootFromVolumeStableRescueTest-392603713 tempest-ServerBootFromVolumeStableRescueTest-392603713-project-member] Registering scheme swift+http with {'store': , 'location_class': , 'store_entry': 'swift'} {{(pid=102037) register_scheme_map /opt/stack/data/venv/lib/python3.12/site-packages/glance_store/location.py:146}}
Jun 10 14:20:29.130465 np0000002507 devstack@g-api.service[102037]: DEBUG glance_store.location [None req-43e0b9c5-1646-45d1-9560-17ebb2a806ce tempest-ServerBootFromVolumeStableRescueTest-392603713 tempest-ServerBootFromVolumeStableRescueTest-392603713-project-member] Registering scheme swift+https with {'store': , 'location_class': , 'store_entry': 'swift'} {{(pid=102037) register_scheme_map /opt/stack/data/venv/lib/python3.12/site-packages/glance_store/location.py:146}}
Jun 10 14:20:29.130629 np0000002507 devstack@g-api.service[102037]: DEBUG glance_store.location [None req-43e0b9c5-1646-45d1-9560-17ebb2a806ce tempest-ServerBootFromVolumeStableRescueTest-392603713 tempest-ServerBootFromVolumeStableRescueTest-392603713-project-member] Registering scheme swift with {'store': , 'location_class': , 'store_entry': 'swift'} {{(pid=102037) register_scheme_map /opt/stack/data/venv/lib/python3.12/site-packages/glance_store/location.py:146}}
Jun 10 14:20:29.130629 np0000002507 devstack@g-api.service[102037]: DEBUG glance_store.location [None req-43e0b9c5-1646-45d1-9560-17ebb2a806ce tempest-ServerBootFromVolumeStableRescueTest-392603713 tempest-ServerBootFromVolumeStableRescueTest-392603713-project-member] Registering scheme swift+http with {'store': , 'location_class': , 'store_entry': 'swift'} {{(pid=102037) register_scheme_map /opt/stack/data/venv/lib/python3.12/site-packages/glance_store/location.py:146}}
Jun 10 14:20:29.130753 np0000002507 devstack@g-api.service[102037]: DEBUG glance_store.location [None req-43e0b9c5-1646-45d1-9560-17ebb2a806ce tempest-ServerBootFromVolumeStableRescueTest-392603713 tempest-ServerBootFromVolumeStableRescueTest-392603713-project-member] Registering scheme swift+config with {'store': , 'location_class': , 'store_entry': 'swift'} {{(pid=102037) register_scheme_map /opt/stack/data/venv/lib/python3.12/site-packages/glance_store/location.py:146}}
Jun 10 14:20:29.415779 np0000002507 devstack@g-api.service[102038]: DEBUG glance.api.middleware.version_negotiation [None req-6021ff85-74b8-41fb-9542-ea3767c5ebd3 tempest-ServerBootFromVolumeStableRescueTest-392603713 tempest-ServerBootFromVolumeStableRescueTest-392603713-project-member] Determining version of request: GET /v2/images/47aa8faf-147e-4de1-afe7-ea0ef4a9cb6e Accept: application/json {{(pid=102038) process_request /opt/stack/glance/glance/api/middleware/version_negotiation.py:44}}
Jun 10 14:20:29.415779 np0000002507 devstack@g-api.service[102038]: DEBUG glance.api.middleware.version_negotiation [None req-6021ff85-74b8-41fb-9542-ea3767c5ebd3 tempest-ServerBootFromVolumeStableRescueTest-392603713 tempest-ServerBootFromVolumeStableRescueTest-392603713-project-member] Using url versioning {{(pid=102038) process_request /opt/stack/glance/glance/api/middleware/version_negotiation.py:57}}
Jun 10 14:20:29.415779 np0000002507 devstack@g-api.service[102038]: DEBUG glance.api.middleware.version_negotiation [None req-6021ff85-74b8-41fb-9542-ea3767c5ebd3 tempest-ServerBootFromVolumeStableRescueTest-392603713 tempest-ServerBootFromVolumeStableRescueTest-392603713-project-member] Matched version: v2 {{(pid=102038) process_request /opt/stack/glance/glance/api/middleware/version_negotiation.py:69}}
Jun 10 14:20:29.416183 np0000002507 devstack@g-api.service[102038]: DEBUG glance.api.middleware.version_negotiation [None req-6021ff85-74b8-41fb-9542-ea3767c5ebd3 tempest-ServerBootFromVolumeStableRescueTest-392603713 tempest-ServerBootFromVolumeStableRescueTest-392603713-project-member] new path /v2/images/47aa8faf-147e-4de1-afe7-ea0ef4a9cb6e {{(pid=102038) process_request /opt/stack/glance/glance/api/middleware/version_negotiation.py:70}}
Jun 10 14:20:29.437719 np0000002507 devstack@g-api.service[102038]: [pid: 102038|app: 0|req: 72/196] 127.0.0.1 () {40 vars in 838 bytes} [Wed Jun 10 14:20:29 2026] GET /v2/images/47aa8faf-147e-4de1-afe7-ea0ef4a9cb6e => generated 1467 bytes in 21 msecs (HTTP/1.1 200) 4 headers in 158 bytes (1 switches on core 0)
Jun 10 14:20:29.485902 np0000002507 devstack@g-api.service[102037]: DEBUG swiftclient [None req-43e0b9c5-1646-45d1-9560-17ebb2a806ce tempest-ServerBootFromVolumeStableRescueTest-392603713 tempest-ServerBootFromVolumeStableRescueTest-392603713-project-member] REQ: curl -i https://10.4.3.186:8080/v1/AUTH_e4dcc76196264f3d8175d7b444cdd2a6/glance -I -H "X-Auth-Token: gAAAAABqKXKtDSbF..." {{(pid=102037) http_log /opt/stack/data/venv/lib/python3.12/site-packages/swiftclient/client.py:160}}
Jun 10 14:20:29.486249 np0000002507 devstack@g-api.service[102037]: DEBUG swiftclient [None req-43e0b9c5-1646-45d1-9560-17ebb2a806ce tempest-ServerBootFromVolumeStableRescueTest-392603713 tempest-ServerBootFromVolumeStableRescueTest-392603713-project-member] RESP STATUS: 204 No Content {{(pid=102037) http_log /opt/stack/data/venv/lib/python3.12/site-packages/swiftclient/client.py:161}}
Jun 10 14:20:29.486305 np0000002507 devstack@g-api.service[102037]: DEBUG swiftclient [None req-43e0b9c5-1646-45d1-9560-17ebb2a806ce tempest-ServerBootFromVolumeStableRescueTest-392603713 tempest-ServerBootFromVolumeStableRescueTest-392603713-project-member] RESP HEADERS: {'Date': 'Wed, 10 Jun 2026 14:20:29 GMT', 'Server': 'Apache/2.4.58 (Ubuntu)', 'Content-Type': 'text/plain; charset=utf-8', 'X-Container-Object-Count': '5', 'X-Container-Bytes-Used': '87883776', 'X-Timestamp': '1781100953.35811', 'Last-Modified': 'Wed, 10 Jun 2026 14:15:54 GMT', 'Accept-Ranges': 'bytes', 'X-Storage-Policy': 'Policy-0', 'X-Container-Sharding': 'False', 'Vary': 'Accept', 'X-Trans-Id': 'tx5e6b4a207e8e420aa8831-006a2972ad', 'X-Openstack-Request-Id': 'tx5e6b4a207e8e420aa8831-006a2972ad', 'Connection': 'close'} {{(pid=102037) http_log /opt/stack/data/venv/lib/python3.12/site-packages/swiftclient/client.py:162}}
Jun 10 14:20:29.486574 np0000002507 devstack@g-api.service[102037]: DEBUG glance_store._drivers.swift.store [None req-43e0b9c5-1646-45d1-9560-17ebb2a806ce tempest-ServerBootFromVolumeStableRescueTest-392603713 tempest-ServerBootFromVolumeStableRescueTest-392603713-project-member] Adding image object '47aa8faf-147e-4de1-afe7-ea0ef4a9cb6e' to Swift {{(pid=102037) add /opt/stack/data/venv/lib/python3.12/site-packages/glance_store/_drivers/swift/store.py:970}}
Jun 10 14:20:29.486712 np0000002507 devstack@g-api.service[102037]: DEBUG glance_store._drivers.swift.store [None req-43e0b9c5-1646-45d1-9560-17ebb2a806ce tempest-ServerBootFromVolumeStableRescueTest-392603713 tempest-ServerBootFromVolumeStableRescueTest-392603713-project-member] Cannot determine image size because it is either not provided in the request or chunked-transfer encoding is used. Adding image as a segmented object to Swift. {{(pid=102037) add /opt/stack/data/venv/lib/python3.12/site-packages/glance_store/_drivers/swift/store.py:994}}
Jun 10 14:20:29.494924 np0000002507 devstack@g-api.service[102037]: DEBUG oslo_utils.imageutils.format_inspector [None req-43e0b9c5-1646-45d1-9560-17ebb2a806ce tempest-ServerBootFromVolumeStableRescueTest-392603713 tempest-ServerBootFromVolumeStableRescueTest-392603713-project-member] Format inspector for vmdk does not match, excluding from consideration (Signature KDMV not found: b'QFI\xfb') {{(pid=102037) _process_chunk /opt/stack/data/venv/lib/python3.12/site-packages/oslo_utils/imageutils/format_inspector.py:1758}}
Jun 10 14:20:29.503515 np0000002507 devstack@g-api.service[102037]: DEBUG oslo_utils.imageutils.format_inspector [None req-43e0b9c5-1646-45d1-9560-17ebb2a806ce tempest-ServerBootFromVolumeStableRescueTest-392603713 tempest-ServerBootFromVolumeStableRescueTest-392603713-project-member] Format inspector for vhdx does not match, excluding from consideration (Region signature not found at 30000) {{(pid=102037) _process_chunk /opt/stack/data/venv/lib/python3.12/site-packages/oslo_utils/imageutils/format_inspector.py:1758}}
Jun 10 14:20:29.820089 np0000002507 devstack@g-api.service[102037]: DEBUG swiftclient [None req-43e0b9c5-1646-45d1-9560-17ebb2a806ce tempest-ServerBootFromVolumeStableRescueTest-392603713 tempest-ServerBootFromVolumeStableRescueTest-392603713-project-member] REQ: curl -i https://10.4.3.186:8080/v1/AUTH_e4dcc76196264f3d8175d7b444cdd2a6/glance/47aa8faf-147e-4de1-afe7-ea0ef4a9cb6e-00001 -X PUT -H "X-Auth-Token: gAAAAABqKXKtDSbF..." {{(pid=102037) http_log /opt/stack/data/venv/lib/python3.12/site-packages/swiftclient/client.py:160}}
Jun 10 14:20:29.820360 np0000002507 devstack@g-api.service[102037]: DEBUG swiftclient [None req-43e0b9c5-1646-45d1-9560-17ebb2a806ce tempest-ServerBootFromVolumeStableRescueTest-392603713 tempest-ServerBootFromVolumeStableRescueTest-392603713-project-member] RESP STATUS: 201 Created {{(pid=102037) http_log /opt/stack/data/venv/lib/python3.12/site-packages/swiftclient/client.py:161}}
Jun 10 14:20:29.820580 np0000002507 devstack@g-api.service[102037]: DEBUG swiftclient [None req-43e0b9c5-1646-45d1-9560-17ebb2a806ce tempest-ServerBootFromVolumeStableRescueTest-392603713 tempest-ServerBootFromVolumeStableRescueTest-392603713-project-member] RESP HEADERS: {'Date': 'Wed, 10 Jun 2026 14:20:29 GMT', 'Server': 'Apache/2.4.58 (Ubuntu)', 'Content-Type': 'text/html; charset=UTF-8', 'Content-Length': '0', 'Etag': '4fa343ee581d8d2e78533191fd1ac3e1', 'Last-Modified': 'Wed, 10 Jun 2026 14:20:30 GMT', 'X-Trans-Id': 'tx130006b42e54458a96db3-006a2972ad', 'X-Openstack-Request-Id': 'tx130006b42e54458a96db3-006a2972ad', 'Connection': 'close'} {{(pid=102037) http_log /opt/stack/data/venv/lib/python3.12/site-packages/swiftclient/client.py:162}}
Jun 10 14:20:29.820580 np0000002507 devstack@g-api.service[102037]: DEBUG glance_store._drivers.swift.store [None req-43e0b9c5-1646-45d1-9560-17ebb2a806ce tempest-ServerBootFromVolumeStableRescueTest-392603713 tempest-ServerBootFromVolumeStableRescueTest-392603713-project-member] Wrote chunk 47aa8faf-147e-4de1-afe7-ea0ef4a9cb6e-00001 (1/?) of length 23527424 to Swift returning MD5 of content: 4fa343ee581d8d2e78533191fd1ac3e1 {{(pid=102037) add /opt/stack/data/venv/lib/python3.12/site-packages/glance_store/_drivers/swift/store.py:1059}}
Jun 10 14:20:29.820941 np0000002507 devstack@g-api.service[102037]: DEBUG glance_store._drivers.swift.store [None req-43e0b9c5-1646-45d1-9560-17ebb2a806ce tempest-ServerBootFromVolumeStableRescueTest-392603713 tempest-ServerBootFromVolumeStableRescueTest-392603713-project-member] Not writing zero-length chunk. {{(pid=102037) add /opt/stack/data/venv/lib/python3.12/site-packages/glance_store/_drivers/swift/store.py:1028}}
Jun 10 14:20:29.857890 np0000002507 devstack@g-api.service[102037]: DEBUG swiftclient [None req-43e0b9c5-1646-45d1-9560-17ebb2a806ce tempest-ServerBootFromVolumeStableRescueTest-392603713 tempest-ServerBootFromVolumeStableRescueTest-392603713-project-member] REQ: curl -i https://10.4.3.186:8080/v1/AUTH_e4dcc76196264f3d8175d7b444cdd2a6/glance/47aa8faf-147e-4de1-afe7-ea0ef4a9cb6e -X PUT -H "X-Object-Manifest: glance/47aa8faf-147e-4de1-afe7-ea0ef4a9cb6e-" -H "X-Auth-Token: gAAAAABqKXKtDSbF..." -H "Content-Length: 0" {{(pid=102037) http_log /opt/stack/data/venv/lib/python3.12/site-packages/swiftclient/client.py:160}}
Jun 10 14:20:29.858042 np0000002507 devstack@g-api.service[102037]: DEBUG swiftclient [None req-43e0b9c5-1646-45d1-9560-17ebb2a806ce tempest-ServerBootFromVolumeStableRescueTest-392603713 tempest-ServerBootFromVolumeStableRescueTest-392603713-project-member] RESP STATUS: 201 Created {{(pid=102037) http_log /opt/stack/data/venv/lib/python3.12/site-packages/swiftclient/client.py:161}}
Jun 10 14:20:29.858240 np0000002507 devstack@g-api.service[102037]: DEBUG swiftclient [None req-43e0b9c5-1646-45d1-9560-17ebb2a806ce tempest-ServerBootFromVolumeStableRescueTest-392603713 tempest-ServerBootFromVolumeStableRescueTest-392603713-project-member] RESP HEADERS: {'Date': 'Wed, 10 Jun 2026 14:20:29 GMT', 'Server': 'Apache/2.4.58 (Ubuntu)', 'Content-Type': 'text/html; charset=UTF-8', 'Content-Length': '0', 'Etag': 'd41d8cd98f00b204e9800998ecf8427e', 'Last-Modified': 'Wed, 10 Jun 2026 14:20:30 GMT', 'X-Trans-Id': 'txbd2082218eeb4f7baedf8-006a2972ad', 'X-Openstack-Request-Id': 'txbd2082218eeb4f7baedf8-006a2972ad', 'Connection': 'close'} {{(pid=102037) http_log /opt/stack/data/venv/lib/python3.12/site-packages/swiftclient/client.py:162}}
Jun 10 14:20:29.859325 np0000002507 devstack@g-api.service[102037]: INFO glance.location [None req-43e0b9c5-1646-45d1-9560-17ebb2a806ce tempest-ServerBootFromVolumeStableRescueTest-392603713 tempest-ServerBootFromVolumeStableRescueTest-392603713-project-member] Image format matched and virtual size computed: 1073741824
Jun 10 14:20:29.911349 np0000002507 devstack@g-api.service[102037]: DEBUG glance_store.backend [None req-43e0b9c5-1646-45d1-9560-17ebb2a806ce tempest-ServerBootFromVolumeStableRescueTest-392603713 tempest-ServerBootFromVolumeStableRescueTest-392603713-project-member] Attempting to import store swift {{(pid=102037) _load_store /opt/stack/data/venv/lib/python3.12/site-packages/glance_store/backend.py:215}}
Jun 10 14:20:29.914579 np0000002507 devstack@g-api.service[102037]: DEBUG glance_store.capabilities [None req-43e0b9c5-1646-45d1-9560-17ebb2a806ce tempest-ServerBootFromVolumeStableRescueTest-392603713 tempest-ServerBootFromVolumeStableRescueTest-392603713-project-member] Store glance_store._drivers.swift.store.SingleTenantStore doesn't support updating dynamic storage capabilities. Please overwrite 'update_capabilities' method of the store to implement updating logics if needed. {{(pid=102037) update_capabilities /opt/stack/data/venv/lib/python3.12/site-packages/glance_store/capabilities.py:91}}
Jun 10 14:20:29.914579 np0000002507 devstack@g-api.service[102037]: DEBUG glance_store.driver [None req-43e0b9c5-1646-45d1-9560-17ebb2a806ce tempest-ServerBootFromVolumeStableRescueTest-392603713 tempest-ServerBootFromVolumeStableRescueTest-392603713-project-member] Late loading location class glance_store._drivers.swift.store.StoreLocation {{(pid=102037) get_store_location_class /opt/stack/data/venv/lib/python3.12/site-packages/glance_store/driver.py:134}}
Jun 10 14:20:29.914579 np0000002507 devstack@g-api.service[102037]: DEBUG glance_store.location [None req-43e0b9c5-1646-45d1-9560-17ebb2a806ce tempest-ServerBootFromVolumeStableRescueTest-392603713 tempest-ServerBootFromVolumeStableRescueTest-392603713-project-member] Registering scheme swift+https with {'store': , 'location_class': , 'store_entry': 'swift'} {{(pid=102037) register_scheme_map /opt/stack/data/venv/lib/python3.12/site-packages/glance_store/location.py:146}}
Jun 10 14:20:29.914579 np0000002507 devstack@g-api.service[102037]: DEBUG glance_store.location [None req-43e0b9c5-1646-45d1-9560-17ebb2a806ce tempest-ServerBootFromVolumeStableRescueTest-392603713 tempest-ServerBootFromVolumeStableRescueTest-392603713-project-member] Registering scheme swift+https with {'store': , 'location_class': , 'store_entry': 'swift'} {{(pid=102037) register_scheme_map /opt/stack/data/venv/lib/python3.12/site-packages/glance_store/location.py:146}}
Jun 10 14:20:29.914579 np0000002507 devstack@g-api.service[102037]: DEBUG glance_store.location [None req-43e0b9c5-1646-45d1-9560-17ebb2a806ce tempest-ServerBootFromVolumeStableRescueTest-392603713 tempest-ServerBootFromVolumeStableRescueTest-392603713-project-member] Registering scheme swift with {'store': , 'location_class': , 'store_entry': 'swift'} {{(pid=102037) register_scheme_map /opt/stack/data/venv/lib/python3.12/site-packages/glance_store/location.py:146}}
Jun 10 14:20:29.914579 np0000002507 devstack@g-api.service[102037]: DEBUG glance_store.location [None req-43e0b9c5-1646-45d1-9560-17ebb2a806ce tempest-ServerBootFromVolumeStableRescueTest-392603713 tempest-ServerBootFromVolumeStableRescueTest-392603713-project-member] Registering scheme swift+https with {'store': , 'location_class': , 'store_entry': 'swift'} {{(pid=102037) register_scheme_map /opt/stack/data/venv/lib/python3.12/site-packages/glance_store/location.py:146}}
Jun 10 14:20:29.914579 np0000002507 devstack@g-api.service[102037]: DEBUG glance_store.location [None req-43e0b9c5-1646-45d1-9560-17ebb2a806ce tempest-ServerBootFromVolumeStableRescueTest-392603713 tempest-ServerBootFromVolumeStableRescueTest-392603713-project-member] Registering scheme swift with {'store': , 'location_class': , 'store_entry': 'swift'} {{(pid=102037) register_scheme_map /opt/stack/data/venv/lib/python3.12/site-packages/glance_store/location.py:146}}
Jun 10 14:20:29.915130 np0000002507 devstack@g-api.service[102037]: DEBUG glance_store.location [None req-43e0b9c5-1646-45d1-9560-17ebb2a806ce tempest-ServerBootFromVolumeStableRescueTest-392603713 tempest-ServerBootFromVolumeStableRescueTest-392603713-project-member] Registering scheme swift+http with {'store': , 'location_class': , 'store_entry': 'swift'} {{(pid=102037) register_scheme_map /opt/stack/data/venv/lib/python3.12/site-packages/glance_store/location.py:146}}
Jun 10 14:20:29.915130 np0000002507 devstack@g-api.service[102037]: DEBUG glance_store.location [None req-43e0b9c5-1646-45d1-9560-17ebb2a806ce tempest-ServerBootFromVolumeStableRescueTest-392603713 tempest-ServerBootFromVolumeStableRescueTest-392603713-project-member] Registering scheme swift+https with {'store': , 'location_class': , 'store_entry': 'swift'} {{(pid=102037) register_scheme_map /opt/stack/data/venv/lib/python3.12/site-packages/glance_store/location.py:146}}
Jun 10 14:20:29.915130 np0000002507 devstack@g-api.service[102037]: DEBUG glance_store.location [None req-43e0b9c5-1646-45d1-9560-17ebb2a806ce tempest-ServerBootFromVolumeStableRescueTest-392603713 tempest-ServerBootFromVolumeStableRescueTest-392603713-project-member] Registering scheme swift with {'store': , 'location_class': , 'store_entry': 'swift'} {{(pid=102037) register_scheme_map /opt/stack/data/venv/lib/python3.12/site-packages/glance_store/location.py:146}}
Jun 10 14:20:29.915130 np0000002507 devstack@g-api.service[102037]: DEBUG glance_store.location [None req-43e0b9c5-1646-45d1-9560-17ebb2a806ce tempest-ServerBootFromVolumeStableRescueTest-392603713 tempest-ServerBootFromVolumeStableRescueTest-392603713-project-member] Registering scheme swift+http with {'store': , 'location_class': , 'store_entry': 'swift'} {{(pid=102037) register_scheme_map /opt/stack/data/venv/lib/python3.12/site-packages/glance_store/location.py:146}}
Jun 10 14:20:29.915130 np0000002507 devstack@g-api.service[102037]: DEBUG glance_store.location [None req-43e0b9c5-1646-45d1-9560-17ebb2a806ce tempest-ServerBootFromVolumeStableRescueTest-392603713 tempest-ServerBootFromVolumeStableRescueTest-392603713-project-member] Registering scheme swift+config with {'store': , 'location_class': , 'store_entry': 'swift'} {{(pid=102037) register_scheme_map /opt/stack/data/venv/lib/python3.12/site-packages/glance_store/location.py:146}}
Jun 10 14:20:29.915390 np0000002507 devstack@g-api.service[102037]: DEBUG glance_store.backend [None req-43e0b9c5-1646-45d1-9560-17ebb2a806ce tempest-ServerBootFromVolumeStableRescueTest-392603713 tempest-ServerBootFromVolumeStableRescueTest-392603713-project-member] Skipping store.set_acls... not implemented. {{(pid=102037) set_acls /opt/stack/data/venv/lib/python3.12/site-packages/glance_store/backend.py:507}}
Jun 10 14:20:29.918724 np0000002507 devstack@g-api.service[102037]: [pid: 102037|app: 0|req: 65/197] 127.0.0.1 () {46 vars in 1158 bytes} [Wed Jun 10 14:20:27 2026] PUT /v2/images/47aa8faf-147e-4de1-afe7-ea0ef4a9cb6e/file => generated 0 bytes in 2294 msecs (HTTP/1.1 204) 4 headers in 171 bytes (1 switches on core 0)
Jun 10 14:20:30.032047 np0000002507 devstack@g-api.service[102039]: DEBUG glance.api.middleware.version_negotiation [None req-bc2977c0-a7db-4aa2-83bb-0a0bc9f3cc21 tempest-TaggedBootDevicesTest_v242-1695495038 tempest-TaggedBootDevicesTest_v242-1695495038-project-member] Determining version of request: GET /v2/images/47aa8faf-147e-4de1-afe7-ea0ef4a9cb6e Accept: */* {{(pid=102039) process_request /opt/stack/glance/glance/api/middleware/version_negotiation.py:44}}
Jun 10 14:20:30.032047 np0000002507 devstack@g-api.service[102039]: DEBUG glance.api.middleware.version_negotiation [None req-bc2977c0-a7db-4aa2-83bb-0a0bc9f3cc21 tempest-TaggedBootDevicesTest_v242-1695495038 tempest-TaggedBootDevicesTest_v242-1695495038-project-member] Using url versioning {{(pid=102039) process_request /opt/stack/glance/glance/api/middleware/version_negotiation.py:57}}
Jun 10 14:20:30.032047 np0000002507 devstack@g-api.service[102039]: DEBUG glance.api.middleware.version_negotiation [None req-bc2977c0-a7db-4aa2-83bb-0a0bc9f3cc21 tempest-TaggedBootDevicesTest_v242-1695495038 tempest-TaggedBootDevicesTest_v242-1695495038-project-member] Matched version: v2 {{(pid=102039) process_request /opt/stack/glance/glance/api/middleware/version_negotiation.py:69}}
Jun 10 14:20:30.032695 np0000002507 devstack@g-api.service[102039]: DEBUG glance.api.middleware.version_negotiation [None req-bc2977c0-a7db-4aa2-83bb-0a0bc9f3cc21 tempest-TaggedBootDevicesTest_v242-1695495038 tempest-TaggedBootDevicesTest_v242-1695495038-project-member] new path /v2/images/47aa8faf-147e-4de1-afe7-ea0ef4a9cb6e {{(pid=102039) process_request /opt/stack/glance/glance/api/middleware/version_negotiation.py:70}}
Jun 10 14:20:30.050557 np0000002507 devstack@g-api.service[102039]: [pid: 102039|app: 0|req: 61/198] 127.0.0.1 () {44 vars in 1115 bytes} [Wed Jun 10 14:20:30 2026] GET /v2/images/47aa8faf-147e-4de1-afe7-ea0ef4a9cb6e => generated 1637 bytes in 19 msecs (HTTP/1.1 200) 4 headers in 158 bytes (1 switches on core 0)
Jun 10 14:20:30.109998 np0000002507 devstack@g-api.service[102038]: DEBUG glance.api.middleware.version_negotiation [None req-6240402c-02a6-419f-bc4e-50d0034c607a tempest-ServerBootFromVolumeStableRescueTest-392603713 tempest-ServerBootFromVolumeStableRescueTest-392603713-project-member] Determining version of request: GET /v2/schemas/image Accept: */* {{(pid=102038) process_request /opt/stack/glance/glance/api/middleware/version_negotiation.py:44}}
Jun 10 14:20:30.109998 np0000002507 devstack@g-api.service[102038]: DEBUG glance.api.middleware.version_negotiation [None req-6240402c-02a6-419f-bc4e-50d0034c607a tempest-ServerBootFromVolumeStableRescueTest-392603713 tempest-ServerBootFromVolumeStableRescueTest-392603713-project-member] Using url versioning {{(pid=102038) process_request /opt/stack/glance/glance/api/middleware/version_negotiation.py:57}}
Jun 10 14:20:30.110558 np0000002507 devstack@g-api.service[102038]: DEBUG glance.api.middleware.version_negotiation [None req-6240402c-02a6-419f-bc4e-50d0034c607a tempest-ServerBootFromVolumeStableRescueTest-392603713 tempest-ServerBootFromVolumeStableRescueTest-392603713-project-member] Matched version: v2 {{(pid=102038) process_request /opt/stack/glance/glance/api/middleware/version_negotiation.py:69}}
Jun 10 14:20:30.110558 np0000002507 devstack@g-api.service[102038]: DEBUG glance.api.middleware.version_negotiation [None req-6240402c-02a6-419f-bc4e-50d0034c607a tempest-ServerBootFromVolumeStableRescueTest-392603713 tempest-ServerBootFromVolumeStableRescueTest-392603713-project-member] new path /v2/schemas/image {{(pid=102038) process_request /opt/stack/glance/glance/api/middleware/version_negotiation.py:70}}
Jun 10 14:20:30.115064 np0000002507 devstack@g-api.service[102038]: [pid: 102038|app: 0|req: 73/199] 127.0.0.1 () {44 vars in 1055 bytes} [Wed Jun 10 14:20:30 2026] GET /v2/schemas/image => generated 6083 bytes in 5 msecs (HTTP/1.1 200) 4 headers in 158 bytes (1 switches on core 0)
Jun 10 14:20:30.448872 np0000002507 devstack@g-api.service[102037]: DEBUG glance.api.middleware.version_negotiation [None req-43e0b9c5-1646-45d1-9560-17ebb2a806ce tempest-ServerBootFromVolumeStableRescueTest-392603713 tempest-ServerBootFromVolumeStableRescueTest-392603713-project-member] Determining version of request: GET /v2/images/47aa8faf-147e-4de1-afe7-ea0ef4a9cb6e Accept: application/json {{(pid=102037) process_request /opt/stack/glance/glance/api/middleware/version_negotiation.py:44}}
Jun 10 14:20:30.448872 np0000002507 devstack@g-api.service[102037]: DEBUG glance.api.middleware.version_negotiation [None req-43e0b9c5-1646-45d1-9560-17ebb2a806ce tempest-ServerBootFromVolumeStableRescueTest-392603713 tempest-ServerBootFromVolumeStableRescueTest-392603713-project-member] Using url versioning {{(pid=102037) process_request /opt/stack/glance/glance/api/middleware/version_negotiation.py:57}}
Jun 10 14:20:30.449152 np0000002507 devstack@g-api.service[102037]: DEBUG glance.api.middleware.version_negotiation [None req-43e0b9c5-1646-45d1-9560-17ebb2a806ce tempest-ServerBootFromVolumeStableRescueTest-392603713 tempest-ServerBootFromVolumeStableRescueTest-392603713-project-member] Matched version: v2 {{(pid=102037) process_request /opt/stack/glance/glance/api/middleware/version_negotiation.py:69}}
Jun 10 14:20:30.449314 np0000002507 devstack@g-api.service[102037]: DEBUG glance.api.middleware.version_negotiation [None req-43e0b9c5-1646-45d1-9560-17ebb2a806ce tempest-ServerBootFromVolumeStableRescueTest-392603713 tempest-ServerBootFromVolumeStableRescueTest-392603713-project-member] new path /v2/images/47aa8faf-147e-4de1-afe7-ea0ef4a9cb6e {{(pid=102037) process_request /opt/stack/glance/glance/api/middleware/version_negotiation.py:70}}
Jun 10 14:20:30.475997 np0000002507 devstack@g-api.service[102037]: [pid: 102037|app: 0|req: 66/200] 127.0.0.1 () {40 vars in 838 bytes} [Wed Jun 10 14:20:30 2026] GET /v2/images/47aa8faf-147e-4de1-afe7-ea0ef4a9cb6e => generated 1637 bytes in 28 msecs (HTTP/1.1 200) 4 headers in 158 bytes (1 switches on core 0)
Jun 10 14:20:30.489389 np0000002507 devstack@g-api.service[102039]: DEBUG glance.api.middleware.version_negotiation [None req-43e0b9c5-1646-45d1-9560-17ebb2a806ce tempest-ServerBootFromVolumeStableRescueTest-392603713 tempest-ServerBootFromVolumeStableRescueTest-392603713-project-member] Determining version of request: GET /v2/images/47aa8faf-147e-4de1-afe7-ea0ef4a9cb6e Accept: application/json {{(pid=102039) process_request /opt/stack/glance/glance/api/middleware/version_negotiation.py:44}}
Jun 10 14:20:30.489582 np0000002507 devstack@g-api.service[102039]: DEBUG glance.api.middleware.version_negotiation [None req-43e0b9c5-1646-45d1-9560-17ebb2a806ce tempest-ServerBootFromVolumeStableRescueTest-392603713 tempest-ServerBootFromVolumeStableRescueTest-392603713-project-member] Using url versioning {{(pid=102039) process_request /opt/stack/glance/glance/api/middleware/version_negotiation.py:57}}
Jun 10 14:20:30.489774 np0000002507 devstack@g-api.service[102039]: DEBUG glance.api.middleware.version_negotiation [None req-43e0b9c5-1646-45d1-9560-17ebb2a806ce tempest-ServerBootFromVolumeStableRescueTest-392603713 tempest-ServerBootFromVolumeStableRescueTest-392603713-project-member] Matched version: v2 {{(pid=102039) process_request /opt/stack/glance/glance/api/middleware/version_negotiation.py:69}}
Jun 10 14:20:30.489931 np0000002507 devstack@g-api.service[102039]: DEBUG glance.api.middleware.version_negotiation [None req-43e0b9c5-1646-45d1-9560-17ebb2a806ce tempest-ServerBootFromVolumeStableRescueTest-392603713 tempest-ServerBootFromVolumeStableRescueTest-392603713-project-member] new path /v2/images/47aa8faf-147e-4de1-afe7-ea0ef4a9cb6e {{(pid=102039) process_request /opt/stack/glance/glance/api/middleware/version_negotiation.py:70}}
Jun 10 14:20:30.509263 np0000002507 devstack@g-api.service[102039]: [pid: 102039|app: 0|req: 62/201] 127.0.0.1 () {40 vars in 838 bytes} [Wed Jun 10 14:20:30 2026] GET /v2/images/47aa8faf-147e-4de1-afe7-ea0ef4a9cb6e => generated 1637 bytes in 20 msecs (HTTP/1.1 200) 4 headers in 158 bytes (1 switches on core 0)
Jun 10 14:20:31.379362 np0000002507 devstack@g-api.service[102038]: DEBUG glance.api.middleware.version_negotiation [None req-43e0b9c5-1646-45d1-9560-17ebb2a806ce tempest-ServerBootFromVolumeStableRescueTest-392603713 tempest-ServerBootFromVolumeStableRescueTest-392603713-project-member] Determining version of request: GET /v2/images/4138dc99-b206-42e1-9333-71c2f08474fe Accept: */* {{(pid=102038) process_request /opt/stack/glance/glance/api/middleware/version_negotiation.py:44}}
Jun 10 14:20:31.379821 np0000002507 devstack@g-api.service[102038]: DEBUG glance.api.middleware.version_negotiation [None req-43e0b9c5-1646-45d1-9560-17ebb2a806ce tempest-ServerBootFromVolumeStableRescueTest-392603713 tempest-ServerBootFromVolumeStableRescueTest-392603713-project-member] Using url versioning {{(pid=102038) process_request /opt/stack/glance/glance/api/middleware/version_negotiation.py:57}}
Jun 10 14:20:31.379821 np0000002507 devstack@g-api.service[102038]: DEBUG glance.api.middleware.version_negotiation [None req-43e0b9c5-1646-45d1-9560-17ebb2a806ce tempest-ServerBootFromVolumeStableRescueTest-392603713 tempest-ServerBootFromVolumeStableRescueTest-392603713-project-member] Matched version: v2 {{(pid=102038) process_request /opt/stack/glance/glance/api/middleware/version_negotiation.py:69}}
Jun 10 14:20:31.379945 np0000002507 devstack@g-api.service[102038]: DEBUG glance.api.middleware.version_negotiation [None req-43e0b9c5-1646-45d1-9560-17ebb2a806ce tempest-ServerBootFromVolumeStableRescueTest-392603713 tempest-ServerBootFromVolumeStableRescueTest-392603713-project-member] new path /v2/images/4138dc99-b206-42e1-9333-71c2f08474fe {{(pid=102038) process_request /opt/stack/glance/glance/api/middleware/version_negotiation.py:70}}
Jun 10 14:20:31.399726 np0000002507 devstack@g-api.service[102038]: [pid: 102038|app: 0|req: 74/202] 127.0.0.1 () {44 vars in 1115 bytes} [Wed Jun 10 14:20:31 2026] GET /v2/images/4138dc99-b206-42e1-9333-71c2f08474fe => generated 1044 bytes in 19 msecs (HTTP/1.1 200) 4 headers in 158 bytes (1 switches on core 0)
Jun 10 14:20:31.449742 np0000002507 devstack@g-api.service[102037]: DEBUG glance.api.middleware.version_negotiation [None req-7a0dfdbb-844e-4dd7-8780-7413a3ccf352 tempest-ServerBootFromVolumeStableRescueTest-392603713 tempest-ServerBootFromVolumeStableRescueTest-392603713-project-member] Determining version of request: GET /v2/schemas/image Accept: */* {{(pid=102037) process_request /opt/stack/glance/glance/api/middleware/version_negotiation.py:44}}
Jun 10 14:20:31.450148 np0000002507 devstack@g-api.service[102037]: DEBUG glance.api.middleware.version_negotiation [None req-7a0dfdbb-844e-4dd7-8780-7413a3ccf352 tempest-ServerBootFromVolumeStableRescueTest-392603713 tempest-ServerBootFromVolumeStableRescueTest-392603713-project-member] Using url versioning {{(pid=102037) process_request /opt/stack/glance/glance/api/middleware/version_negotiation.py:57}}
Jun 10 14:20:31.450148 np0000002507 devstack@g-api.service[102037]: DEBUG glance.api.middleware.version_negotiation [None req-7a0dfdbb-844e-4dd7-8780-7413a3ccf352 tempest-ServerBootFromVolumeStableRescueTest-392603713 tempest-ServerBootFromVolumeStableRescueTest-392603713-project-member] Matched version: v2 {{(pid=102037) process_request /opt/stack/glance/glance/api/middleware/version_negotiation.py:69}}
Jun 10 14:20:31.452102 np0000002507 devstack@g-api.service[102037]: DEBUG glance.api.middleware.version_negotiation [None req-7a0dfdbb-844e-4dd7-8780-7413a3ccf352 tempest-ServerBootFromVolumeStableRescueTest-392603713 tempest-ServerBootFromVolumeStableRescueTest-392603713-project-member] new path /v2/schemas/image {{(pid=102037) process_request /opt/stack/glance/glance/api/middleware/version_negotiation.py:70}}
