Jun 10 14:15:46.699138 np0000002507 devstack@g-api.service[102039]: DEBUG glance_store.capabilities [-] Store glance_store._drivers.swift.store.SingleTenantStore doesn't support updating dynamic storage capabilities. Please overwrite 'update_capabilities' method of the store to implement updating logics if needed. {{(pid=102039) update_capabilities /opt/stack/data/venv/lib/python3.12/site-packages/glance_store/capabilities.py:91}}
Jun 10 14:15:46.699202 np0000002507 devstack@g-api.service[102039]: DEBUG glance_store.backend [-] Registering store swift with schemes ('swift+https', 'swift', 'swift+http', 'swift+config') {{(pid=102039) create_stores /opt/stack/data/venv/lib/python3.12/site-packages/glance_store/backend.py:261}}
Jun 10 14:15:46.699245 np0000002507 devstack@g-api.service[102039]: DEBUG glance_store.driver [-] Late loading location class glance_store._drivers.swift.store.StoreLocation {{(pid=102039) get_store_location_class /opt/stack/data/venv/lib/python3.12/site-packages/glance_store/driver.py:134}}
Jun 10 14:15:46.699318 np0000002507 devstack@g-api.service[102039]: DEBUG glance_store.location [-] Registering scheme swift+https with {'store': , 'location_class': , 'store_entry': 'swift'} {{(pid=102039) register_scheme_map /opt/stack/data/venv/lib/python3.12/site-packages/glance_store/location.py:146}}
Jun 10 14:15:46.699367 np0000002507 devstack@g-api.service[102039]: DEBUG glance_store.location [-] Registering scheme swift with {'store': , 'location_class': , 'store_entry': 'swift'} {{(pid=102039) register_scheme_map /opt/stack/data/venv/lib/python3.12/site-packages/glance_store/location.py:146}}
Jun 10 14:15:46.699419 np0000002507 devstack@g-api.service[102039]: DEBUG glance_store.location [-] Registering scheme swift+http with {'store': , 'location_class': , 'store_entry': 'swift'} {{(pid=102039) register_scheme_map /opt/stack/data/venv/lib/python3.12/site-packages/glance_store/location.py:146}}
Jun 10 14:15:46.699472 np0000002507 devstack@g-api.service[102039]: DEBUG glance_store.location [-] Registering scheme swift+config with {'store': , 'location_class': , 'store_entry': 'swift'} {{(pid=102039) register_scheme_map /opt/stack/data/venv/lib/python3.12/site-packages/glance_store/location.py:146}}
Jun 10 14:15:46.699523 np0000002507 devstack@g-api.service[102039]: DEBUG glance_store.backend [-] Attempting to import store file {{(pid=102039) _load_store /opt/stack/data/venv/lib/python3.12/site-packages/glance_store/backend.py:215}}
Jun 10 14:15:46.700040 np0000002507 devstack@g-api.service[102039]: DEBUG glance_store.capabilities [-] Store glance_store._drivers.filesystem.Store doesn't support updating dynamic storage capabilities. Please overwrite 'update_capabilities' method of the store to implement updating logics if needed. {{(pid=102039) update_capabilities /opt/stack/data/venv/lib/python3.12/site-packages/glance_store/capabilities.py:91}}
Jun 10 14:15:46.700096 np0000002507 devstack@g-api.service[102039]: DEBUG glance_store.backend [-] Registering store file with schemes ('file', 'filesystem') {{(pid=102039) create_stores /opt/stack/data/venv/lib/python3.12/site-packages/glance_store/backend.py:261}}
Jun 10 14:15:46.700133 np0000002507 devstack@g-api.service[102039]: DEBUG glance_store.driver [-] Late loading location class glance_store._drivers.filesystem.StoreLocation {{(pid=102039) get_store_location_class /opt/stack/data/venv/lib/python3.12/site-packages/glance_store/driver.py:134}}
Jun 10 14:15:46.700200 np0000002507 devstack@g-api.service[102039]: DEBUG glance_store.location [-] Registering scheme file with {'store': , 'location_class': , 'store_entry': 'file'} {{(pid=102039) register_scheme_map /opt/stack/data/venv/lib/python3.12/site-packages/glance_store/location.py:146}}
Jun 10 14:15:46.700240 np0000002507 devstack@g-api.service[102039]: DEBUG glance_store.location [-] Registering scheme filesystem with {'store': , 'location_class': , 'store_entry': 'file'} {{(pid=102039) register_scheme_map /opt/stack/data/venv/lib/python3.12/site-packages/glance_store/location.py:146}}
Jun 10 14:15:46.700339 np0000002507 devstack@g-api.service[102039]: DEBUG glance_store.backend [-] Attempting to import store swift {{(pid=102039) _load_store /opt/stack/data/venv/lib/python3.12/site-packages/glance_store/backend.py:215}}
Jun 10 14:15:46.701489 np0000002507 devstack@g-api.service[102039]: DEBUG glance_store.capabilities [-] Store glance_store._drivers.swift.store.SingleTenantStore doesn't support updating dynamic storage capabilities. Please overwrite 'update_capabilities' method of the store to implement updating logics if needed. {{(pid=102039) update_capabilities /opt/stack/data/venv/lib/python3.12/site-packages/glance_store/capabilities.py:91}}
Jun 10 14:15:46.701545 np0000002507 devstack@g-api.service[102039]: DEBUG glance_store.driver [-] Late loading location class glance_store._drivers.swift.store.StoreLocation {{(pid=102039) get_store_location_class /opt/stack/data/venv/lib/python3.12/site-packages/glance_store/driver.py:134}}
Jun 10 14:15:46.701635 np0000002507 devstack@g-api.service[102039]: DEBUG glance_store.location [-] Registering scheme swift+https with {'store': , 'location_class': , 'store_entry': 'swift'} {{(pid=102039) register_scheme_map /opt/stack/data/venv/lib/python3.12/site-packages/glance_store/location.py:146}}
Jun 10 14:15:46.701718 np0000002507 devstack@g-api.service[102039]: DEBUG glance_store.location [-] Registering scheme swift+https with {'store': , 'location_class': , 'store_entry': 'swift'} {{(pid=102039) register_scheme_map /opt/stack/data/venv/lib/python3.12/site-packages/glance_store/location.py:146}}
Jun 10 14:15:46.701763 np0000002507 devstack@g-api.service[102039]: DEBUG glance_store.location [-] Registering scheme swift with {'store': , 'location_class': , 'store_entry': 'swift'} {{(pid=102039) register_scheme_map /opt/stack/data/venv/lib/python3.12/site-packages/glance_store/location.py:146}}
Jun 10 14:15:46.701828 np0000002507 devstack@g-api.service[102039]: DEBUG glance_store.location [-] Registering scheme swift+https with {'store': , 'location_class': , 'store_entry': 'swift'} {{(pid=102039) register_scheme_map /opt/stack/data/venv/lib/python3.12/site-packages/glance_store/location.py:146}}
Jun 10 14:15:46.701871 np0000002507 devstack@g-api.service[102039]: DEBUG glance_store.location [-] Registering scheme swift with {'store': , 'location_class': , 'store_entry': 'swift'} {{(pid=102039) register_scheme_map /opt/stack/data/venv/lib/python3.12/site-packages/glance_store/location.py:146}}
Jun 10 14:15:46.701945 np0000002507 devstack@g-api.service[102039]: DEBUG glance_store.location [-] Registering scheme swift+http with {'store': , 'location_class': , 'store_entry': 'swift'} {{(pid=102039) register_scheme_map /opt/stack/data/venv/lib/python3.12/site-packages/glance_store/location.py:146}}
Jun 10 14:15:46.701998 np0000002507 devstack@g-api.service[102039]: DEBUG glance_store.location [-] Registering scheme swift+https with {'store': , 'location_class': , 'store_entry': 'swift'} {{(pid=102039) register_scheme_map /opt/stack/data/venv/lib/python3.12/site-packages/glance_store/location.py:146}}
Jun 10 14:15:46.702045 np0000002507 devstack@g-api.service[102039]: DEBUG glance_store.location [-] Registering scheme swift with {'store': , 'location_class': , 'store_entry': 'swift'} {{(pid=102039) register_scheme_map /opt/stack/data/venv/lib/python3.12/site-packages/glance_store/location.py:146}}
Jun 10 14:15:46.702095 np0000002507 devstack@g-api.service[102039]: DEBUG glance_store.location [-] Registering scheme swift+http with {'store': , 'location_class': , 'store_entry': 'swift'} {{(pid=102039) register_scheme_map /opt/stack/data/venv/lib/python3.12/site-packages/glance_store/location.py:146}}
Jun 10 14:15:46.702144 np0000002507 devstack@g-api.service[102039]: DEBUG glance_store.location [-] Registering scheme swift+config with {'store': , 'location_class': , 'store_entry': 'swift'} {{(pid=102039) register_scheme_map /opt/stack/data/venv/lib/python3.12/site-packages/glance_store/location.py:146}}
Jun 10 14:15:46.702402 np0000002507 devstack@g-api.service[102039]: DEBUG glance.sqlite_migration [-] SQLite caching database not located, skipping migration {{(pid=102039) get_db_path /opt/stack/glance/glance/sqlite_migration.py:68}}
Jun 10 14:15:46.702581 np0000002507 devstack@g-api.service[102039]: WARNING glance.common.wsgi_app [-] Import methods are enabled but staging directory /tmp/staging/ does not exist; Imports will fail!
Jun 10 14:15:46.936237 np0000002507 devstack@g-api.service[102038]: DEBUG glance.common.config [None req-f0f421eb-59a1-4f95-ada2-e0988d11715a None None] Loading glance-api-keystone+cachemanagement from /etc/glance/glance-api-paste.ini {{(pid=102038) load_paste_app /opt/stack/glance/glance/common/config.py:758}}
Jun 10 14:15:46.948867 np0000002507 devstack@g-api.service[102037]: DEBUG glance.common.config [None req-ee4c9b60-a441-4927-a747-c8c0cd7cbd58 None None] Loading glance-api-keystone+cachemanagement from /etc/glance/glance-api-paste.ini {{(pid=102037) load_paste_app /opt/stack/glance/glance/common/config.py:758}}
Jun 10 14:15:46.969837 np0000002507 devstack@g-api.service[102039]: DEBUG glance.common.config [None req-743a20cd-529d-42e8-84a8-e4a6b8ac052f None None] Loading glance-api-keystone+cachemanagement from /etc/glance/glance-api-paste.ini {{(pid=102039) load_paste_app /opt/stack/glance/glance/common/config.py:758}}
Jun 10 14:15:47.507131 np0000002507 devstack@g-api.service[102038]: INFO glance.image_cache [None req-f0f421eb-59a1-4f95-ada2-e0988d11715a None None] Image cache loaded driver 'centralized_db'.
Jun 10 14:15:47.514387 np0000002507 devstack@g-api.service[102039]: INFO glance.image_cache [None req-743a20cd-529d-42e8-84a8-e4a6b8ac052f None None] Image cache loaded driver 'centralized_db'.
Jun 10 14:15:47.515962 np0000002507 devstack@g-api.service[102037]: INFO glance.image_cache [None req-ee4c9b60-a441-4927-a747-c8c0cd7cbd58 None None] Image cache loaded driver 'centralized_db'.
Jun 10 14:15:47.551230 np0000002507 devstack@g-api.service[102038]: INFO dbcounter [None req-f0f421eb-59a1-4f95-ada2-e0988d11715a None None] Registered counter for database glance
Jun 10 14:15:47.558851 np0000002507 devstack@g-api.service[102037]: INFO dbcounter [None req-ee4c9b60-a441-4927-a747-c8c0cd7cbd58 None None] Registered counter for database glance
Jun 10 14:15:47.561917 np0000002507 devstack@g-api.service[102039]: INFO dbcounter [None req-743a20cd-529d-42e8-84a8-e4a6b8ac052f None None] Registered counter for database glance
Jun 10 14:15:47.593373 np0000002507 devstack@g-api.service[102038]: DEBUG oslo_db.sqlalchemy.engines [None req-f0f421eb-59a1-4f95-ada2-e0988d11715a None None] MySQL server mode set to STRICT_TRANS_TABLES,STRICT_ALL_TABLES,NO_ZERO_IN_DATE,NO_ZERO_DATE,ERROR_FOR_DIVISION_BY_ZERO,TRADITIONAL,NO_ENGINE_SUBSTITUTION {{(pid=102038) _check_effective_sql_mode /opt/stack/data/venv/lib/python3.12/site-packages/oslo_db/sqlalchemy/engines.py:325}}
Jun 10 14:15:47.600677 np0000002507 devstack@g-api.service[102037]: DEBUG oslo_db.sqlalchemy.engines [None req-ee4c9b60-a441-4927-a747-c8c0cd7cbd58 None None] MySQL server mode set to STRICT_TRANS_TABLES,STRICT_ALL_TABLES,NO_ZERO_IN_DATE,NO_ZERO_DATE,ERROR_FOR_DIVISION_BY_ZERO,TRADITIONAL,NO_ENGINE_SUBSTITUTION {{(pid=102037) _check_effective_sql_mode /opt/stack/data/venv/lib/python3.12/site-packages/oslo_db/sqlalchemy/engines.py:325}}
Jun 10 14:15:47.605679 np0000002507 devstack@g-api.service[102039]: DEBUG oslo_db.sqlalchemy.engines [None req-743a20cd-529d-42e8-84a8-e4a6b8ac052f None None] MySQL server mode set to STRICT_TRANS_TABLES,STRICT_ALL_TABLES,NO_ZERO_IN_DATE,NO_ZERO_DATE,ERROR_FOR_DIVISION_BY_ZERO,TRADITIONAL,NO_ENGINE_SUBSTITUTION {{(pid=102039) _check_effective_sql_mode /opt/stack/data/venv/lib/python3.12/site-packages/oslo_db/sqlalchemy/engines.py:325}}
Jun 10 14:15:47.614359 np0000002507 devstack@g-api.service[102038]: DEBUG dbcounter [-] [102038] Writer thread running {{(pid=102038) stat_writer /opt/stack/data/venv/lib/python3.12/site-packages/dbcounter.py:102}}
Jun 10 14:15:47.620727 np0000002507 devstack@g-api.service[102037]: DEBUG dbcounter [-] [102037] Writer thread running {{(pid=102037) stat_writer /opt/stack/data/venv/lib/python3.12/site-packages/dbcounter.py:102}}
Jun 10 14:15:47.623167 np0000002507 devstack@g-api.service[102037]: DEBUG glance.image_cache.drivers.centralized_db [None req-ee4c9b60-a441-4927-a747-c8c0cd7cbd58 None None] Node reference is already recorded, ignoring it {{(pid=102037) configure /opt/stack/glance/glance/image_cache/drivers/centralized_db.py:71}}
Jun 10 14:15:47.624512 np0000002507 devstack@g-api.service[102038]: INFO glance.image_cache [None req-f0f421eb-59a1-4f95-ada2-e0988d11715a None None] Image cache loaded driver 'centralized_db'.
Jun 10 14:15:47.628790 np0000002507 devstack@g-api.service[102037]: INFO glance.image_cache [None req-ee4c9b60-a441-4927-a747-c8c0cd7cbd58 None None] Image cache loaded driver 'centralized_db'.
Jun 10 14:15:47.629380 np0000002507 devstack@g-api.service[102039]: DEBUG dbcounter [-] [102039] Writer thread running {{(pid=102039) stat_writer /opt/stack/data/venv/lib/python3.12/site-packages/dbcounter.py:102}}
Jun 10 14:15:47.630842 np0000002507 devstack@g-api.service[102038]: DEBUG glance.image_cache.drivers.centralized_db [None req-f0f421eb-59a1-4f95-ada2-e0988d11715a None None] Node reference is already recorded, ignoring it {{(pid=102038) configure /opt/stack/glance/glance/image_cache/drivers/centralized_db.py:71}}
Jun 10 14:15:47.631509 np0000002507 devstack@g-api.service[102039]: DEBUG glance.image_cache.drivers.centralized_db [None req-743a20cd-529d-42e8-84a8-e4a6b8ac052f None None] Node reference is already recorded, ignoring it {{(pid=102039) configure /opt/stack/glance/glance/image_cache/drivers/centralized_db.py:71}}
Jun 10 14:15:47.634806 np0000002507 devstack@g-api.service[102037]: DEBUG glance.image_cache.drivers.centralized_db [None req-ee4c9b60-a441-4927-a747-c8c0cd7cbd58 None None] Node reference is already recorded, ignoring it {{(pid=102037) configure /opt/stack/glance/glance/image_cache/drivers/centralized_db.py:71}}
Jun 10 14:15:47.635261 np0000002507 devstack@g-api.service[102038]: DEBUG glance.api.v2.cached_images [None req-f0f421eb-59a1-4f95-ada2-e0988d11715a None None] Started cache worker thread {{(pid=102038) __init__ /opt/stack/glance/glance/api/v2/cached_images.py:69}}
Jun 10 14:15:47.635903 np0000002507 devstack@g-api.service[102038]: INFO glance.image_cache [None req-f0f421eb-59a1-4f95-ada2-e0988d11715a None None] Image cache loaded driver 'centralized_db'.
Jun 10 14:15:47.636669 np0000002507 devstack@g-api.service[102039]: INFO glance.image_cache [None req-743a20cd-529d-42e8-84a8-e4a6b8ac052f None None] Image cache loaded driver 'centralized_db'.
Jun 10 14:15:47.639038 np0000002507 devstack@g-api.service[102037]: DEBUG glance.api.v2.cached_images [None req-ee4c9b60-a441-4927-a747-c8c0cd7cbd58 None None] Started cache worker thread {{(pid=102037) __init__ /opt/stack/glance/glance/api/v2/cached_images.py:69}}
Jun 10 14:15:47.639614 np0000002507 devstack@g-api.service[102037]: INFO glance.image_cache [None req-ee4c9b60-a441-4927-a747-c8c0cd7cbd58 None None] Image cache loaded driver 'centralized_db'.
Jun 10 14:15:47.642032 np0000002507 devstack@g-api.service[102038]: DEBUG glance.image_cache.drivers.centralized_db [None req-f0f421eb-59a1-4f95-ada2-e0988d11715a None None] Node reference is already recorded, ignoring it {{(pid=102038) configure /opt/stack/glance/glance/image_cache/drivers/centralized_db.py:71}}
Jun 10 14:15:47.642619 np0000002507 devstack@g-api.service[102039]: DEBUG glance.image_cache.drivers.centralized_db [None req-743a20cd-529d-42e8-84a8-e4a6b8ac052f None None] Node reference is already recorded, ignoring it {{(pid=102039) configure /opt/stack/glance/glance/image_cache/drivers/centralized_db.py:71}}
Jun 10 14:15:47.645797 np0000002507 devstack@g-api.service[102037]: DEBUG glance.image_cache.drivers.centralized_db [None req-ee4c9b60-a441-4927-a747-c8c0cd7cbd58 None None] Node reference is already recorded, ignoring it {{(pid=102037) configure /opt/stack/glance/glance/image_cache/drivers/centralized_db.py:71}}
Jun 10 14:15:47.646778 np0000002507 devstack@g-api.service[102039]: DEBUG glance.api.v2.cached_images [None req-743a20cd-529d-42e8-84a8-e4a6b8ac052f None None] Started cache worker thread {{(pid=102039) __init__ /opt/stack/glance/glance/api/v2/cached_images.py:69}}
Jun 10 14:15:47.647803 np0000002507 devstack@g-api.service[102038]: INFO glance.api.middleware.cache_manage [None req-f0f421eb-59a1-4f95-ada2-e0988d11715a None None] Initialized image cache management middleware
Jun 10 14:15:47.647895 np0000002507 devstack@g-api.service[102039]: INFO glance.image_cache [None req-743a20cd-529d-42e8-84a8-e4a6b8ac052f None None] Image cache loaded driver 'centralized_db'.
Jun 10 14:15:47.647942 np0000002507 devstack@g-api.service[102038]: INFO glance.image_cache [None req-f0f421eb-59a1-4f95-ada2-e0988d11715a None None] Image cache loaded driver 'centralized_db'.
Jun 10 14:15:47.649895 np0000002507 devstack@g-api.service[102037]: INFO glance.api.middleware.cache_manage [None req-ee4c9b60-a441-4927-a747-c8c0cd7cbd58 None None] Initialized image cache management middleware
Jun 10 14:15:47.650038 np0000002507 devstack@g-api.service[102037]: INFO glance.image_cache [None req-ee4c9b60-a441-4927-a747-c8c0cd7cbd58 None None] Image cache loaded driver 'centralized_db'.
Jun 10 14:15:47.653728 np0000002507 devstack@g-api.service[102039]: DEBUG glance.image_cache.drivers.centralized_db [None req-743a20cd-529d-42e8-84a8-e4a6b8ac052f None None] Node reference is already recorded, ignoring it {{(pid=102039) configure /opt/stack/glance/glance/image_cache/drivers/centralized_db.py:71}}
Jun 10 14:15:47.656192 np0000002507 devstack@g-api.service[102038]: DEBUG glance.image_cache.drivers.centralized_db [None req-f0f421eb-59a1-4f95-ada2-e0988d11715a None None] Node reference is already recorded, ignoring it {{(pid=102038) configure /opt/stack/glance/glance/image_cache/drivers/centralized_db.py:71}}
Jun 10 14:15:47.656292 np0000002507 devstack@g-api.service[102037]: DEBUG glance.image_cache.drivers.centralized_db [None req-ee4c9b60-a441-4927-a747-c8c0cd7cbd58 None None] Node reference is already recorded, ignoring it {{(pid=102037) configure /opt/stack/glance/glance/image_cache/drivers/centralized_db.py:71}}
Jun 10 14:15:47.658306 np0000002507 devstack@g-api.service[102039]: INFO glance.api.middleware.cache_manage [None req-743a20cd-529d-42e8-84a8-e4a6b8ac052f None None] Initialized image cache management middleware
Jun 10 14:15:47.658456 np0000002507 devstack@g-api.service[102039]: INFO glance.image_cache [None req-743a20cd-529d-42e8-84a8-e4a6b8ac052f None None] Image cache loaded driver 'centralized_db'.
Jun 10 14:15:47.658851 np0000002507 devstack@g-api.service[102038]: INFO glance.api.middleware.cache [None req-f0f421eb-59a1-4f95-ada2-e0988d11715a None None] Initialized image cache middleware
Jun 10 14:15:47.659164 np0000002507 devstack@g-api.service[102037]: INFO glance.api.middleware.cache [None req-ee4c9b60-a441-4927-a747-c8c0cd7cbd58 None None] Initialized image cache middleware
Jun 10 14:15:47.664779 np0000002507 devstack@g-api.service[102039]: DEBUG glance.image_cache.drivers.centralized_db [None req-743a20cd-529d-42e8-84a8-e4a6b8ac052f None None] Node reference is already recorded, ignoring it {{(pid=102039) configure /opt/stack/glance/glance/image_cache/drivers/centralized_db.py:71}}
Jun 10 14:15:47.668328 np0000002507 devstack@g-api.service[102039]: INFO glance.api.middleware.cache [None req-743a20cd-529d-42e8-84a8-e4a6b8ac052f None None] Initialized image cache middleware
Jun 10 14:15:47.670245 np0000002507 devstack@g-api.service[102037]: DEBUG glance.common.config [None req-ee4c9b60-a441-4927-a747-c8c0cd7cbd58 None None] ******************************************************************************** {{(pid=102037) log_opt_values /opt/stack/data/venv/lib/python3.12/site-packages/oslo_config/cfg.py:3229}}
Jun 10 14:15:47.670388 np0000002507 devstack@g-api.service[102037]: DEBUG glance.common.config [None req-ee4c9b60-a441-4927-a747-c8c0cd7cbd58 None None] Configuration options gathered from: {{(pid=102037) log_opt_values /opt/stack/data/venv/lib/python3.12/site-packages/oslo_config/cfg.py:3230}}
Jun 10 14:15:47.670556 np0000002507 devstack@g-api.service[102037]: DEBUG glance.common.config [None req-ee4c9b60-a441-4927-a747-c8c0cd7cbd58 None None] command line args: [] {{(pid=102037) log_opt_values /opt/stack/data/venv/lib/python3.12/site-packages/oslo_config/cfg.py:3231}}
Jun 10 14:15:47.670690 np0000002507 devstack@g-api.service[102037]: DEBUG glance.common.config [None req-ee4c9b60-a441-4927-a747-c8c0cd7cbd58 None None] config files: ['/etc/glance/glance-image-import.conf', '/etc/glance/glance-api.conf'] {{(pid=102037) log_opt_values /opt/stack/data/venv/lib/python3.12/site-packages/oslo_config/cfg.py:3232}}
Jun 10 14:15:47.670758 np0000002507 devstack@g-api.service[102037]: DEBUG glance.common.config [None req-ee4c9b60-a441-4927-a747-c8c0cd7cbd58 None None] ================================================================================ {{(pid=102037) log_opt_values /opt/stack/data/venv/lib/python3.12/site-packages/oslo_config/cfg.py:3237}}
Jun 10 14:15:47.670922 np0000002507 devstack@g-api.service[102037]: DEBUG glance.common.config [None req-ee4c9b60-a441-4927-a747-c8c0cd7cbd58 None None] allow_anonymous_access = False {{(pid=102037) log_opt_values /opt/stack/data/venv/lib/python3.12/site-packages/oslo_config/cfg.py:3245}}
Jun 10 14:15:47.671054 np0000002507 devstack@g-api.service[102037]: DEBUG glance.common.config [None req-ee4c9b60-a441-4927-a747-c8c0cd7cbd58 None None] api_limit_max = 1000 {{(pid=102037) log_opt_values /opt/stack/data/venv/lib/python3.12/site-packages/oslo_config/cfg.py:3245}}
Jun 10 14:15:47.671165 np0000002507 devstack@g-api.service[102037]: DEBUG glance.common.config [None req-ee4c9b60-a441-4927-a747-c8c0cd7cbd58 None None] backlog = 4096 {{(pid=102037) log_opt_values /opt/stack/data/venv/lib/python3.12/site-packages/oslo_config/cfg.py:3245}}
Jun 10 14:15:47.671338 np0000002507 devstack@g-api.service[102037]: DEBUG glance.common.config [None req-ee4c9b60-a441-4927-a747-c8c0cd7cbd58 None None] bind_host = 0.0.0.0 {{(pid=102037) log_opt_values /opt/stack/data/venv/lib/python3.12/site-packages/oslo_config/cfg.py:3245}}
Jun 10 14:15:47.671489 np0000002507 devstack@g-api.service[102037]: DEBUG glance.common.config [None req-ee4c9b60-a441-4927-a747-c8c0cd7cbd58 None None] bind_port = 19292 {{(pid=102037) log_opt_values /opt/stack/data/venv/lib/python3.12/site-packages/oslo_config/cfg.py:3245}}
Jun 10 14:15:47.671592 np0000002507 devstack@g-api.service[102037]: DEBUG glance.common.config [None req-ee4c9b60-a441-4927-a747-c8c0cd7cbd58 None None] client_socket_timeout = 900 {{(pid=102037) log_opt_values /opt/stack/data/venv/lib/python3.12/site-packages/oslo_config/cfg.py:3245}}
Jun 10 14:15:47.671711 np0000002507 devstack@g-api.service[102037]: DEBUG glance.common.config [None req-ee4c9b60-a441-4927-a747-c8c0cd7cbd58 None None] config_dir = [] {{(pid=102037) log_opt_values /opt/stack/data/venv/lib/python3.12/site-packages/oslo_config/cfg.py:3245}}
Jun 10 14:15:47.671784 np0000002507 devstack@g-api.service[102037]: DEBUG glance.common.config [None req-ee4c9b60-a441-4927-a747-c8c0cd7cbd58 None None] config_file = ['/etc/glance/glance-image-import.conf', '/etc/glance/glance-api.conf'] {{(pid=102037) log_opt_values /opt/stack/data/venv/lib/python3.12/site-packages/oslo_config/cfg.py:3245}}
Jun 10 14:15:47.671881 np0000002507 devstack@g-api.service[102037]: DEBUG glance.common.config [None req-ee4c9b60-a441-4927-a747-c8c0cd7cbd58 None None] config_source = [] {{(pid=102037) log_opt_values /opt/stack/data/venv/lib/python3.12/site-packages/oslo_config/cfg.py:3245}}
Jun 10 14:15:47.671977 np0000002507 devstack@g-api.service[102037]: DEBUG glance.common.config [None req-ee4c9b60-a441-4927-a747-c8c0cd7cbd58 None None] control_exchange = glance {{(pid=102037) log_opt_values /opt/stack/data/venv/lib/python3.12/site-packages/oslo_config/cfg.py:3245}}
Jun 10 14:15:47.672042 np0000002507 devstack@g-api.service[102037]: DEBUG glance.common.config [None req-ee4c9b60-a441-4927-a747-c8c0cd7cbd58 None None] debug = True {{(pid=102037) log_opt_values /opt/stack/data/venv/lib/python3.12/site-packages/oslo_config/cfg.py:3245}}
Jun 10 14:15:47.672190 np0000002507 devstack@g-api.service[102037]: DEBUG glance.common.config [None req-ee4c9b60-a441-4927-a747-c8c0cd7cbd58 None None] default_log_levels = ['amqp=WARN', 'boto=WARN', 'sqlalchemy=WARN', 'suds=INFO', 'oslo.messaging=INFO', 'oslo_messaging=INFO', 'iso8601=WARN', 'requests.packages.urllib3.connectionpool=WARN', 'urllib3.connectionpool=WARN', 'websocket=WARN', 'requests.packages.urllib3.util.retry=WARN', 'urllib3.util.retry=WARN', 'keystonemiddleware=WARN', 'routes.middleware=WARN', 'stevedore=WARN', 'taskflow=WARN', 'keystoneauth=WARN', 'oslo.cache=INFO', 'oslo_policy=INFO', 'dogpile.core.dogpile=INFO'] {{(pid=102037) log_opt_values /opt/stack/data/venv/lib/python3.12/site-packages/oslo_config/cfg.py:3245}}
Jun 10 14:15:47.672286 np0000002507 devstack@g-api.service[102037]: DEBUG glance.common.config [None req-ee4c9b60-a441-4927-a747-c8c0cd7cbd58 None None] default_publisher_id = image.localhost {{(pid=102037) log_opt_values /opt/stack/data/venv/lib/python3.12/site-packages/oslo_config/cfg.py:3245}}
Jun 10 14:15:47.672371 np0000002507 devstack@g-api.service[102037]: DEBUG glance.common.config [None req-ee4c9b60-a441-4927-a747-c8c0cd7cbd58 None None] delayed_delete = False {{(pid=102037) log_opt_values /opt/stack/data/venv/lib/python3.12/site-packages/oslo_config/cfg.py:3245}}
Jun 10 14:15:47.672458 np0000002507 devstack@g-api.service[102037]: DEBUG glance.common.config [None req-ee4c9b60-a441-4927-a747-c8c0cd7cbd58 None None] digest_algorithm = sha256 {{(pid=102037) log_opt_values /opt/stack/data/venv/lib/python3.12/site-packages/oslo_config/cfg.py:3245}}
Jun 10 14:15:47.672577 np0000002507 devstack@g-api.service[102037]: DEBUG glance.common.config [None req-ee4c9b60-a441-4927-a747-c8c0cd7cbd58 None None] disabled_notifications = [] {{(pid=102037) log_opt_values /opt/stack/data/venv/lib/python3.12/site-packages/oslo_config/cfg.py:3245}}
Jun 10 14:15:47.672678 np0000002507 devstack@g-api.service[102037]: DEBUG glance.common.config [None req-ee4c9b60-a441-4927-a747-c8c0cd7cbd58 None None] do_secure_hash = True {{(pid=102037) log_opt_values /opt/stack/data/venv/lib/python3.12/site-packages/oslo_config/cfg.py:3245}}
Jun 10 14:15:47.672767 np0000002507 devstack@g-api.service[102037]: DEBUG glance.common.config [None req-ee4c9b60-a441-4927-a747-c8c0cd7cbd58 None None] enabled_backends = None {{(pid=102037) log_opt_values /opt/stack/data/venv/lib/python3.12/site-packages/oslo_config/cfg.py:3245}}
Jun 10 14:15:47.672879 np0000002507 devstack@g-api.service[102037]: DEBUG glance.common.config [None req-ee4c9b60-a441-4927-a747-c8c0cd7cbd58 None None] enabled_import_methods = ['glance-direct', 'web-download', 'copy-image'] {{(pid=102037) log_opt_values /opt/stack/data/venv/lib/python3.12/site-packages/oslo_config/cfg.py:3245}}
Jun 10 14:15:47.672967 np0000002507 devstack@g-api.service[102037]: DEBUG glance.common.config [None req-ee4c9b60-a441-4927-a747-c8c0cd7cbd58 None None] fatal_deprecations = False {{(pid=102037) log_opt_values /opt/stack/data/venv/lib/python3.12/site-packages/oslo_config/cfg.py:3245}}
Jun 10 14:15:47.673057 np0000002507 devstack@g-api.service[102037]: DEBUG glance.common.config [None req-ee4c9b60-a441-4927-a747-c8c0cd7cbd58 None None] hashing_algorithm = sha512 {{(pid=102037) log_opt_values /opt/stack/data/venv/lib/python3.12/site-packages/oslo_config/cfg.py:3245}}
Jun 10 14:15:47.673141 np0000002507 devstack@g-api.service[102037]: DEBUG glance.common.config [None req-ee4c9b60-a441-4927-a747-c8c0cd7cbd58 None None] http_keepalive = True {{(pid=102037) log_opt_values /opt/stack/data/venv/lib/python3.12/site-packages/oslo_config/cfg.py:3245}}
Jun 10 14:15:47.673224 np0000002507 devstack@g-api.service[102037]: DEBUG glance.common.config [None req-ee4c9b60-a441-4927-a747-c8c0cd7cbd58 None None] http_retries = 3 {{(pid=102037) log_opt_values /opt/stack/data/venv/lib/python3.12/site-packages/oslo_config/cfg.py:3245}}
Jun 10 14:15:47.673319 np0000002507 devstack@g-api.service[102037]: DEBUG glance.common.config [None req-ee4c9b60-a441-4927-a747-c8c0cd7cbd58 None None] image_cache_dir = /opt/stack/data/glance/cache/ {{(pid=102037) log_opt_values /opt/stack/data/venv/lib/python3.12/site-packages/oslo_config/cfg.py:3245}}
Jun 10 14:15:47.673426 np0000002507 devstack@g-api.service[102037]: DEBUG glance.common.config [None req-ee4c9b60-a441-4927-a747-c8c0cd7cbd58 None None] image_cache_driver = centralized_db {{(pid=102037) log_opt_values /opt/stack/data/venv/lib/python3.12/site-packages/oslo_config/cfg.py:3245}}
Jun 10 14:15:47.673514 np0000002507 devstack@g-api.service[102037]: DEBUG glance.common.config [None req-ee4c9b60-a441-4927-a747-c8c0cd7cbd58 None None] image_cache_max_size = 10737418240 {{(pid=102037) log_opt_values /opt/stack/data/venv/lib/python3.12/site-packages/oslo_config/cfg.py:3245}}
Jun 10 14:15:47.673623 np0000002507 devstack@g-api.service[102037]: DEBUG glance.common.config [None req-ee4c9b60-a441-4927-a747-c8c0cd7cbd58 None None] image_cache_sqlite_db = cache.db {{(pid=102037) log_opt_values /opt/stack/data/venv/lib/python3.12/site-packages/oslo_config/cfg.py:3245}}
Jun 10 14:15:47.673745 np0000002507 devstack@g-api.service[102037]: DEBUG glance.common.config [None req-ee4c9b60-a441-4927-a747-c8c0cd7cbd58 None None] image_cache_stall_time = 86400 {{(pid=102037) log_opt_values /opt/stack/data/venv/lib/python3.12/site-packages/oslo_config/cfg.py:3245}}
Jun 10 14:15:47.673848 np0000002507 devstack@g-api.service[102037]: DEBUG glance.common.config [None req-ee4c9b60-a441-4927-a747-c8c0cd7cbd58 None None] image_location_quota = 10 {{(pid=102037) log_opt_values /opt/stack/data/venv/lib/python3.12/site-packages/oslo_config/cfg.py:3245}}
Jun 10 14:15:47.673938 np0000002507 devstack@g-api.service[102037]: DEBUG glance.common.config [None req-ee4c9b60-a441-4927-a747-c8c0cd7cbd58 None None] image_member_quota = 128 {{(pid=102037) log_opt_values /opt/stack/data/venv/lib/python3.12/site-packages/oslo_config/cfg.py:3245}}
Jun 10 14:15:47.674024 np0000002507 devstack@g-api.service[102037]: DEBUG glance.common.config [None req-ee4c9b60-a441-4927-a747-c8c0cd7cbd58 None None] image_property_quota = 128 {{(pid=102037) log_opt_values /opt/stack/data/venv/lib/python3.12/site-packages/oslo_config/cfg.py:3245}}
Jun 10 14:15:47.674109 np0000002507 devstack@g-api.service[102037]: DEBUG glance.common.config [None req-ee4c9b60-a441-4927-a747-c8c0cd7cbd58 None None] image_size_cap = 1099511627776 {{(pid=102037) log_opt_values /opt/stack/data/venv/lib/python3.12/site-packages/oslo_config/cfg.py:3245}}
Jun 10 14:15:47.674197 np0000002507 devstack@g-api.service[102037]: DEBUG glance.common.config [None req-ee4c9b60-a441-4927-a747-c8c0cd7cbd58 None None] image_tag_quota = 128 {{(pid=102037) log_opt_values /opt/stack/data/venv/lib/python3.12/site-packages/oslo_config/cfg.py:3245}}
Jun 10 14:15:47.674285 np0000002507 devstack@g-api.service[102037]: DEBUG glance.common.config [None req-ee4c9b60-a441-4927-a747-c8c0cd7cbd58 None None] instance_format = [instance: %(uuid)s] {{(pid=102037) log_opt_values /opt/stack/data/venv/lib/python3.12/site-packages/oslo_config/cfg.py:3245}}
Jun 10 14:15:47.674405 np0000002507 devstack@g-api.service[102037]: DEBUG glance.common.config [None req-ee4c9b60-a441-4927-a747-c8c0cd7cbd58 None None] instance_uuid_format = [instance: %(uuid)s] {{(pid=102037) log_opt_values /opt/stack/data/venv/lib/python3.12/site-packages/oslo_config/cfg.py:3245}}
Jun 10 14:15:47.674478 np0000002507 devstack@g-api.service[102037]: DEBUG glance.common.config [None req-ee4c9b60-a441-4927-a747-c8c0cd7cbd58 None None] limit_param_default = 25 {{(pid=102037) log_opt_values /opt/stack/data/venv/lib/python3.12/site-packages/oslo_config/cfg.py:3245}}
Jun 10 14:15:47.674570 np0000002507 devstack@g-api.service[102037]: DEBUG glance.common.config [None req-ee4c9b60-a441-4927-a747-c8c0cd7cbd58 None None] log_color = False {{(pid=102037) log_opt_values /opt/stack/data/venv/lib/python3.12/site-packages/oslo_config/cfg.py:3245}}
Jun 10 14:15:47.674681 np0000002507 devstack@g-api.service[102037]: DEBUG glance.common.config [None req-ee4c9b60-a441-4927-a747-c8c0cd7cbd58 None None] log_config_append = None {{(pid=102037) log_opt_values /opt/stack/data/venv/lib/python3.12/site-packages/oslo_config/cfg.py:3245}}
Jun 10 14:15:47.674791 np0000002507 devstack@g-api.service[102037]: DEBUG glance.common.config [None req-ee4c9b60-a441-4927-a747-c8c0cd7cbd58 None None] log_date_format = %Y-%m-%d %H:%M:%S {{(pid=102037) log_opt_values /opt/stack/data/venv/lib/python3.12/site-packages/oslo_config/cfg.py:3245}}
Jun 10 14:15:47.674892 np0000002507 devstack@g-api.service[102037]: DEBUG glance.common.config [None req-ee4c9b60-a441-4927-a747-c8c0cd7cbd58 None None] log_dir = None {{(pid=102037) log_opt_values /opt/stack/data/venv/lib/python3.12/site-packages/oslo_config/cfg.py:3245}}
Jun 10 14:15:47.674978 np0000002507 devstack@g-api.service[102037]: DEBUG glance.common.config [None req-ee4c9b60-a441-4927-a747-c8c0cd7cbd58 None None] log_file = None {{(pid=102037) log_opt_values /opt/stack/data/venv/lib/python3.12/site-packages/oslo_config/cfg.py:3245}}
Jun 10 14:15:47.675064 np0000002507 devstack@g-api.service[102037]: DEBUG glance.common.config [None req-ee4c9b60-a441-4927-a747-c8c0cd7cbd58 None None] log_rotate_interval = 1 {{(pid=102037) log_opt_values /opt/stack/data/venv/lib/python3.12/site-packages/oslo_config/cfg.py:3245}}
Jun 10 14:15:47.675154 np0000002507 devstack@g-api.service[102037]: DEBUG glance.common.config [None req-ee4c9b60-a441-4927-a747-c8c0cd7cbd58 None None] log_rotate_interval_type = days {{(pid=102037) log_opt_values /opt/stack/data/venv/lib/python3.12/site-packages/oslo_config/cfg.py:3245}}
Jun 10 14:15:47.675264 np0000002507 devstack@g-api.service[102037]: DEBUG glance.common.config [None req-ee4c9b60-a441-4927-a747-c8c0cd7cbd58 None None] log_rotation_type = none {{(pid=102037) log_opt_values /opt/stack/data/venv/lib/python3.12/site-packages/oslo_config/cfg.py:3245}}
Jun 10 14:15:47.675356 np0000002507 devstack@g-api.service[102037]: DEBUG glance.common.config [None req-ee4c9b60-a441-4927-a747-c8c0cd7cbd58 None None] logging_context_format_string = %(color)s%(levelname)s %(name)s [%(global_request_id)s %(request_id)s %(project_name)s %(user_name)s%(color)s] %(instance)s%(color)s%(message)s {{(pid=102037) log_opt_values /opt/stack/data/venv/lib/python3.12/site-packages/oslo_config/cfg.py:3245}}
Jun 10 14:15:47.675445 np0000002507 devstack@g-api.service[102037]: DEBUG glance.common.config [None req-ee4c9b60-a441-4927-a747-c8c0cd7cbd58 None None] logging_debug_format_suffix = {{(pid=%(process)d) %(funcName)s %(pathname)s:%(lineno)d}} {{(pid=102037) log_opt_values /opt/stack/data/venv/lib/python3.12/site-packages/oslo_config/cfg.py:3245}}
Jun 10 14:15:47.675556 np0000002507 devstack@g-api.service[102037]: DEBUG glance.common.config [None req-ee4c9b60-a441-4927-a747-c8c0cd7cbd58 None None] logging_default_format_string = %(color)s%(levelname)s %(name)s [-%(color)s] %(instance)s%(color)s%(message)s {{(pid=102037) log_opt_values /opt/stack/data/venv/lib/python3.12/site-packages/oslo_config/cfg.py:3245}}
Jun 10 14:15:47.675657 np0000002507 devstack@g-api.service[102037]: DEBUG glance.common.config [None req-ee4c9b60-a441-4927-a747-c8c0cd7cbd58 None None] logging_exception_prefix = ERROR %(name)s %(instance)s {{(pid=102037) log_opt_values /opt/stack/data/venv/lib/python3.12/site-packages/oslo_config/cfg.py:3245}}
Jun 10 14:15:47.675733 np0000002507 devstack@g-api.service[102037]: DEBUG glance.common.config [None req-ee4c9b60-a441-4927-a747-c8c0cd7cbd58 None None] logging_user_identity_format = %(user)s %(project)s %(domain)s %(system_scope)s %(user_domain)s %(project_domain)s {{(pid=102037) log_opt_values /opt/stack/data/venv/lib/python3.12/site-packages/oslo_config/cfg.py:3245}}
Jun 10 14:15:47.675846 np0000002507 devstack@g-api.service[102037]: DEBUG glance.common.config [None req-ee4c9b60-a441-4927-a747-c8c0cd7cbd58 None None] max_header_line = 16384 {{(pid=102037) log_opt_values /opt/stack/data/venv/lib/python3.12/site-packages/oslo_config/cfg.py:3245}}
Jun 10 14:15:47.675974 np0000002507 devstack@g-api.service[102037]: DEBUG glance.common.config [None req-ee4c9b60-a441-4927-a747-c8c0cd7cbd58 None None] max_logfile_count = 30 {{(pid=102037) log_opt_values /opt/stack/data/venv/lib/python3.12/site-packages/oslo_config/cfg.py:3245}}
Jun 10 14:15:47.676068 np0000002507 devstack@g-api.service[102037]: DEBUG glance.common.config [None req-ee4c9b60-a441-4927-a747-c8c0cd7cbd58 None None] max_logfile_size_mb = 200 {{(pid=102037) log_opt_values /opt/stack/data/venv/lib/python3.12/site-packages/oslo_config/cfg.py:3245}}
Jun 10 14:15:47.676152 np0000002507 devstack@g-api.service[102037]: DEBUG glance.common.config [None req-ee4c9b60-a441-4927-a747-c8c0cd7cbd58 None None] max_request_id_length = 64 {{(pid=102037) log_opt_values /opt/stack/data/venv/lib/python3.12/site-packages/oslo_config/cfg.py:3245}}
Jun 10 14:15:47.676251 np0000002507 devstack@g-api.service[102037]: DEBUG glance.common.config [None req-ee4c9b60-a441-4927-a747-c8c0cd7cbd58 None None] metadata_encryption_key = **** {{(pid=102037) log_opt_values /opt/stack/data/venv/lib/python3.12/site-packages/oslo_config/cfg.py:3245}}
Jun 10 14:15:47.676346 np0000002507 devstack@g-api.service[102037]: DEBUG glance.common.config [None req-ee4c9b60-a441-4927-a747-c8c0cd7cbd58 None None] node_staging_uri = file:///tmp/staging/ {{(pid=102037) log_opt_values /opt/stack/data/venv/lib/python3.12/site-packages/oslo_config/cfg.py:3245}}
Jun 10 14:15:47.676432 np0000002507 devstack@g-api.service[102037]: DEBUG glance.common.config [None req-ee4c9b60-a441-4927-a747-c8c0cd7cbd58 None None] property_protection_file = None {{(pid=102037) log_opt_values /opt/stack/data/venv/lib/python3.12/site-packages/oslo_config/cfg.py:3245}}
Jun 10 14:15:47.676522 np0000002507 devstack@g-api.service[102037]: DEBUG glance.common.config [None req-ee4c9b60-a441-4927-a747-c8c0cd7cbd58 None None] property_protection_rule_format = roles {{(pid=102037) log_opt_values /opt/stack/data/venv/lib/python3.12/site-packages/oslo_config/cfg.py:3245}}
Jun 10 14:15:47.676612 np0000002507 devstack@g-api.service[102037]: DEBUG glance.common.config [None req-ee4c9b60-a441-4927-a747-c8c0cd7cbd58 None None] public_endpoint = https://10.4.3.186/image {{(pid=102037) log_opt_values /opt/stack/data/venv/lib/python3.12/site-packages/oslo_config/cfg.py:3245}}
Jun 10 14:15:47.676718 np0000002507 devstack@g-api.service[102037]: DEBUG glance.common.config [None req-ee4c9b60-a441-4927-a747-c8c0cd7cbd58 None None] publish_errors = False {{(pid=102037) log_opt_values /opt/stack/data/venv/lib/python3.12/site-packages/oslo_config/cfg.py:3245}}
Jun 10 14:15:47.676835 np0000002507 devstack@g-api.service[102037]: DEBUG glance.common.config [None req-ee4c9b60-a441-4927-a747-c8c0cd7cbd58 None None] pydev_worker_debug_host = None {{(pid=102037) log_opt_values /opt/stack/data/venv/lib/python3.12/site-packages/oslo_config/cfg.py:3245}}
Jun 10 14:15:47.676928 np0000002507 devstack@g-api.service[102037]: DEBUG glance.common.config [None req-ee4c9b60-a441-4927-a747-c8c0cd7cbd58 None None] pydev_worker_debug_port = 5678 {{(pid=102037) log_opt_values /opt/stack/data/venv/lib/python3.12/site-packages/oslo_config/cfg.py:3245}}
Jun 10 14:15:47.677015 np0000002507 devstack@g-api.service[102037]: DEBUG glance.common.config [None req-ee4c9b60-a441-4927-a747-c8c0cd7cbd58 None None] rate_limit_burst = 0 {{(pid=102037) log_opt_values /opt/stack/data/venv/lib/python3.12/site-packages/oslo_config/cfg.py:3245}}
Jun 10 14:15:47.677107 np0000002507 devstack@g-api.service[102037]: DEBUG glance.common.config [None req-ee4c9b60-a441-4927-a747-c8c0cd7cbd58 None None] rate_limit_except_level = CRITICAL {{(pid=102037) log_opt_values /opt/stack/data/venv/lib/python3.12/site-packages/oslo_config/cfg.py:3245}}
Jun 10 14:15:47.677191 np0000002507 devstack@g-api.service[102037]: DEBUG glance.common.config [None req-ee4c9b60-a441-4927-a747-c8c0cd7cbd58 None None] rate_limit_interval = 0 {{(pid=102037) log_opt_values /opt/stack/data/venv/lib/python3.12/site-packages/oslo_config/cfg.py:3245}}
Jun 10 14:15:47.677291 np0000002507 devstack@g-api.service[102037]: DEBUG glance.common.config [None req-ee4c9b60-a441-4927-a747-c8c0cd7cbd58 None None] scrub_pool_size = 1 {{(pid=102037) log_opt_values /opt/stack/data/venv/lib/python3.12/site-packages/oslo_config/cfg.py:3245}}
Jun 10 14:15:47.677377 np0000002507 devstack@g-api.service[102037]: DEBUG glance.common.config [None req-ee4c9b60-a441-4927-a747-c8c0cd7cbd58 None None] scrub_time = 0 {{(pid=102037) log_opt_values /opt/stack/data/venv/lib/python3.12/site-packages/oslo_config/cfg.py:3245}}
Jun 10 14:15:47.677460 np0000002507 devstack@g-api.service[102037]: DEBUG glance.common.config [None req-ee4c9b60-a441-4927-a747-c8c0cd7cbd58 None None] shell_completion = None {{(pid=102037) log_opt_values /opt/stack/data/venv/lib/python3.12/site-packages/oslo_config/cfg.py:3245}}
Jun 10 14:15:47.677553 np0000002507 devstack@g-api.service[102037]: DEBUG glance.common.config [None req-ee4c9b60-a441-4927-a747-c8c0cd7cbd58 None None] show_image_direct_url = False {{(pid=102037) log_opt_values /opt/stack/data/venv/lib/python3.12/site-packages/oslo_config/cfg.py:3245}}
Jun 10 14:15:47.677771 np0000002507 devstack@g-api.service[102037]: WARNING oslo_config.cfg [None req-ee4c9b60-a441-4927-a747-c8c0cd7cbd58 None None] Deprecated: Option "show_multiple_locations" from group "DEFAULT" is deprecated for removal (Use of this option, deprecated since Newton, is a security risk and will be removed once we figure out a way to satisfy those use cases that currently require it. An earlier announcement that the same functionality can be achieved with greater granularity by using policies is incorrect. You cannot work around this option via policy configuration at the present time, though that is the direction we believe the fix will take. Please keep an eye on the Glance release notes to stay up to date on progress in addressing this issue.). Its value may be silently ignored in the future.
Jun 10 14:15:47.677893 np0000002507 devstack@g-api.service[102037]: DEBUG glance.common.config [None req-ee4c9b60-a441-4927-a747-c8c0cd7cbd58 None None] show_multiple_locations = False {{(pid=102037) log_opt_values /opt/stack/data/venv/lib/python3.12/site-packages/oslo_config/cfg.py:3245}}
Jun 10 14:15:47.677988 np0000002507 devstack@g-api.service[102037]: DEBUG glance.common.config [None req-ee4c9b60-a441-4927-a747-c8c0cd7cbd58 None None] syslog_log_facility = LOG_USER {{(pid=102037) log_opt_values /opt/stack/data/venv/lib/python3.12/site-packages/oslo_config/cfg.py:3245}}
Jun 10 14:15:47.678074 np0000002507 devstack@g-api.service[102037]: DEBUG glance.common.config [None req-ee4c9b60-a441-4927-a747-c8c0cd7cbd58 None None] tcp_keepidle = 600 {{(pid=102037) log_opt_values /opt/stack/data/venv/lib/python3.12/site-packages/oslo_config/cfg.py:3245}}
Jun 10 14:15:47.678164 np0000002507 devstack@g-api.service[102037]: DEBUG glance.common.config [None req-ee4c9b60-a441-4927-a747-c8c0cd7cbd58 None None] transport_url = **** {{(pid=102037) log_opt_values /opt/stack/data/venv/lib/python3.12/site-packages/oslo_config/cfg.py:3245}}
Jun 10 14:15:47.678264 np0000002507 devstack@g-api.service[102037]: DEBUG glance.common.config [None req-ee4c9b60-a441-4927-a747-c8c0cd7cbd58 None None] use_journal = False {{(pid=102037) log_opt_values /opt/stack/data/venv/lib/python3.12/site-packages/oslo_config/cfg.py:3245}}
Jun 10 14:15:47.678353 np0000002507 devstack@g-api.service[102037]: DEBUG glance.common.config [None req-ee4c9b60-a441-4927-a747-c8c0cd7cbd58 None None] use_json = False {{(pid=102037) log_opt_values /opt/stack/data/venv/lib/python3.12/site-packages/oslo_config/cfg.py:3245}}
Jun 10 14:15:47.678447 np0000002507 devstack@g-api.service[102037]: DEBUG glance.common.config [None req-ee4c9b60-a441-4927-a747-c8c0cd7cbd58 None None] use_keystone_limits = True {{(pid=102037) log_opt_values /opt/stack/data/venv/lib/python3.12/site-packages/oslo_config/cfg.py:3245}}
Jun 10 14:15:47.678533 np0000002507 devstack@g-api.service[102037]: DEBUG glance.common.config [None req-ee4c9b60-a441-4927-a747-c8c0cd7cbd58 None None] use_stderr = False {{(pid=102037) log_opt_values /opt/stack/data/venv/lib/python3.12/site-packages/oslo_config/cfg.py:3245}}
Jun 10 14:15:47.678623 np0000002507 devstack@g-api.service[102037]: DEBUG glance.common.config [None req-ee4c9b60-a441-4927-a747-c8c0cd7cbd58 None None] use_syslog = False {{(pid=102037) log_opt_values /opt/stack/data/venv/lib/python3.12/site-packages/oslo_config/cfg.py:3245}}
Jun 10 14:15:47.678733 np0000002507 devstack@g-api.service[102037]: DEBUG glance.common.config [None req-ee4c9b60-a441-4927-a747-c8c0cd7cbd58 None None] user_storage_quota = 0 {{(pid=102037) log_opt_values /opt/stack/data/venv/lib/python3.12/site-packages/oslo_config/cfg.py:3245}}
Jun 10 14:15:47.678838 np0000002507 devstack@g-api.service[102037]: DEBUG glance.common.config [None req-ee4c9b60-a441-4927-a747-c8c0cd7cbd58 None None] worker_self_reference_url = http://127.0.0.1:60999 {{(pid=102037) log_opt_values /opt/stack/data/venv/lib/python3.12/site-packages/oslo_config/cfg.py:3245}}
Jun 10 14:15:47.678946 np0000002507 devstack@g-api.service[102037]: DEBUG glance.common.config [None req-ee4c9b60-a441-4927-a747-c8c0cd7cbd58 None None] workers = None {{(pid=102037) log_opt_values /opt/stack/data/venv/lib/python3.12/site-packages/oslo_config/cfg.py:3245}}
Jun 10 14:15:47.679052 np0000002507 devstack@g-api.service[102037]: DEBUG glance.common.config [None req-ee4c9b60-a441-4927-a747-c8c0cd7cbd58 None None] oslo_concurrency.disable_process_locking = False {{(pid=102037) log_opt_values /opt/stack/data/venv/lib/python3.12/site-packages/oslo_config/cfg.py:3256}}
Jun 10 14:15:47.679150 np0000002507 devstack@g-api.service[102037]: DEBUG glance.common.config [None req-ee4c9b60-a441-4927-a747-c8c0cd7cbd58 None None] oslo_concurrency.lock_path = /opt/stack/data/glance/locks {{(pid=102037) log_opt_values /opt/stack/data/venv/lib/python3.12/site-packages/oslo_config/cfg.py:3256}}
Jun 10 14:15:47.679251 np0000002507 devstack@g-api.service[102037]: DEBUG glance.common.config [None req-ee4c9b60-a441-4927-a747-c8c0cd7cbd58 None None] oslo_middleware.enable_proxy_headers_parsing = False {{(pid=102037) log_opt_values /opt/stack/data/venv/lib/python3.12/site-packages/oslo_config/cfg.py:3256}}
Jun 10 14:15:47.679354 np0000002507 devstack@g-api.service[102037]: DEBUG glance.common.config [None req-ee4c9b60-a441-4927-a747-c8c0cd7cbd58 None None] oslo_middleware.http_basic_auth_user_file = /etc/htpasswd {{(pid=102037) log_opt_values /opt/stack/data/venv/lib/python3.12/site-packages/oslo_config/cfg.py:3256}}
Jun 10 14:15:47.679456 np0000002507 devstack@g-api.service[102037]: DEBUG glance.common.config [None req-ee4c9b60-a441-4927-a747-c8c0cd7cbd58 None None] paste_deploy.config_file = None {{(pid=102037) log_opt_values /opt/stack/data/venv/lib/python3.12/site-packages/oslo_config/cfg.py:3256}}
Jun 10 14:15:47.679585 np0000002507 devstack@g-api.service[102037]: DEBUG glance.common.config [None req-ee4c9b60-a441-4927-a747-c8c0cd7cbd58 None None] paste_deploy.flavor = keystone+cachemanagement {{(pid=102037) log_opt_values /opt/stack/data/venv/lib/python3.12/site-packages/oslo_config/cfg.py:3256}}
Jun 10 14:15:47.679740 np0000002507 devstack@g-api.service[102037]: DEBUG glance.common.config [None req-ee4c9b60-a441-4927-a747-c8c0cd7cbd58 None None] image_format.container_formats = ['ami', 'ari', 'aki', 'bare', 'ovf', 'ova', 'docker', 'compressed'] {{(pid=102037) log_opt_values /opt/stack/data/venv/lib/python3.12/site-packages/oslo_config/cfg.py:3256}}
Jun 10 14:15:47.679918 np0000002507 devstack@g-api.service[102037]: DEBUG glance.common.config [None req-ee4c9b60-a441-4927-a747-c8c0cd7cbd58 None None] image_format.disk_formats = ['ami', 'ari', 'aki', 'vhd', 'vhdx', 'vmdk', 'raw', 'qcow2', 'vdi', 'iso', 'ploop'] {{(pid=102037) log_opt_values /opt/stack/data/venv/lib/python3.12/site-packages/oslo_config/cfg.py:3256}}
Jun 10 14:15:47.680014 np0000002507 devstack@g-api.service[102037]: DEBUG glance.common.config [None req-ee4c9b60-a441-4927-a747-c8c0cd7cbd58 None None] image_format.gpt_safety_checks_nonfatal = [] {{(pid=102037) log_opt_values /opt/stack/data/venv/lib/python3.12/site-packages/oslo_config/cfg.py:3256}}
Jun 10 14:15:47.680110 np0000002507 devstack@g-api.service[102037]: DEBUG glance.common.config [None req-ee4c9b60-a441-4927-a747-c8c0cd7cbd58 None None] image_format.require_image_format_match = True {{(pid=102037) log_opt_values /opt/stack/data/venv/lib/python3.12/site-packages/oslo_config/cfg.py:3256}}
Jun 10 14:15:47.680210 np0000002507 devstack@g-api.service[102037]: DEBUG glance.common.config [None req-ee4c9b60-a441-4927-a747-c8c0cd7cbd58 None None] image_format.vmdk_allowed_types = ['streamOptimized', 'monolithicSparse'] {{(pid=102037) log_opt_values /opt/stack/data/venv/lib/python3.12/site-packages/oslo_config/cfg.py:3256}}
Jun 10 14:15:47.680324 np0000002507 devstack@g-api.service[102037]: DEBUG glance.common.config [None req-ee4c9b60-a441-4927-a747-c8c0cd7cbd58 None None] task.task_executor = taskflow {{(pid=102037) log_opt_values /opt/stack/data/venv/lib/python3.12/site-packages/oslo_config/cfg.py:3256}}
