Jun 10 14:15:25.083276 np0000002507 nova-scheduler[95795]: DEBUG cotyledon.oslo_config_glue [-] oslo_limit.connect_retry_delay = None {{(pid=95795) log_opt_values /opt/stack/data/venv/lib/python3.12/site-packages/oslo_config/cfg.py:3256}}
Jun 10 14:15:25.083276 np0000002507 nova-scheduler[95795]: DEBUG cotyledon.oslo_config_glue [-] oslo_limit.endpoint_id = None {{(pid=95795) log_opt_values /opt/stack/data/venv/lib/python3.12/site-packages/oslo_config/cfg.py:3256}}
Jun 10 14:15:25.083543 np0000002507 nova-scheduler[95795]: DEBUG cotyledon.oslo_config_glue [-] oslo_limit.endpoint_interface = public {{(pid=95795) log_opt_values /opt/stack/data/venv/lib/python3.12/site-packages/oslo_config/cfg.py:3256}}
Jun 10 14:15:25.083543 np0000002507 nova-scheduler[95795]: DEBUG cotyledon.oslo_config_glue [-] oslo_limit.endpoint_override = None {{(pid=95795) log_opt_values /opt/stack/data/venv/lib/python3.12/site-packages/oslo_config/cfg.py:3256}}
Jun 10 14:15:25.083543 np0000002507 nova-scheduler[95795]: DEBUG cotyledon.oslo_config_glue [-] oslo_limit.endpoint_region_name = None {{(pid=95795) log_opt_values /opt/stack/data/venv/lib/python3.12/site-packages/oslo_config/cfg.py:3256}}
Jun 10 14:15:25.083543 np0000002507 nova-scheduler[95795]: DEBUG cotyledon.oslo_config_glue [-] oslo_limit.endpoint_service_name = None {{(pid=95795) log_opt_values /opt/stack/data/venv/lib/python3.12/site-packages/oslo_config/cfg.py:3256}}
Jun 10 14:15:25.083543 np0000002507 nova-scheduler[95795]: DEBUG cotyledon.oslo_config_glue [-] oslo_limit.endpoint_service_type = None {{(pid=95795) log_opt_values /opt/stack/data/venv/lib/python3.12/site-packages/oslo_config/cfg.py:3256}}
Jun 10 14:15:25.083543 np0000002507 nova-scheduler[95795]: DEBUG cotyledon.oslo_config_glue [-] oslo_limit.insecure = False {{(pid=95795) log_opt_values /opt/stack/data/venv/lib/python3.12/site-packages/oslo_config/cfg.py:3256}}
Jun 10 14:15:25.083543 np0000002507 nova-scheduler[95795]: DEBUG cotyledon.oslo_config_glue [-] oslo_limit.keyfile = None {{(pid=95795) log_opt_values /opt/stack/data/venv/lib/python3.12/site-packages/oslo_config/cfg.py:3256}}
Jun 10 14:15:25.083543 np0000002507 nova-scheduler[95795]: DEBUG cotyledon.oslo_config_glue [-] oslo_limit.max_version = None {{(pid=95795) log_opt_values /opt/stack/data/venv/lib/python3.12/site-packages/oslo_config/cfg.py:3256}}
Jun 10 14:15:25.083543 np0000002507 nova-scheduler[95795]: DEBUG cotyledon.oslo_config_glue [-] oslo_limit.min_version = None {{(pid=95795) log_opt_values /opt/stack/data/venv/lib/python3.12/site-packages/oslo_config/cfg.py:3256}}
Jun 10 14:15:25.083824 np0000002507 nova-scheduler[95795]: DEBUG cotyledon.oslo_config_glue [-] oslo_limit.region_name = None {{(pid=95795) log_opt_values /opt/stack/data/venv/lib/python3.12/site-packages/oslo_config/cfg.py:3256}}
Jun 10 14:15:25.083824 np0000002507 nova-scheduler[95795]: DEBUG cotyledon.oslo_config_glue [-] oslo_limit.retriable_status_codes = None {{(pid=95795) log_opt_values /opt/stack/data/venv/lib/python3.12/site-packages/oslo_config/cfg.py:3256}}
Jun 10 14:15:25.083824 np0000002507 nova-scheduler[95795]: DEBUG cotyledon.oslo_config_glue [-] oslo_limit.service_name = None {{(pid=95795) log_opt_values /opt/stack/data/venv/lib/python3.12/site-packages/oslo_config/cfg.py:3256}}
Jun 10 14:15:25.083824 np0000002507 nova-scheduler[95795]: DEBUG cotyledon.oslo_config_glue [-] oslo_limit.service_type = None {{(pid=95795) log_opt_values /opt/stack/data/venv/lib/python3.12/site-packages/oslo_config/cfg.py:3256}}
Jun 10 14:15:25.083824 np0000002507 nova-scheduler[95795]: DEBUG cotyledon.oslo_config_glue [-] oslo_limit.split_loggers = False {{(pid=95795) log_opt_values /opt/stack/data/venv/lib/python3.12/site-packages/oslo_config/cfg.py:3256}}
Jun 10 14:15:25.083824 np0000002507 nova-scheduler[95795]: DEBUG cotyledon.oslo_config_glue [-] oslo_limit.status_code_retries = None {{(pid=95795) log_opt_values /opt/stack/data/venv/lib/python3.12/site-packages/oslo_config/cfg.py:3256}}
Jun 10 14:15:25.083824 np0000002507 nova-scheduler[95795]: DEBUG cotyledon.oslo_config_glue [-] oslo_limit.status_code_retry_delay = None {{(pid=95795) log_opt_values /opt/stack/data/venv/lib/python3.12/site-packages/oslo_config/cfg.py:3256}}
Jun 10 14:15:25.083824 np0000002507 nova-scheduler[95795]: DEBUG cotyledon.oslo_config_glue [-] oslo_limit.timeout = None {{(pid=95795) log_opt_values /opt/stack/data/venv/lib/python3.12/site-packages/oslo_config/cfg.py:3256}}
Jun 10 14:15:25.083824 np0000002507 nova-scheduler[95795]: DEBUG cotyledon.oslo_config_glue [-] oslo_limit.valid_interfaces = None {{(pid=95795) log_opt_values /opt/stack/data/venv/lib/python3.12/site-packages/oslo_config/cfg.py:3256}}
Jun 10 14:15:25.084134 np0000002507 nova-scheduler[95795]: DEBUG cotyledon.oslo_config_glue [-] oslo_limit.version = None {{(pid=95795) log_opt_values /opt/stack/data/venv/lib/python3.12/site-packages/oslo_config/cfg.py:3256}}
Jun 10 14:15:25.084134 np0000002507 nova-scheduler[95795]: DEBUG cotyledon.oslo_config_glue [-] oslo_reports.file_event_handler = None {{(pid=95795) log_opt_values /opt/stack/data/venv/lib/python3.12/site-packages/oslo_config/cfg.py:3256}}
Jun 10 14:15:25.084134 np0000002507 nova-scheduler[95795]: DEBUG cotyledon.oslo_config_glue [-] oslo_reports.file_event_handler_interval = 1 {{(pid=95795) log_opt_values /opt/stack/data/venv/lib/python3.12/site-packages/oslo_config/cfg.py:3256}}
Jun 10 14:15:25.084134 np0000002507 nova-scheduler[95795]: DEBUG cotyledon.oslo_config_glue [-] oslo_reports.log_dir = None {{(pid=95795) log_opt_values /opt/stack/data/venv/lib/python3.12/site-packages/oslo_config/cfg.py:3256}}
Jun 10 14:15:25.084134 np0000002507 nova-scheduler[95795]: DEBUG cotyledon.oslo_config_glue [-] ******************************************************************************** {{(pid=95795) log_opt_values /opt/stack/data/venv/lib/python3.12/site-packages/oslo_config/cfg.py:3263}}
Jun 10 14:15:25.084134 np0000002507 nova-scheduler[95795]: DEBUG cotyledon._service_worker [-] Run service ServiceWrapper(1) [95795] {{(pid=95795) wait_forever /opt/stack/data/venv/lib/python3.12/site-packages/cotyledon/_service_worker.py:218}}
Jun 10 14:15:25.084134 np0000002507 nova-scheduler[95795]: INFO nova.service [-] Starting scheduler node (version 33.1.0)
Jun 10 14:15:25.086935 np0000002507 nova-scheduler[95795]: INFO dbcounter [None req-17e0938d-d408-481a-b14e-7f0102ec9f89 None None] Registered counter for database nova_cell0
Jun 10 14:15:25.099588 np0000002507 nova-scheduler[95797]: DEBUG oslo_db.sqlalchemy.engines [None req-8576148b-ff26-4e9c-9ea2-497431908482 None None] MySQL server mode set to STRICT_TRANS_TABLES,STRICT_ALL_TABLES,NO_ZERO_IN_DATE,NO_ZERO_DATE,ERROR_FOR_DIVISION_BY_ZERO,TRADITIONAL,NO_ENGINE_SUBSTITUTION {{(pid=95797) _check_effective_sql_mode /opt/stack/data/venv/lib/python3.12/site-packages/oslo_db/sqlalchemy/engines.py:325}}
Jun 10 14:15:25.108542 np0000002507 nova-scheduler[95797]: DEBUG dbcounter [-] [95797] Writer thread running {{(pid=95797) stat_writer /opt/stack/data/venv/lib/python3.12/site-packages/dbcounter.py:102}}
Jun 10 14:15:25.109500 np0000002507 nova-scheduler[95793]: DEBUG oslo_db.sqlalchemy.engines [None req-7783e1fe-1e31-4bc1-b7b7-07226ad19adf None None] MySQL server mode set to STRICT_TRANS_TABLES,STRICT_ALL_TABLES,NO_ZERO_IN_DATE,NO_ZERO_DATE,ERROR_FOR_DIVISION_BY_ZERO,TRADITIONAL,NO_ENGINE_SUBSTITUTION {{(pid=95793) _check_effective_sql_mode /opt/stack/data/venv/lib/python3.12/site-packages/oslo_db/sqlalchemy/engines.py:325}}
Jun 10 14:15:25.117958 np0000002507 nova-scheduler[95793]: DEBUG dbcounter [-] [95793] Writer thread running {{(pid=95793) stat_writer /opt/stack/data/venv/lib/python3.12/site-packages/dbcounter.py:102}}
Jun 10 14:15:25.121759 np0000002507 nova-scheduler[95797]: DEBUG nova.service [None req-8576148b-ff26-4e9c-9ea2-497431908482 None None] Creating RPC server for service: nova-scheduler on topic: scheduler {{(pid=95797) start /opt/stack/nova/nova/service.py:196}}
Jun 10 14:15:25.131148 np0000002507 nova-scheduler[95793]: DEBUG nova.service [None req-7783e1fe-1e31-4bc1-b7b7-07226ad19adf None None] Creating RPC server for service: nova-scheduler on topic: scheduler {{(pid=95793) start /opt/stack/nova/nova/service.py:196}}
Jun 10 14:15:25.136438 np0000002507 nova-scheduler[95795]: DEBUG oslo_db.sqlalchemy.engines [None req-17e0938d-d408-481a-b14e-7f0102ec9f89 None None] MySQL server mode set to STRICT_TRANS_TABLES,STRICT_ALL_TABLES,NO_ZERO_IN_DATE,NO_ZERO_DATE,ERROR_FOR_DIVISION_BY_ZERO,TRADITIONAL,NO_ENGINE_SUBSTITUTION {{(pid=95795) _check_effective_sql_mode /opt/stack/data/venv/lib/python3.12/site-packages/oslo_db/sqlalchemy/engines.py:325}}
Jun 10 14:15:25.145484 np0000002507 nova-scheduler[95795]: DEBUG dbcounter [-] [95795] Writer thread running {{(pid=95795) stat_writer /opt/stack/data/venv/lib/python3.12/site-packages/dbcounter.py:102}}
Jun 10 14:15:25.147242 np0000002507 nova-scheduler[95797]: DEBUG nova.service [None req-8576148b-ff26-4e9c-9ea2-497431908482 None None] Join ServiceGroup membership for this service scheduler {{(pid=95797) start /opt/stack/nova/nova/service.py:222}}
Jun 10 14:15:25.147567 np0000002507 nova-scheduler[95797]: DEBUG nova.servicegroup.drivers.db [None req-8576148b-ff26-4e9c-9ea2-497431908482 None None] DB_Driver: join new ServiceGroup member np0000002507 to the scheduler group, service = {{(pid=95797) join /opt/stack/nova/nova/servicegroup/drivers/db.py:44}}
Jun 10 14:15:25.148905 np0000002507 nova-scheduler[95795]: DEBUG nova.service [None req-17e0938d-d408-481a-b14e-7f0102ec9f89 None None] Creating RPC server for service: nova-scheduler on topic: scheduler {{(pid=95795) start /opt/stack/nova/nova/service.py:196}}
Jun 10 14:15:25.150130 np0000002507 nova-scheduler[95793]: DEBUG nova.service [None req-7783e1fe-1e31-4bc1-b7b7-07226ad19adf None None] Join ServiceGroup membership for this service scheduler {{(pid=95793) start /opt/stack/nova/nova/service.py:222}}
Jun 10 14:15:25.150331 np0000002507 nova-scheduler[95793]: DEBUG nova.servicegroup.drivers.db [None req-7783e1fe-1e31-4bc1-b7b7-07226ad19adf None None] DB_Driver: join new ServiceGroup member np0000002507 to the scheduler group, service = {{(pid=95793) join /opt/stack/nova/nova/servicegroup/drivers/db.py:44}}
Jun 10 14:15:25.165912 np0000002507 nova-scheduler[95795]: DEBUG nova.service [None req-17e0938d-d408-481a-b14e-7f0102ec9f89 None None] Join ServiceGroup membership for this service scheduler {{(pid=95795) start /opt/stack/nova/nova/service.py:222}}
Jun 10 14:15:25.166089 np0000002507 nova-scheduler[95795]: DEBUG nova.servicegroup.drivers.db [None req-17e0938d-d408-481a-b14e-7f0102ec9f89 None None] DB_Driver: join new ServiceGroup member np0000002507 to the scheduler group, service = {{(pid=95795) join /opt/stack/nova/nova/servicegroup/drivers/db.py:44}}
Jun 10 14:15:30.160069 np0000002507 nova-scheduler[95797]: DEBUG oslo.service.backend._threading.loopingcall [-] Fixed interval looping call 'nova.servicegroup.drivers.db.DbDriver._report_state' sleeping for 119.99 seconds {{(pid=95797) _run_loop /opt/stack/data/venv/lib/python3.12/site-packages/oslo_service/backend/_threading/loopingcall.py:125}}
Jun 10 14:15:30.160802 np0000002507 nova-scheduler[95793]: DEBUG oslo.service.backend._threading.loopingcall [-] Fixed interval looping call 'nova.servicegroup.drivers.db.DbDriver._report_state' sleeping for 119.99 seconds {{(pid=95793) _run_loop /opt/stack/data/venv/lib/python3.12/site-packages/oslo_service/backend/_threading/loopingcall.py:125}}
Jun 10 14:15:30.180510 np0000002507 nova-scheduler[95795]: DEBUG oslo.service.backend._threading.loopingcall [-] Fixed interval looping call 'nova.servicegroup.drivers.db.DbDriver._report_state' sleeping for 119.99 seconds {{(pid=95795) _run_loop /opt/stack/data/venv/lib/python3.12/site-packages/oslo_service/backend/_threading/loopingcall.py:125}}
Jun 10 14:15:33.697324 np0000002507 nova-scheduler[94466]: DEBUG dbcounter [-] [94466] Writing DB stats nova_api:SELECT=3 {{(pid=94466) stat_writer /opt/stack/data/venv/lib/python3.12/site-packages/dbcounter.py:115}}
Jun 10 14:15:33.833736 np0000002507 nova-scheduler[94466]: DEBUG dbcounter [-] [94466] Writing DB stats nova_cell1:SELECT=1 {{(pid=94466) stat_writer /opt/stack/data/venv/lib/python3.12/site-packages/dbcounter.py:115}}
Jun 10 14:15:33.845830 np0000002507 nova-scheduler[94466]: DEBUG dbcounter [-] [94466] Writing DB stats nova_cell0:SELECT=1 {{(pid=94466) stat_writer /opt/stack/data/venv/lib/python3.12/site-packages/dbcounter.py:115}}
Jun 10 14:15:39.171052 np0000002507 nova-scheduler[95795]: DEBUG oslo.service.backend._threading.loopingcall [None req-e3764a4f-b91c-4162-b23b-de861ca2c8fd None None] Dynamic interval looping call 'nova.service.Service.periodic_tasks' sleeping for 60.00 seconds {{(pid=95795) _run_loop /opt/stack/data/venv/lib/python3.12/site-packages/oslo_service/backend/_threading/loopingcall.py:125}}
Jun 10 14:15:40.157464 np0000002507 nova-scheduler[95797]: DEBUG dbcounter [-] [95797] Writing DB stats nova_cell0:SELECT=4,nova_cell0:INSERT=1,nova_cell0:UPDATE=1 {{(pid=95797) stat_writer /opt/stack/data/venv/lib/python3.12/site-packages/dbcounter.py:115}}
Jun 10 14:15:40.157932 np0000002507 nova-scheduler[95793]: DEBUG dbcounter [-] [95793] Writing DB stats nova_cell0:SELECT=4,nova_cell0:INSERT=1,nova_cell0:UPDATE=1 {{(pid=95793) stat_writer /opt/stack/data/venv/lib/python3.12/site-packages/dbcounter.py:115}}
Jun 10 14:15:40.177713 np0000002507 nova-scheduler[95795]: DEBUG dbcounter [-] [95795] Writing DB stats nova_cell0:SELECT=3 {{(pid=95795) stat_writer /opt/stack/data/venv/lib/python3.12/site-packages/dbcounter.py:115}}
Jun 10 14:16:07.152332 np0000002507 nova-scheduler[95793]: DEBUG oslo.service.backend._threading.loopingcall [None req-3808910b-58eb-4dff-a8ea-4da308b4bdf1 None None] Dynamic interval looping call 'nova.service.Service.periodic_tasks' sleeping for 60.00 seconds {{(pid=95793) _run_loop /opt/stack/data/venv/lib/python3.12/site-packages/oslo_service/backend/_threading/loopingcall.py:125}}
Jun 10 14:16:09.149368 np0000002507 nova-scheduler[95797]: DEBUG oslo.service.backend._threading.loopingcall [None req-dc006986-29d4-419e-b2c4-aa7ef749d098 None None] Dynamic interval looping call 'nova.service.Service.periodic_tasks' sleeping for 60.00 seconds {{(pid=95797) _run_loop /opt/stack/data/venv/lib/python3.12/site-packages/oslo_service/backend/_threading/loopingcall.py:125}}
Jun 10 14:16:39.171673 np0000002507 nova-scheduler[95795]: DEBUG oslo.service.backend._threading.loopingcall [None req-e3764a4f-b91c-4162-b23b-de861ca2c8fd None None] Dynamic interval looping call 'nova.service.Service.periodic_tasks' sleeping for 60.00 seconds {{(pid=95795) _run_loop /opt/stack/data/venv/lib/python3.12/site-packages/oslo_service/backend/_threading/loopingcall.py:125}}
Jun 10 14:17:07.152772 np0000002507 nova-scheduler[95793]: DEBUG oslo.service.backend._threading.loopingcall [None req-3808910b-58eb-4dff-a8ea-4da308b4bdf1 None None] Dynamic interval looping call 'nova.service.Service.periodic_tasks' sleeping for 60.00 seconds {{(pid=95793) _run_loop /opt/stack/data/venv/lib/python3.12/site-packages/oslo_service/backend/_threading/loopingcall.py:125}}
Jun 10 14:17:09.150171 np0000002507 nova-scheduler[95797]: DEBUG oslo.service.backend._threading.loopingcall [None req-dc006986-29d4-419e-b2c4-aa7ef749d098 None None] Dynamic interval looping call 'nova.service.Service.periodic_tasks' sleeping for 60.00 seconds {{(pid=95797) _run_loop /opt/stack/data/venv/lib/python3.12/site-packages/oslo_service/backend/_threading/loopingcall.py:125}}
Jun 10 14:17:30.157804 np0000002507 nova-scheduler[95797]: DEBUG oslo.service.backend._threading.loopingcall [-] Fixed interval looping call 'nova.servicegroup.drivers.db.DbDriver._report_state' sleeping for 119.99 seconds {{(pid=95797) _run_loop /opt/stack/data/venv/lib/python3.12/site-packages/oslo_service/backend/_threading/loopingcall.py:125}}
Jun 10 14:17:30.158218 np0000002507 nova-scheduler[95793]: DEBUG oslo.service.backend._threading.loopingcall [-] Fixed interval looping call 'nova.servicegroup.drivers.db.DbDriver._report_state' sleeping for 119.99 seconds {{(pid=95793) _run_loop /opt/stack/data/venv/lib/python3.12/site-packages/oslo_service/backend/_threading/loopingcall.py:125}}
Jun 10 14:17:30.174327 np0000002507 nova-scheduler[95795]: DEBUG oslo.service.backend._threading.loopingcall [-] Fixed interval looping call 'nova.servicegroup.drivers.db.DbDriver._report_state' sleeping for 120.00 seconds {{(pid=95795) _run_loop /opt/stack/data/venv/lib/python3.12/site-packages/oslo_service/backend/_threading/loopingcall.py:125}}
Jun 10 14:17:39.172147 np0000002507 nova-scheduler[95795]: DEBUG oslo.service.backend._threading.loopingcall [None req-e3764a4f-b91c-4162-b23b-de861ca2c8fd None None] Dynamic interval looping call 'nova.service.Service.periodic_tasks' sleeping for 60.00 seconds {{(pid=95795) _run_loop /opt/stack/data/venv/lib/python3.12/site-packages/oslo_service/backend/_threading/loopingcall.py:125}}
Jun 10 14:17:40.154260 np0000002507 nova-scheduler[95797]: DEBUG dbcounter [-] [95797] Writing DB stats nova_cell0:SELECT=1,nova_cell0:UPDATE=1 {{(pid=95797) stat_writer /opt/stack/data/venv/lib/python3.12/site-packages/dbcounter.py:115}}
Jun 10 14:17:40.154674 np0000002507 nova-scheduler[95793]: DEBUG dbcounter [-] [95793] Writing DB stats nova_cell0:SELECT=1,nova_cell0:UPDATE=1 {{(pid=95793) stat_writer /opt/stack/data/venv/lib/python3.12/site-packages/dbcounter.py:115}}
Jun 10 14:17:40.172870 np0000002507 nova-scheduler[95795]: DEBUG dbcounter [-] [95795] Writing DB stats nova_cell0:SELECT=1 {{(pid=95795) stat_writer /opt/stack/data/venv/lib/python3.12/site-packages/dbcounter.py:115}}
Jun 10 14:17:56.955705 np0000002507 nova-scheduler[95797]: DEBUG nova.scheduler.manager [None req-75584c08-5469-4201-92ee-8caf4314f9e1 tempest-ServerBootFromVolumeStableRescueTest-392603713 tempest-ServerBootFromVolumeStableRescueTest-392603713-project-member] Starting to schedule for instances: ['8b4336e9-06e9-49e2-909b-b866d9889ed9'] {{(pid=95797) select_destinations /opt/stack/nova/nova/scheduler/manager.py:210}}
Jun 10 14:17:56.956143 np0000002507 nova-scheduler[95797]: DEBUG nova.scheduler.request_filter [None req-75584c08-5469-4201-92ee-8caf4314f9e1 tempest-ServerBootFromVolumeStableRescueTest-392603713 tempest-ServerBootFromVolumeStableRescueTest-392603713-project-member] compute_status_filter request filter added forbidden trait COMPUTE_STATUS_DISABLED {{(pid=95797) compute_status_filter /opt/stack/nova/nova/scheduler/request_filter.py:253}}
Jun 10 14:17:56.956143 np0000002507 nova-scheduler[95797]: DEBUG nova.scheduler.request_filter [None req-75584c08-5469-4201-92ee-8caf4314f9e1 tempest-ServerBootFromVolumeStableRescueTest-392603713 tempest-ServerBootFromVolumeStableRescueTest-392603713-project-member] Request filter 'compute_status_filter' took 0.0 seconds {{(pid=95797) wrapper /opt/stack/nova/nova/scheduler/request_filter.py:46}}
Jun 10 14:17:56.956223 np0000002507 nova-scheduler[95797]: DEBUG nova.scheduler.request_filter [None req-75584c08-5469-4201-92ee-8caf4314f9e1 tempest-ServerBootFromVolumeStableRescueTest-392603713 tempest-ServerBootFromVolumeStableRescueTest-392603713-project-member] Request filter 'accelerators_filter' took 0.0 seconds {{(pid=95797) wrapper /opt/stack/nova/nova/scheduler/request_filter.py:46}}
Jun 10 14:17:56.956739 np0000002507 nova-scheduler[95797]: DEBUG nova.scheduler.request_filter [None req-75584c08-5469-4201-92ee-8caf4314f9e1 tempest-ServerBootFromVolumeStableRescueTest-392603713 tempest-ServerBootFromVolumeStableRescueTest-392603713-project-member] Request filter 'packed_virtqueue_filter' took 0.0 seconds {{(pid=95797) wrapper /opt/stack/nova/nova/scheduler/request_filter.py:46}}
Jun 10 14:17:56.956855 np0000002507 nova-scheduler[95797]: DEBUG nova.scheduler.request_filter [None req-75584c08-5469-4201-92ee-8caf4314f9e1 tempest-ServerBootFromVolumeStableRescueTest-392603713 tempest-ServerBootFromVolumeStableRescueTest-392603713-project-member] Request filter 'remote_managed_ports_filter' took 0.0 seconds {{(pid=95797) wrapper /opt/stack/nova/nova/scheduler/request_filter.py:46}}
Jun 10 14:17:56.957043 np0000002507 nova-scheduler[95797]: DEBUG nova.scheduler.request_filter [None req-75584c08-5469-4201-92ee-8caf4314f9e1 tempest-ServerBootFromVolumeStableRescueTest-392603713 tempest-ServerBootFromVolumeStableRescueTest-392603713-project-member] ephemeral_encryption_filter skipped {{(pid=95797) ephemeral_encryption_filter /opt/stack/nova/nova/scheduler/request_filter.py:426}}
Jun 10 14:17:56.957218 np0000002507 nova-scheduler[95797]: DEBUG nova.scheduler.request_filter [None req-75584c08-5469-4201-92ee-8caf4314f9e1 tempest-ServerBootFromVolumeStableRescueTest-392603713 tempest-ServerBootFromVolumeStableRescueTest-392603713-project-member] virtio_sound_filter skipped {{(pid=95797) virtio_sound_filter /opt/stack/nova/nova/scheduler/request_filter.py:460}}
Jun 10 14:17:56.957403 np0000002507 nova-scheduler[95797]: DEBUG nova.scheduler.request_filter [None req-75584c08-5469-4201-92ee-8caf4314f9e1 tempest-ServerBootFromVolumeStableRescueTest-392603713 tempest-ServerBootFromVolumeStableRescueTest-392603713-project-member] tpm_secret_security_filter skipped {{(pid=95797) tpm_secret_security_filter /opt/stack/nova/nova/scheduler/request_filter.py:477}}
Jun 10 14:17:57.047353 np0000002507 nova-scheduler[95793]: DEBUG nova.scheduler.manager [None req-db8f2d79-aed8-4f56-807d-25a76495879c tempest-DeleteServersTestJSON-231328064 tempest-DeleteServersTestJSON-231328064-project-member] Starting to schedule for instances: ['4247b557-3fcb-4c15-b06c-207775b65f11'] {{(pid=95793) select_destinations /opt/stack/nova/nova/scheduler/manager.py:210}}
Jun 10 14:17:57.047353 np0000002507 nova-scheduler[95793]: DEBUG nova.scheduler.request_filter [None req-db8f2d79-aed8-4f56-807d-25a76495879c tempest-DeleteServersTestJSON-231328064 tempest-DeleteServersTestJSON-231328064-project-member] compute_status_filter request filter added forbidden trait COMPUTE_STATUS_DISABLED {{(pid=95793) compute_status_filter /opt/stack/nova/nova/scheduler/request_filter.py:253}}
Jun 10 14:17:57.047353 np0000002507 nova-scheduler[95793]: DEBUG nova.scheduler.request_filter [None req-db8f2d79-aed8-4f56-807d-25a76495879c tempest-DeleteServersTestJSON-231328064 tempest-DeleteServersTestJSON-231328064-project-member] Request filter 'compute_status_filter' took 0.0 seconds {{(pid=95793) wrapper /opt/stack/nova/nova/scheduler/request_filter.py:46}}
Jun 10 14:17:57.047353 np0000002507 nova-scheduler[95793]: DEBUG nova.scheduler.request_filter [None req-db8f2d79-aed8-4f56-807d-25a76495879c tempest-DeleteServersTestJSON-231328064 tempest-DeleteServersTestJSON-231328064-project-member] Request filter 'accelerators_filter' took 0.0 seconds {{(pid=95793) wrapper /opt/stack/nova/nova/scheduler/request_filter.py:46}}
Jun 10 14:17:57.047353 np0000002507 nova-scheduler[95793]: DEBUG nova.scheduler.request_filter [None req-db8f2d79-aed8-4f56-807d-25a76495879c tempest-DeleteServersTestJSON-231328064 tempest-DeleteServersTestJSON-231328064-project-member] Request filter 'packed_virtqueue_filter' took 0.0 seconds {{(pid=95793) wrapper /opt/stack/nova/nova/scheduler/request_filter.py:46}}
Jun 10 14:17:57.048011 np0000002507 nova-scheduler[95793]: DEBUG nova.scheduler.request_filter [None req-db8f2d79-aed8-4f56-807d-25a76495879c tempest-DeleteServersTestJSON-231328064 tempest-DeleteServersTestJSON-231328064-project-member] Request filter 'remote_managed_ports_filter' took 0.0 seconds {{(pid=95793) wrapper /opt/stack/nova/nova/scheduler/request_filter.py:46}}
Jun 10 14:17:57.048384 np0000002507 nova-scheduler[95793]: DEBUG nova.scheduler.request_filter [None req-db8f2d79-aed8-4f56-807d-25a76495879c tempest-DeleteServersTestJSON-231328064 tempest-DeleteServersTestJSON-231328064-project-member] ephemeral_encryption_filter skipped {{(pid=95793) ephemeral_encryption_filter /opt/stack/nova/nova/scheduler/request_filter.py:426}}
Jun 10 14:17:57.048627 np0000002507 nova-scheduler[95793]: DEBUG nova.scheduler.request_filter [None req-db8f2d79-aed8-4f56-807d-25a76495879c tempest-DeleteServersTestJSON-231328064 tempest-DeleteServersTestJSON-231328064-project-member] virtio_sound_filter skipped {{(pid=95793) virtio_sound_filter /opt/stack/nova/nova/scheduler/request_filter.py:460}}
Jun 10 14:17:57.048896 np0000002507 nova-scheduler[95793]: DEBUG nova.scheduler.request_filter [None req-db8f2d79-aed8-4f56-807d-25a76495879c tempest-DeleteServersTestJSON-231328064 tempest-DeleteServersTestJSON-231328064-project-member] tpm_secret_security_filter skipped {{(pid=95793) tpm_secret_security_filter /opt/stack/nova/nova/scheduler/request_filter.py:477}}
Jun 10 14:17:57.557242 np0000002507 nova-scheduler[95793]: INFO nova.utils [None req-db8f2d79-aed8-4f56-807d-25a76495879c tempest-DeleteServersTestJSON-231328064 tempest-DeleteServersTestJSON-231328064-project-member] The cell worker thread pool ForkProcess-1.cell_worker is initialized
Jun 10 14:17:57.557662 np0000002507 nova-scheduler[95793]: DEBUG oslo_concurrency.lockutils [None req-db8f2d79-aed8-4f56-807d-25a76495879c tempest-DeleteServersTestJSON-231328064 tempest-DeleteServersTestJSON-231328064-project-member] Acquiring lock "b0fa5e9f-89bf-48d6-b401-50751239c77a" by "nova.context.set_target_cell..get_or_set_cached_cell_and_set_connections" {{(pid=95793) inner /opt/stack/data/venv/lib/python3.12/site-packages/oslo_concurrency/lockutils.py:511}}
Jun 10 14:17:57.557939 np0000002507 nova-scheduler[95793]: DEBUG oslo_concurrency.lockutils [None req-db8f2d79-aed8-4f56-807d-25a76495879c tempest-DeleteServersTestJSON-231328064 tempest-DeleteServersTestJSON-231328064-project-member] Lock "b0fa5e9f-89bf-48d6-b401-50751239c77a" acquired by "nova.context.set_target_cell..get_or_set_cached_cell_and_set_connections" :: waited 0.000s {{(pid=95793) inner /opt/stack/data/venv/lib/python3.12/site-packages/oslo_concurrency/lockutils.py:524}}
Jun 10 14:17:57.559807 np0000002507 nova-scheduler[95793]: DEBUG oslo_concurrency.lockutils [None req-db8f2d79-aed8-4f56-807d-25a76495879c tempest-DeleteServersTestJSON-231328064 tempest-DeleteServersTestJSON-231328064-project-member] Lock "b0fa5e9f-89bf-48d6-b401-50751239c77a" "released" by "nova.context.set_target_cell..get_or_set_cached_cell_and_set_connections" :: held 0.002s {{(pid=95793) inner /opt/stack/data/venv/lib/python3.12/site-packages/oslo_concurrency/lockutils.py:543}}
Jun 10 14:17:57.564827 np0000002507 nova-scheduler[95793]: INFO dbcounter [None req-db8f2d79-aed8-4f56-807d-25a76495879c tempest-DeleteServersTestJSON-231328064 tempest-DeleteServersTestJSON-231328064-project-member] Registered counter for database nova_cell1
Jun 10 14:17:57.618400 np0000002507 nova-scheduler[95793]: DEBUG oslo_db.sqlalchemy.engines [None req-db8f2d79-aed8-4f56-807d-25a76495879c tempest-DeleteServersTestJSON-231328064 tempest-DeleteServersTestJSON-231328064-project-member] MySQL server mode set to STRICT_TRANS_TABLES,STRICT_ALL_TABLES,NO_ZERO_IN_DATE,NO_ZERO_DATE,ERROR_FOR_DIVISION_BY_ZERO,TRADITIONAL,NO_ENGINE_SUBSTITUTION {{(pid=95793) _check_effective_sql_mode /opt/stack/data/venv/lib/python3.12/site-packages/oslo_db/sqlalchemy/engines.py:325}}
Jun 10 14:17:57.625289 np0000002507 nova-scheduler[95793]: DEBUG dbcounter [-] [95793] Writer thread running {{(pid=95793) stat_writer /opt/stack/data/venv/lib/python3.12/site-packages/dbcounter.py:102}}
Jun 10 14:17:57.632454 np0000002507 nova-scheduler[95797]: INFO nova.utils [None req-75584c08-5469-4201-92ee-8caf4314f9e1 tempest-ServerBootFromVolumeStableRescueTest-392603713 tempest-ServerBootFromVolumeStableRescueTest-392603713-project-member] The cell worker thread pool ForkProcess-3.cell_worker is initialized
Jun 10 14:17:57.632454 np0000002507 nova-scheduler[95797]: DEBUG oslo_concurrency.lockutils [None req-75584c08-5469-4201-92ee-8caf4314f9e1 tempest-ServerBootFromVolumeStableRescueTest-392603713 tempest-ServerBootFromVolumeStableRescueTest-392603713-project-member] Acquiring lock "b0fa5e9f-89bf-48d6-b401-50751239c77a" by "nova.context.set_target_cell..get_or_set_cached_cell_and_set_connections" {{(pid=95797) inner /opt/stack/data/venv/lib/python3.12/site-packages/oslo_concurrency/lockutils.py:511}}
Jun 10 14:17:57.632454 np0000002507 nova-scheduler[95797]: DEBUG oslo_concurrency.lockutils [None req-75584c08-5469-4201-92ee-8caf4314f9e1 tempest-ServerBootFromVolumeStableRescueTest-392603713 tempest-ServerBootFromVolumeStableRescueTest-392603713-project-member] Lock "b0fa5e9f-89bf-48d6-b401-50751239c77a" acquired by "nova.context.set_target_cell..get_or_set_cached_cell_and_set_connections" :: waited 0.000s {{(pid=95797) inner /opt/stack/data/venv/lib/python3.12/site-packages/oslo_concurrency/lockutils.py:524}}
Jun 10 14:17:57.632454 np0000002507 nova-scheduler[95797]: DEBUG oslo_concurrency.lockutils [None req-75584c08-5469-4201-92ee-8caf4314f9e1 tempest-ServerBootFromVolumeStableRescueTest-392603713 tempest-ServerBootFromVolumeStableRescueTest-392603713-project-member] Lock "b0fa5e9f-89bf-48d6-b401-50751239c77a" "released" by "nova.context.set_target_cell..get_or_set_cached_cell_and_set_connections" :: held 0.002s {{(pid=95797) inner /opt/stack/data/venv/lib/python3.12/site-packages/oslo_concurrency/lockutils.py:543}}
Jun 10 14:17:57.634575 np0000002507 nova-scheduler[95797]: INFO dbcounter [None req-75584c08-5469-4201-92ee-8caf4314f9e1 tempest-ServerBootFromVolumeStableRescueTest-392603713 tempest-ServerBootFromVolumeStableRescueTest-392603713-project-member] Registered counter for database nova_cell1
Jun 10 14:17:57.641610 np0000002507 nova-scheduler[95793]: DEBUG oslo_db.sqlalchemy.engines [None req-db8f2d79-aed8-4f56-807d-25a76495879c tempest-DeleteServersTestJSON-231328064 tempest-DeleteServersTestJSON-231328064-project-member] Parent process 94466 forked (95793) with an open database connection, which is being discarded and recreated. {{(pid=95793) checkout /opt/stack/data/venv/lib/python3.12/site-packages/oslo_db/sqlalchemy/engines.py:402}}
Jun 10 14:17:57.688338 np0000002507 nova-scheduler[95797]: DEBUG oslo_db.sqlalchemy.engines [None req-75584c08-5469-4201-92ee-8caf4314f9e1 tempest-ServerBootFromVolumeStableRescueTest-392603713 tempest-ServerBootFromVolumeStableRescueTest-392603713-project-member] MySQL server mode set to STRICT_TRANS_TABLES,STRICT_ALL_TABLES,NO_ZERO_IN_DATE,NO_ZERO_DATE,ERROR_FOR_DIVISION_BY_ZERO,TRADITIONAL,NO_ENGINE_SUBSTITUTION {{(pid=95797) _check_effective_sql_mode /opt/stack/data/venv/lib/python3.12/site-packages/oslo_db/sqlalchemy/engines.py:325}}
Jun 10 14:17:57.690317 np0000002507 nova-scheduler[95793]: DEBUG dbcounter [-] [95793] Writer thread running {{(pid=95793) stat_writer /opt/stack/data/venv/lib/python3.12/site-packages/dbcounter.py:102}}
Jun 10 14:17:57.694054 np0000002507 nova-scheduler[95793]: DEBUG oslo_concurrency.lockutils [None req-db8f2d79-aed8-4f56-807d-25a76495879c tempest-DeleteServersTestJSON-231328064 tempest-DeleteServersTestJSON-231328064-project-member] Acquiring lock "b0fa5e9f-89bf-48d6-b401-50751239c77a" by "nova.context.set_target_cell..get_or_set_cached_cell_and_set_connections" {{(pid=95793) inner /opt/stack/data/venv/lib/python3.12/site-packages/oslo_concurrency/lockutils.py:511}}
Jun 10 14:17:57.694299 np0000002507 nova-scheduler[95793]: DEBUG oslo_concurrency.lockutils [None req-db8f2d79-aed8-4f56-807d-25a76495879c tempest-DeleteServersTestJSON-231328064 tempest-DeleteServersTestJSON-231328064-project-member] Lock "b0fa5e9f-89bf-48d6-b401-50751239c77a" acquired by "nova.context.set_target_cell..get_or_set_cached_cell_and_set_connections" :: waited 0.001s {{(pid=95793) inner /opt/stack/data/venv/lib/python3.12/site-packages/oslo_concurrency/lockutils.py:524}}
Jun 10 14:17:57.694488 np0000002507 nova-scheduler[95793]: DEBUG oslo_concurrency.lockutils [None req-db8f2d79-aed8-4f56-807d-25a76495879c tempest-DeleteServersTestJSON-231328064 tempest-DeleteServersTestJSON-231328064-project-member] Lock "b0fa5e9f-89bf-48d6-b401-50751239c77a" "released" by "nova.context.set_target_cell..get_or_set_cached_cell_and_set_connections" :: held 0.000s {{(pid=95793) inner /opt/stack/data/venv/lib/python3.12/site-packages/oslo_concurrency/lockutils.py:543}}
Jun 10 14:17:57.694921 np0000002507 nova-scheduler[95797]: DEBUG dbcounter [-] [95797] Writer thread running {{(pid=95797) stat_writer /opt/stack/data/venv/lib/python3.12/site-packages/dbcounter.py:102}}
Jun 10 14:17:57.699069 np0000002507 nova-scheduler[95793]: DEBUG oslo_concurrency.lockutils [None req-db8f2d79-aed8-4f56-807d-25a76495879c tempest-DeleteServersTestJSON-231328064 tempest-DeleteServersTestJSON-231328064-project-member] Acquiring lock "('np0000002507', 'np0000002507')" by "nova.scheduler.host_manager.HostState.update.._locked_update" {{(pid=95793) inner /opt/stack/data/venv/lib/python3.12/site-packages/oslo_concurrency/lockutils.py:511}}
Jun 10 14:17:57.699313 np0000002507 nova-scheduler[95793]: DEBUG oslo_concurrency.lockutils [None req-db8f2d79-aed8-4f56-807d-25a76495879c tempest-DeleteServersTestJSON-231328064 tempest-DeleteServersTestJSON-231328064-project-member] Lock "('np0000002507', 'np0000002507')" acquired by "nova.scheduler.host_manager.HostState.update.._locked_update" :: waited 0.000s {{(pid=95793) inner /opt/stack/data/venv/lib/python3.12/site-packages/oslo_concurrency/lockutils.py:524}}
Jun 10 14:17:57.700617 np0000002507 nova-scheduler[95793]: DEBUG nova.scheduler.host_manager [None req-db8f2d79-aed8-4f56-807d-25a76495879c tempest-DeleteServersTestJSON-231328064 tempest-DeleteServersTestJSON-231328064-project-member] Update host state from compute node: ComputeNode(cpu_allocation_ratio=4.0,cpu_info='{"arch": "x86_64", "model": "EPYC-Milan", "vendor": "AMD", "topology": {"cells": 1, "sockets": 12, "cores": 1, "threads": 1}, "maxphysaddr": {"mode": "emulate", "bits": 40}, "features": ["msr", "rdpid", "tsc", "ibrs", "cx16", "xsave", "umip", "x2apic", "sse4.2", "skip-l1dfl-vmentry", "3dnowprefetch", "clzero", "cx8", "perfctr_core", "bmi1", "amd-stibp", "vgif", "pge", "sse4.1", "sse2", "lm", "pse", "mca", "fsrm", "pclmuldq", "invpcid", "ssbd", "mds-no", "clflushopt", "de", "amd-psfd", "xgetbv1", "gds-no", "f16c", "pcid", "xsaveopt", "aes", "arch-capabilities", "lfence-always-serializing", "smap", "cmov", "amd-ssbd", "arat", "xsaves", "tsc_adjust", "bmi2", "misalignsse", "null-sel-clr-base", "sha-ni", "mtrr", "pause-filter", "osvw", "fxsr_opt", "rdctl-no", "ibpb", "vme", "npt", "wbnoinvd", "rdtscp", "svme-addr-chk", "fsgsbase", "pae", "flushbyasid", "stibp", "rdseed", "clwb", "ssse3", "nx", "topoext", "pku", "xsaveerptr", "pdpe1gb", "tsc-scale", "avx2", "spec-ctrl", "apic", "lahf_lm", "smep", "svm", "abm", "fpu", "nrip-save", "sep", "hypervisor", "lbrv", "pfthreshold", "xsavec", "pni", "sse4a", "mmxext", "pse36", "clflush", "cr8legacy", "popcnt", "vaes", "erms", "no-nested-data-bp", "v-vmsave-vmload", "pschange-mc-no", "vmcb-clean", "adx", "fma", "cmp_legacy", "rdrand", "vpclmulqdq", "tsc-deadline", "pat", "mmx", "stibp-always-on", "virt-ssbd", "avx", "movbe", "mce", "syscall", "fxsr", "sse"]}',created_at=2026-06-10T14:15:49Z,current_workload=0,deleted=False,deleted_at=None,disk_allocation_ratio=1.0,disk_available_least=74,free_disk_gb=95,free_ram_mb=23518,host='np0000002507',host_ip=10.4.3.186,hypervisor_hostname='np0000002507',hypervisor_type='QEMU',hypervisor_version=8002002,id=1,local_gb=95,local_gb_used=0,mapped=1,memory_mb=24030,memory_mb_used=512,metrics='[]',numa_topology='{"nova_object.name": "NUMATopology", "nova_object.namespace": "nova", "nova_object.version": "1.2", "nova_object.data": {"cells": [{"nova_object.name": "NUMACell", "nova_object.namespace": "nova", "nova_object.version": "1.5", "nova_object.data": {"id": 0, "cpuset": [0, 1, 2, 3, 4, 5, 6, 7, 8, 9, 10, 11], "pcpuset": [0, 1, 2, 3, 4, 5, 6, 7, 8, 9, 10, 11], "memory": 24030, "cpu_usage": 0, "memory_usage": 0, "pinned_cpus": [], "siblings": [[6], [2], [5], [11], [8], [4], [1], [7], [10], [0], [3], [9]], "mempages": [{"nova_object.name": "NUMAPagesTopology", "nova_object.namespace": "nova", "nova_object.version": "1.1", "nova_object.data": {"size_kb": 4, "total": 6151799, "used": 0, "reserved": 0}, "nova_object.changes": ["used", "size_kb", "reserved", "total"]}, {"nova_object.name": "NUMAPagesTopology", "nova_object.namespace": "nova", "nova_object.version": "1.1", "nova_object.data": {"size_kb": 2048, "total": 0, "used": 0, "reserved": 0}, "nova_object.changes": ["used", "size_kb", "reserved", "total"]}, {"nova_object.name": "NUMAPagesTopology", "nova_object.namespace": "nova", "nova_object.version": "1.1", "nova_object.data": {"size_kb": 1048576, "total": 0, "used": 0, "reserved": 0}, "nova_object.changes": ["used", "size_kb", "reserved", "total"]}], "network_metadata": {"nova_object.name": "NetworkMetadata", "nova_object.namespace": "nova", "nova_object.version": "1.0", "nova_object.data": {"physnets": [], "tunneled": false}, "nova_object.changes": ["tunneled", "physnets"]}, "socket": null}, "nova_object.changes": ["id", "siblings", "memory_usage", "pcpuset", "network_metadata", "mempages", "cpu_usage", "socket", "memory", "cpuset", "pinned_cpus"]}]}, "nova_object.changes": ["cells"]}',pci_device_pools=PciDevicePoolList,ram_allocation_ratio=1.0,running_vms=0,service_id=2,stats={failed_builds='0',uptime=' 14:17:35 up 24 min, 2 users, load average: 1.39, 1.43, 0.82
Jun 10 14:17:57.700617 np0000002507 nova-scheduler[95793]: '},supported_hv_specs=[HVSpec,HVSpec,HVSpec,HVSpec,HVSpec,HVSpec,HVSpec,HVSpec,HVSpec,HVSpec,HVSpec,HVSpec,HVSpec,HVSpec,HVSpec,HVSpec,HVSpec,HVSpec,HVSpec,HVSpec,HVSpec,HVSpec,HVSpec,HVSpec,HVSpec],updated_at=2026-06-10T14:17:37Z,uuid=d49909ac-d47a-45d6-829a-99e57c2ffd12,vcpus=12,vcpus_used=0) {{(pid=95793) _locked_update /opt/stack/nova/nova/scheduler/host_manager.py:168}}
Jun 10 14:17:57.702478 np0000002507 nova-scheduler[95793]: DEBUG nova.scheduler.host_manager [None req-db8f2d79-aed8-4f56-807d-25a76495879c tempest-DeleteServersTestJSON-231328064 tempest-DeleteServersTestJSON-231328064-project-member] Update host state with aggregates: [] {{(pid=95793) _locked_update /opt/stack/nova/nova/scheduler/host_manager.py:171}}
Jun 10 14:17:57.702478 np0000002507 nova-scheduler[95793]: DEBUG nova.scheduler.host_manager [None req-db8f2d79-aed8-4f56-807d-25a76495879c tempest-DeleteServersTestJSON-231328064 tempest-DeleteServersTestJSON-231328064-project-member] Update host state with service dict: {'id': 2, 'uuid': '7e663850-e051-4610-b90c-7ee8453f8158', 'host': 'np0000002507', 'binary': 'nova-compute', 'topic': 'compute', 'report_count': 1, 'disabled': False, 'disabled_reason': None, 'last_seen_up': datetime.datetime(2026, 6, 10, 14, 15, 58, tzinfo=datetime.timezone.utc), 'forced_down': False, 'version': 72, 'created_at': datetime.datetime(2026, 6, 10, 14, 15, 48, tzinfo=datetime.timezone.utc), 'updated_at': datetime.datetime(2026, 6, 10, 14, 15, 58, tzinfo=datetime.timezone.utc), 'deleted_at': None, 'deleted': False} {{(pid=95793) _locked_update /opt/stack/nova/nova/scheduler/host_manager.py:174}}
Jun 10 14:17:57.702478 np0000002507 nova-scheduler[95793]: DEBUG nova.scheduler.host_manager [None req-db8f2d79-aed8-4f56-807d-25a76495879c tempest-DeleteServersTestJSON-231328064 tempest-DeleteServersTestJSON-231328064-project-member] Update host state with instances: [] {{(pid=95793) _locked_update /opt/stack/nova/nova/scheduler/host_manager.py:177}}
Jun 10 14:17:57.702478 np0000002507 nova-scheduler[95793]: DEBUG oslo_concurrency.lockutils [None req-db8f2d79-aed8-4f56-807d-25a76495879c tempest-DeleteServersTestJSON-231328064 tempest-DeleteServersTestJSON-231328064-project-member] Lock "('np0000002507', 'np0000002507')" "released" by "nova.scheduler.host_manager.HostState.update.._locked_update" :: held 0.003s {{(pid=95793) inner /opt/stack/data/venv/lib/python3.12/site-packages/oslo_concurrency/lockutils.py:543}}
Jun 10 14:17:57.702785 np0000002507 nova-scheduler[95793]: DEBUG nova.filters [None req-db8f2d79-aed8-4f56-807d-25a76495879c tempest-DeleteServersTestJSON-231328064 tempest-DeleteServersTestJSON-231328064-project-member] Starting with 1 host(s) {{(pid=95793) get_filtered_objects /opt/stack/nova/nova/filters.py:70}}
Jun 10 14:17:57.703340 np0000002507 nova-scheduler[95793]: DEBUG nova.filters [None req-db8f2d79-aed8-4f56-807d-25a76495879c tempest-DeleteServersTestJSON-231328064 tempest-DeleteServersTestJSON-231328064-project-member] Filter ComputeFilter returned 1 host(s) {{(pid=95793) get_filtered_objects /opt/stack/nova/nova/filters.py:102}}
Jun 10 14:17:57.703340 np0000002507 nova-scheduler[95793]: DEBUG nova.filters [None req-db8f2d79-aed8-4f56-807d-25a76495879c tempest-DeleteServersTestJSON-231328064 tempest-DeleteServersTestJSON-231328064-project-member] Filter ComputeCapabilitiesFilter returned 1 host(s) {{(pid=95793) get_filtered_objects /opt/stack/nova/nova/filters.py:102}}
Jun 10 14:17:57.703540 np0000002507 nova-scheduler[95793]: DEBUG nova.filters [None req-db8f2d79-aed8-4f56-807d-25a76495879c tempest-DeleteServersTestJSON-231328064 tempest-DeleteServersTestJSON-231328064-project-member] Filter ImagePropertiesFilter returned 1 host(s) {{(pid=95793) get_filtered_objects /opt/stack/nova/nova/filters.py:102}}
Jun 10 14:17:57.703722 np0000002507 nova-scheduler[95793]: DEBUG nova.filters [None req-db8f2d79-aed8-4f56-807d-25a76495879c tempest-DeleteServersTestJSON-231328064 tempest-DeleteServersTestJSON-231328064-project-member] Filter ServerGroupAntiAffinityFilter returned 1 host(s) {{(pid=95793) get_filtered_objects /opt/stack/nova/nova/filters.py:102}}
Jun 10 14:17:57.703880 np0000002507 nova-scheduler[95793]: DEBUG nova.filters [None req-db8f2d79-aed8-4f56-807d-25a76495879c tempest-DeleteServersTestJSON-231328064 tempest-DeleteServersTestJSON-231328064-project-member] Filter ServerGroupAffinityFilter returned 1 host(s) {{(pid=95793) get_filtered_objects /opt/stack/nova/nova/filters.py:102}}
Jun 10 14:17:57.704272 np0000002507 nova-scheduler[95793]: DEBUG nova.filters [None req-db8f2d79-aed8-4f56-807d-25a76495879c tempest-DeleteServersTestJSON-231328064 tempest-DeleteServersTestJSON-231328064-project-member] Filter SameHostFilter returned 1 host(s) {{(pid=95793) get_filtered_objects /opt/stack/nova/nova/filters.py:102}}
Jun 10 14:17:57.704272 np0000002507 nova-scheduler[95793]: DEBUG nova.filters [None req-db8f2d79-aed8-4f56-807d-25a76495879c tempest-DeleteServersTestJSON-231328064 tempest-DeleteServersTestJSON-231328064-project-member] Filter DifferentHostFilter returned 1 host(s) {{(pid=95793) get_filtered_objects /opt/stack/nova/nova/filters.py:102}}
Jun 10 14:17:57.704388 np0000002507 nova-scheduler[95793]: DEBUG nova.scheduler.manager [None req-db8f2d79-aed8-4f56-807d-25a76495879c tempest-DeleteServersTestJSON-231328064 tempest-DeleteServersTestJSON-231328064-project-member] Filtered [(np0000002507, np0000002507) ram: 23518MB disk: 75776MB io_ops: 0 instances: 0, allocation_candidates: 1] {{(pid=95793) _get_sorted_hosts /opt/stack/nova/nova/scheduler/manager.py:743}}
Jun 10 14:17:57.704686 np0000002507 nova-scheduler[95793]: DEBUG nova.scheduler.manager [None req-db8f2d79-aed8-4f56-807d-25a76495879c tempest-DeleteServersTestJSON-231328064 tempest-DeleteServersTestJSON-231328064-project-member] Weighed [WeighedHost [host: (np0000002507, np0000002507) ram: 23518MB disk: 75776MB io_ops: 0 instances: 0, allocation_candidates: 1, weight: 0.0]] {{(pid=95793) _get_sorted_hosts /opt/stack/nova/nova/scheduler/manager.py:765}}
Jun 10 14:17:57.704887 np0000002507 nova-scheduler[95793]: DEBUG nova.scheduler.utils [None req-db8f2d79-aed8-4f56-807d-25a76495879c tempest-DeleteServersTestJSON-231328064 tempest-DeleteServersTestJSON-231328064-project-member] Attempting to claim resources in the placement API for instance 4247b557-3fcb-4c15-b06c-207775b65f11 {{(pid=95793) claim_resources /opt/stack/nova/nova/scheduler/utils.py:1345}}
Jun 10 14:17:57.765122 np0000002507 nova-scheduler[95797]: DEBUG dbcounter [-] [95797] Writer thread running {{(pid=95797) stat_writer /opt/stack/data/venv/lib/python3.12/site-packages/dbcounter.py:102}}
Jun 10 14:17:57.765498 np0000002507 nova-scheduler[95797]: DEBUG oslo_concurrency.lockutils [None req-75584c08-5469-4201-92ee-8caf4314f9e1 tempest-ServerBootFromVolumeStableRescueTest-392603713 tempest-ServerBootFromVolumeStableRescueTest-392603713-project-member] Acquiring lock "b0fa5e9f-89bf-48d6-b401-50751239c77a" by "nova.context.set_target_cell..get_or_set_cached_cell_and_set_connections" {{(pid=95797) inner /opt/stack/data/venv/lib/python3.12/site-packages/oslo_concurrency/lockutils.py:511}}
Jun 10 14:17:57.765802 np0000002507 nova-scheduler[95797]: DEBUG oslo_concurrency.lockutils [None req-75584c08-5469-4201-92ee-8caf4314f9e1 tempest-ServerBootFromVolumeStableRescueTest-392603713 tempest-ServerBootFromVolumeStableRescueTest-392603713-project-member] Lock "b0fa5e9f-89bf-48d6-b401-50751239c77a" acquired by "nova.context.set_target_cell..get_or_set_cached_cell_and_set_connections" :: waited 0.000s {{(pid=95797) inner /opt/stack/data/venv/lib/python3.12/site-packages/oslo_concurrency/lockutils.py:524}}
Jun 10 14:17:57.765982 np0000002507 nova-scheduler[95797]: DEBUG oslo_concurrency.lockutils [None req-75584c08-5469-4201-92ee-8caf4314f9e1 tempest-ServerBootFromVolumeStableRescueTest-392603713 tempest-ServerBootFromVolumeStableRescueTest-392603713-project-member] Lock "b0fa5e9f-89bf-48d6-b401-50751239c77a" "released" by "nova.context.set_target_cell..get_or_set_cached_cell_and_set_connections" :: held 0.000s {{(pid=95797) inner /opt/stack/data/venv/lib/python3.12/site-packages/oslo_concurrency/lockutils.py:543}}
Jun 10 14:17:57.770607 np0000002507 nova-scheduler[95797]: DEBUG oslo_concurrency.lockutils [None req-75584c08-5469-4201-92ee-8caf4314f9e1 tempest-ServerBootFromVolumeStableRescueTest-392603713 tempest-ServerBootFromVolumeStableRescueTest-392603713-project-member] Acquiring lock "('np0000002507', 'np0000002507')" by "nova.scheduler.host_manager.HostState.update.._locked_update" {{(pid=95797) inner /opt/stack/data/venv/lib/python3.12/site-packages/oslo_concurrency/lockutils.py:511}}
Jun 10 14:17:57.770853 np0000002507 nova-scheduler[95797]: DEBUG oslo_concurrency.lockutils [None req-75584c08-5469-4201-92ee-8caf4314f9e1 tempest-ServerBootFromVolumeStableRescueTest-392603713 tempest-ServerBootFromVolumeStableRescueTest-392603713-project-member] Lock "('np0000002507', 'np0000002507')" acquired by "nova.scheduler.host_manager.HostState.update.._locked_update" :: waited 0.000s {{(pid=95797) inner /opt/stack/data/venv/lib/python3.12/site-packages/oslo_concurrency/lockutils.py:524}}
